The Swift Package Index logo.Swift Package Index

Build Information

Failed to build LNSystemMarqueeLabel, reference 0.1.2 (a87c80), with Swift 6.1 for watchOS using Xcode 16.3 on 11 Aug 2026 21:39:25 UTC.

Build Command

env DEVELOPER_DIR=/Applications/Xcode-16.3.0.app xcrun xcodebuild -IDEClonedSourcePackagesDirPathOverride=$PWD/.dependencies -skipMacroValidation -skipPackagePluginValidation -derivedDataPath $PWD/.derivedData build -scheme LNSystemMarqueeLabel -destination generic/platform=watchOS

Build Log

========================================
RunAll
========================================
Builder version: undefined version: run 'make version' to update
Interrupt handler set up.
========================================
Checkout
========================================
Clone URL: https://github.com/LeoNatan/LNSystemMarqueeLabel.git
Reference: 0.1.2
Initialized empty Git repository in /Users/admin/builder/spi-builder-workspace/.git/
From https://github.com/LeoNatan/LNSystemMarqueeLabel
 * tag               0.1.2      -> FETCH_HEAD
HEAD is now at a87c80c Redraw on bounds change, allow redraw if not running
Cloned https://github.com/LeoNatan/LNSystemMarqueeLabel.git
Revision (git rev-parse @):
a87c80c36e8cc84f05a691da33c838a8e93015f6
SUCCESS checkout https://github.com/LeoNatan/LNSystemMarqueeLabel.git at 0.1.2
========================================
Build
========================================
Selected platform:         watchOS
Swift version:             6.1
Building package at path:  $PWD
https://github.com/LeoNatan/LNSystemMarqueeLabel.git
https://github.com/LeoNatan/LNSystemMarqueeLabel.git
{
  "cxx_language_standard" : "gnu++20",
  "dependencies" : [
  ],
  "manifest_display_name" : "LNSystemMarqueeLabel",
  "name" : "LNSystemMarqueeLabel",
  "path" : "/Users/admin/builder/spi-builder-workspace",
  "platforms" : [
    {
      "name" : "ios",
      "version" : "13.0"
    },
    {
      "name" : "maccatalyst",
      "version" : "13.0"
    }
  ],
  "products" : [
    {
      "name" : "LNSystemMarqueeLabel",
      "targets" : [
        "LNSystemMarqueeLabel"
      ],
      "type" : {
        "library" : [
          "automatic"
        ]
      }
    }
  ],
  "targets" : [
    {
      "c99name" : "LNSystemMarqueeLabel",
      "module_type" : "ClangTarget",
      "name" : "LNSystemMarqueeLabel",
      "path" : "Sources/LNSystemMarqueeLabel",
      "product_memberships" : [
        "LNSystemMarqueeLabel"
      ],
      "sources" : [
        "LNSystemMarqueeLabel.mm"
      ],
      "type" : "library"
    }
  ],
  "tools_version" : "5.9"
}
Command line invocation:
    /Applications/Xcode-16.3.0.app/Contents/Developer/usr/bin/xcodebuild -IDEClonedSourcePackagesDirPathOverride=/Users/admin/builder/spi-builder-workspace/.dependencies -resolvePackageDependencies
Resolve Package Graph
Resolve Package Graph
Resolved source packages:
  LNSystemMarqueeLabel: /Users/admin/builder/spi-builder-workspace
resolved source packages: LNSystemMarqueeLabel
{
  "cxx_language_standard" : "gnu++20",
  "dependencies" : [
  ],
  "manifest_display_name" : "LNSystemMarqueeLabel",
  "name" : "LNSystemMarqueeLabel",
  "path" : "/Users/admin/builder/spi-builder-workspace",
  "platforms" : [
    {
      "name" : "ios",
      "version" : "13.0"
    },
    {
      "name" : "maccatalyst",
      "version" : "13.0"
    }
  ],
  "products" : [
    {
      "name" : "LNSystemMarqueeLabel",
      "targets" : [
        "LNSystemMarqueeLabel"
      ],
      "type" : {
        "library" : [
          "automatic"
        ]
      }
    }
  ],
  "targets" : [
    {
      "c99name" : "LNSystemMarqueeLabel",
      "module_type" : "ClangTarget",
      "name" : "LNSystemMarqueeLabel",
      "path" : "Sources/LNSystemMarqueeLabel",
      "product_memberships" : [
        "LNSystemMarqueeLabel"
      ],
      "sources" : [
        "LNSystemMarqueeLabel.mm"
      ],
      "type" : "library"
    }
  ],
  "tools_version" : "5.9"
}
{
  "workspace" : {
    "name" : "spi-builder-workspace",
    "schemes" : [
      "LNSystemMarqueeLabel"
    ]
  }
}
Running build ...
env DEVELOPER_DIR=/Applications/Xcode-16.3.0.app xcrun xcodebuild -IDEClonedSourcePackagesDirPathOverride=$PWD/.dependencies -skipMacroValidation -skipPackagePluginValidation -derivedDataPath $PWD/.derivedData build -scheme LNSystemMarqueeLabel -destination generic/platform=watchOS OTHER_SWIFT_FLAGS=-stats-output-dir .stats -strict-concurrency=complete -enable-upcoming-feature StrictConcurrency -enable-upcoming-feature DisableOutwardActorInference -enable-upcoming-feature GlobalActorIsolatedTypesUsability -enable-upcoming-feature InferSendableFromCaptures
Command line invocation:
    /Applications/Xcode-16.3.0.app/Contents/Developer/usr/bin/xcodebuild -IDEClonedSourcePackagesDirPathOverride=/Users/admin/builder/spi-builder-workspace/.dependencies -skipMacroValidation -skipPackagePluginValidation -derivedDataPath /Users/admin/builder/spi-builder-workspace/.derivedData build -scheme LNSystemMarqueeLabel -destination generic/platform=watchOS "OTHER_SWIFT_FLAGS=-stats-output-dir .stats -strict-concurrency=complete -enable-upcoming-feature StrictConcurrency -enable-upcoming-feature DisableOutwardActorInference -enable-upcoming-feature GlobalActorIsolatedTypesUsability -enable-upcoming-feature InferSendableFromCaptures"
Build settings from command line:
    OTHER_SWIFT_FLAGS = -stats-output-dir .stats -strict-concurrency=complete -enable-upcoming-feature StrictConcurrency -enable-upcoming-feature DisableOutwardActorInference -enable-upcoming-feature GlobalActorIsolatedTypesUsability -enable-upcoming-feature InferSendableFromCaptures
Resolve Package Graph
Resolved source packages:
  LNSystemMarqueeLabel: /Users/admin/builder/spi-builder-workspace
ComputePackagePrebuildTargetDependencyGraph
Prepare packages
CreateBuildRequest
SendProjectDescription
CreateBuildOperation
ComputeTargetDependencyGraph
note: Building targets in dependency order
note: Target dependency graph (2 targets)
    Target 'LNSystemMarqueeLabel' in project 'LNSystemMarqueeLabel'
        ➜ Explicit dependency on target 'LNSystemMarqueeLabel' in project 'LNSystemMarqueeLabel'
    Target 'LNSystemMarqueeLabel' in project 'LNSystemMarqueeLabel' (no dependencies)
GatherProvisioningInputs
CreateBuildDescription
ExecuteExternalTool /Applications/Xcode-16.3.0.app/Contents/Developer/Toolchains/XcodeDefault.xctoolchain/usr/bin/clang -v -E -dM -isysroot /Applications/Xcode-16.3.0.app/Contents/Developer/Platforms/WatchOS.platform/Developer/SDKs/WatchOS11.4.sdk -x c -c /dev/null
ExecuteExternalTool /Applications/Xcode-16.3.0.app/Contents/Developer/Toolchains/XcodeDefault.xctoolchain/usr/bin/clang -v -E -dM -arch arm64 -isysroot /Applications/Xcode-16.3.0.app/Contents/Developer/Platforms/WatchOS.platform/Developer/SDKs/WatchOS11.4.sdk -x objective-c++ -c /dev/null
ExecuteExternalTool /Applications/Xcode-16.3.0.app/Contents/Developer/Toolchains/XcodeDefault.xctoolchain/usr/bin/ld -version_details
ExecuteExternalTool /Applications/Xcode-16.3.0.app/Contents/Developer/Toolchains/XcodeDefault.xctoolchain/usr/bin/clang -v -E -dM -arch arm64 -isysroot /Applications/Xcode-16.3.0.app/Contents/Developer/Platforms/WatchOS.platform/Developer/SDKs/WatchOS11.4.sdk -x c -c /dev/null
ExecuteExternalTool /Applications/Xcode-16.3.0.app/Contents/Developer/Toolchains/XcodeDefault.xctoolchain/usr/bin/clang -v -E -dM -arch armv7k -isysroot /Applications/Xcode-16.3.0.app/Contents/Developer/Platforms/WatchOS.platform/Developer/SDKs/WatchOS11.4.sdk -x objective-c++ -c /dev/null
ExecuteExternalTool /Applications/Xcode-16.3.0.app/Contents/Developer/Toolchains/XcodeDefault.xctoolchain/usr/bin/clang -v -E -dM -arch armv7k -isysroot /Applications/Xcode-16.3.0.app/Contents/Developer/Platforms/WatchOS.platform/Developer/SDKs/WatchOS11.4.sdk -x c -c /dev/null
ExecuteExternalTool /Applications/Xcode-16.3.0.app/Contents/Developer/Toolchains/XcodeDefault.xctoolchain/usr/bin/clang -v -E -dM -arch arm64_32 -isysroot /Applications/Xcode-16.3.0.app/Contents/Developer/Platforms/WatchOS.platform/Developer/SDKs/WatchOS11.4.sdk -x objective-c++ -c /dev/null
ExecuteExternalTool /Applications/Xcode-16.3.0.app/Contents/Developer/Toolchains/XcodeDefault.xctoolchain/usr/bin/clang -v -E -dM -arch arm64_32 -isysroot /Applications/Xcode-16.3.0.app/Contents/Developer/Platforms/WatchOS.platform/Developer/SDKs/WatchOS11.4.sdk -x c -c /dev/null
Build description signature: 5ce54151448d0d7b5905c001e4eb4b54
Build description path: /Users/admin/builder/spi-builder-workspace/.derivedData/Build/Intermediates.noindex/XCBuildData/5ce54151448d0d7b5905c001e4eb4b54.xcbuilddata
CreateBuildDirectory /Users/admin/builder/spi-builder-workspace/.derivedData/Build/Products
    cd /Users/admin/builder/spi-builder-workspace/.swiftpm/xcode
    builtin-create-build-directory /Users/admin/builder/spi-builder-workspace/.derivedData/Build/Products
CreateBuildDirectory /Users/admin/builder/spi-builder-workspace/.derivedData/Build/Intermediates.noindex
    cd /Users/admin/builder/spi-builder-workspace/.swiftpm/xcode
    builtin-create-build-directory /Users/admin/builder/spi-builder-workspace/.derivedData/Build/Intermediates.noindex
ClangStatCache /Applications/Xcode-16.3.0.app/Contents/Developer/Toolchains/XcodeDefault.xctoolchain/usr/bin/clang-stat-cache /Applications/Xcode-16.3.0.app/Contents/Developer/Platforms/WatchOS.platform/Developer/SDKs/WatchOS11.4.sdk /Users/admin/builder/spi-builder-workspace/.derivedData/SDKStatCaches.noindex/watchos11.4-22T246-43efb940ff07ba2497b70ec94253f576.sdkstatcache
    cd /Users/admin/builder/spi-builder-workspace/.swiftpm/xcode
    /Applications/Xcode-16.3.0.app/Contents/Developer/Toolchains/XcodeDefault.xctoolchain/usr/bin/clang-stat-cache /Applications/Xcode-16.3.0.app/Contents/Developer/Platforms/WatchOS.platform/Developer/SDKs/WatchOS11.4.sdk -o /Users/admin/builder/spi-builder-workspace/.derivedData/SDKStatCaches.noindex/watchos11.4-22T246-43efb940ff07ba2497b70ec94253f576.sdkstatcache
CreateBuildDirectory /Users/admin/builder/spi-builder-workspace/.derivedData/Build/Intermediates.noindex/EagerLinkingTBDs/Debug-watchos
    cd /Users/admin/builder/spi-builder-workspace/.swiftpm/xcode
    builtin-create-build-directory /Users/admin/builder/spi-builder-workspace/.derivedData/Build/Intermediates.noindex/EagerLinkingTBDs/Debug-watchos
CreateBuildDirectory /Users/admin/builder/spi-builder-workspace/.derivedData/Build/Products/Debug-watchos
    cd /Users/admin/builder/spi-builder-workspace/.swiftpm/xcode
    builtin-create-build-directory /Users/admin/builder/spi-builder-workspace/.derivedData/Build/Products/Debug-watchos
CreateBuildDirectory /Users/admin/builder/spi-builder-workspace/.derivedData/Build/Products/Debug-watchos/PackageFrameworks
    cd /Users/admin/builder/spi-builder-workspace/.swiftpm/xcode
    builtin-create-build-directory /Users/admin/builder/spi-builder-workspace/.derivedData/Build/Products/Debug-watchos/PackageFrameworks
WriteAuxiliaryFile /Users/admin/builder/spi-builder-workspace/.derivedData/Build/Intermediates.noindex/LNSystemMarqueeLabel.build/Debug-watchos/LNSystemMarqueeLabel.build/LNSystemMarqueeLabel.DependencyMetadataFileList (in target 'LNSystemMarqueeLabel' from project 'LNSystemMarqueeLabel')
    cd /Users/admin/builder/spi-builder-workspace
    write-file /Users/admin/builder/spi-builder-workspace/.derivedData/Build/Intermediates.noindex/LNSystemMarqueeLabel.build/Debug-watchos/LNSystemMarqueeLabel.build/LNSystemMarqueeLabel.DependencyMetadataFileList
WriteAuxiliaryFile /Users/admin/builder/spi-builder-workspace/.derivedData/Build/Intermediates.noindex/LNSystemMarqueeLabel.build/Debug-watchos/LNSystemMarqueeLabel.build/LNSystemMarqueeLabel.DependencyStaticMetadataFileList (in target 'LNSystemMarqueeLabel' from project 'LNSystemMarqueeLabel')
    cd /Users/admin/builder/spi-builder-workspace
    write-file /Users/admin/builder/spi-builder-workspace/.derivedData/Build/Intermediates.noindex/LNSystemMarqueeLabel.build/Debug-watchos/LNSystemMarqueeLabel.build/LNSystemMarqueeLabel.DependencyStaticMetadataFileList
WriteAuxiliaryFile /Users/admin/builder/spi-builder-workspace/.derivedData/Build/Intermediates.noindex/LNSystemMarqueeLabel.build/Debug-watchos/LNSystemMarqueeLabel.build/Objects-normal/armv7k/LNSystemMarqueeLabel.LinkFileList (in target 'LNSystemMarqueeLabel' from project 'LNSystemMarqueeLabel')
    cd /Users/admin/builder/spi-builder-workspace
    write-file /Users/admin/builder/spi-builder-workspace/.derivedData/Build/Intermediates.noindex/LNSystemMarqueeLabel.build/Debug-watchos/LNSystemMarqueeLabel.build/Objects-normal/armv7k/LNSystemMarqueeLabel.LinkFileList
WriteAuxiliaryFile /Users/admin/builder/spi-builder-workspace/.derivedData/Build/Intermediates.noindex/LNSystemMarqueeLabel.build/Debug-watchos/LNSystemMarqueeLabel.build/Objects-normal/arm64/LNSystemMarqueeLabel.LinkFileList (in target 'LNSystemMarqueeLabel' from project 'LNSystemMarqueeLabel')
    cd /Users/admin/builder/spi-builder-workspace
    write-file /Users/admin/builder/spi-builder-workspace/.derivedData/Build/Intermediates.noindex/LNSystemMarqueeLabel.build/Debug-watchos/LNSystemMarqueeLabel.build/Objects-normal/arm64/LNSystemMarqueeLabel.LinkFileList
WriteAuxiliaryFile /Users/admin/builder/spi-builder-workspace/.derivedData/Build/Intermediates.noindex/LNSystemMarqueeLabel.build/Debug-watchos/LNSystemMarqueeLabel.build/LNSystemMarqueeLabel.modulemap (in target 'LNSystemMarqueeLabel' from project 'LNSystemMarqueeLabel')
    cd /Users/admin/builder/spi-builder-workspace
    write-file /Users/admin/builder/spi-builder-workspace/.derivedData/Build/Intermediates.noindex/LNSystemMarqueeLabel.build/Debug-watchos/LNSystemMarqueeLabel.build/LNSystemMarqueeLabel.modulemap
WriteAuxiliaryFile /Users/admin/builder/spi-builder-workspace/.derivedData/Build/Intermediates.noindex/LNSystemMarqueeLabel.build/Debug-watchos/LNSystemMarqueeLabel.build/Objects-normal/arm64_32/LNSystemMarqueeLabel.LinkFileList (in target 'LNSystemMarqueeLabel' from project 'LNSystemMarqueeLabel')
    cd /Users/admin/builder/spi-builder-workspace
    write-file /Users/admin/builder/spi-builder-workspace/.derivedData/Build/Intermediates.noindex/LNSystemMarqueeLabel.build/Debug-watchos/LNSystemMarqueeLabel.build/Objects-normal/arm64_32/LNSystemMarqueeLabel.LinkFileList
WriteAuxiliaryFile /Users/admin/builder/spi-builder-workspace/.derivedData/Build/Intermediates.noindex/LNSystemMarqueeLabel.build/Debug-watchos/LNSystemMarqueeLabel.build/Objects-normal/arm64_32/af3fcb34312c57c0f52879cdce924b91-common-args.resp (in target 'LNSystemMarqueeLabel' from project 'LNSystemMarqueeLabel')
    cd /Users/admin/builder/spi-builder-workspace
    write-file /Users/admin/builder/spi-builder-workspace/.derivedData/Build/Intermediates.noindex/LNSystemMarqueeLabel.build/Debug-watchos/LNSystemMarqueeLabel.build/Objects-normal/arm64_32/af3fcb34312c57c0f52879cdce924b91-common-args.resp
-target arm64_32-apple-watchos6.0 '-std=gnu++20' -fobjc-arc -fmodules -fno-cxx-modules -gmodules '-fmodules-cache-path=/Users/admin/builder/spi-builder-workspace/.derivedData/ModuleCache.noindex' '-fmodule-name=LNSystemMarqueeLabel' '-D_LIBCPP_HARDENING_MODE=_LIBCPP_HARDENING_MODE_DEBUG' -fpascal-strings -O0 -DSWIFT_PACKAGE '-DDEBUG=1' '-DOBJC_OLD_DISPATCH_PROTOTYPES=1' -isysroot /Applications/Xcode-16.3.0.app/Contents/Developer/Platforms/WatchOS.platform/Developer/SDKs/WatchOS11.4.sdk -g -fvisibility-inlines-hidden -I/Users/admin/builder/spi-builder-workspace/.derivedData/Build/Products/Debug-watchos/include -I/Users/admin/builder/spi-builder-workspace/Sources/LNSystemMarqueeLabel -I/Users/admin/builder/spi-builder-workspace/.derivedData/Build/Intermediates.noindex/LNSystemMarqueeLabel.build/Debug-watchos/LNSystemMarqueeLabel.build/DerivedSources-normal/arm64_32 -I/Users/admin/builder/spi-builder-workspace/.derivedData/Build/Intermediates.noindex/LNSystemMarqueeLabel.build/Debug-watchos/LNSystemMarqueeLabel.build/DerivedSources/arm64_32 -I/Users/admin/builder/spi-builder-workspace/.derivedData/Build/Intermediates.noindex/LNSystemMarqueeLabel.build/Debug-watchos/LNSystemMarqueeLabel.build/DerivedSources -F/Users/admin/builder/spi-builder-workspace/.derivedData/Build/Products/Debug-watchos -iframework /Applications/Xcode-16.3.0.app/Contents/Developer/Platforms/WatchOS.platform/Developer/Library/Frameworks -iframework /Applications/Xcode-16.3.0.app/Contents/Developer/Platforms/WatchOS.platform/Developer/SDKs/WatchOS11.4.sdk/Developer/Library/Frameworks -DXcode
WriteAuxiliaryFile /Users/admin/builder/spi-builder-workspace/.derivedData/Build/Intermediates.noindex/LNSystemMarqueeLabel.build/Debug-watchos/LNSystemMarqueeLabel.build/Objects-normal/arm64/af3fcb34312c57c0f52879cdce924b91-common-args.resp (in target 'LNSystemMarqueeLabel' from project 'LNSystemMarqueeLabel')
    cd /Users/admin/builder/spi-builder-workspace
    write-file /Users/admin/builder/spi-builder-workspace/.derivedData/Build/Intermediates.noindex/LNSystemMarqueeLabel.build/Debug-watchos/LNSystemMarqueeLabel.build/Objects-normal/arm64/af3fcb34312c57c0f52879cdce924b91-common-args.resp
-target arm64-apple-watchos6.0 '-std=gnu++20' -fobjc-arc -fmodules -fno-cxx-modules -gmodules '-fmodules-cache-path=/Users/admin/builder/spi-builder-workspace/.derivedData/ModuleCache.noindex' '-fmodule-name=LNSystemMarqueeLabel' '-D_LIBCPP_HARDENING_MODE=_LIBCPP_HARDENING_MODE_DEBUG' -fpascal-strings -O0 -DSWIFT_PACKAGE '-DDEBUG=1' '-DOBJC_OLD_DISPATCH_PROTOTYPES=1' -isysroot /Applications/Xcode-16.3.0.app/Contents/Developer/Platforms/WatchOS.platform/Developer/SDKs/WatchOS11.4.sdk -g -fvisibility-inlines-hidden -I/Users/admin/builder/spi-builder-workspace/.derivedData/Build/Products/Debug-watchos/include -I/Users/admin/builder/spi-builder-workspace/Sources/LNSystemMarqueeLabel -I/Users/admin/builder/spi-builder-workspace/.derivedData/Build/Intermediates.noindex/LNSystemMarqueeLabel.build/Debug-watchos/LNSystemMarqueeLabel.build/DerivedSources-normal/arm64 -I/Users/admin/builder/spi-builder-workspace/.derivedData/Build/Intermediates.noindex/LNSystemMarqueeLabel.build/Debug-watchos/LNSystemMarqueeLabel.build/DerivedSources/arm64 -I/Users/admin/builder/spi-builder-workspace/.derivedData/Build/Intermediates.noindex/LNSystemMarqueeLabel.build/Debug-watchos/LNSystemMarqueeLabel.build/DerivedSources -F/Users/admin/builder/spi-builder-workspace/.derivedData/Build/Products/Debug-watchos -iframework /Applications/Xcode-16.3.0.app/Contents/Developer/Platforms/WatchOS.platform/Developer/Library/Frameworks -iframework /Applications/Xcode-16.3.0.app/Contents/Developer/Platforms/WatchOS.platform/Developer/SDKs/WatchOS11.4.sdk/Developer/Library/Frameworks -DXcode
WriteAuxiliaryFile /Users/admin/builder/spi-builder-workspace/.derivedData/Build/Intermediates.noindex/LNSystemMarqueeLabel.build/Debug-watchos/LNSystemMarqueeLabel.build/Objects-normal/armv7k/af3fcb34312c57c0f52879cdce924b91-common-args.resp (in target 'LNSystemMarqueeLabel' from project 'LNSystemMarqueeLabel')
    cd /Users/admin/builder/spi-builder-workspace
    write-file /Users/admin/builder/spi-builder-workspace/.derivedData/Build/Intermediates.noindex/LNSystemMarqueeLabel.build/Debug-watchos/LNSystemMarqueeLabel.build/Objects-normal/armv7k/af3fcb34312c57c0f52879cdce924b91-common-args.resp
-target armv7k-apple-watchos6.0 '-std=gnu++20' -fobjc-arc -fmodules -fno-cxx-modules -gmodules '-fmodules-cache-path=/Users/admin/builder/spi-builder-workspace/.derivedData/ModuleCache.noindex' '-fmodule-name=LNSystemMarqueeLabel' '-D_LIBCPP_HARDENING_MODE=_LIBCPP_HARDENING_MODE_DEBUG' -fpascal-strings -O0 -DSWIFT_PACKAGE '-DDEBUG=1' '-DOBJC_OLD_DISPATCH_PROTOTYPES=1' -isysroot /Applications/Xcode-16.3.0.app/Contents/Developer/Platforms/WatchOS.platform/Developer/SDKs/WatchOS11.4.sdk -g -fvisibility-inlines-hidden -I/Users/admin/builder/spi-builder-workspace/.derivedData/Build/Products/Debug-watchos/include -I/Users/admin/builder/spi-builder-workspace/Sources/LNSystemMarqueeLabel -I/Users/admin/builder/spi-builder-workspace/.derivedData/Build/Intermediates.noindex/LNSystemMarqueeLabel.build/Debug-watchos/LNSystemMarqueeLabel.build/DerivedSources-normal/armv7k -I/Users/admin/builder/spi-builder-workspace/.derivedData/Build/Intermediates.noindex/LNSystemMarqueeLabel.build/Debug-watchos/LNSystemMarqueeLabel.build/DerivedSources/armv7k -I/Users/admin/builder/spi-builder-workspace/.derivedData/Build/Intermediates.noindex/LNSystemMarqueeLabel.build/Debug-watchos/LNSystemMarqueeLabel.build/DerivedSources -F/Users/admin/builder/spi-builder-workspace/.derivedData/Build/Products/Debug-watchos -iframework /Applications/Xcode-16.3.0.app/Contents/Developer/Platforms/WatchOS.platform/Developer/Library/Frameworks -iframework /Applications/Xcode-16.3.0.app/Contents/Developer/Platforms/WatchOS.platform/Developer/SDKs/WatchOS11.4.sdk/Developer/Library/Frameworks -DXcode
Copy /Users/admin/builder/spi-builder-workspace/.derivedData/Build/Intermediates.noindex/GeneratedModuleMaps-watchos/LNSystemMarqueeLabel.modulemap /Users/admin/builder/spi-builder-workspace/.derivedData/Build/Intermediates.noindex/LNSystemMarqueeLabel.build/Debug-watchos/LNSystemMarqueeLabel.build/LNSystemMarqueeLabel.modulemap (in target 'LNSystemMarqueeLabel' from project 'LNSystemMarqueeLabel')
    cd /Users/admin/builder/spi-builder-workspace
    builtin-copy -exclude .DS_Store -exclude CVS -exclude .svn -exclude .git -exclude .hg -resolve-src-symlinks /Users/admin/builder/spi-builder-workspace/.derivedData/Build/Intermediates.noindex/LNSystemMarqueeLabel.build/Debug-watchos/LNSystemMarqueeLabel.build/LNSystemMarqueeLabel.modulemap /Users/admin/builder/spi-builder-workspace/.derivedData/Build/Intermediates.noindex/GeneratedModuleMaps-watchos
CompileC /Users/admin/builder/spi-builder-workspace/.derivedData/Build/Intermediates.noindex/LNSystemMarqueeLabel.build/Debug-watchos/LNSystemMarqueeLabel.build/Objects-normal/arm64/LNSystemMarqueeLabel.o /Users/admin/builder/spi-builder-workspace/Sources/LNSystemMarqueeLabel/LNSystemMarqueeLabel.mm normal arm64 objective-c++ com.apple.compilers.llvm.clang.1_0.compiler (in target 'LNSystemMarqueeLabel' from project 'LNSystemMarqueeLabel')
    cd /Users/admin/builder/spi-builder-workspace/.swiftpm/xcode

    Using response file: /Users/admin/builder/spi-builder-workspace/.derivedData/Build/Intermediates.noindex/LNSystemMarqueeLabel.build/Debug-watchos/LNSystemMarqueeLabel.build/Objects-normal/arm64/af3fcb34312c57c0f52879cdce924b91-common-args.resp

    /Applications/Xcode-16.3.0.app/Contents/Developer/Toolchains/XcodeDefault.xctoolchain/usr/bin/clang -x objective-c++ -ivfsstatcache /Users/admin/builder/spi-builder-workspace/.derivedData/SDKStatCaches.noindex/watchos11.4-22T246-43efb940ff07ba2497b70ec94253f576.sdkstatcache -fmessage-length\=0 -fdiagnostics-show-note-include-stack -fmacro-backtrace-limit\=0 -fno-color-diagnostics -fmodules-prune-interval\=86400 -fmodules-prune-after\=345600 -fbuild-session-file\=/Users/admin/builder/spi-builder-workspace/.derivedData/ModuleCache.noindex/Session.modulevalidation -fmodules-validate-once-per-build-session -Wnon-modular-include-in-framework-module -Werror\=non-modular-include-in-framework-module -Wno-trigraphs -Wno-missing-field-initializers -Wno-missing-prototypes -Wno-return-type -Wno-implicit-atomic-properties -Wno-objc-interface-ivars -Wno-arc-repeated-use-of-weak -Wno-non-virtual-dtor -Wno-overloaded-virtual -Wno-exit-time-destructors -Wno-missing-braces -Wparentheses -Wswitch -Wno-unused-function -Wno-unused-label -Wno-unused-parameter -Wno-unused-variable -Wunused-value -Wno-empty-body -Wno-uninitialized -Wno-unknown-pragmas -Wno-shadow -Wno-four-char-constants -Wno-conversion -Wno-constant-conversion -Wno-int-conversion -Wno-bool-conversion -Wno-enum-conversion -Wno-float-conversion -Wno-non-literal-null-conversion -Wno-objc-literal-conversion -Wshorten-64-to-32 -Wno-newline-eof -Wno-selector -Wno-strict-selector-match -Wno-undeclared-selector -Wno-deprecated-implementations -Wno-c++11-extensions -Wno-implicit-fallthrough -fstrict-aliasing -Wprotocol -Wdeprecated-declarations -Winvalid-offsetof -Wno-sign-conversion -Wno-infinite-recursion -Wno-move -Wno-comma -Wno-block-capture-autoreleasing -Wno-strict-prototypes -Wno-range-loop-analysis -Wno-semicolon-before-method-body -index-store-path /Users/admin/builder/spi-builder-workspace/.derivedData/Index.noindex/DataStore @/Users/admin/builder/spi-builder-workspace/.derivedData/Build/Intermediates.noindex/LNSystemMarqueeLabel.build/Debug-watchos/LNSystemMarqueeLabel.build/Objects-normal/arm64/af3fcb34312c57c0f52879cdce924b91-common-args.resp -MMD -MT dependencies -MF /Users/admin/builder/spi-builder-workspace/.derivedData/Build/Intermediates.noindex/LNSystemMarqueeLabel.build/Debug-watchos/LNSystemMarqueeLabel.build/Objects-normal/arm64/LNSystemMarqueeLabel.d --serialize-diagnostics /Users/admin/builder/spi-builder-workspace/.derivedData/Build/Intermediates.noindex/LNSystemMarqueeLabel.build/Debug-watchos/LNSystemMarqueeLabel.build/Objects-normal/arm64/LNSystemMarqueeLabel.dia -c /Users/admin/builder/spi-builder-workspace/Sources/LNSystemMarqueeLabel/LNSystemMarqueeLabel.mm -o /Users/admin/builder/spi-builder-workspace/.derivedData/Build/Intermediates.noindex/LNSystemMarqueeLabel.build/Debug-watchos/LNSystemMarqueeLabel.build/Objects-normal/arm64/LNSystemMarqueeLabel.o -index-unit-output-path /LNSystemMarqueeLabel.build/Debug-watchos/LNSystemMarqueeLabel.build/Objects-normal/arm64/LNSystemMarqueeLabel.o
In file included from /Users/admin/builder/spi-builder-workspace/Sources/LNSystemMarqueeLabel/LNSystemMarqueeLabel.mm:9:
/Users/admin/builder/spi-builder-workspace/Sources/LNSystemMarqueeLabel/LNSystemMarqueeLabel.h:13:35: error: cannot find interface declaration for 'UILabel', superclass of 'LNSystemMarqueeLabel'
   13 | @interface LNSystemMarqueeLabel : UILabel
      | ~~~~~~~~~~~~~~~~~~~~~~~~~~~~~~~   ^
/Users/admin/builder/spi-builder-workspace/Sources/LNSystemMarqueeLabel/LNSystemMarqueeLabel.mm:118:12: error: no known class method for selector 'instancesRespondToSelector:'
  118 |                 if([self instancesRespondToSelector:NSSelectorFromString(marqueeRepeatCount)] == NO)
      |                          ^~~~~~~~~~~~~~~~~~~~~~~~~~
/Users/admin/builder/spi-builder-workspace/Sources/LNSystemMarqueeLabel/LNSystemMarqueeLabel.mm:118:81: error: comparison between pointer and integer ('id' and 'BOOL' (aka 'bool'))
  118 |                 if([self instancesRespondToSelector:NSSelectorFromString(marqueeRepeatCount)] == NO)
      |                    ~~~~~~~~~~~~~~~~~~~~~~~~~~~~~~~~~~~~~~~~~~~~~~~~~~~~~~~~~~~~~~~~~~~~~~~~~~ ^  ~~
/Users/admin/builder/spi-builder-workspace/Sources/LNSystemMarqueeLabel/LNSystemMarqueeLabel.mm:133:25: error: unknown type name 'CAAnimation'
  133 |                 void (*orig)(id, SEL, CAAnimation*) = reinterpret_cast<decltype(orig)>(method_getImplementation(m));
      |                                       ^
/Users/admin/builder/spi-builder-workspace/Sources/LNSystemMarqueeLabel/LNSystemMarqueeLabel.mm:134:78: error: unknown type name 'CAAnimation'
  134 |                 method_setImplementation(m, imp_implementationWithBlock(^(NSObject* _self, CAAnimation* animation) {
      |                                                                                            ^
/Users/admin/builder/spi-builder-workspace/Sources/LNSystemMarqueeLabel/LNSystemMarqueeLabel.mm:139:55: error: property 'class' not found on object of type 'LNSystemMarqueeLabel'
  139 |                         if([_self.label isKindOfClass:LNSystemMarqueeLabel.class])
      |                                                                            ^
/Users/admin/builder/spi-builder-workspace/Sources/LNSystemMarqueeLabel/LNSystemMarqueeLabel.mm:162:26: error: unknown type name 'CAAnimation'
  162 |                 void (*orig2)(id, SEL, CAAnimation*, BOOL) = reinterpret_cast<decltype(orig2)>(method_getImplementation(m));
      |                                        ^
/Users/admin/builder/spi-builder-workspace/Sources/LNSystemMarqueeLabel/LNSystemMarqueeLabel.mm:163:78: error: unknown type name 'CAAnimation'
  163 |                 method_setImplementation(m, imp_implementationWithBlock(^(NSObject* _self, CAAnimation* animation, BOOL finished) {
      |                                                                                            ^
/Users/admin/builder/spi-builder-workspace/Sources/LNSystemMarqueeLabel/LNSystemMarqueeLabel.mm:168:73: error: property 'class' not found on object of type 'LNSystemMarqueeLabel'
  168 |                         if(finished == NO || [_self.label isKindOfClass:LNSystemMarqueeLabel.class] == NO)
      |                                                                                              ^
/Users/admin/builder/spi-builder-workspace/Sources/LNSystemMarqueeLabel/LNSystemMarqueeLabel.mm:216:10: error: 'LNSystemMarqueeLabel' cannot use 'super' because it is a root class
  216 |         self = [super initWithFrame:frame];
      |                 ^
/Users/admin/builder/spi-builder-workspace/Sources/LNSystemMarqueeLabel/LNSystemMarqueeLabel.mm:224:12: error: no visible @interface for 'LNSystemMarqueeLabel' declares the selector 'respondsToSelector:'
  224 |                 if([self respondsToSelector:NSSelectorFromString(marqueeUpdatable)])
      |                     ~~~~ ^~~~~~~~~~~~~~~~~~
/Users/admin/builder/spi-builder-workspace/Sources/LNSystemMarqueeLabel/LNSystemMarqueeLabel.mm:226:10: error: no visible @interface for 'LNSystemMarqueeLabel' declares the selector 'setValue:forKey:'
  226 |                         [self setValue:@YES forKey:marqueeUpdatable];
      |                          ~~~~ ^~~~~~~~~~~~~~~~~~~~
/Users/admin/builder/spi-builder-workspace/Sources/LNSystemMarqueeLabel/LNSystemMarqueeLabel.mm:228:12: error: no visible @interface for 'LNSystemMarqueeLabel' declares the selector 'respondsToSelector:'
  228 |                 if([self respondsToSelector:@selector(marqueeRepeatCount)])
      |                     ~~~~ ^~~~~~~~~~~~~~~~~~
/Users/admin/builder/spi-builder-workspace/Sources/LNSystemMarqueeLabel/LNSystemMarqueeLabel.mm:230:10: error: no visible @interface for 'LNSystemMarqueeLabel' declares the selector 'setValue:forKey:'
  230 |                         [self setValue:@0 forKey:marqueeRepeatCount];
      |                          ~~~~ ^~~~~~~~~~~~~~~~~~
/Users/admin/builder/spi-builder-workspace/Sources/LNSystemMarqueeLabel/LNSystemMarqueeLabel.mm:240:16: error: no visible @interface for 'LNSystemMarqueeLabel' declares the selector 'valueForKey:'
  240 |         return [[self valueForKey:marqueeEnabled] boolValue];
      |                  ~~~~ ^~~~~~~~~~~
/Users/admin/builder/spi-builder-workspace/Sources/LNSystemMarqueeLabel/LNSystemMarqueeLabel.mm:250:8: error: no visible @interface for 'LNSystemMarqueeLabel' declares the selector 'setValue:forKey:'
  250 |         [self setValue:@(enabled) forKey:marqueeEnabled];
      |          ~~~~ ^~~~~~~~~~~~~~~~~~~~~~~~~~
/Users/admin/builder/spi-builder-workspace/Sources/LNSystemMarqueeLabel/LNSystemMarqueeLabel.mm:260:16: error: no visible @interface for 'LNSystemMarqueeLabel' declares the selector 'valueForKey:'
  260 |         return [[self valueForKey:marqueeRunning] boolValue];
      |                  ~~~~ ^~~~~~~~~~~
/Users/admin/builder/spi-builder-workspace/Sources/LNSystemMarqueeLabel/LNSystemMarqueeLabel.mm:272:8: error: no visible @interface for 'LNSystemMarqueeLabel' declares the selector 'setValue:forKey:'
  272 |         [self setValue:@(running) forKey:marqueeRunning];
      |          ~~~~ ^~~~~~~~~~~~~~~~~~~~~~~~~~
/Users/admin/builder/spi-builder-workspace/Sources/LNSystemMarqueeLabel/LNSystemMarqueeLabel.mm:284:11: error: no visible @interface for 'LNSystemMarqueeLabel' declares the selector 'respondsToSelector:'
  284 |         if([self respondsToSelector:NSSelectorFromString(marqueeRepeatCount)] == NO)
      |             ~~~~ ^~~~~~~~~~~~~~~~~~
fatal error: too many errors emitted, stopping now [-ferror-limit=]
20 errors generated.
CompileC /Users/admin/builder/spi-builder-workspace/.derivedData/Build/Intermediates.noindex/LNSystemMarqueeLabel.build/Debug-watchos/LNSystemMarqueeLabel.build/Objects-normal/armv7k/LNSystemMarqueeLabel.o /Users/admin/builder/spi-builder-workspace/Sources/LNSystemMarqueeLabel/LNSystemMarqueeLabel.mm normal armv7k objective-c++ com.apple.compilers.llvm.clang.1_0.compiler (in target 'LNSystemMarqueeLabel' from project 'LNSystemMarqueeLabel')
    cd /Users/admin/builder/spi-builder-workspace/.swiftpm/xcode

    Using response file: /Users/admin/builder/spi-builder-workspace/.derivedData/Build/Intermediates.noindex/LNSystemMarqueeLabel.build/Debug-watchos/LNSystemMarqueeLabel.build/Objects-normal/armv7k/af3fcb34312c57c0f52879cdce924b91-common-args.resp

    /Applications/Xcode-16.3.0.app/Contents/Developer/Toolchains/XcodeDefault.xctoolchain/usr/bin/clang -x objective-c++ -ivfsstatcache /Users/admin/builder/spi-builder-workspace/.derivedData/SDKStatCaches.noindex/watchos11.4-22T246-43efb940ff07ba2497b70ec94253f576.sdkstatcache -fmessage-length\=0 -fdiagnostics-show-note-include-stack -fmacro-backtrace-limit\=0 -fno-color-diagnostics -fmodules-prune-interval\=86400 -fmodules-prune-after\=345600 -fbuild-session-file\=/Users/admin/builder/spi-builder-workspace/.derivedData/ModuleCache.noindex/Session.modulevalidation -fmodules-validate-once-per-build-session -Wnon-modular-include-in-framework-module -Werror\=non-modular-include-in-framework-module -Wno-trigraphs -Wno-missing-field-initializers -Wno-missing-prototypes -Wno-return-type -Wno-implicit-atomic-properties -Wno-objc-interface-ivars -Wno-arc-repeated-use-of-weak -Wno-non-virtual-dtor -Wno-overloaded-virtual -Wno-exit-time-destructors -Wno-missing-braces -Wparentheses -Wswitch -Wno-unused-function -Wno-unused-label -Wno-unused-parameter -Wno-unused-variable -Wunused-value -Wno-empty-body -Wno-uninitialized -Wno-unknown-pragmas -Wno-shadow -Wno-four-char-constants -Wno-conversion -Wno-constant-conversion -Wno-int-conversion -Wno-bool-conversion -Wno-enum-conversion -Wno-float-conversion -Wno-non-literal-null-conversion -Wno-objc-literal-conversion -Wno-shorten-64-to-32 -Wno-newline-eof -Wno-selector -Wno-strict-selector-match -Wno-undeclared-selector -Wno-deprecated-implementations -Wno-c++11-extensions -Wno-implicit-fallthrough -fstrict-aliasing -Wprotocol -Wdeprecated-declarations -Winvalid-offsetof -Wno-sign-conversion -Wno-infinite-recursion -Wno-move -Wno-comma -Wno-block-capture-autoreleasing -Wno-strict-prototypes -Wno-range-loop-analysis -Wno-semicolon-before-method-body -index-store-path /Users/admin/builder/spi-builder-workspace/.derivedData/Index.noindex/DataStore @/Users/admin/builder/spi-builder-workspace/.derivedData/Build/Intermediates.noindex/LNSystemMarqueeLabel.build/Debug-watchos/LNSystemMarqueeLabel.build/Objects-normal/armv7k/af3fcb34312c57c0f52879cdce924b91-common-args.resp -MMD -MT dependencies -MF /Users/admin/builder/spi-builder-workspace/.derivedData/Build/Intermediates.noindex/LNSystemMarqueeLabel.build/Debug-watchos/LNSystemMarqueeLabel.build/Objects-normal/armv7k/LNSystemMarqueeLabel.d --serialize-diagnostics /Users/admin/builder/spi-builder-workspace/.derivedData/Build/Intermediates.noindex/LNSystemMarqueeLabel.build/Debug-watchos/LNSystemMarqueeLabel.build/Objects-normal/armv7k/LNSystemMarqueeLabel.dia -c /Users/admin/builder/spi-builder-workspace/Sources/LNSystemMarqueeLabel/LNSystemMarqueeLabel.mm -o /Users/admin/builder/spi-builder-workspace/.derivedData/Build/Intermediates.noindex/LNSystemMarqueeLabel.build/Debug-watchos/LNSystemMarqueeLabel.build/Objects-normal/armv7k/LNSystemMarqueeLabel.o -index-unit-output-path /LNSystemMarqueeLabel.build/Debug-watchos/LNSystemMarqueeLabel.build/Objects-normal/armv7k/LNSystemMarqueeLabel.o
In file included from /Users/admin/builder/spi-builder-workspace/Sources/LNSystemMarqueeLabel/LNSystemMarqueeLabel.mm:9:
/Users/admin/builder/spi-builder-workspace/Sources/LNSystemMarqueeLabel/LNSystemMarqueeLabel.h:13:35: error: cannot find interface declaration for 'UILabel', superclass of 'LNSystemMarqueeLabel'
   13 | @interface LNSystemMarqueeLabel : UILabel
      | ~~~~~~~~~~~~~~~~~~~~~~~~~~~~~~~   ^
/Users/admin/builder/spi-builder-workspace/Sources/LNSystemMarqueeLabel/LNSystemMarqueeLabel.mm:118:12: error: no known class method for selector 'instancesRespondToSelector:'
  118 |                 if([self instancesRespondToSelector:NSSelectorFromString(marqueeRepeatCount)] == NO)
      |                          ^~~~~~~~~~~~~~~~~~~~~~~~~~
/Users/admin/builder/spi-builder-workspace/Sources/LNSystemMarqueeLabel/LNSystemMarqueeLabel.mm:118:81: error: comparison between pointer and integer ('id' and 'BOOL' (aka 'bool'))
  118 |                 if([self instancesRespondToSelector:NSSelectorFromString(marqueeRepeatCount)] == NO)
      |                    ~~~~~~~~~~~~~~~~~~~~~~~~~~~~~~~~~~~~~~~~~~~~~~~~~~~~~~~~~~~~~~~~~~~~~~~~~~ ^  ~~
/Users/admin/builder/spi-builder-workspace/Sources/LNSystemMarqueeLabel/LNSystemMarqueeLabel.mm:133:25: error: unknown type name 'CAAnimation'
  133 |                 void (*orig)(id, SEL, CAAnimation*) = reinterpret_cast<decltype(orig)>(method_getImplementation(m));
      |                                       ^
/Users/admin/builder/spi-builder-workspace/Sources/LNSystemMarqueeLabel/LNSystemMarqueeLabel.mm:134:78: error: unknown type name 'CAAnimation'
  134 |                 method_setImplementation(m, imp_implementationWithBlock(^(NSObject* _self, CAAnimation* animation) {
      |                                                                                            ^
/Users/admin/builder/spi-builder-workspace/Sources/LNSystemMarqueeLabel/LNSystemMarqueeLabel.mm:139:55: error: property 'class' not found on object of type 'LNSystemMarqueeLabel'
  139 |                         if([_self.label isKindOfClass:LNSystemMarqueeLabel.class])
      |                                                                            ^
/Users/admin/builder/spi-builder-workspace/Sources/LNSystemMarqueeLabel/LNSystemMarqueeLabel.mm:162:26: error: unknown type name 'CAAnimation'
  162 |                 void (*orig2)(id, SEL, CAAnimation*, BOOL) = reinterpret_cast<decltype(orig2)>(method_getImplementation(m));
      |                                        ^
/Users/admin/builder/spi-builder-workspace/Sources/LNSystemMarqueeLabel/LNSystemMarqueeLabel.mm:163:78: error: unknown type name 'CAAnimation'
  163 |                 method_setImplementation(m, imp_implementationWithBlock(^(NSObject* _self, CAAnimation* animation, BOOL finished) {
      |                                                                                            ^
/Users/admin/builder/spi-builder-workspace/Sources/LNSystemMarqueeLabel/LNSystemMarqueeLabel.mm:168:73: error: property 'class' not found on object of type 'LNSystemMarqueeLabel'
  168 |                         if(finished == NO || [_self.label isKindOfClass:LNSystemMarqueeLabel.class] == NO)
      |                                                                                              ^
/Users/admin/builder/spi-builder-workspace/Sources/LNSystemMarqueeLabel/LNSystemMarqueeLabel.mm:216:10: error: 'LNSystemMarqueeLabel' cannot use 'super' because it is a root class
  216 |         self = [super initWithFrame:frame];
      |                 ^
/Users/admin/builder/spi-builder-workspace/Sources/LNSystemMarqueeLabel/LNSystemMarqueeLabel.mm:224:12: error: no visible @interface for 'LNSystemMarqueeLabel' declares the selector 'respondsToSelector:'
  224 |                 if([self respondsToSelector:NSSelectorFromString(marqueeUpdatable)])
      |                     ~~~~ ^~~~~~~~~~~~~~~~~~
/Users/admin/builder/spi-builder-workspace/Sources/LNSystemMarqueeLabel/LNSystemMarqueeLabel.mm:226:10: error: no visible @interface for 'LNSystemMarqueeLabel' declares the selector 'setValue:forKey:'
  226 |                         [self setValue:@YES forKey:marqueeUpdatable];
      |                          ~~~~ ^~~~~~~~~~~~~~~~~~~~
/Users/admin/builder/spi-builder-workspace/Sources/LNSystemMarqueeLabel/LNSystemMarqueeLabel.mm:228:12: error: no visible @interface for 'LNSystemMarqueeLabel' declares the selector 'respondsToSelector:'
  228 |                 if([self respondsToSelector:@selector(marqueeRepeatCount)])
      |                     ~~~~ ^~~~~~~~~~~~~~~~~~
/Users/admin/builder/spi-builder-workspace/Sources/LNSystemMarqueeLabel/LNSystemMarqueeLabel.mm:230:10: error: no visible @interface for 'LNSystemMarqueeLabel' declares the selector 'setValue:forKey:'
  230 |                         [self setValue:@0 forKey:marqueeRepeatCount];
      |                          ~~~~ ^~~~~~~~~~~~~~~~~~
/Users/admin/builder/spi-builder-workspace/Sources/LNSystemMarqueeLabel/LNSystemMarqueeLabel.mm:240:16: error: no visible @interface for 'LNSystemMarqueeLabel' declares the selector 'valueForKey:'
  240 |         return [[self valueForKey:marqueeEnabled] boolValue];
      |                  ~~~~ ^~~~~~~~~~~
/Users/admin/builder/spi-builder-workspace/Sources/LNSystemMarqueeLabel/LNSystemMarqueeLabel.mm:250:8: error: no visible @interface for 'LNSystemMarqueeLabel' declares the selector 'setValue:forKey:'
  250 |         [self setValue:@(enabled) forKey:marqueeEnabled];
      |          ~~~~ ^~~~~~~~~~~~~~~~~~~~~~~~~~
/Users/admin/builder/spi-builder-workspace/Sources/LNSystemMarqueeLabel/LNSystemMarqueeLabel.mm:260:16: error: no visible @interface for 'LNSystemMarqueeLabel' declares the selector 'valueForKey:'
  260 |         return [[self valueForKey:marqueeRunning] boolValue];
      |                  ~~~~ ^~~~~~~~~~~
/Users/admin/builder/spi-builder-workspace/Sources/LNSystemMarqueeLabel/LNSystemMarqueeLabel.mm:272:8: error: no visible @interface for 'LNSystemMarqueeLabel' declares the selector 'setValue:forKey:'
  272 |         [self setValue:@(running) forKey:marqueeRunning];
      |          ~~~~ ^~~~~~~~~~~~~~~~~~~~~~~~~~
/Users/admin/builder/spi-builder-workspace/Sources/LNSystemMarqueeLabel/LNSystemMarqueeLabel.mm:284:11: error: no visible @interface for 'LNSystemMarqueeLabel' declares the selector 'respondsToSelector:'
  284 |         if([self respondsToSelector:NSSelectorFromString(marqueeRepeatCount)] == NO)
      |             ~~~~ ^~~~~~~~~~~~~~~~~~
fatal error: too many errors emitted, stopping now [-ferror-limit=]
20 errors generated.
CompileC /Users/admin/builder/spi-builder-workspace/.derivedData/Build/Intermediates.noindex/LNSystemMarqueeLabel.build/Debug-watchos/LNSystemMarqueeLabel.build/Objects-normal/arm64_32/LNSystemMarqueeLabel.o /Users/admin/builder/spi-builder-workspace/Sources/LNSystemMarqueeLabel/LNSystemMarqueeLabel.mm normal arm64_32 objective-c++ com.apple.compilers.llvm.clang.1_0.compiler (in target 'LNSystemMarqueeLabel' from project 'LNSystemMarqueeLabel')
    cd /Users/admin/builder/spi-builder-workspace/.swiftpm/xcode

    Using response file: /Users/admin/builder/spi-builder-workspace/.derivedData/Build/Intermediates.noindex/LNSystemMarqueeLabel.build/Debug-watchos/LNSystemMarqueeLabel.build/Objects-normal/arm64_32/af3fcb34312c57c0f52879cdce924b91-common-args.resp

    /Applications/Xcode-16.3.0.app/Contents/Developer/Toolchains/XcodeDefault.xctoolchain/usr/bin/clang -x objective-c++ -ivfsstatcache /Users/admin/builder/spi-builder-workspace/.derivedData/SDKStatCaches.noindex/watchos11.4-22T246-43efb940ff07ba2497b70ec94253f576.sdkstatcache -fmessage-length\=0 -fdiagnostics-show-note-include-stack -fmacro-backtrace-limit\=0 -fno-color-diagnostics -fmodules-prune-interval\=86400 -fmodules-prune-after\=345600 -fbuild-session-file\=/Users/admin/builder/spi-builder-workspace/.derivedData/ModuleCache.noindex/Session.modulevalidation -fmodules-validate-once-per-build-session -Wnon-modular-include-in-framework-module -Werror\=non-modular-include-in-framework-module -Wno-trigraphs -Wno-missing-field-initializers -Wno-missing-prototypes -Wno-return-type -Wno-implicit-atomic-properties -Wno-objc-interface-ivars -Wno-arc-repeated-use-of-weak -Wno-non-virtual-dtor -Wno-overloaded-virtual -Wno-exit-time-destructors -Wno-missing-braces -Wparentheses -Wswitch -Wno-unused-function -Wno-unused-label -Wno-unused-parameter -Wno-unused-variable -Wunused-value -Wno-empty-body -Wno-uninitialized -Wno-unknown-pragmas -Wno-shadow -Wno-four-char-constants -Wno-conversion -Wno-constant-conversion -Wno-int-conversion -Wno-bool-conversion -Wno-enum-conversion -Wno-float-conversion -Wno-non-literal-null-conversion -Wno-objc-literal-conversion -Wno-shorten-64-to-32 -Wno-newline-eof -Wno-selector -Wno-strict-selector-match -Wno-undeclared-selector -Wno-deprecated-implementations -Wno-c++11-extensions -Wno-implicit-fallthrough -fstrict-aliasing -Wprotocol -Wdeprecated-declarations -Winvalid-offsetof -Wno-sign-conversion -Wno-infinite-recursion -Wno-move -Wno-comma -Wno-block-capture-autoreleasing -Wno-strict-prototypes -Wno-range-loop-analysis -Wno-semicolon-before-method-body -index-store-path /Users/admin/builder/spi-builder-workspace/.derivedData/Index.noindex/DataStore @/Users/admin/builder/spi-builder-workspace/.derivedData/Build/Intermediates.noindex/LNSystemMarqueeLabel.build/Debug-watchos/LNSystemMarqueeLabel.build/Objects-normal/arm64_32/af3fcb34312c57c0f52879cdce924b91-common-args.resp -MMD -MT dependencies -MF /Users/admin/builder/spi-builder-workspace/.derivedData/Build/Intermediates.noindex/LNSystemMarqueeLabel.build/Debug-watchos/LNSystemMarqueeLabel.build/Objects-normal/arm64_32/LNSystemMarqueeLabel.d --serialize-diagnostics /Users/admin/builder/spi-builder-workspace/.derivedData/Build/Intermediates.noindex/LNSystemMarqueeLabel.build/Debug-watchos/LNSystemMarqueeLabel.build/Objects-normal/arm64_32/LNSystemMarqueeLabel.dia -c /Users/admin/builder/spi-builder-workspace/Sources/LNSystemMarqueeLabel/LNSystemMarqueeLabel.mm -o /Users/admin/builder/spi-builder-workspace/.derivedData/Build/Intermediates.noindex/LNSystemMarqueeLabel.build/Debug-watchos/LNSystemMarqueeLabel.build/Objects-normal/arm64_32/LNSystemMarqueeLabel.o -index-unit-output-path /LNSystemMarqueeLabel.build/Debug-watchos/LNSystemMarqueeLabel.build/Objects-normal/arm64_32/LNSystemMarqueeLabel.o
In file included from /Users/admin/builder/spi-builder-workspace/Sources/LNSystemMarqueeLabel/LNSystemMarqueeLabel.mm:9:
/Users/admin/builder/spi-builder-workspace/Sources/LNSystemMarqueeLabel/LNSystemMarqueeLabel.h:13:35: error: cannot find interface declaration for 'UILabel', superclass of 'LNSystemMarqueeLabel'
   13 | @interface LNSystemMarqueeLabel : UILabel
      | ~~~~~~~~~~~~~~~~~~~~~~~~~~~~~~~   ^
/Users/admin/builder/spi-builder-workspace/Sources/LNSystemMarqueeLabel/LNSystemMarqueeLabel.mm:118:12: error: no known class method for selector 'instancesRespondToSelector:'
  118 |                 if([self instancesRespondToSelector:NSSelectorFromString(marqueeRepeatCount)] == NO)
      |                          ^~~~~~~~~~~~~~~~~~~~~~~~~~
/Users/admin/builder/spi-builder-workspace/Sources/LNSystemMarqueeLabel/LNSystemMarqueeLabel.mm:118:81: error: comparison between pointer and integer ('id' and 'BOOL' (aka 'bool'))
  118 |                 if([self instancesRespondToSelector:NSSelectorFromString(marqueeRepeatCount)] == NO)
      |                    ~~~~~~~~~~~~~~~~~~~~~~~~~~~~~~~~~~~~~~~~~~~~~~~~~~~~~~~~~~~~~~~~~~~~~~~~~~ ^  ~~
/Users/admin/builder/spi-builder-workspace/Sources/LNSystemMarqueeLabel/LNSystemMarqueeLabel.mm:133:25: error: unknown type name 'CAAnimation'
  133 |                 void (*orig)(id, SEL, CAAnimation*) = reinterpret_cast<decltype(orig)>(method_getImplementation(m));
      |                                       ^
/Users/admin/builder/spi-builder-workspace/Sources/LNSystemMarqueeLabel/LNSystemMarqueeLabel.mm:134:78: error: unknown type name 'CAAnimation'
  134 |                 method_setImplementation(m, imp_implementationWithBlock(^(NSObject* _self, CAAnimation* animation) {
      |                                                                                            ^
/Users/admin/builder/spi-builder-workspace/Sources/LNSystemMarqueeLabel/LNSystemMarqueeLabel.mm:139:55: error: property 'class' not found on object of type 'LNSystemMarqueeLabel'
  139 |                         if([_self.label isKindOfClass:LNSystemMarqueeLabel.class])
      |                                                                            ^
/Users/admin/builder/spi-builder-workspace/Sources/LNSystemMarqueeLabel/LNSystemMarqueeLabel.mm:162:26: error: unknown type name 'CAAnimation'
  162 |                 void (*orig2)(id, SEL, CAAnimation*, BOOL) = reinterpret_cast<decltype(orig2)>(method_getImplementation(m));
      |                                        ^
/Users/admin/builder/spi-builder-workspace/Sources/LNSystemMarqueeLabel/LNSystemMarqueeLabel.mm:163:78: error: unknown type name 'CAAnimation'
  163 |                 method_setImplementation(m, imp_implementationWithBlock(^(NSObject* _self, CAAnimation* animation, BOOL finished) {
      |                                                                                            ^
/Users/admin/builder/spi-builder-workspace/Sources/LNSystemMarqueeLabel/LNSystemMarqueeLabel.mm:168:73: error: property 'class' not found on object of type 'LNSystemMarqueeLabel'
  168 |                         if(finished == NO || [_self.label isKindOfClass:LNSystemMarqueeLabel.class] == NO)
      |                                                                                              ^
/Users/admin/builder/spi-builder-workspace/Sources/LNSystemMarqueeLabel/LNSystemMarqueeLabel.mm:216:10: error: 'LNSystemMarqueeLabel' cannot use 'super' because it is a root class
  216 |         self = [super initWithFrame:frame];
      |                 ^
/Users/admin/builder/spi-builder-workspace/Sources/LNSystemMarqueeLabel/LNSystemMarqueeLabel.mm:224:12: error: no visible @interface for 'LNSystemMarqueeLabel' declares the selector 'respondsToSelector:'
  224 |                 if([self respondsToSelector:NSSelectorFromString(marqueeUpdatable)])
      |                     ~~~~ ^~~~~~~~~~~~~~~~~~
/Users/admin/builder/spi-builder-workspace/Sources/LNSystemMarqueeLabel/LNSystemMarqueeLabel.mm:226:10: error: no visible @interface for 'LNSystemMarqueeLabel' declares the selector 'setValue:forKey:'
  226 |                         [self setValue:@YES forKey:marqueeUpdatable];
      |                          ~~~~ ^~~~~~~~~~~~~~~~~~~~
/Users/admin/builder/spi-builder-workspace/Sources/LNSystemMarqueeLabel/LNSystemMarqueeLabel.mm:228:12: error: no visible @interface for 'LNSystemMarqueeLabel' declares the selector 'respondsToSelector:'
  228 |                 if([self respondsToSelector:@selector(marqueeRepeatCount)])
      |                     ~~~~ ^~~~~~~~~~~~~~~~~~
/Users/admin/builder/spi-builder-workspace/Sources/LNSystemMarqueeLabel/LNSystemMarqueeLabel.mm:230:10: error: no visible @interface for 'LNSystemMarqueeLabel' declares the selector 'setValue:forKey:'
  230 |                         [self setValue:@0 forKey:marqueeRepeatCount];
      |                          ~~~~ ^~~~~~~~~~~~~~~~~~
/Users/admin/builder/spi-builder-workspace/Sources/LNSystemMarqueeLabel/LNSystemMarqueeLabel.mm:240:16: error: no visible @interface for 'LNSystemMarqueeLabel' declares the selector 'valueForKey:'
  240 |         return [[self valueForKey:marqueeEnabled] boolValue];
      |                  ~~~~ ^~~~~~~~~~~
/Users/admin/builder/spi-builder-workspace/Sources/LNSystemMarqueeLabel/LNSystemMarqueeLabel.mm:250:8: error: no visible @interface for 'LNSystemMarqueeLabel' declares the selector 'setValue:forKey:'
  250 |         [self setValue:@(enabled) forKey:marqueeEnabled];
      |          ~~~~ ^~~~~~~~~~~~~~~~~~~~~~~~~~
/Users/admin/builder/spi-builder-workspace/Sources/LNSystemMarqueeLabel/LNSystemMarqueeLabel.mm:260:16: error: no visible @interface for 'LNSystemMarqueeLabel' declares the selector 'valueForKey:'
  260 |         return [[self valueForKey:marqueeRunning] boolValue];
      |                  ~~~~ ^~~~~~~~~~~
/Users/admin/builder/spi-builder-workspace/Sources/LNSystemMarqueeLabel/LNSystemMarqueeLabel.mm:272:8: error: no visible @interface for 'LNSystemMarqueeLabel' declares the selector 'setValue:forKey:'
  272 |         [self setValue:@(running) forKey:marqueeRunning];
      |          ~~~~ ^~~~~~~~~~~~~~~~~~~~~~~~~~
/Users/admin/builder/spi-builder-workspace/Sources/LNSystemMarqueeLabel/LNSystemMarqueeLabel.mm:284:11: error: no visible @interface for 'LNSystemMarqueeLabel' declares the selector 'respondsToSelector:'
  284 |         if([self respondsToSelector:NSSelectorFromString(marqueeRepeatCount)] == NO)
      |             ~~~~ ^~~~~~~~~~~~~~~~~~
fatal error: too many errors emitted, stopping now [-ferror-limit=]
20 errors generated.
** BUILD FAILED **
The following build commands failed:
	CompileC /Users/admin/builder/spi-builder-workspace/.derivedData/Build/Intermediates.noindex/LNSystemMarqueeLabel.build/Debug-watchos/LNSystemMarqueeLabel.build/Objects-normal/arm64/LNSystemMarqueeLabel.o /Users/admin/builder/spi-builder-workspace/Sources/LNSystemMarqueeLabel/LNSystemMarqueeLabel.mm normal arm64 objective-c++ com.apple.compilers.llvm.clang.1_0.compiler (in target 'LNSystemMarqueeLabel' from project 'LNSystemMarqueeLabel')
	CompileC /Users/admin/builder/spi-builder-workspace/.derivedData/Build/Intermediates.noindex/LNSystemMarqueeLabel.build/Debug-watchos/LNSystemMarqueeLabel.build/Objects-normal/armv7k/LNSystemMarqueeLabel.o /Users/admin/builder/spi-builder-workspace/Sources/LNSystemMarqueeLabel/LNSystemMarqueeLabel.mm normal armv7k objective-c++ com.apple.compilers.llvm.clang.1_0.compiler (in target 'LNSystemMarqueeLabel' from project 'LNSystemMarqueeLabel')
	CompileC /Users/admin/builder/spi-builder-workspace/.derivedData/Build/Intermediates.noindex/LNSystemMarqueeLabel.build/Debug-watchos/LNSystemMarqueeLabel.build/Objects-normal/arm64_32/LNSystemMarqueeLabel.o /Users/admin/builder/spi-builder-workspace/Sources/LNSystemMarqueeLabel/LNSystemMarqueeLabel.mm normal arm64_32 objective-c++ com.apple.compilers.llvm.clang.1_0.compiler (in target 'LNSystemMarqueeLabel' from project 'LNSystemMarqueeLabel')
	Building workspace spi-builder-workspace with scheme LNSystemMarqueeLabel
(4 failures)
Command line invocation:
    /Applications/Xcode-16.3.0.app/Contents/Developer/usr/bin/xcodebuild -IDEClonedSourcePackagesDirPathOverride=/Users/admin/builder/spi-builder-workspace/.dependencies -resolvePackageDependencies
Resolve Package Graph
Resolved source packages:
  LNSystemMarqueeLabel: /Users/admin/builder/spi-builder-workspace
resolved source packages: LNSystemMarqueeLabel
{
  "cxx_language_standard" : "gnu++20",
  "dependencies" : [
  ],
  "manifest_display_name" : "LNSystemMarqueeLabel",
  "name" : "LNSystemMarqueeLabel",
  "path" : "/Users/admin/builder/spi-builder-workspace",
  "platforms" : [
    {
      "name" : "ios",
      "version" : "13.0"
    },
    {
      "name" : "maccatalyst",
      "version" : "13.0"
    }
  ],
  "products" : [
    {
      "name" : "LNSystemMarqueeLabel",
      "targets" : [
        "LNSystemMarqueeLabel"
      ],
      "type" : {
        "library" : [
          "automatic"
        ]
      }
    }
  ],
  "targets" : [
    {
      "c99name" : "LNSystemMarqueeLabel",
      "module_type" : "ClangTarget",
      "name" : "LNSystemMarqueeLabel",
      "path" : "Sources/LNSystemMarqueeLabel",
      "product_memberships" : [
        "LNSystemMarqueeLabel"
      ],
      "sources" : [
        "LNSystemMarqueeLabel.mm"
      ],
      "type" : "library"
    }
  ],
  "tools_version" : "5.9"
}
{
  "workspace" : {
    "name" : "spi-builder-workspace",
    "schemes" : [
      "LNSystemMarqueeLabel"
    ]
  }
}
Running build ...
env DEVELOPER_DIR=/Applications/Xcode-16.3.0.app xcrun xcodebuild -IDEClonedSourcePackagesDirPathOverride=$PWD/.dependencies -skipMacroValidation -skipPackagePluginValidation -derivedDataPath $PWD/.derivedData build -scheme LNSystemMarqueeLabel -destination generic/platform=watchOS
Command line invocation:
    /Applications/Xcode-16.3.0.app/Contents/Developer/usr/bin/xcodebuild -IDEClonedSourcePackagesDirPathOverride=/Users/admin/builder/spi-builder-workspace/.dependencies -skipMacroValidation -skipPackagePluginValidation -derivedDataPath /Users/admin/builder/spi-builder-workspace/.derivedData build -scheme LNSystemMarqueeLabel -destination generic/platform=watchOS
Resolve Package Graph
Resolved source packages:
  LNSystemMarqueeLabel: /Users/admin/builder/spi-builder-workspace
ComputePackagePrebuildTargetDependencyGraph
Prepare packages
CreateBuildRequest
SendProjectDescription
CreateBuildOperation
ComputeTargetDependencyGraph
note: Building targets in dependency order
note: Target dependency graph (2 targets)
    Target 'LNSystemMarqueeLabel' in project 'LNSystemMarqueeLabel'
        ➜ Explicit dependency on target 'LNSystemMarqueeLabel' in project 'LNSystemMarqueeLabel'
    Target 'LNSystemMarqueeLabel' in project 'LNSystemMarqueeLabel' (no dependencies)
GatherProvisioningInputs
CreateBuildDescription
ExecuteExternalTool /Applications/Xcode-16.3.0.app/Contents/Developer/Toolchains/XcodeDefault.xctoolchain/usr/bin/clang -v -E -dM -isysroot /Applications/Xcode-16.3.0.app/Contents/Developer/Platforms/WatchOS.platform/Developer/SDKs/WatchOS11.4.sdk -x c -c /dev/null
ExecuteExternalTool /Applications/Xcode-16.3.0.app/Contents/Developer/Toolchains/XcodeDefault.xctoolchain/usr/bin/clang -v -E -dM -arch arm64 -isysroot /Applications/Xcode-16.3.0.app/Contents/Developer/Platforms/WatchOS.platform/Developer/SDKs/WatchOS11.4.sdk -x objective-c++ -c /dev/null
ExecuteExternalTool /Applications/Xcode-16.3.0.app/Contents/Developer/Toolchains/XcodeDefault.xctoolchain/usr/bin/ld -version_details
ExecuteExternalTool /Applications/Xcode-16.3.0.app/Contents/Developer/Toolchains/XcodeDefault.xctoolchain/usr/bin/clang -v -E -dM -arch arm64 -isysroot /Applications/Xcode-16.3.0.app/Contents/Developer/Platforms/WatchOS.platform/Developer/SDKs/WatchOS11.4.sdk -x c -c /dev/null
ExecuteExternalTool /Applications/Xcode-16.3.0.app/Contents/Developer/Toolchains/XcodeDefault.xctoolchain/usr/bin/clang -v -E -dM -arch armv7k -isysroot /Applications/Xcode-16.3.0.app/Contents/Developer/Platforms/WatchOS.platform/Developer/SDKs/WatchOS11.4.sdk -x objective-c++ -c /dev/null
ExecuteExternalTool /Applications/Xcode-16.3.0.app/Contents/Developer/Toolchains/XcodeDefault.xctoolchain/usr/bin/clang -v -E -dM -arch armv7k -isysroot /Applications/Xcode-16.3.0.app/Contents/Developer/Platforms/WatchOS.platform/Developer/SDKs/WatchOS11.4.sdk -x c -c /dev/null
ExecuteExternalTool /Applications/Xcode-16.3.0.app/Contents/Developer/Toolchains/XcodeDefault.xctoolchain/usr/bin/clang -v -E -dM -arch arm64_32 -isysroot /Applications/Xcode-16.3.0.app/Contents/Developer/Platforms/WatchOS.platform/Developer/SDKs/WatchOS11.4.sdk -x objective-c++ -c /dev/null
ExecuteExternalTool /Applications/Xcode-16.3.0.app/Contents/Developer/Toolchains/XcodeDefault.xctoolchain/usr/bin/clang -v -E -dM -arch arm64_32 -isysroot /Applications/Xcode-16.3.0.app/Contents/Developer/Platforms/WatchOS.platform/Developer/SDKs/WatchOS11.4.sdk -x c -c /dev/null
Build description signature: bcbf2bdcac49309e51d2ceab0142f41f
Build description path: /Users/admin/builder/spi-builder-workspace/.derivedData/Build/Intermediates.noindex/XCBuildData/bcbf2bdcac49309e51d2ceab0142f41f.xcbuilddata
ClangStatCache /Applications/Xcode-16.3.0.app/Contents/Developer/Toolchains/XcodeDefault.xctoolchain/usr/bin/clang-stat-cache /Applications/Xcode-16.3.0.app/Contents/Developer/Platforms/WatchOS.platform/Developer/SDKs/WatchOS11.4.sdk /Users/admin/builder/spi-builder-workspace/.derivedData/SDKStatCaches.noindex/watchos11.4-22T246-43efb940ff07ba2497b70ec94253f576.sdkstatcache
    cd /Users/admin/builder/spi-builder-workspace/.swiftpm/xcode
    /Applications/Xcode-16.3.0.app/Contents/Developer/Toolchains/XcodeDefault.xctoolchain/usr/bin/clang-stat-cache /Applications/Xcode-16.3.0.app/Contents/Developer/Platforms/WatchOS.platform/Developer/SDKs/WatchOS11.4.sdk -o /Users/admin/builder/spi-builder-workspace/.derivedData/SDKStatCaches.noindex/watchos11.4-22T246-43efb940ff07ba2497b70ec94253f576.sdkstatcache
CompileC /Users/admin/builder/spi-builder-workspace/.derivedData/Build/Intermediates.noindex/LNSystemMarqueeLabel.build/Debug-watchos/LNSystemMarqueeLabel.build/Objects-normal/arm64_32/LNSystemMarqueeLabel.o /Users/admin/builder/spi-builder-workspace/Sources/LNSystemMarqueeLabel/LNSystemMarqueeLabel.mm normal arm64_32 objective-c++ com.apple.compilers.llvm.clang.1_0.compiler (in target 'LNSystemMarqueeLabel' from project 'LNSystemMarqueeLabel')
    cd /Users/admin/builder/spi-builder-workspace/.swiftpm/xcode

    Using response file: /Users/admin/builder/spi-builder-workspace/.derivedData/Build/Intermediates.noindex/LNSystemMarqueeLabel.build/Debug-watchos/LNSystemMarqueeLabel.build/Objects-normal/arm64_32/af3fcb34312c57c0f52879cdce924b91-common-args.resp

    /Applications/Xcode-16.3.0.app/Contents/Developer/Toolchains/XcodeDefault.xctoolchain/usr/bin/clang -x objective-c++ -ivfsstatcache /Users/admin/builder/spi-builder-workspace/.derivedData/SDKStatCaches.noindex/watchos11.4-22T246-43efb940ff07ba2497b70ec94253f576.sdkstatcache -fmessage-length\=0 -fdiagnostics-show-note-include-stack -fmacro-backtrace-limit\=0 -fno-color-diagnostics -fmodules-prune-interval\=86400 -fmodules-prune-after\=345600 -fbuild-session-file\=/Users/admin/builder/spi-builder-workspace/.derivedData/ModuleCache.noindex/Session.modulevalidation -fmodules-validate-once-per-build-session -Wnon-modular-include-in-framework-module -Werror\=non-modular-include-in-framework-module -Wno-trigraphs -Wno-missing-field-initializers -Wno-missing-prototypes -Wno-return-type -Wno-implicit-atomic-properties -Wno-objc-interface-ivars -Wno-arc-repeated-use-of-weak -Wno-non-virtual-dtor -Wno-overloaded-virtual -Wno-exit-time-destructors -Wno-missing-braces -Wparentheses -Wswitch -Wno-unused-function -Wno-unused-label -Wno-unused-parameter -Wno-unused-variable -Wunused-value -Wno-empty-body -Wno-uninitialized -Wno-unknown-pragmas -Wno-shadow -Wno-four-char-constants -Wno-conversion -Wno-constant-conversion -Wno-int-conversion -Wno-bool-conversion -Wno-enum-conversion -Wno-float-conversion -Wno-non-literal-null-conversion -Wno-objc-literal-conversion -Wno-shorten-64-to-32 -Wno-newline-eof -Wno-selector -Wno-strict-selector-match -Wno-undeclared-selector -Wno-deprecated-implementations -Wno-c++11-extensions -Wno-implicit-fallthrough -fstrict-aliasing -Wprotocol -Wdeprecated-declarations -Winvalid-offsetof -Wno-sign-conversion -Wno-infinite-recursion -Wno-move -Wno-comma -Wno-block-capture-autoreleasing -Wno-strict-prototypes -Wno-range-loop-analysis -Wno-semicolon-before-method-body -index-store-path /Users/admin/builder/spi-builder-workspace/.derivedData/Index.noindex/DataStore @/Users/admin/builder/spi-builder-workspace/.derivedData/Build/Intermediates.noindex/LNSystemMarqueeLabel.build/Debug-watchos/LNSystemMarqueeLabel.build/Objects-normal/arm64_32/af3fcb34312c57c0f52879cdce924b91-common-args.resp -MMD -MT dependencies -MF /Users/admin/builder/spi-builder-workspace/.derivedData/Build/Intermediates.noindex/LNSystemMarqueeLabel.build/Debug-watchos/LNSystemMarqueeLabel.build/Objects-normal/arm64_32/LNSystemMarqueeLabel.d --serialize-diagnostics /Users/admin/builder/spi-builder-workspace/.derivedData/Build/Intermediates.noindex/LNSystemMarqueeLabel.build/Debug-watchos/LNSystemMarqueeLabel.build/Objects-normal/arm64_32/LNSystemMarqueeLabel.dia -c /Users/admin/builder/spi-builder-workspace/Sources/LNSystemMarqueeLabel/LNSystemMarqueeLabel.mm -o /Users/admin/builder/spi-builder-workspace/.derivedData/Build/Intermediates.noindex/LNSystemMarqueeLabel.build/Debug-watchos/LNSystemMarqueeLabel.build/Objects-normal/arm64_32/LNSystemMarqueeLabel.o -index-unit-output-path /LNSystemMarqueeLabel.build/Debug-watchos/LNSystemMarqueeLabel.build/Objects-normal/arm64_32/LNSystemMarqueeLabel.o
In file included from /Users/admin/builder/spi-builder-workspace/Sources/LNSystemMarqueeLabel/LNSystemMarqueeLabel.mm:9:
/Users/admin/builder/spi-builder-workspace/Sources/LNSystemMarqueeLabel/LNSystemMarqueeLabel.h:13:35: error: cannot find interface declaration for 'UILabel', superclass of 'LNSystemMarqueeLabel'
   13 | @interface LNSystemMarqueeLabel : UILabel
      | ~~~~~~~~~~~~~~~~~~~~~~~~~~~~~~~   ^
/Users/admin/builder/spi-builder-workspace/Sources/LNSystemMarqueeLabel/LNSystemMarqueeLabel.mm:118:12: error: no known class method for selector 'instancesRespondToSelector:'
  118 |                 if([self instancesRespondToSelector:NSSelectorFromString(marqueeRepeatCount)] == NO)
      |                          ^~~~~~~~~~~~~~~~~~~~~~~~~~
/Users/admin/builder/spi-builder-workspace/Sources/LNSystemMarqueeLabel/LNSystemMarqueeLabel.mm:118:81: error: comparison between pointer and integer ('id' and 'BOOL' (aka 'bool'))
  118 |                 if([self instancesRespondToSelector:NSSelectorFromString(marqueeRepeatCount)] == NO)
      |                    ~~~~~~~~~~~~~~~~~~~~~~~~~~~~~~~~~~~~~~~~~~~~~~~~~~~~~~~~~~~~~~~~~~~~~~~~~~ ^  ~~
/Users/admin/builder/spi-builder-workspace/Sources/LNSystemMarqueeLabel/LNSystemMarqueeLabel.mm:133:25: error: unknown type name 'CAAnimation'
  133 |                 void (*orig)(id, SEL, CAAnimation*) = reinterpret_cast<decltype(orig)>(method_getImplementation(m));
      |                                       ^
/Users/admin/builder/spi-builder-workspace/Sources/LNSystemMarqueeLabel/LNSystemMarqueeLabel.mm:134:78: error: unknown type name 'CAAnimation'
  134 |                 method_setImplementation(m, imp_implementationWithBlock(^(NSObject* _self, CAAnimation* animation) {
      |                                                                                            ^
/Users/admin/builder/spi-builder-workspace/Sources/LNSystemMarqueeLabel/LNSystemMarqueeLabel.mm:139:55: error: property 'class' not found on object of type 'LNSystemMarqueeLabel'
  139 |                         if([_self.label isKindOfClass:LNSystemMarqueeLabel.class])
      |                                                                            ^
/Users/admin/builder/spi-builder-workspace/Sources/LNSystemMarqueeLabel/LNSystemMarqueeLabel.mm:162:26: error: unknown type name 'CAAnimation'
  162 |                 void (*orig2)(id, SEL, CAAnimation*, BOOL) = reinterpret_cast<decltype(orig2)>(method_getImplementation(m));
      |                                        ^
/Users/admin/builder/spi-builder-workspace/Sources/LNSystemMarqueeLabel/LNSystemMarqueeLabel.mm:163:78: error: unknown type name 'CAAnimation'
  163 |                 method_setImplementation(m, imp_implementationWithBlock(^(NSObject* _self, CAAnimation* animation, BOOL finished) {
      |                                                                                            ^
/Users/admin/builder/spi-builder-workspace/Sources/LNSystemMarqueeLabel/LNSystemMarqueeLabel.mm:168:73: error: property 'class' not found on object of type 'LNSystemMarqueeLabel'
  168 |                         if(finished == NO || [_self.label isKindOfClass:LNSystemMarqueeLabel.class] == NO)
      |                                                                                              ^
/Users/admin/builder/spi-builder-workspace/Sources/LNSystemMarqueeLabel/LNSystemMarqueeLabel.mm:216:10: error: 'LNSystemMarqueeLabel' cannot use 'super' because it is a root class
  216 |         self = [super initWithFrame:frame];
      |                 ^
/Users/admin/builder/spi-builder-workspace/Sources/LNSystemMarqueeLabel/LNSystemMarqueeLabel.mm:224:12: error: no visible @interface for 'LNSystemMarqueeLabel' declares the selector 'respondsToSelector:'
  224 |                 if([self respondsToSelector:NSSelectorFromString(marqueeUpdatable)])
      |                     ~~~~ ^~~~~~~~~~~~~~~~~~
/Users/admin/builder/spi-builder-workspace/Sources/LNSystemMarqueeLabel/LNSystemMarqueeLabel.mm:226:10: error: no visible @interface for 'LNSystemMarqueeLabel' declares the selector 'setValue:forKey:'
  226 |                         [self setValue:@YES forKey:marqueeUpdatable];
      |                          ~~~~ ^~~~~~~~~~~~~~~~~~~~
/Users/admin/builder/spi-builder-workspace/Sources/LNSystemMarqueeLabel/LNSystemMarqueeLabel.mm:228:12: error: no visible @interface for 'LNSystemMarqueeLabel' declares the selector 'respondsToSelector:'
  228 |                 if([self respondsToSelector:@selector(marqueeRepeatCount)])
      |                     ~~~~ ^~~~~~~~~~~~~~~~~~
/Users/admin/builder/spi-builder-workspace/Sources/LNSystemMarqueeLabel/LNSystemMarqueeLabel.mm:230:10: error: no visible @interface for 'LNSystemMarqueeLabel' declares the selector 'setValue:forKey:'
  230 |                         [self setValue:@0 forKey:marqueeRepeatCount];
      |                          ~~~~ ^~~~~~~~~~~~~~~~~~
/Users/admin/builder/spi-builder-workspace/Sources/LNSystemMarqueeLabel/LNSystemMarqueeLabel.mm:240:16: error: no visible @interface for 'LNSystemMarqueeLabel' declares the selector 'valueForKey:'
  240 |         return [[self valueForKey:marqueeEnabled] boolValue];
      |                  ~~~~ ^~~~~~~~~~~
/Users/admin/builder/spi-builder-workspace/Sources/LNSystemMarqueeLabel/LNSystemMarqueeLabel.mm:250:8: error: no visible @interface for 'LNSystemMarqueeLabel' declares the selector 'setValue:forKey:'
  250 |         [self setValue:@(enabled) forKey:marqueeEnabled];
      |          ~~~~ ^~~~~~~~~~~~~~~~~~~~~~~~~~
/Users/admin/builder/spi-builder-workspace/Sources/LNSystemMarqueeLabel/LNSystemMarqueeLabel.mm:260:16: error: no visible @interface for 'LNSystemMarqueeLabel' declares the selector 'valueForKey:'
  260 |         return [[self valueForKey:marqueeRunning] boolValue];
      |                  ~~~~ ^~~~~~~~~~~
/Users/admin/builder/spi-builder-workspace/Sources/LNSystemMarqueeLabel/LNSystemMarqueeLabel.mm:272:8: error: no visible @interface for 'LNSystemMarqueeLabel' declares the selector 'setValue:forKey:'
  272 |         [self setValue:@(running) forKey:marqueeRunning];
      |          ~~~~ ^~~~~~~~~~~~~~~~~~~~~~~~~~
/Users/admin/builder/spi-builder-workspace/Sources/LNSystemMarqueeLabel/LNSystemMarqueeLabel.mm:284:11: error: no visible @interface for 'LNSystemMarqueeLabel' declares the selector 'respondsToSelector:'
  284 |         if([self respondsToSelector:NSSelectorFromString(marqueeRepeatCount)] == NO)
      |             ~~~~ ^~~~~~~~~~~~~~~~~~
fatal error: too many errors emitted, stopping now [-ferror-limit=]
20 errors generated.
CompileC /Users/admin/builder/spi-builder-workspace/.derivedData/Build/Intermediates.noindex/LNSystemMarqueeLabel.build/Debug-watchos/LNSystemMarqueeLabel.build/Objects-normal/armv7k/LNSystemMarqueeLabel.o /Users/admin/builder/spi-builder-workspace/Sources/LNSystemMarqueeLabel/LNSystemMarqueeLabel.mm normal armv7k objective-c++ com.apple.compilers.llvm.clang.1_0.compiler (in target 'LNSystemMarqueeLabel' from project 'LNSystemMarqueeLabel')
    cd /Users/admin/builder/spi-builder-workspace/.swiftpm/xcode

    Using response file: /Users/admin/builder/spi-builder-workspace/.derivedData/Build/Intermediates.noindex/LNSystemMarqueeLabel.build/Debug-watchos/LNSystemMarqueeLabel.build/Objects-normal/armv7k/af3fcb34312c57c0f52879cdce924b91-common-args.resp

    /Applications/Xcode-16.3.0.app/Contents/Developer/Toolchains/XcodeDefault.xctoolchain/usr/bin/clang -x objective-c++ -ivfsstatcache /Users/admin/builder/spi-builder-workspace/.derivedData/SDKStatCaches.noindex/watchos11.4-22T246-43efb940ff07ba2497b70ec94253f576.sdkstatcache -fmessage-length\=0 -fdiagnostics-show-note-include-stack -fmacro-backtrace-limit\=0 -fno-color-diagnostics -fmodules-prune-interval\=86400 -fmodules-prune-after\=345600 -fbuild-session-file\=/Users/admin/builder/spi-builder-workspace/.derivedData/ModuleCache.noindex/Session.modulevalidation -fmodules-validate-once-per-build-session -Wnon-modular-include-in-framework-module -Werror\=non-modular-include-in-framework-module -Wno-trigraphs -Wno-missing-field-initializers -Wno-missing-prototypes -Wno-return-type -Wno-implicit-atomic-properties -Wno-objc-interface-ivars -Wno-arc-repeated-use-of-weak -Wno-non-virtual-dtor -Wno-overloaded-virtual -Wno-exit-time-destructors -Wno-missing-braces -Wparentheses -Wswitch -Wno-unused-function -Wno-unused-label -Wno-unused-parameter -Wno-unused-variable -Wunused-value -Wno-empty-body -Wno-uninitialized -Wno-unknown-pragmas -Wno-shadow -Wno-four-char-constants -Wno-conversion -Wno-constant-conversion -Wno-int-conversion -Wno-bool-conversion -Wno-enum-conversion -Wno-float-conversion -Wno-non-literal-null-conversion -Wno-objc-literal-conversion -Wno-shorten-64-to-32 -Wno-newline-eof -Wno-selector -Wno-strict-selector-match -Wno-undeclared-selector -Wno-deprecated-implementations -Wno-c++11-extensions -Wno-implicit-fallthrough -fstrict-aliasing -Wprotocol -Wdeprecated-declarations -Winvalid-offsetof -Wno-sign-conversion -Wno-infinite-recursion -Wno-move -Wno-comma -Wno-block-capture-autoreleasing -Wno-strict-prototypes -Wno-range-loop-analysis -Wno-semicolon-before-method-body -index-store-path /Users/admin/builder/spi-builder-workspace/.derivedData/Index.noindex/DataStore @/Users/admin/builder/spi-builder-workspace/.derivedData/Build/Intermediates.noindex/LNSystemMarqueeLabel.build/Debug-watchos/LNSystemMarqueeLabel.build/Objects-normal/armv7k/af3fcb34312c57c0f52879cdce924b91-common-args.resp -MMD -MT dependencies -MF /Users/admin/builder/spi-builder-workspace/.derivedData/Build/Intermediates.noindex/LNSystemMarqueeLabel.build/Debug-watchos/LNSystemMarqueeLabel.build/Objects-normal/armv7k/LNSystemMarqueeLabel.d --serialize-diagnostics /Users/admin/builder/spi-builder-workspace/.derivedData/Build/Intermediates.noindex/LNSystemMarqueeLabel.build/Debug-watchos/LNSystemMarqueeLabel.build/Objects-normal/armv7k/LNSystemMarqueeLabel.dia -c /Users/admin/builder/spi-builder-workspace/Sources/LNSystemMarqueeLabel/LNSystemMarqueeLabel.mm -o /Users/admin/builder/spi-builder-workspace/.derivedData/Build/Intermediates.noindex/LNSystemMarqueeLabel.build/Debug-watchos/LNSystemMarqueeLabel.build/Objects-normal/armv7k/LNSystemMarqueeLabel.o -index-unit-output-path /LNSystemMarqueeLabel.build/Debug-watchos/LNSystemMarqueeLabel.build/Objects-normal/armv7k/LNSystemMarqueeLabel.o
In file included from /Users/admin/builder/spi-builder-workspace/Sources/LNSystemMarqueeLabel/LNSystemMarqueeLabel.mm:9:
/Users/admin/builder/spi-builder-workspace/Sources/LNSystemMarqueeLabel/LNSystemMarqueeLabel.h:13:35: error: cannot find interface declaration for 'UILabel', superclass of 'LNSystemMarqueeLabel'
   13 | @interface LNSystemMarqueeLabel : UILabel
      | ~~~~~~~~~~~~~~~~~~~~~~~~~~~~~~~   ^
/Users/admin/builder/spi-builder-workspace/Sources/LNSystemMarqueeLabel/LNSystemMarqueeLabel.mm:118:12: error: no known class method for selector 'instancesRespondToSelector:'
  118 |                 if([self instancesRespondToSelector:NSSelectorFromString(marqueeRepeatCount)] == NO)
      |                          ^~~~~~~~~~~~~~~~~~~~~~~~~~
/Users/admin/builder/spi-builder-workspace/Sources/LNSystemMarqueeLabel/LNSystemMarqueeLabel.mm:118:81: error: comparison between pointer and integer ('id' and 'BOOL' (aka 'bool'))
  118 |                 if([self instancesRespondToSelector:NSSelectorFromString(marqueeRepeatCount)] == NO)
      |                    ~~~~~~~~~~~~~~~~~~~~~~~~~~~~~~~~~~~~~~~~~~~~~~~~~~~~~~~~~~~~~~~~~~~~~~~~~~ ^  ~~
/Users/admin/builder/spi-builder-workspace/Sources/LNSystemMarqueeLabel/LNSystemMarqueeLabel.mm:133:25: error: unknown type name 'CAAnimation'
  133 |                 void (*orig)(id, SEL, CAAnimation*) = reinterpret_cast<decltype(orig)>(method_getImplementation(m));
      |                                       ^
/Users/admin/builder/spi-builder-workspace/Sources/LNSystemMarqueeLabel/LNSystemMarqueeLabel.mm:134:78: error: unknown type name 'CAAnimation'
  134 |                 method_setImplementation(m, imp_implementationWithBlock(^(NSObject* _self, CAAnimation* animation) {
      |                                                                                            ^
/Users/admin/builder/spi-builder-workspace/Sources/LNSystemMarqueeLabel/LNSystemMarqueeLabel.mm:139:55: error: property 'class' not found on object of type 'LNSystemMarqueeLabel'
  139 |                         if([_self.label isKindOfClass:LNSystemMarqueeLabel.class])
      |                                                                            ^
/Users/admin/builder/spi-builder-workspace/Sources/LNSystemMarqueeLabel/LNSystemMarqueeLabel.mm:162:26: error: unknown type name 'CAAnimation'
  162 |                 void (*orig2)(id, SEL, CAAnimation*, BOOL) = reinterpret_cast<decltype(orig2)>(method_getImplementation(m));
      |                                        ^
/Users/admin/builder/spi-builder-workspace/Sources/LNSystemMarqueeLabel/LNSystemMarqueeLabel.mm:163:78: error: unknown type name 'CAAnimation'
  163 |                 method_setImplementation(m, imp_implementationWithBlock(^(NSObject* _self, CAAnimation* animation, BOOL finished) {
      |                                                                                            ^
/Users/admin/builder/spi-builder-workspace/Sources/LNSystemMarqueeLabel/LNSystemMarqueeLabel.mm:168:73: error: property 'class' not found on object of type 'LNSystemMarqueeLabel'
  168 |                         if(finished == NO || [_self.label isKindOfClass:LNSystemMarqueeLabel.class] == NO)
      |                                                                                              ^
/Users/admin/builder/spi-builder-workspace/Sources/LNSystemMarqueeLabel/LNSystemMarqueeLabel.mm:216:10: error: 'LNSystemMarqueeLabel' cannot use 'super' because it is a root class
  216 |         self = [super initWithFrame:frame];
      |                 ^
/Users/admin/builder/spi-builder-workspace/Sources/LNSystemMarqueeLabel/LNSystemMarqueeLabel.mm:224:12: error: no visible @interface for 'LNSystemMarqueeLabel' declares the selector 'respondsToSelector:'
  224 |                 if([self respondsToSelector:NSSelectorFromString(marqueeUpdatable)])
      |                     ~~~~ ^~~~~~~~~~~~~~~~~~
/Users/admin/builder/spi-builder-workspace/Sources/LNSystemMarqueeLabel/LNSystemMarqueeLabel.mm:226:10: error: no visible @interface for 'LNSystemMarqueeLabel' declares the selector 'setValue:forKey:'
  226 |                         [self setValue:@YES forKey:marqueeUpdatable];
      |                          ~~~~ ^~~~~~~~~~~~~~~~~~~~
/Users/admin/builder/spi-builder-workspace/Sources/LNSystemMarqueeLabel/LNSystemMarqueeLabel.mm:228:12: error: no visible @interface for 'LNSystemMarqueeLabel' declares the selector 'respondsToSelector:'
  228 |                 if([self respondsToSelector:@selector(marqueeRepeatCount)])
      |                     ~~~~ ^~~~~~~~~~~~~~~~~~
/Users/admin/builder/spi-builder-workspace/Sources/LNSystemMarqueeLabel/LNSystemMarqueeLabel.mm:230:10: error: no visible @interface for 'LNSystemMarqueeLabel' declares the selector 'setValue:forKey:'
  230 |                         [self setValue:@0 forKey:marqueeRepeatCount];
      |                          ~~~~ ^~~~~~~~~~~~~~~~~~
/Users/admin/builder/spi-builder-workspace/Sources/LNSystemMarqueeLabel/LNSystemMarqueeLabel.mm:240:16: error: no visible @interface for 'LNSystemMarqueeLabel' declares the selector 'valueForKey:'
  240 |         return [[self valueForKey:marqueeEnabled] boolValue];
      |                  ~~~~ ^~~~~~~~~~~
/Users/admin/builder/spi-builder-workspace/Sources/LNSystemMarqueeLabel/LNSystemMarqueeLabel.mm:250:8: error: no visible @interface for 'LNSystemMarqueeLabel' declares the selector 'setValue:forKey:'
  250 |         [self setValue:@(enabled) forKey:marqueeEnabled];
      |          ~~~~ ^~~~~~~~~~~~~~~~~~~~~~~~~~
/Users/admin/builder/spi-builder-workspace/Sources/LNSystemMarqueeLabel/LNSystemMarqueeLabel.mm:260:16: error: no visible @interface for 'LNSystemMarqueeLabel' declares the selector 'valueForKey:'
  260 |         return [[self valueForKey:marqueeRunning] boolValue];
      |                  ~~~~ ^~~~~~~~~~~
/Users/admin/builder/spi-builder-workspace/Sources/LNSystemMarqueeLabel/LNSystemMarqueeLabel.mm:272:8: error: no visible @interface for 'LNSystemMarqueeLabel' declares the selector 'setValue:forKey:'
  272 |         [self setValue:@(running) forKey:marqueeRunning];
      |          ~~~~ ^~~~~~~~~~~~~~~~~~~~~~~~~~
/Users/admin/builder/spi-builder-workspace/Sources/LNSystemMarqueeLabel/LNSystemMarqueeLabel.mm:284:11: error: no visible @interface for 'LNSystemMarqueeLabel' declares the selector 'respondsToSelector:'
  284 |         if([self respondsToSelector:NSSelectorFromString(marqueeRepeatCount)] == NO)
      |             ~~~~ ^~~~~~~~~~~~~~~~~~
fatal error: too many errors emitted, stopping now [-ferror-limit=]
20 errors generated.
CompileC /Users/admin/builder/spi-builder-workspace/.derivedData/Build/Intermediates.noindex/LNSystemMarqueeLabel.build/Debug-watchos/LNSystemMarqueeLabel.build/Objects-normal/arm64/LNSystemMarqueeLabel.o /Users/admin/builder/spi-builder-workspace/Sources/LNSystemMarqueeLabel/LNSystemMarqueeLabel.mm normal arm64 objective-c++ com.apple.compilers.llvm.clang.1_0.compiler (in target 'LNSystemMarqueeLabel' from project 'LNSystemMarqueeLabel')
    cd /Users/admin/builder/spi-builder-workspace/.swiftpm/xcode

    Using response file: /Users/admin/builder/spi-builder-workspace/.derivedData/Build/Intermediates.noindex/LNSystemMarqueeLabel.build/Debug-watchos/LNSystemMarqueeLabel.build/Objects-normal/arm64/af3fcb34312c57c0f52879cdce924b91-common-args.resp

    /Applications/Xcode-16.3.0.app/Contents/Developer/Toolchains/XcodeDefault.xctoolchain/usr/bin/clang -x objective-c++ -ivfsstatcache /Users/admin/builder/spi-builder-workspace/.derivedData/SDKStatCaches.noindex/watchos11.4-22T246-43efb940ff07ba2497b70ec94253f576.sdkstatcache -fmessage-length\=0 -fdiagnostics-show-note-include-stack -fmacro-backtrace-limit\=0 -fno-color-diagnostics -fmodules-prune-interval\=86400 -fmodules-prune-after\=345600 -fbuild-session-file\=/Users/admin/builder/spi-builder-workspace/.derivedData/ModuleCache.noindex/Session.modulevalidation -fmodules-validate-once-per-build-session -Wnon-modular-include-in-framework-module -Werror\=non-modular-include-in-framework-module -Wno-trigraphs -Wno-missing-field-initializers -Wno-missing-prototypes -Wno-return-type -Wno-implicit-atomic-properties -Wno-objc-interface-ivars -Wno-arc-repeated-use-of-weak -Wno-non-virtual-dtor -Wno-overloaded-virtual -Wno-exit-time-destructors -Wno-missing-braces -Wparentheses -Wswitch -Wno-unused-function -Wno-unused-label -Wno-unused-parameter -Wno-unused-variable -Wunused-value -Wno-empty-body -Wno-uninitialized -Wno-unknown-pragmas -Wno-shadow -Wno-four-char-constants -Wno-conversion -Wno-constant-conversion -Wno-int-conversion -Wno-bool-conversion -Wno-enum-conversion -Wno-float-conversion -Wno-non-literal-null-conversion -Wno-objc-literal-conversion -Wshorten-64-to-32 -Wno-newline-eof -Wno-selector -Wno-strict-selector-match -Wno-undeclared-selector -Wno-deprecated-implementations -Wno-c++11-extensions -Wno-implicit-fallthrough -fstrict-aliasing -Wprotocol -Wdeprecated-declarations -Winvalid-offsetof -Wno-sign-conversion -Wno-infinite-recursion -Wno-move -Wno-comma -Wno-block-capture-autoreleasing -Wno-strict-prototypes -Wno-range-loop-analysis -Wno-semicolon-before-method-body -index-store-path /Users/admin/builder/spi-builder-workspace/.derivedData/Index.noindex/DataStore @/Users/admin/builder/spi-builder-workspace/.derivedData/Build/Intermediates.noindex/LNSystemMarqueeLabel.build/Debug-watchos/LNSystemMarqueeLabel.build/Objects-normal/arm64/af3fcb34312c57c0f52879cdce924b91-common-args.resp -MMD -MT dependencies -MF /Users/admin/builder/spi-builder-workspace/.derivedData/Build/Intermediates.noindex/LNSystemMarqueeLabel.build/Debug-watchos/LNSystemMarqueeLabel.build/Objects-normal/arm64/LNSystemMarqueeLabel.d --serialize-diagnostics /Users/admin/builder/spi-builder-workspace/.derivedData/Build/Intermediates.noindex/LNSystemMarqueeLabel.build/Debug-watchos/LNSystemMarqueeLabel.build/Objects-normal/arm64/LNSystemMarqueeLabel.dia -c /Users/admin/builder/spi-builder-workspace/Sources/LNSystemMarqueeLabel/LNSystemMarqueeLabel.mm -o /Users/admin/builder/spi-builder-workspace/.derivedData/Build/Intermediates.noindex/LNSystemMarqueeLabel.build/Debug-watchos/LNSystemMarqueeLabel.build/Objects-normal/arm64/LNSystemMarqueeLabel.o -index-unit-output-path /LNSystemMarqueeLabel.build/Debug-watchos/LNSystemMarqueeLabel.build/Objects-normal/arm64/LNSystemMarqueeLabel.o
In file included from /Users/admin/builder/spi-builder-workspace/Sources/LNSystemMarqueeLabel/LNSystemMarqueeLabel.mm:9:
/Users/admin/builder/spi-builder-workspace/Sources/LNSystemMarqueeLabel/LNSystemMarqueeLabel.h:13:35: error: cannot find interface declaration for 'UILabel', superclass of 'LNSystemMarqueeLabel'
   13 | @interface LNSystemMarqueeLabel : UILabel
      | ~~~~~~~~~~~~~~~~~~~~~~~~~~~~~~~   ^
/Users/admin/builder/spi-builder-workspace/Sources/LNSystemMarqueeLabel/LNSystemMarqueeLabel.mm:118:12: error: no known class method for selector 'instancesRespondToSelector:'
  118 |                 if([self instancesRespondToSelector:NSSelectorFromString(marqueeRepeatCount)] == NO)
      |                          ^~~~~~~~~~~~~~~~~~~~~~~~~~
/Users/admin/builder/spi-builder-workspace/Sources/LNSystemMarqueeLabel/LNSystemMarqueeLabel.mm:118:81: error: comparison between pointer and integer ('id' and 'BOOL' (aka 'bool'))
  118 |                 if([self instancesRespondToSelector:NSSelectorFromString(marqueeRepeatCount)] == NO)
      |                    ~~~~~~~~~~~~~~~~~~~~~~~~~~~~~~~~~~~~~~~~~~~~~~~~~~~~~~~~~~~~~~~~~~~~~~~~~~ ^  ~~
/Users/admin/builder/spi-builder-workspace/Sources/LNSystemMarqueeLabel/LNSystemMarqueeLabel.mm:133:25: error: unknown type name 'CAAnimation'
  133 |                 void (*orig)(id, SEL, CAAnimation*) = reinterpret_cast<decltype(orig)>(method_getImplementation(m));
      |                                       ^
/Users/admin/builder/spi-builder-workspace/Sources/LNSystemMarqueeLabel/LNSystemMarqueeLabel.mm:134:78: error: unknown type name 'CAAnimation'
  134 |                 method_setImplementation(m, imp_implementationWithBlock(^(NSObject* _self, CAAnimation* animation) {
      |                                                                                            ^
/Users/admin/builder/spi-builder-workspace/Sources/LNSystemMarqueeLabel/LNSystemMarqueeLabel.mm:139:55: error: property 'class' not found on object of type 'LNSystemMarqueeLabel'
  139 |                         if([_self.label isKindOfClass:LNSystemMarqueeLabel.class])
      |                                                                            ^
/Users/admin/builder/spi-builder-workspace/Sources/LNSystemMarqueeLabel/LNSystemMarqueeLabel.mm:162:26: error: unknown type name 'CAAnimation'
  162 |                 void (*orig2)(id, SEL, CAAnimation*, BOOL) = reinterpret_cast<decltype(orig2)>(method_getImplementation(m));
      |                                        ^
/Users/admin/builder/spi-builder-workspace/Sources/LNSystemMarqueeLabel/LNSystemMarqueeLabel.mm:163:78: error: unknown type name 'CAAnimation'
  163 |                 method_setImplementation(m, imp_implementationWithBlock(^(NSObject* _self, CAAnimation* animation, BOOL finished) {
      |                                                                                            ^
/Users/admin/builder/spi-builder-workspace/Sources/LNSystemMarqueeLabel/LNSystemMarqueeLabel.mm:168:73: error: property 'class' not found on object of type 'LNSystemMarqueeLabel'
  168 |                         if(finished == NO || [_self.label isKindOfClass:LNSystemMarqueeLabel.class] == NO)
      |                                                                                              ^
/Users/admin/builder/spi-builder-workspace/Sources/LNSystemMarqueeLabel/LNSystemMarqueeLabel.mm:216:10: error: 'LNSystemMarqueeLabel' cannot use 'super' because it is a root class
  216 |         self = [super initWithFrame:frame];
      |                 ^
/Users/admin/builder/spi-builder-workspace/Sources/LNSystemMarqueeLabel/LNSystemMarqueeLabel.mm:224:12: error: no visible @interface for 'LNSystemMarqueeLabel' declares the selector 'respondsToSelector:'
  224 |                 if([self respondsToSelector:NSSelectorFromString(marqueeUpdatable)])
      |                     ~~~~ ^~~~~~~~~~~~~~~~~~
/Users/admin/builder/spi-builder-workspace/Sources/LNSystemMarqueeLabel/LNSystemMarqueeLabel.mm:226:10: error: no visible @interface for 'LNSystemMarqueeLabel' declares the selector 'setValue:forKey:'
  226 |                         [self setValue:@YES forKey:marqueeUpdatable];
      |                          ~~~~ ^~~~~~~~~~~~~~~~~~~~
/Users/admin/builder/spi-builder-workspace/Sources/LNSystemMarqueeLabel/LNSystemMarqueeLabel.mm:228:12: error: no visible @interface for 'LNSystemMarqueeLabel' declares the selector 'respondsToSelector:'
  228 |                 if([self respondsToSelector:@selector(marqueeRepeatCount)])
      |                     ~~~~ ^~~~~~~~~~~~~~~~~~
/Users/admin/builder/spi-builder-workspace/Sources/LNSystemMarqueeLabel/LNSystemMarqueeLabel.mm:230:10: error: no visible @interface for 'LNSystemMarqueeLabel' declares the selector 'setValue:forKey:'
  230 |                         [self setValue:@0 forKey:marqueeRepeatCount];
      |                          ~~~~ ^~~~~~~~~~~~~~~~~~
/Users/admin/builder/spi-builder-workspace/Sources/LNSystemMarqueeLabel/LNSystemMarqueeLabel.mm:240:16: error: no visible @interface for 'LNSystemMarqueeLabel' declares the selector 'valueForKey:'
  240 |         return [[self valueForKey:marqueeEnabled] boolValue];
      |                  ~~~~ ^~~~~~~~~~~
/Users/admin/builder/spi-builder-workspace/Sources/LNSystemMarqueeLabel/LNSystemMarqueeLabel.mm:250:8: error: no visible @interface for 'LNSystemMarqueeLabel' declares the selector 'setValue:forKey:'
  250 |         [self setValue:@(enabled) forKey:marqueeEnabled];
      |          ~~~~ ^~~~~~~~~~~~~~~~~~~~~~~~~~
/Users/admin/builder/spi-builder-workspace/Sources/LNSystemMarqueeLabel/LNSystemMarqueeLabel.mm:260:16: error: no visible @interface for 'LNSystemMarqueeLabel' declares the selector 'valueForKey:'
  260 |         return [[self valueForKey:marqueeRunning] boolValue];
      |                  ~~~~ ^~~~~~~~~~~
/Users/admin/builder/spi-builder-workspace/Sources/LNSystemMarqueeLabel/LNSystemMarqueeLabel.mm:272:8: error: no visible @interface for 'LNSystemMarqueeLabel' declares the selector 'setValue:forKey:'
  272 |         [self setValue:@(running) forKey:marqueeRunning];
      |          ~~~~ ^~~~~~~~~~~~~~~~~~~~~~~~~~
/Users/admin/builder/spi-builder-workspace/Sources/LNSystemMarqueeLabel/LNSystemMarqueeLabel.mm:284:11: error: no visible @interface for 'LNSystemMarqueeLabel' declares the selector 'respondsToSelector:'
  284 |         if([self respondsToSelector:NSSelectorFromString(marqueeRepeatCount)] == NO)
      |             ~~~~ ^~~~~~~~~~~~~~~~~~
fatal error: too many errors emitted, stopping now [-ferror-limit=]
20 errors generated.
** BUILD FAILED **
The following build commands failed:
	CompileC /Users/admin/builder/spi-builder-workspace/.derivedData/Build/Intermediates.noindex/LNSystemMarqueeLabel.build/Debug-watchos/LNSystemMarqueeLabel.build/Objects-normal/arm64_32/LNSystemMarqueeLabel.o /Users/admin/builder/spi-builder-workspace/Sources/LNSystemMarqueeLabel/LNSystemMarqueeLabel.mm normal arm64_32 objective-c++ com.apple.compilers.llvm.clang.1_0.compiler (in target 'LNSystemMarqueeLabel' from project 'LNSystemMarqueeLabel')
	CompileC /Users/admin/builder/spi-builder-workspace/.derivedData/Build/Intermediates.noindex/LNSystemMarqueeLabel.build/Debug-watchos/LNSystemMarqueeLabel.build/Objects-normal/armv7k/LNSystemMarqueeLabel.o /Users/admin/builder/spi-builder-workspace/Sources/LNSystemMarqueeLabel/LNSystemMarqueeLabel.mm normal armv7k objective-c++ com.apple.compilers.llvm.clang.1_0.compiler (in target 'LNSystemMarqueeLabel' from project 'LNSystemMarqueeLabel')
	CompileC /Users/admin/builder/spi-builder-workspace/.derivedData/Build/Intermediates.noindex/LNSystemMarqueeLabel.build/Debug-watchos/LNSystemMarqueeLabel.build/Objects-normal/arm64/LNSystemMarqueeLabel.o /Users/admin/builder/spi-builder-workspace/Sources/LNSystemMarqueeLabel/LNSystemMarqueeLabel.mm normal arm64 objective-c++ com.apple.compilers.llvm.clang.1_0.compiler (in target 'LNSystemMarqueeLabel' from project 'LNSystemMarqueeLabel')
	Building workspace spi-builder-workspace with scheme LNSystemMarqueeLabel
(4 failures)
BUILD FAILURE 6.1 watchOS