Build Information
Failed to build hegel-swift, reference v0.1.0 (fcf387), with Swift 6.1 for macOS (SPM) on 21 Aug 2026 04:48:33 UTC.
Build Command
env DEVELOPER_DIR=/Applications/Xcode-16.3.0.app xcrun swift build --arch arm64Build Log
========================================
RunAll
========================================
Builder version: 5.0.2
Interrupt handler set up.
========================================
Checkout
========================================
Clone URL: https://github.com/nassersala/hegel-swift.git
Reference: v0.1.0
Initialized empty Git repository in /Users/admin/builder/spi-builder-workspace/.git/
From https://github.com/nassersala/hegel-swift
* tag v0.1.0 -> FETCH_HEAD
HEAD is now at fcf3874 Remove personal filesystem paths from docs and scripts
Cloned https://github.com/nassersala/hegel-swift.git
Revision (git rev-parse @):
fcf3874d5d3752ad91f6d52241a258507360de78
SUCCESS checkout https://github.com/nassersala/hegel-swift.git at v0.1.0
========================================
Build
========================================
Selected platform: macosSpm
Swift version: 6.1
Building package at path: $PWD
https://github.com/nassersala/hegel-swift.git
https://github.com/nassersala/hegel-swift.git
{
"dependencies" : [
],
"manifest_display_name" : "hegel-swift",
"name" : "hegel-swift",
"path" : "/Users/admin/builder/spi-builder-workspace",
"platforms" : [
{
"name" : "macos",
"version" : "14.0"
},
{
"name" : "ios",
"version" : "17.0"
}
],
"products" : [
{
"name" : "Hegel",
"targets" : [
"Hegel"
],
"type" : {
"library" : [
"automatic"
]
}
},
{
"name" : "HegelTesting",
"targets" : [
"HegelTesting"
],
"type" : {
"library" : [
"automatic"
]
}
}
],
"targets" : [
{
"c99name" : "HegelTests",
"module_type" : "SwiftTarget",
"name" : "HegelTests",
"path" : "Tests/HegelTests",
"sources" : [
"DieHardTests.swift",
"ErrorClassificationTests.swift",
"ExpectAllTests.swift",
"HegelTests.swift",
"OutputTests.swift",
"PrimitiveTests.swift",
"SettingsTests.swift",
"SmokeTests.swift",
"StatefulTests.swift",
"TargetTests.swift"
],
"target_dependencies" : [
"Hegel",
"HegelTesting",
"CHegel"
],
"type" : "test"
},
{
"c99name" : "HegelTesting",
"module_type" : "SwiftTarget",
"name" : "HegelTesting",
"path" : "Sources/HegelTesting",
"product_memberships" : [
"HegelTesting"
],
"sources" : [
"ExpectAll.swift"
],
"target_dependencies" : [
"Hegel"
],
"type" : "library"
},
{
"c99name" : "Hegel",
"module_type" : "SwiftTarget",
"name" : "Hegel",
"path" : "Sources/Hegel",
"product_memberships" : [
"Hegel",
"HegelTesting"
],
"sources" : [
"BigIntegers.swift",
"Gen.swift",
"HegelError.swift",
"Identifiers.swift",
"Primitives.swift",
"Replay.swift",
"Runner.swift",
"Settings.swift",
"Stateful.swift",
"Strings.swift",
"Target.swift",
"Temporal.swift",
"TestCase.swift"
],
"target_dependencies" : [
"CHegel"
],
"type" : "library"
},
{
"c99name" : "CHegel",
"module_type" : "BinaryTarget",
"name" : "CHegel",
"path" : "Vendor/CHegel.xcframework",
"product_memberships" : [
"Hegel",
"HegelTesting"
],
"sources" : [
],
"type" : "binary"
}
],
"tools_version" : "6.0"
}
Running build ...
env DEVELOPER_DIR=/Applications/Xcode-16.3.0.app xcrun swift build --arch arm64 -Xswiftc -Xfrontend -Xswiftc -stats-output-dir -Xswiftc -Xfrontend -Xswiftc .stats
Building for debugging...
[0/4] Write sources
[2/4] Copying CHegel.framework
[3/4] Write swift-version-2F0A5646E1D333AE.txt
[5/17] Compiling Hegel Settings.swift
[6/17] Compiling Hegel Stateful.swift
[7/18] Compiling Hegel Runner.swift
[8/18] Compiling Hegel TestCase.swift
[9/18] Compiling Hegel BigIntegers.swift
[10/18] Compiling Hegel Gen.swift
[11/18] Compiling Hegel HegelError.swift
[12/18] Compiling Hegel Identifiers.swift
[13/18] Compiling Hegel Primitives.swift
[14/18] Compiling Hegel Replay.swift
[15/18] Compiling Hegel Strings.swift
[16/18] Emitting module Hegel
[17/18] Compiling Hegel Temporal.swift
[18/18] Compiling Hegel Target.swift
[19/20] Compiling HegelTesting ExpectAll.swift
/Users/admin/builder/spi-builder-workspace/Sources/HegelTesting/ExpectAll.swift:16:31: error: cannot find type 'IssueHandlingTrait' in scope
14 | }
15 |
16 | extension Trait where Self == IssueHandlingTrait {
| `- error: cannot find type 'IssueHandlingTrait' in scope
17 | /// Attach to tests that use `expectAll`: intermediate `#expect` failures
18 | /// recorded while the engine searches and shrinks are counted for the
error: emit-module command failed with exit code 1 (use -v to see invocation)
[20/20] Emitting module HegelTesting
/Users/admin/builder/spi-builder-workspace/Sources/HegelTesting/ExpectAll.swift:16:31: error: cannot find type 'IssueHandlingTrait' in scope
14 | }
15 |
16 | extension Trait where Self == IssueHandlingTrait {
| `- error: cannot find type 'IssueHandlingTrait' in scope
17 | /// Attach to tests that use `expectAll`: intermediate `#expect` failures
18 | /// recorded while the engine searches and shrinks are counted for the
Running build ...
env DEVELOPER_DIR=/Applications/Xcode-16.3.0.app xcrun swift build --arch arm64
[0/1] Planning build
Building for debugging...
[0/1] Write swift-version-2F0A5646E1D333AE.txt
[2/14] Compiling Hegel Settings.swift
[3/14] Compiling Hegel Target.swift
[4/14] Compiling Hegel Temporal.swift
[5/15] Compiling Hegel Strings.swift
[6/15] Compiling Hegel Stateful.swift
[7/15] Compiling Hegel Primitives.swift
[8/15] Compiling Hegel Replay.swift
[9/15] Compiling Hegel Runner.swift
[10/15] Compiling Hegel BigIntegers.swift
[11/15] Compiling Hegel Gen.swift
[12/15] Compiling Hegel HegelError.swift
[13/15] Compiling Hegel Identifiers.swift
[14/15] Emitting module Hegel
[15/15] Compiling Hegel TestCase.swift
error: emit-module command failed with exit code 1 (use -v to see invocation)
[16/17] Emitting module HegelTesting
/Users/admin/builder/spi-builder-workspace/Sources/HegelTesting/ExpectAll.swift:16:31: error: cannot find type 'IssueHandlingTrait' in scope
14 | }
15 |
16 | extension Trait where Self == IssueHandlingTrait {
| `- error: cannot find type 'IssueHandlingTrait' in scope
17 | /// Attach to tests that use `expectAll`: intermediate `#expect` failures
18 | /// recorded while the engine searches and shrinks are counted for the
[17/17] Compiling HegelTesting ExpectAll.swift
/Users/admin/builder/spi-builder-workspace/Sources/HegelTesting/ExpectAll.swift:16:31: error: cannot find type 'IssueHandlingTrait' in scope
14 | }
15 |
16 | extension Trait where Self == IssueHandlingTrait {
| `- error: cannot find type 'IssueHandlingTrait' in scope
17 | /// Attach to tests that use `expectAll`: intermediate `#expect` failures
18 | /// recorded while the engine searches and shrinks are counted for the
BUILD FAILURE 6.1 macosSpm