The Swift Package Index logo.Swift Package Index

Build Information

Failed to build SumUpSDK, reference v7.2.0 (8224b6), with Swift 6.4 for visionOS using Xcode 27.0 on 9 Oct 2026 01:10:58 UTC.

Build Command

env DEVELOPER_DIR=/Applications/Xcode-27.0.0-Release.Candidate.app xcrun xcodebuild -IDEClonedSourcePackagesDirPathOverride=$PWD/.dependencies -skipMacroValidation -skipPackagePluginValidation -derivedDataPath $PWD/.derivedData build -scheme SumUpSDK -destination generic/platform=xrOS

Build Log

========================================
RunAll
========================================
Builder version: 5.1.1
Interrupt handler set up.
========================================
Checkout
========================================
Clone URL: https://github.com/sumup/sumup-ios-sdk.git
Reference: v7.2.0
Initialized empty Git repository in /Users/admin/builder/spi-builder-workspace/.git/
From https://github.com/sumup/sumup-ios-sdk
 * tag               v7.2.0     -> FETCH_HEAD
HEAD is now at 8224b6e Release 7.2.0
Cloned https://github.com/sumup/sumup-ios-sdk.git
Revision (git rev-parse @):
8224b6eb435dd8b06910dfb534c412a4700f98e2
SUCCESS checkout https://github.com/sumup/sumup-ios-sdk.git at v7.2.0
========================================
Build
========================================
Selected platform:         visionOS
Swift version:             6.4
Building package at path:  $PWD
https://github.com/sumup/sumup-ios-sdk.git
Command line invocation:
    /Applications/Xcode-27.0.0.app/Contents/Developer/usr/bin/xcodebuild -IDEClonedSourcePackagesDirPathOverride=/Users/admin/builder/spi-builder-workspace/.dependencies -resolvePackageDependencies
Resolve Package Graph
Resolve Package Graph
Resolved source packages:
  SumUpSDK: /Users/admin/builder/spi-builder-workspace
resolved source packages: SumUpSDK
2026-10-08 21:10:10.349 xcodebuild[531:3083] [MT] IDERunDestination: Supported platforms for the buildables in the current scheme is empty.
{
  "dependencies" : [
  ],
  "manifest_display_name" : "SumUpSDK",
  "name" : "SumUpSDK",
  "path" : "/Users/admin/builder/spi-builder-workspace",
  "platforms" : [
    {
      "name" : "ios",
      "version" : "16.0"
    }
  ],
  "products" : [
    {
      "name" : "SumUpSDK",
      "targets" : [
        "SumUpSDK"
      ],
      "type" : {
        "library" : [
          "automatic"
        ]
      }
    }
  ],
  "targets" : [
    {
      "c99name" : "SumUpSDK",
      "module_type" : "BinaryTarget",
      "name" : "SumUpSDK",
      "path" : "SumUpSDK.xcframework",
      "product_memberships" : [
        "SumUpSDK"
      ],
      "sources" : [
      ],
      "type" : "binary"
    }
  ],
  "tools_version" : "5.7"
}
{
  "workspace" : {
    "name" : "SumUpSDK",
    "schemes" : [
      "SumUpSDK"
    ]
  }
}
2026-10-08 21:10:52.395 xcodebuild[677:4431] [MT] IDERunDestination: Supported platforms for the buildables in the current scheme is empty.
Running build ...
env DEVELOPER_DIR=/Applications/Xcode-27.0.0-Release.Candidate.app xcrun xcodebuild -IDEClonedSourcePackagesDirPathOverride=$PWD/.dependencies -skipMacroValidation -skipPackagePluginValidation -derivedDataPath $PWD/.derivedData build -scheme SumUpSDK -destination generic/platform=xrOS
Command line invocation:
    /Applications/Xcode-27.0.0.app/Contents/Developer/usr/bin/xcodebuild -IDEClonedSourcePackagesDirPathOverride=/Users/admin/builder/spi-builder-workspace/.dependencies -skipMacroValidation -skipPackagePluginValidation -derivedDataPath /Users/admin/builder/spi-builder-workspace/.derivedData build -scheme SumUpSDK -destination generic/platform=xrOS
Resolve Package Graph
Resolved source packages:
  SumUpSDK: /Users/admin/builder/spi-builder-workspace
ComputePackagePrebuildTargetDependencyGraph
Prepare packages
CreateBuildRequest
SendProjectDescription
CreateBuildOperation
ComputeTargetDependencyGraph
note: Building targets in dependency order
note: Target dependency graph (1 target)
    Target 'SumUpSDK-product' in project 'SumUpSDK' (no dependencies)
GatherProvisioningInputs
CreateBuildDescription
ExecuteExternalTool /Applications/Xcode-27.0.0.app/Contents/Developer/Toolchains/XcodeDefault.xctoolchain/usr/bin/clang -v -E -dM -isysroot /Applications/Xcode-27.0.0.app/Contents/Developer/Platforms/XROS.platform/Developer/SDKs/XROS27.0.sdk -x c -c /dev/null
Build description signature: 4b2b82e6bcfaba197baf3c6fe3b1d904
Build description path: /Users/admin/builder/spi-builder-workspace/.derivedData/Build/Intermediates.noindex/XCBuildData/4b2b82e6bcfaba197baf3c6fe3b1d904.xcbuilddata
/Users/admin/builder/spi-builder-workspace/SumUpSDK.xcframework:1:1: error: While building for visionOS, no library for this platform was found in '/Users/admin/builder/spi-builder-workspace/SumUpSDK.xcframework'. (in target 'SumUpSDK-product' from project 'SumUpSDK')
2026-10-08 21:10:54.000 xcodebuild[678:4475] [MT] IDERunDestination: Supported platforms for the buildables in the current scheme is empty.
** BUILD FAILED **
The following build commands failed:
	Building workspace SumUpSDK with scheme SumUpSDK
(1 failure)
Command line invocation:
    /Applications/Xcode-27.0.0.app/Contents/Developer/usr/bin/xcodebuild -IDEClonedSourcePackagesDirPathOverride=/Users/admin/builder/spi-builder-workspace/.dependencies -resolvePackageDependencies
Resolve Package Graph
Resolved source packages:
  SumUpSDK: /Users/admin/builder/spi-builder-workspace
resolved source packages: SumUpSDK
2026-10-08 21:10:55.615 xcodebuild[690:4575] [MT] IDERunDestination: Supported platforms for the buildables in the current scheme is empty.
{
  "dependencies" : [
  ],
  "manifest_display_name" : "SumUpSDK",
  "name" : "SumUpSDK",
  "path" : "/Users/admin/builder/spi-builder-workspace",
  "platforms" : [
    {
      "name" : "ios",
      "version" : "16.0"
    }
  ],
  "products" : [
    {
      "name" : "SumUpSDK",
      "targets" : [
        "SumUpSDK"
      ],
      "type" : {
        "library" : [
          "automatic"
        ]
      }
    }
  ],
  "targets" : [
    {
      "c99name" : "SumUpSDK",
      "module_type" : "BinaryTarget",
      "name" : "SumUpSDK",
      "path" : "SumUpSDK.xcframework",
      "product_memberships" : [
        "SumUpSDK"
      ],
      "sources" : [
      ],
      "type" : "binary"
    }
  ],
  "tools_version" : "5.7"
}
{
  "workspace" : {
    "name" : "SumUpSDK",
    "schemes" : [
      "SumUpSDK"
    ]
  }
}
2026-10-08 21:10:56.803 xcodebuild[698:4632] [MT] IDERunDestination: Supported platforms for the buildables in the current scheme is empty.
Running build ...
env DEVELOPER_DIR=/Applications/Xcode-27.0.0-Release.Candidate.app xcrun xcodebuild -IDEClonedSourcePackagesDirPathOverride=$PWD/.dependencies -skipMacroValidation -skipPackagePluginValidation -derivedDataPath $PWD/.derivedData build -scheme SumUpSDK -destination generic/platform=xrOS
Command line invocation:
    /Applications/Xcode-27.0.0.app/Contents/Developer/usr/bin/xcodebuild -IDEClonedSourcePackagesDirPathOverride=/Users/admin/builder/spi-builder-workspace/.dependencies -skipMacroValidation -skipPackagePluginValidation -derivedDataPath /Users/admin/builder/spi-builder-workspace/.derivedData build -scheme SumUpSDK -destination generic/platform=xrOS
Resolve Package Graph
Resolved source packages:
  SumUpSDK: /Users/admin/builder/spi-builder-workspace
ComputePackagePrebuildTargetDependencyGraph
Prepare packages
CreateBuildRequest
SendProjectDescription
CreateBuildOperation
ComputeTargetDependencyGraph
note: Building targets in dependency order
note: Target dependency graph (1 target)
    Target 'SumUpSDK-product' in project 'SumUpSDK' (no dependencies)
GatherProvisioningInputs
CreateBuildDescription
/Users/admin/builder/spi-builder-workspace/SumUpSDK.xcframework:1:1: error: While building for visionOS, no library for this platform was found in '/Users/admin/builder/spi-builder-workspace/SumUpSDK.xcframework'. (in target 'SumUpSDK-product' from project 'SumUpSDK')
2026-10-08 21:10:57.715 xcodebuild[699:4656] [MT] IDERunDestination: Supported platforms for the buildables in the current scheme is empty.
** BUILD FAILED **
The following build commands failed:
	Building workspace SumUpSDK with scheme SumUpSDK
(1 failure)
BUILD FAILURE 6.4 visionOS