Build Information
Failed to build VonageClientSDKPackage, reference main (b75bda), with Swift 6.2 for macOS (Xcode) using Xcode 26.3 on 23 Oct 2026 20:02:23 UTC.
Build Command
env DEVELOPER_DIR=/Applications/Xcode-26.3.0.app xcrun xcodebuild -IDEClonedSourcePackagesDirPathOverride=$PWD/.dependencies -skipMacroValidation -skipPackagePluginValidation -derivedDataPath $PWD/.derivedData build -scheme VonageClientSDKPackage-Package -destination platform=macOS,arch=arm64Build Log
========================================
RunAll
========================================
Builder version: 5.1.3
Interrupt handler set up.
========================================
Checkout
========================================
Clone URL: https://github.com/Vonage/vonage-client-sdk-ios.git
Reference: main
Initialized empty Git repository in /Users/admin/builder/spi-builder-workspace/.git/
From https://github.com/Vonage/vonage-client-sdk-ios
* branch main -> FETCH_HEAD
* [new branch] main -> origin/main
HEAD is now at b75bdab release: v2.9.0
Cloned https://github.com/Vonage/vonage-client-sdk-ios.git
Revision (git rev-parse @):
b75bdab9e1a3818e7b93bc6f2d6940e9e72cfdc1
SUCCESS checkout https://github.com/Vonage/vonage-client-sdk-ios.git at main
========================================
Build
========================================
Selected platform: macosXcodebuild
Swift version: 6.2
Building package at path: $PWD
https://github.com/Vonage/vonage-client-sdk-ios.git
Command line invocation:
/Applications/Xcode-26.3.0.app/Contents/Developer/usr/bin/xcodebuild -IDEClonedSourcePackagesDirPathOverride=/Users/admin/builder/spi-builder-workspace/.dependencies -resolvePackageDependencies
Resolve Package Graph
Resolve Package Graph
Resolved source packages:
VonageClientSDKPackage: /Users/admin/builder/spi-builder-workspace
resolved source packages: VonageClientSDKPackage
2026-10-23 16:01:55.990 xcodebuild[539:3093] [MT] IDERunDestination: Supported platforms for the buildables in the current scheme is empty.
2026-10-23 16:01:56.240 xcodebuild[539:3093] [MT] DVTAssertions: Warning in IDEFrameworks/IDEFoundation/Execution/RunContextManager/IDERunContextManager.m:926
Details: Error deleting scheme: Cannot modify data because the process disallows saving.
Object: <IDERunContextManager: 0x92045e040>
Method: -deleteRunContexts:completionQueue:completionBlock:
Thread: <_NSMainThread: 0x1047d5770>{number = 1, name = main}
Please file a bug at https://feedbackassistant.apple.com with this warning message and any useful information you can provide.
2026-10-23 16:01:56.241 xcodebuild[539:3093] could not delete old scheme: Error Domain=DVTCustomDataStoringErrors Code=0 "Cannot modify data because the process disallows saving." UserInfo={NSLocalizedDescription=Cannot modify data because the process disallows saving.}
2026-10-23 16:01:56.241 xcodebuild[539:3093] [MT] DVTAssertions: Warning in IDEFrameworks/IDEFoundation/Execution/RunContextManager/IDERunContextManager.m:926
Details: Error deleting scheme: Cannot modify data because the process disallows saving.
Object: <IDERunContextManager: 0x92045e040>
Method: -deleteRunContexts:completionQueue:completionBlock:
Thread: <_NSMainThread: 0x1047d5770>{number = 1, name = main}
Please file a bug at https://feedbackassistant.apple.com with this warning message and any useful information you can provide.
2026-10-23 16:01:56.241 xcodebuild[539:3093] could not delete old scheme: Error Domain=DVTCustomDataStoringErrors Code=0 "Cannot modify data because the process disallows saving." UserInfo={NSLocalizedDescription=Cannot modify data because the process disallows saving.}
2026-10-23 16:01:56.241 xcodebuild[539:3093] [MT] DVTAssertions: Warning in IDEFrameworks/IDEFoundation/Execution/RunContextManager/IDERunContextManager.m:926
Details: Error deleting scheme: Cannot modify data because the process disallows saving.
Object: <IDERunContextManager: 0x92045e040>
Method: -deleteRunContexts:completionQueue:completionBlock:
Thread: <_NSMainThread: 0x1047d5770>{number = 1, name = main}
Please file a bug at https://feedbackassistant.apple.com with this warning message and any useful information you can provide.
2026-10-23 16:01:56.241 xcodebuild[539:3093] could not delete old scheme: Error Domain=DVTCustomDataStoringErrors Code=0 "Cannot modify data because the process disallows saving." UserInfo={NSLocalizedDescription=Cannot modify data because the process disallows saving.}
2026-10-23 16:01:56.241 xcodebuild[539:3093] [MT] DVTAssertions: Warning in IDEFrameworks/IDEFoundation/Execution/RunContextManager/IDERunContextManager.m:926
Details: Error deleting scheme: Cannot modify data because the process disallows saving.
Object: <IDERunContextManager: 0x92045e040>
Method: -deleteRunContexts:completionQueue:completionBlock:
Thread: <_NSMainThread: 0x1047d5770>{number = 1, name = main}
Please file a bug at https://feedbackassistant.apple.com with this warning message and any useful information you can provide.
2026-10-23 16:01:56.241 xcodebuild[539:3093] could not delete old scheme: Error Domain=DVTCustomDataStoringErrors Code=0 "Cannot modify data because the process disallows saving." UserInfo={NSLocalizedDescription=Cannot modify data because the process disallows saving.}
2026-10-23 16:01:56.241 xcodebuild[539:3093] [MT] DVTAssertions: Warning in IDEFrameworks/IDEFoundation/Execution/RunContextManager/IDERunContextManager.m:926
Details: Error deleting scheme: Cannot modify data because the process disallows saving.
Object: <IDERunContextManager: 0x92045e040>
Method: -deleteRunContexts:completionQueue:completionBlock:
Thread: <_NSMainThread: 0x1047d5770>{number = 1, name = main}
Please file a bug at https://feedbackassistant.apple.com with this warning message and any useful information you can provide.
2026-10-23 16:01:56.241 xcodebuild[539:3093] could not delete old scheme: Error Domain=DVTCustomDataStoringErrors Code=0 "Cannot modify data because the process disallows saving." UserInfo={NSLocalizedDescription=Cannot modify data because the process disallows saving.}
{
"dependencies" : [
],
"manifest_display_name" : "VonageClientSDKPackage",
"name" : "VonageClientSDKPackage",
"path" : "/Users/admin/builder/spi-builder-workspace",
"platforms" : [
{
"name" : "ios",
"version" : "15.0"
}
],
"products" : [
{
"name" : "VonageClientSDKVoice",
"targets" : [
"ExternalDependencies",
"VonageWebRTC",
"NXMCore",
"VonageClientSDKCore",
"VonageClientSDKVoice"
],
"type" : {
"library" : [
"automatic"
]
}
},
{
"name" : "VonageClientSDKEmergency",
"targets" : [
"ExternalDependencies",
"VonageWebRTC",
"NXMCore",
"VonageClientSDKCore",
"VonageClientSDKVoice",
"VonageClientSDKEmergency"
],
"type" : {
"library" : [
"automatic"
]
}
},
{
"name" : "VonageClientSDKChat",
"targets" : [
"NXMCore",
"VonageClientSDKCore",
"VonageClientSDKChat"
],
"type" : {
"library" : [
"automatic"
]
}
},
{
"name" : "VonageClientSDK",
"targets" : [
"ExternalDependencies",
"VonageWebRTC",
"NXMCore",
"VonageClientSDKCore",
"VonageClientSDKVoice",
"VonageClientSDKEmergency",
"VonageClientSDKChat",
"VonageClientSDK"
],
"type" : {
"library" : [
"automatic"
]
}
}
],
"targets" : [
{
"c99name" : "VonageWebRTC",
"module_type" : "BinaryTarget",
"name" : "VonageWebRTC",
"path" : "remote/archive/VonageWebRTCVoice-121.1.116.zip",
"product_memberships" : [
"VonageClientSDKVoice",
"VonageClientSDKEmergency",
"VonageClientSDK"
],
"sources" : [
],
"type" : "binary"
},
{
"c99name" : "VonageClientSDKVoice",
"module_type" : "BinaryTarget",
"name" : "VonageClientSDKVoice",
"path" : "remote/archive/SPM-VonageClientSDKVoice-2.9.0-Release.zip",
"product_memberships" : [
"VonageClientSDKVoice",
"VonageClientSDKEmergency",
"VonageClientSDK"
],
"sources" : [
],
"type" : "binary"
},
{
"c99name" : "VonageClientSDKEmergency",
"module_type" : "BinaryTarget",
"name" : "VonageClientSDKEmergency",
"path" : "remote/archive/SPM-VonageClientSDKEmergency-2.9.0-Release.zip",
"product_memberships" : [
"VonageClientSDKEmergency",
"VonageClientSDK"
],
"sources" : [
],
"type" : "binary"
},
{
"c99name" : "VonageClientSDKCore",
"module_type" : "BinaryTarget",
"name" : "VonageClientSDKCore",
"path" : "remote/archive/SPM-VonageClientSDKCore-2.9.0-Release.zip",
"product_memberships" : [
"VonageClientSDKVoice",
"VonageClientSDKEmergency",
"VonageClientSDKChat",
"VonageClientSDK"
],
"sources" : [
],
"type" : "binary"
},
{
"c99name" : "VonageClientSDKChat",
"module_type" : "BinaryTarget",
"name" : "VonageClientSDKChat",
"path" : "remote/archive/SPM-VonageClientSDKChat-2.9.0-Release.zip",
"product_memberships" : [
"VonageClientSDKChat",
"VonageClientSDK"
],
"sources" : [
],
"type" : "binary"
},
{
"c99name" : "VonageClientSDK",
"module_type" : "BinaryTarget",
"name" : "VonageClientSDK",
"path" : "remote/archive/SPM-VonageClientSDK-2.9.0-Release.zip",
"product_memberships" : [
"VonageClientSDK"
],
"sources" : [
],
"type" : "binary"
},
{
"c99name" : "NXMCore",
"module_type" : "BinaryTarget",
"name" : "NXMCore",
"path" : "remote/archive/SPM-NXMCore-2.9.0-Release.zip",
"product_memberships" : [
"VonageClientSDKVoice",
"VonageClientSDKEmergency",
"VonageClientSDKChat",
"VonageClientSDK"
],
"sources" : [
],
"type" : "binary"
},
{
"c99name" : "ExternalDependencies",
"module_type" : "SwiftTarget",
"name" : "ExternalDependencies",
"path" : "Dummy",
"product_memberships" : [
"VonageClientSDKVoice",
"VonageClientSDKEmergency",
"VonageClientSDK"
],
"resources" : [
{
"path" : "/Users/admin/builder/spi-builder-workspace/Dummy/PrivacyInfo.xcprivacy",
"rule" : {
"process" : {
}
}
},
{
"path" : "/Users/admin/builder/spi-builder-workspace/Dummy/Resources/model_1.tflite",
"rule" : {
"process" : {
}
}
},
{
"path" : "/Users/admin/builder/spi-builder-workspace/Dummy/Resources/model_2.tflite",
"rule" : {
"process" : {
}
}
}
],
"sources" : [
"Empty.swift"
],
"type" : "library"
}
],
"tools_version" : "5.9"
}
{
"workspace" : {
"name" : "spi-builder-workspace",
"schemes" : [
"VonageClientSDK",
"VonageClientSDKChat",
"VonageClientSDKEmergency",
"VonageClientSDKPackage-Package",
"VonageClientSDKVoice"
]
}
}
2026-10-23 16:02:14.961 xcodebuild[758:4359] [MT] IDERunDestination: Supported platforms for the buildables in the current scheme is empty.
Running build ...
env DEVELOPER_DIR=/Applications/Xcode-26.3.0.app xcrun xcodebuild -IDEClonedSourcePackagesDirPathOverride=$PWD/.dependencies -skipMacroValidation -skipPackagePluginValidation -derivedDataPath $PWD/.derivedData build -scheme VonageClientSDKPackage-Package -destination platform=macOS,arch=arm64
Command line invocation:
/Applications/Xcode-26.3.0.app/Contents/Developer/usr/bin/xcodebuild -IDEClonedSourcePackagesDirPathOverride=/Users/admin/builder/spi-builder-workspace/.dependencies -skipMacroValidation -skipPackagePluginValidation -derivedDataPath /Users/admin/builder/spi-builder-workspace/.derivedData build -scheme VonageClientSDKPackage-Package -destination platform=macOS,arch=arm64
Resolve Package Graph
Resolved source packages:
VonageClientSDKPackage: /Users/admin/builder/spi-builder-workspace
ComputePackagePrebuildTargetDependencyGraph
Prepare packages
CreateBuildRequest
SendProjectDescription
CreateBuildOperation
ComputeTargetDependencyGraph
note: Building targets in dependency order
note: Target dependency graph (6 targets)
Target 'VonageClientSDKVoice' in project 'VonageClientSDKPackage'
➜ Explicit dependency on target 'ExternalDependencies' in project 'VonageClientSDKPackage'
➜ Explicit dependency on target 'VonageClientSDKPackage_ExternalDependencies' in project 'VonageClientSDKPackage'
Target 'VonageClientSDKEmergency' in project 'VonageClientSDKPackage'
➜ Explicit dependency on target 'ExternalDependencies' in project 'VonageClientSDKPackage'
➜ Explicit dependency on target 'VonageClientSDKPackage_ExternalDependencies' in project 'VonageClientSDKPackage'
Target 'VonageClientSDKChat' in project 'VonageClientSDKPackage' (no dependencies)
Target 'VonageClientSDK' in project 'VonageClientSDKPackage'
➜ Explicit dependency on target 'ExternalDependencies' in project 'VonageClientSDKPackage'
➜ Explicit dependency on target 'VonageClientSDKPackage_ExternalDependencies' in project 'VonageClientSDKPackage'
Target 'ExternalDependencies' in project 'VonageClientSDKPackage'
➜ Explicit dependency on target 'VonageClientSDKPackage_ExternalDependencies' in project 'VonageClientSDKPackage'
Target 'VonageClientSDKPackage_ExternalDependencies' in project 'VonageClientSDKPackage' (no dependencies)
GatherProvisioningInputs
CreateBuildDescription
ExecuteExternalTool /Applications/Xcode-26.3.0.app/Contents/Developer/Toolchains/XcodeDefault.xctoolchain/usr/bin/clang -v -E -dM -isysroot /Applications/Xcode-26.3.0.app/Contents/Developer/Platforms/MacOSX.platform/Developer/SDKs/MacOSX26.2.sdk -x c -c /dev/null
ExecuteExternalTool /Applications/Xcode-26.3.0.app/Contents/Developer/Toolchains/XcodeDefault.xctoolchain/usr/bin/swiftc --version
ExecuteExternalTool /Applications/Xcode-26.3.0.app/Contents/Developer/Toolchains/XcodeDefault.xctoolchain/usr/bin/ld -version_details
Build description signature: b52f603ae56d8b35547637bfd783a90d
Build description path: /Users/admin/builder/spi-builder-workspace/.derivedData/Build/Intermediates.noindex/XCBuildData/b52f603ae56d8b35547637bfd783a90d.xcbuilddata
/Users/admin/builder/spi-builder-workspace/.dependencies/artifacts/spi-builder-workspace/NXMCore/NXMCore.xcframework:1:1: error: While building for macOS, no library for this platform was found in '/Users/admin/builder/spi-builder-workspace/.dependencies/artifacts/spi-builder-workspace/NXMCore/NXMCore.xcframework'. (in target 'VonageClientSDK' from project 'VonageClientSDKPackage')
/Users/admin/builder/spi-builder-workspace/.dependencies/artifacts/spi-builder-workspace/VonageClientSDKCore/VonageClientSDKCore.xcframework:1:1: error: While building for macOS, no library for this platform was found in '/Users/admin/builder/spi-builder-workspace/.dependencies/artifacts/spi-builder-workspace/VonageClientSDKCore/VonageClientSDKCore.xcframework'. (in target 'VonageClientSDK' from project 'VonageClientSDKPackage')
/Users/admin/builder/spi-builder-workspace/.dependencies/artifacts/spi-builder-workspace/VonageClientSDKVoice/VonageClientSDKVoice.xcframework:1:1: error: While building for macOS, no library for this platform was found in '/Users/admin/builder/spi-builder-workspace/.dependencies/artifacts/spi-builder-workspace/VonageClientSDKVoice/VonageClientSDKVoice.xcframework'. (in target 'VonageClientSDK' from project 'VonageClientSDKPackage')
/Users/admin/builder/spi-builder-workspace/.dependencies/artifacts/spi-builder-workspace/VonageClientSDKEmergency/VonageClientSDKEmergency.xcframework:1:1: error: While building for macOS, no library for this platform was found in '/Users/admin/builder/spi-builder-workspace/.dependencies/artifacts/spi-builder-workspace/VonageClientSDKEmergency/VonageClientSDKEmergency.xcframework'. (in target 'VonageClientSDK' from project 'VonageClientSDKPackage')
/Users/admin/builder/spi-builder-workspace/.dependencies/artifacts/spi-builder-workspace/VonageClientSDKChat/VonageClientSDKChat.xcframework:1:1: error: While building for macOS, no library for this platform was found in '/Users/admin/builder/spi-builder-workspace/.dependencies/artifacts/spi-builder-workspace/VonageClientSDKChat/VonageClientSDKChat.xcframework'. (in target 'VonageClientSDK' from project 'VonageClientSDKPackage')
/Users/admin/builder/spi-builder-workspace/.dependencies/artifacts/spi-builder-workspace/VonageClientSDK/VonageClientSDK.xcframework:1:1: error: While building for macOS, no library for this platform was found in '/Users/admin/builder/spi-builder-workspace/.dependencies/artifacts/spi-builder-workspace/VonageClientSDK/VonageClientSDK.xcframework'. (in target 'VonageClientSDK' from project 'VonageClientSDKPackage')
/Users/admin/builder/spi-builder-workspace/.dependencies/artifacts/spi-builder-workspace/NXMCore/NXMCore.xcframework:1:1: error: While building for macOS, no library for this platform was found in '/Users/admin/builder/spi-builder-workspace/.dependencies/artifacts/spi-builder-workspace/NXMCore/NXMCore.xcframework'. (in target 'VonageClientSDKEmergency' from project 'VonageClientSDKPackage')
/Users/admin/builder/spi-builder-workspace/.dependencies/artifacts/spi-builder-workspace/VonageClientSDKCore/VonageClientSDKCore.xcframework:1:1: error: While building for macOS, no library for this platform was found in '/Users/admin/builder/spi-builder-workspace/.dependencies/artifacts/spi-builder-workspace/VonageClientSDKCore/VonageClientSDKCore.xcframework'. (in target 'VonageClientSDKEmergency' from project 'VonageClientSDKPackage')
/Users/admin/builder/spi-builder-workspace/.dependencies/artifacts/spi-builder-workspace/VonageClientSDKVoice/VonageClientSDKVoice.xcframework:1:1: error: While building for macOS, no library for this platform was found in '/Users/admin/builder/spi-builder-workspace/.dependencies/artifacts/spi-builder-workspace/VonageClientSDKVoice/VonageClientSDKVoice.xcframework'. (in target 'VonageClientSDKEmergency' from project 'VonageClientSDKPackage')
/Users/admin/builder/spi-builder-workspace/.dependencies/artifacts/spi-builder-workspace/VonageClientSDKEmergency/VonageClientSDKEmergency.xcframework:1:1: error: While building for macOS, no library for this platform was found in '/Users/admin/builder/spi-builder-workspace/.dependencies/artifacts/spi-builder-workspace/VonageClientSDKEmergency/VonageClientSDKEmergency.xcframework'. (in target 'VonageClientSDKEmergency' from project 'VonageClientSDKPackage')
/Users/admin/builder/spi-builder-workspace/.dependencies/artifacts/spi-builder-workspace/NXMCore/NXMCore.xcframework:1:1: error: While building for macOS, no library for this platform was found in '/Users/admin/builder/spi-builder-workspace/.dependencies/artifacts/spi-builder-workspace/NXMCore/NXMCore.xcframework'. (in target 'VonageClientSDKChat' from project 'VonageClientSDKPackage')
/Users/admin/builder/spi-builder-workspace/.dependencies/artifacts/spi-builder-workspace/VonageClientSDKCore/VonageClientSDKCore.xcframework:1:1: error: While building for macOS, no library for this platform was found in '/Users/admin/builder/spi-builder-workspace/.dependencies/artifacts/spi-builder-workspace/VonageClientSDKCore/VonageClientSDKCore.xcframework'. (in target 'VonageClientSDKChat' from project 'VonageClientSDKPackage')
/Users/admin/builder/spi-builder-workspace/.dependencies/artifacts/spi-builder-workspace/VonageClientSDKChat/VonageClientSDKChat.xcframework:1:1: error: While building for macOS, no library for this platform was found in '/Users/admin/builder/spi-builder-workspace/.dependencies/artifacts/spi-builder-workspace/VonageClientSDKChat/VonageClientSDKChat.xcframework'. (in target 'VonageClientSDKChat' from project 'VonageClientSDKPackage')
/Users/admin/builder/spi-builder-workspace/.dependencies/artifacts/spi-builder-workspace/NXMCore/NXMCore.xcframework:1:1: error: While building for macOS, no library for this platform was found in '/Users/admin/builder/spi-builder-workspace/.dependencies/artifacts/spi-builder-workspace/NXMCore/NXMCore.xcframework'. (in target 'VonageClientSDKVoice' from project 'VonageClientSDKPackage')
/Users/admin/builder/spi-builder-workspace/.dependencies/artifacts/spi-builder-workspace/VonageClientSDKCore/VonageClientSDKCore.xcframework:1:1: error: While building for macOS, no library for this platform was found in '/Users/admin/builder/spi-builder-workspace/.dependencies/artifacts/spi-builder-workspace/VonageClientSDKCore/VonageClientSDKCore.xcframework'. (in target 'VonageClientSDKVoice' from project 'VonageClientSDKPackage')
/Users/admin/builder/spi-builder-workspace/.dependencies/artifacts/spi-builder-workspace/VonageClientSDKVoice/VonageClientSDKVoice.xcframework:1:1: error: While building for macOS, no library for this platform was found in '/Users/admin/builder/spi-builder-workspace/.dependencies/artifacts/spi-builder-workspace/VonageClientSDKVoice/VonageClientSDKVoice.xcframework'. (in target 'VonageClientSDKVoice' from project 'VonageClientSDKPackage')
2026-10-23 16:02:16.500 xcodebuild[760:4404] [MT] IDERunDestination: Supported platforms for the buildables in the current scheme is empty.
--- xcodebuild: WARNING: Using the first of multiple matching destinations:
{ platform:macOS, arch:arm64, id:82e38fa3d16066d27b01148029d41682f8ce53f9, name:My Mac }
{ platform:macOS, arch:arm64, variant:Mac Catalyst, id:82e38fa3d16066d27b01148029d41682f8ce53f9, name:My Mac }
{ platform:macOS, arch:arm64, variant:DriverKit, id:82e38fa3d16066d27b01148029d41682f8ce53f9, name:My Mac }
{ platform:macOS, arch:arm64, variant:Designed for [iPad,iPhone], id:82e38fa3d16066d27b01148029d41682f8ce53f9, name:My Mac }
** BUILD FAILED **
The following build commands failed:
Building workspace spi-builder-workspace with scheme VonageClientSDKPackage-Package
(1 failure)
Command line invocation:
/Applications/Xcode-26.3.0.app/Contents/Developer/usr/bin/xcodebuild -IDEClonedSourcePackagesDirPathOverride=/Users/admin/builder/spi-builder-workspace/.dependencies -resolvePackageDependencies
Resolve Package Graph
Resolved source packages:
VonageClientSDKPackage: /Users/admin/builder/spi-builder-workspace
resolved source packages: VonageClientSDKPackage
2026-10-23 16:02:19.964 xcodebuild[775:4517] [MT] IDERunDestination: Supported platforms for the buildables in the current scheme is empty.
{
"dependencies" : [
],
"manifest_display_name" : "VonageClientSDKPackage",
"name" : "VonageClientSDKPackage",
"path" : "/Users/admin/builder/spi-builder-workspace",
"platforms" : [
{
"name" : "ios",
"version" : "15.0"
}
],
"products" : [
{
"name" : "VonageClientSDKVoice",
"targets" : [
"ExternalDependencies",
"VonageWebRTC",
"NXMCore",
"VonageClientSDKCore",
"VonageClientSDKVoice"
],
"type" : {
"library" : [
"automatic"
]
}
},
{
"name" : "VonageClientSDKEmergency",
"targets" : [
"ExternalDependencies",
"VonageWebRTC",
"NXMCore",
"VonageClientSDKCore",
"VonageClientSDKVoice",
"VonageClientSDKEmergency"
],
"type" : {
"library" : [
"automatic"
]
}
},
{
"name" : "VonageClientSDKChat",
"targets" : [
"NXMCore",
"VonageClientSDKCore",
"VonageClientSDKChat"
],
"type" : {
"library" : [
"automatic"
]
}
},
{
"name" : "VonageClientSDK",
"targets" : [
"ExternalDependencies",
"VonageWebRTC",
"NXMCore",
"VonageClientSDKCore",
"VonageClientSDKVoice",
"VonageClientSDKEmergency",
"VonageClientSDKChat",
"VonageClientSDK"
],
"type" : {
"library" : [
"automatic"
]
}
}
],
"targets" : [
{
"c99name" : "VonageWebRTC",
"module_type" : "BinaryTarget",
"name" : "VonageWebRTC",
"path" : "remote/archive/VonageWebRTCVoice-121.1.116.zip",
"product_memberships" : [
"VonageClientSDKVoice",
"VonageClientSDKEmergency",
"VonageClientSDK"
],
"sources" : [
],
"type" : "binary"
},
{
"c99name" : "VonageClientSDKVoice",
"module_type" : "BinaryTarget",
"name" : "VonageClientSDKVoice",
"path" : "remote/archive/SPM-VonageClientSDKVoice-2.9.0-Release.zip",
"product_memberships" : [
"VonageClientSDKVoice",
"VonageClientSDKEmergency",
"VonageClientSDK"
],
"sources" : [
],
"type" : "binary"
},
{
"c99name" : "VonageClientSDKEmergency",
"module_type" : "BinaryTarget",
"name" : "VonageClientSDKEmergency",
"path" : "remote/archive/SPM-VonageClientSDKEmergency-2.9.0-Release.zip",
"product_memberships" : [
"VonageClientSDKEmergency",
"VonageClientSDK"
],
"sources" : [
],
"type" : "binary"
},
{
"c99name" : "VonageClientSDKCore",
"module_type" : "BinaryTarget",
"name" : "VonageClientSDKCore",
"path" : "remote/archive/SPM-VonageClientSDKCore-2.9.0-Release.zip",
"product_memberships" : [
"VonageClientSDKVoice",
"VonageClientSDKEmergency",
"VonageClientSDKChat",
"VonageClientSDK"
],
"sources" : [
],
"type" : "binary"
},
{
"c99name" : "VonageClientSDKChat",
"module_type" : "BinaryTarget",
"name" : "VonageClientSDKChat",
"path" : "remote/archive/SPM-VonageClientSDKChat-2.9.0-Release.zip",
"product_memberships" : [
"VonageClientSDKChat",
"VonageClientSDK"
],
"sources" : [
],
"type" : "binary"
},
{
"c99name" : "VonageClientSDK",
"module_type" : "BinaryTarget",
"name" : "VonageClientSDK",
"path" : "remote/archive/SPM-VonageClientSDK-2.9.0-Release.zip",
"product_memberships" : [
"VonageClientSDK"
],
"sources" : [
],
"type" : "binary"
},
{
"c99name" : "NXMCore",
"module_type" : "BinaryTarget",
"name" : "NXMCore",
"path" : "remote/archive/SPM-NXMCore-2.9.0-Release.zip",
"product_memberships" : [
"VonageClientSDKVoice",
"VonageClientSDKEmergency",
"VonageClientSDKChat",
"VonageClientSDK"
],
"sources" : [
],
"type" : "binary"
},
{
"c99name" : "ExternalDependencies",
"module_type" : "SwiftTarget",
"name" : "ExternalDependencies",
"path" : "Dummy",
"product_memberships" : [
"VonageClientSDKVoice",
"VonageClientSDKEmergency",
"VonageClientSDK"
],
"resources" : [
{
"path" : "/Users/admin/builder/spi-builder-workspace/Dummy/PrivacyInfo.xcprivacy",
"rule" : {
"process" : {
}
}
},
{
"path" : "/Users/admin/builder/spi-builder-workspace/Dummy/Resources/model_1.tflite",
"rule" : {
"process" : {
}
}
},
{
"path" : "/Users/admin/builder/spi-builder-workspace/Dummy/Resources/model_2.tflite",
"rule" : {
"process" : {
}
}
}
],
"sources" : [
"Empty.swift"
],
"type" : "library"
}
],
"tools_version" : "5.9"
}
{
"workspace" : {
"name" : "spi-builder-workspace",
"schemes" : [
"VonageClientSDK",
"VonageClientSDKChat",
"VonageClientSDKEmergency",
"VonageClientSDKPackage-Package",
"VonageClientSDKVoice"
]
}
}
2026-10-23 16:02:21.111 xcodebuild[783:4579] [MT] IDERunDestination: Supported platforms for the buildables in the current scheme is empty.
Running build ...
env DEVELOPER_DIR=/Applications/Xcode-26.3.0.app xcrun xcodebuild -IDEClonedSourcePackagesDirPathOverride=$PWD/.dependencies -skipMacroValidation -skipPackagePluginValidation -derivedDataPath $PWD/.derivedData build -scheme VonageClientSDKPackage-Package -destination platform=macOS,arch=arm64
Command line invocation:
/Applications/Xcode-26.3.0.app/Contents/Developer/usr/bin/xcodebuild -IDEClonedSourcePackagesDirPathOverride=/Users/admin/builder/spi-builder-workspace/.dependencies -skipMacroValidation -skipPackagePluginValidation -derivedDataPath /Users/admin/builder/spi-builder-workspace/.derivedData build -scheme VonageClientSDKPackage-Package -destination platform=macOS,arch=arm64
Resolve Package Graph
Resolved source packages:
VonageClientSDKPackage: /Users/admin/builder/spi-builder-workspace
ComputePackagePrebuildTargetDependencyGraph
Prepare packages
CreateBuildRequest
SendProjectDescription
CreateBuildOperation
ComputeTargetDependencyGraph
note: Building targets in dependency order
note: Target dependency graph (6 targets)
Target 'VonageClientSDKVoice' in project 'VonageClientSDKPackage'
➜ Explicit dependency on target 'ExternalDependencies' in project 'VonageClientSDKPackage'
➜ Explicit dependency on target 'VonageClientSDKPackage_ExternalDependencies' in project 'VonageClientSDKPackage'
Target 'VonageClientSDKEmergency' in project 'VonageClientSDKPackage'
➜ Explicit dependency on target 'ExternalDependencies' in project 'VonageClientSDKPackage'
➜ Explicit dependency on target 'VonageClientSDKPackage_ExternalDependencies' in project 'VonageClientSDKPackage'
Target 'VonageClientSDKChat' in project 'VonageClientSDKPackage' (no dependencies)
Target 'VonageClientSDK' in project 'VonageClientSDKPackage'
➜ Explicit dependency on target 'ExternalDependencies' in project 'VonageClientSDKPackage'
➜ Explicit dependency on target 'VonageClientSDKPackage_ExternalDependencies' in project 'VonageClientSDKPackage'
Target 'ExternalDependencies' in project 'VonageClientSDKPackage'
➜ Explicit dependency on target 'VonageClientSDKPackage_ExternalDependencies' in project 'VonageClientSDKPackage'
Target 'VonageClientSDKPackage_ExternalDependencies' in project 'VonageClientSDKPackage' (no dependencies)
GatherProvisioningInputs
CreateBuildDescription
ExecuteExternalTool /Applications/Xcode-26.3.0.app/Contents/Developer/Toolchains/XcodeDefault.xctoolchain/usr/bin/clang -v -E -dM -isysroot /Applications/Xcode-26.3.0.app/Contents/Developer/Platforms/MacOSX.platform/Developer/SDKs/MacOSX26.2.sdk -x c -c /dev/null
ExecuteExternalTool /Applications/Xcode-26.3.0.app/Contents/Developer/Toolchains/XcodeDefault.xctoolchain/usr/bin/swiftc --version
ExecuteExternalTool /Applications/Xcode-26.3.0.app/Contents/Developer/Toolchains/XcodeDefault.xctoolchain/usr/bin/ld -version_details
Build description signature: b52f603ae56d8b35547637bfd783a90d
Build description path: /Users/admin/builder/spi-builder-workspace/.derivedData/Build/Intermediates.noindex/XCBuildData/b52f603ae56d8b35547637bfd783a90d.xcbuilddata
/Users/admin/builder/spi-builder-workspace/.dependencies/artifacts/spi-builder-workspace/NXMCore/NXMCore.xcframework:1:1: error: While building for macOS, no library for this platform was found in '/Users/admin/builder/spi-builder-workspace/.dependencies/artifacts/spi-builder-workspace/NXMCore/NXMCore.xcframework'. (in target 'VonageClientSDKChat' from project 'VonageClientSDKPackage')
/Users/admin/builder/spi-builder-workspace/.dependencies/artifacts/spi-builder-workspace/VonageClientSDKCore/VonageClientSDKCore.xcframework:1:1: error: While building for macOS, no library for this platform was found in '/Users/admin/builder/spi-builder-workspace/.dependencies/artifacts/spi-builder-workspace/VonageClientSDKCore/VonageClientSDKCore.xcframework'. (in target 'VonageClientSDKChat' from project 'VonageClientSDKPackage')
/Users/admin/builder/spi-builder-workspace/.dependencies/artifacts/spi-builder-workspace/VonageClientSDKChat/VonageClientSDKChat.xcframework:1:1: error: While building for macOS, no library for this platform was found in '/Users/admin/builder/spi-builder-workspace/.dependencies/artifacts/spi-builder-workspace/VonageClientSDKChat/VonageClientSDKChat.xcframework'. (in target 'VonageClientSDKChat' from project 'VonageClientSDKPackage')
/Users/admin/builder/spi-builder-workspace/.dependencies/artifacts/spi-builder-workspace/NXMCore/NXMCore.xcframework:1:1: error: While building for macOS, no library for this platform was found in '/Users/admin/builder/spi-builder-workspace/.dependencies/artifacts/spi-builder-workspace/NXMCore/NXMCore.xcframework'. (in target 'VonageClientSDK' from project 'VonageClientSDKPackage')
/Users/admin/builder/spi-builder-workspace/.dependencies/artifacts/spi-builder-workspace/VonageClientSDKCore/VonageClientSDKCore.xcframework:1:1: error: While building for macOS, no library for this platform was found in '/Users/admin/builder/spi-builder-workspace/.dependencies/artifacts/spi-builder-workspace/VonageClientSDKCore/VonageClientSDKCore.xcframework'. (in target 'VonageClientSDK' from project 'VonageClientSDKPackage')
/Users/admin/builder/spi-builder-workspace/.dependencies/artifacts/spi-builder-workspace/VonageClientSDKVoice/VonageClientSDKVoice.xcframework:1:1: error: While building for macOS, no library for this platform was found in '/Users/admin/builder/spi-builder-workspace/.dependencies/artifacts/spi-builder-workspace/VonageClientSDKVoice/VonageClientSDKVoice.xcframework'. (in target 'VonageClientSDK' from project 'VonageClientSDKPackage')
/Users/admin/builder/spi-builder-workspace/.dependencies/artifacts/spi-builder-workspace/VonageClientSDKEmergency/VonageClientSDKEmergency.xcframework:1:1: error: While building for macOS, no library for this platform was found in '/Users/admin/builder/spi-builder-workspace/.dependencies/artifacts/spi-builder-workspace/VonageClientSDKEmergency/VonageClientSDKEmergency.xcframework'. (in target 'VonageClientSDK' from project 'VonageClientSDKPackage')
/Users/admin/builder/spi-builder-workspace/.dependencies/artifacts/spi-builder-workspace/VonageClientSDKChat/VonageClientSDKChat.xcframework:1:1: error: While building for macOS, no library for this platform was found in '/Users/admin/builder/spi-builder-workspace/.dependencies/artifacts/spi-builder-workspace/VonageClientSDKChat/VonageClientSDKChat.xcframework'. (in target 'VonageClientSDK' from project 'VonageClientSDKPackage')
/Users/admin/builder/spi-builder-workspace/.dependencies/artifacts/spi-builder-workspace/VonageClientSDK/VonageClientSDK.xcframework:1:1: error: While building for macOS, no library for this platform was found in '/Users/admin/builder/spi-builder-workspace/.dependencies/artifacts/spi-builder-workspace/VonageClientSDK/VonageClientSDK.xcframework'. (in target 'VonageClientSDK' from project 'VonageClientSDKPackage')
/Users/admin/builder/spi-builder-workspace/.dependencies/artifacts/spi-builder-workspace/NXMCore/NXMCore.xcframework:1:1: error: While building for macOS, no library for this platform was found in '/Users/admin/builder/spi-builder-workspace/.dependencies/artifacts/spi-builder-workspace/NXMCore/NXMCore.xcframework'. (in target 'VonageClientSDKEmergency' from project 'VonageClientSDKPackage')
/Users/admin/builder/spi-builder-workspace/.dependencies/artifacts/spi-builder-workspace/VonageClientSDKCore/VonageClientSDKCore.xcframework:1:1: error: While building for macOS, no library for this platform was found in '/Users/admin/builder/spi-builder-workspace/.dependencies/artifacts/spi-builder-workspace/VonageClientSDKCore/VonageClientSDKCore.xcframework'. (in target 'VonageClientSDKEmergency' from project 'VonageClientSDKPackage')
/Users/admin/builder/spi-builder-workspace/.dependencies/artifacts/spi-builder-workspace/VonageClientSDKVoice/VonageClientSDKVoice.xcframework:1:1: error: While building for macOS, no library for this platform was found in '/Users/admin/builder/spi-builder-workspace/.dependencies/artifacts/spi-builder-workspace/VonageClientSDKVoice/VonageClientSDKVoice.xcframework'. (in target 'VonageClientSDKEmergency' from project 'VonageClientSDKPackage')
/Users/admin/builder/spi-builder-workspace/.dependencies/artifacts/spi-builder-workspace/VonageClientSDKEmergency/VonageClientSDKEmergency.xcframework:1:1: error: While building for macOS, no library for this platform was found in '/Users/admin/builder/spi-builder-workspace/.dependencies/artifacts/spi-builder-workspace/VonageClientSDKEmergency/VonageClientSDKEmergency.xcframework'. (in target 'VonageClientSDKEmergency' from project 'VonageClientSDKPackage')
/Users/admin/builder/spi-builder-workspace/.dependencies/artifacts/spi-builder-workspace/NXMCore/NXMCore.xcframework:1:1: error: While building for macOS, no library for this platform was found in '/Users/admin/builder/spi-builder-workspace/.dependencies/artifacts/spi-builder-workspace/NXMCore/NXMCore.xcframework'. (in target 'VonageClientSDKVoice' from project 'VonageClientSDKPackage')
/Users/admin/builder/spi-builder-workspace/.dependencies/artifacts/spi-builder-workspace/VonageClientSDKCore/VonageClientSDKCore.xcframework:1:1: error: While building for macOS, no library for this platform was found in '/Users/admin/builder/spi-builder-workspace/.dependencies/artifacts/spi-builder-workspace/VonageClientSDKCore/VonageClientSDKCore.xcframework'. (in target 'VonageClientSDKVoice' from project 'VonageClientSDKPackage')
/Users/admin/builder/spi-builder-workspace/.dependencies/artifacts/spi-builder-workspace/VonageClientSDKVoice/VonageClientSDKVoice.xcframework:1:1: error: While building for macOS, no library for this platform was found in '/Users/admin/builder/spi-builder-workspace/.dependencies/artifacts/spi-builder-workspace/VonageClientSDKVoice/VonageClientSDKVoice.xcframework'. (in target 'VonageClientSDKVoice' from project 'VonageClientSDKPackage')
2026-10-23 16:02:22.047 xcodebuild[785:4611] [MT] IDERunDestination: Supported platforms for the buildables in the current scheme is empty.
--- xcodebuild: WARNING: Using the first of multiple matching destinations:
{ platform:macOS, arch:arm64, id:82e38fa3d16066d27b01148029d41682f8ce53f9, name:My Mac }
{ platform:macOS, arch:arm64, variant:Mac Catalyst, id:82e38fa3d16066d27b01148029d41682f8ce53f9, name:My Mac }
{ platform:macOS, arch:arm64, variant:DriverKit, id:82e38fa3d16066d27b01148029d41682f8ce53f9, name:My Mac }
{ platform:macOS, arch:arm64, variant:Designed for [iPad,iPhone], id:82e38fa3d16066d27b01148029d41682f8ce53f9, name:My Mac }
** BUILD FAILED **
The following build commands failed:
Building workspace spi-builder-workspace with scheme VonageClientSDKPackage-Package
(1 failure)
BUILD FAILURE 6.2 macosXcodebuild