Build Information
Failed to build SharkCardScan, reference master (8c7ed0), with Swift 6.4 for visionOS using Xcode 27.0 on 18 Sep 2026 10:21:55 UTC.
Build Command
env DEVELOPER_DIR=/Applications/Xcode-27.0.0-Release.Candidate.app xcrun xcodebuild -IDEClonedSourcePackagesDirPathOverride=$PWD/.dependencies -skipMacroValidation -skipPackagePluginValidation -derivedDataPath $PWD/.derivedData build -scheme SharkCardScan -destination generic/platform=xrOSBuild Log
========================================
RunAll
========================================
Builder version: 5.1.0
Interrupt handler set up.
========================================
Checkout
========================================
Clone URL: https://github.com/gymshark/ios-card-scan.git
Reference: master
Initialized empty Git repository in /Users/admin/builder/spi-builder-workspace/.git/
From https://github.com/gymshark/ios-card-scan
* branch master -> FETCH_HEAD
* [new branch] master -> origin/master
HEAD is now at 8c7ed0d Merge pull request #10 from gymshark/task/update_instruction_text
Cloned https://github.com/gymshark/ios-card-scan.git
Revision (git rev-parse @):
8c7ed0de768fa709ab5ac42c02639c3dfb5fc3b9
SUCCESS checkout https://github.com/gymshark/ios-card-scan.git at master
========================================
Build
========================================
Selected platform: visionOS
Swift version: 6.4
Building package at path: $PWD
https://github.com/gymshark/ios-card-scan.git
Command line invocation:
/Applications/Xcode-27.0.0-Release.Candidate.app/Contents/Developer/usr/bin/xcodebuild -IDEClonedSourcePackagesDirPathOverride=/Users/admin/builder/spi-builder-workspace/.dependencies -resolvePackageDependencies
Resolve Package Graph
Fetching from https://github.com/gymshark/ios-shark-utils.git
Creating working copy of package ‘ios-shark-utils’
Checking out 1.0.5 of package ‘ios-shark-utils’
Resolve Package Graph
Resolved source packages:
SharkUtils: https://github.com/gymshark/ios-shark-utils.git @ 1.0.5
SharkCardScan: /Users/admin/builder/spi-builder-workspace
resolved source packages: SharkUtils, SharkCardScan
2026-09-18 06:20:45.803 xcodebuild[529:3025] [MT] IDERunDestination: Supported platforms for the buildables in the current scheme is empty.
2026-09-18 06:20:45.956 xcodebuild[529:3025] [MT] IDERunDestination: Supported platforms for the buildables in the current scheme is empty.
2026-09-18 06:20:47.573 xcodebuild[529:3025] [MT] IDERunDestination: Supported platforms for the buildables in the current scheme is empty.
{
"dependencies" : [
{
"identity" : "ios-shark-utils",
"requirement" : {
"exact" : [
"1.0.5"
]
},
"type" : "sourceControl",
"url" : "https://github.com/gymshark/ios-shark-utils.git"
}
],
"manifest_display_name" : "SharkCardScan",
"name" : "SharkCardScan",
"path" : "/Users/admin/builder/spi-builder-workspace",
"platforms" : [
{
"name" : "ios",
"version" : "13.0"
}
],
"products" : [
{
"name" : "SharkCardScan",
"targets" : [
"SharkCardScan"
],
"type" : {
"library" : [
"automatic"
]
}
}
],
"targets" : [
{
"c99name" : "SharkCardScanTests",
"module_type" : "SwiftTarget",
"name" : "SharkCardScanTests",
"path" : "Tests/SharkCardScanTests",
"sources" : [
"SharkCardScanTests.swift",
"XCTestManifests.swift"
],
"target_dependencies" : [
"SharkCardScan"
],
"type" : "test"
},
{
"c99name" : "SharkCardScan",
"module_type" : "SwiftTarget",
"name" : "SharkCardScan",
"path" : "Sources/SharkCardScan",
"product_dependencies" : [
"SharkUtils"
],
"product_memberships" : [
"SharkCardScan"
],
"resources" : [
{
"path" : "/Users/admin/builder/spi-builder-workspace/Sources/SharkCardScan/Images.xcassets",
"rule" : {
"process" : {
}
}
}
],
"sources" : [
"CameraAccess.swift",
"CardCheck.swift",
"CardScanViewModel.swift",
"CardScanner.swift",
"CardScannerExtensions.swift",
"DateExtensions.swift",
"LayoutContentView.swift",
"PixelBufferStream.swift",
"ScannedCardView.swift",
"SharkCardScanViewController.swift",
"Styling/Styling.swift"
],
"type" : "library"
}
],
"tools_version" : "5.3"
}
{
"workspace" : {
"name" : "SharkCardScan",
"schemes" : [
"SharkCardScan"
]
}
}
2026-09-18 06:21:35.374 xcodebuild[691:4329] [MT] IDERunDestination: Supported platforms for the buildables in the current scheme is empty.
2026-09-18 06:21:35.519 xcodebuild[691:4329] [MT] IDERunDestination: Supported platforms for the buildables in the current scheme is empty.
Running build ...
env DEVELOPER_DIR=/Applications/Xcode-27.0.0-Release.Candidate.app xcrun xcodebuild -IDEClonedSourcePackagesDirPathOverride=$PWD/.dependencies -skipMacroValidation -skipPackagePluginValidation -derivedDataPath $PWD/.derivedData build -scheme SharkCardScan -destination generic/platform=xrOS
Command line invocation:
/Applications/Xcode-27.0.0-Release.Candidate.app/Contents/Developer/usr/bin/xcodebuild -IDEClonedSourcePackagesDirPathOverride=/Users/admin/builder/spi-builder-workspace/.dependencies -skipMacroValidation -skipPackagePluginValidation -derivedDataPath /Users/admin/builder/spi-builder-workspace/.derivedData build -scheme SharkCardScan -destination generic/platform=xrOS
Resolve Package Graph
Resolve Package Graph
Resolved source packages:
SharkCardScan: /Users/admin/builder/spi-builder-workspace
SharkUtils: https://github.com/gymshark/ios-shark-utils.git @ 1.0.5
ComputePackagePrebuildTargetDependencyGraph
Prepare packages
CreateBuildRequest
SendProjectDescription
CreateBuildOperation
ComputeTargetDependencyGraph
note: Building targets in dependency order
note: Target dependency graph (6 targets)
Target 'SharkCardScanTests-product' in project 'SharkCardScan'
➜ Explicit dependency on target 'SharkCardScan' in project 'SharkCardScan'
➜ Explicit dependency on target 'SharkUtils-product' in project 'SharkUtils'
Target 'SharkCardScan-product' in project 'SharkCardScan'
➜ Explicit dependency on target 'SharkCardScan' in project 'SharkCardScan'
➜ Explicit dependency on target 'SharkCardScan_SharkCardScan' in project 'SharkCardScan'
➜ Explicit dependency on target 'SharkUtils-product' in project 'SharkUtils'
Target 'SharkCardScan' in project 'SharkCardScan'
➜ Explicit dependency on target 'SharkCardScan_SharkCardScan' in project 'SharkCardScan'
➜ Explicit dependency on target 'SharkUtils-product' in project 'SharkUtils'
Target 'SharkUtils-product' in project 'SharkUtils'
➜ Explicit dependency on target 'SharkUtils' in project 'SharkUtils'
Target 'SharkUtils' in project 'SharkUtils' (no dependencies)
Target 'SharkCardScan_SharkCardScan' in project 'SharkCardScan' (no dependencies)
GatherProvisioningInputs
CreateBuildDescription
ExecuteExternalTool /Applications/Xcode-27.0.0-Release.Candidate.app/Contents/Developer/usr/bin/actool --version --output-format xml1
ExecuteExternalTool /Applications/Xcode-27.0.0-Release.Candidate.app/Contents/Developer/Toolchains/XcodeDefault.xctoolchain/usr/bin/swiftc --version
ExecuteExternalTool /Applications/Xcode-27.0.0-Release.Candidate.app/Contents/Developer/Toolchains/XcodeDefault.xctoolchain/usr/bin/clang -v -E -dM -isysroot /Applications/Xcode-27.0.0-Release.Candidate.app/Contents/Developer/Platforms/XROS.platform/Developer/SDKs/XROS27.0.sdk -x c -c /dev/null
ExecuteExternalTool /Applications/Xcode-27.0.0-Release.Candidate.app/Contents/Developer/Toolchains/XcodeDefault.xctoolchain/usr/bin/ld -version_details
Build description signature: a97c9f919e7880b9bac53d4bc68de9e0
Build description path: /Users/admin/builder/spi-builder-workspace/.derivedData/Build/Intermediates.noindex/XCBuildData/a97c9f919e7880b9bac53d4bc68de9e0.xcbuilddata
CreateBuildDirectory /Users/admin/builder/spi-builder-workspace/.derivedData/ModuleCache.noindex
cd /Users/admin/builder/spi-builder-workspace/.swiftpm/xcode
builtin-create-build-directory /Users/admin/builder/spi-builder-workspace/.derivedData/ModuleCache.noindex
CreateBuildDirectory /Users/admin/builder/spi-builder-workspace/.derivedData/CompilationCache.noindex
cd /Users/admin/builder/spi-builder-workspace/.swiftpm/xcode
builtin-create-build-directory /Users/admin/builder/spi-builder-workspace/.derivedData/CompilationCache.noindex
CreateBuildDirectory /Users/admin/builder/spi-builder-workspace/.derivedData/SDKExplicitPrecompiledModules
cd /Users/admin/builder/spi-builder-workspace/.swiftpm/xcode
builtin-create-build-directory /Users/admin/builder/spi-builder-workspace/.derivedData/SDKExplicitPrecompiledModules
ClangStatCache /Applications/Xcode-27.0.0-Release.Candidate.app/Contents/Developer/Toolchains/XcodeDefault.xctoolchain/usr/bin/clang-stat-cache /Applications/Xcode-27.0.0-Release.Candidate.app/Contents/Developer/Platforms/XROS.platform/Developer/SDKs/XROS27.0.sdk /Users/admin/builder/spi-builder-workspace/.derivedData/SDKStatCaches.noindex/xros27.0-24M361-e829b21a6f8c9b70876ba0858053c044735bd543db762f57723cac368afd1ce4.sdkstatcache
cd /Users/admin/builder/spi-builder-workspace/.swiftpm/xcode
/Applications/Xcode-27.0.0-Release.Candidate.app/Contents/Developer/Toolchains/XcodeDefault.xctoolchain/usr/bin/clang-stat-cache /Applications/Xcode-27.0.0-Release.Candidate.app/Contents/Developer/Platforms/XROS.platform/Developer/SDKs/XROS27.0.sdk -o /Users/admin/builder/spi-builder-workspace/.derivedData/SDKStatCaches.noindex/xros27.0-24M361-e829b21a6f8c9b70876ba0858053c044735bd543db762f57723cac368afd1ce4.sdkstatcache
CreateBuildDirectory /Users/admin/builder/spi-builder-workspace/.derivedData/Build/Products
cd /Users/admin/builder/spi-builder-workspace/.swiftpm/xcode
builtin-create-build-directory /Users/admin/builder/spi-builder-workspace/.derivedData/Build/Products
CreateBuildDirectory /Users/admin/builder/spi-builder-workspace/.derivedData/Build/Intermediates.noindex
cd /Users/admin/builder/spi-builder-workspace/.swiftpm/xcode
builtin-create-build-directory /Users/admin/builder/spi-builder-workspace/.derivedData/Build/Intermediates.noindex
CreateBuildDirectory /Users/admin/builder/spi-builder-workspace/.derivedData/Build/Products/Debug-xros
cd /Users/admin/builder/spi-builder-workspace/.swiftpm/xcode
builtin-create-build-directory /Users/admin/builder/spi-builder-workspace/.derivedData/Build/Products/Debug-xros
CreateBuildDirectory /Users/admin/builder/spi-builder-workspace/.derivedData/Build/Intermediates.noindex/SwiftExplicitPrecompiledModules
cd /Users/admin/builder/spi-builder-workspace/.swiftpm/xcode
builtin-create-build-directory /Users/admin/builder/spi-builder-workspace/.derivedData/Build/Intermediates.noindex/SwiftExplicitPrecompiledModules
CreateBuildDirectory /Users/admin/builder/spi-builder-workspace/.derivedData/Build/Intermediates.noindex/PrecompiledHeaders
cd /Users/admin/builder/spi-builder-workspace/.swiftpm/xcode
builtin-create-build-directory /Users/admin/builder/spi-builder-workspace/.derivedData/Build/Intermediates.noindex/PrecompiledHeaders
CreateBuildDirectory /Users/admin/builder/spi-builder-workspace/.derivedData/Build/Intermediates.noindex/ExplicitPrecompiledModules
cd /Users/admin/builder/spi-builder-workspace/.swiftpm/xcode
builtin-create-build-directory /Users/admin/builder/spi-builder-workspace/.derivedData/Build/Intermediates.noindex/ExplicitPrecompiledModules
CreateBuildDirectory /Users/admin/builder/spi-builder-workspace/.derivedData/Build/Intermediates.noindex/EagerLinkingTBDs/Debug-xros
cd /Users/admin/builder/spi-builder-workspace/.swiftpm/xcode
builtin-create-build-directory /Users/admin/builder/spi-builder-workspace/.derivedData/Build/Intermediates.noindex/EagerLinkingTBDs/Debug-xros
CreateBuildDirectory /Users/admin/builder/spi-builder-workspace/.derivedData/Build/Products/Debug-xros/PackageFrameworks
cd /Users/admin/builder/spi-builder-workspace/.swiftpm/xcode
builtin-create-build-directory /Users/admin/builder/spi-builder-workspace/.derivedData/Build/Products/Debug-xros/PackageFrameworks
WriteAuxiliaryFile /Users/admin/builder/spi-builder-workspace/.derivedData/Build/Intermediates.noindex/SharkUtils.build/Debug-xros/SharkUtils-t.build/SharkUtils.DependencyStaticMetadataFileList (in target 'SharkUtils' from project 'SharkUtils')
cd /Users/admin/builder/spi-builder-workspace/.dependencies/checkouts/ios-shark-utils
write-file /Users/admin/builder/spi-builder-workspace/.derivedData/Build/Intermediates.noindex/SharkUtils.build/Debug-xros/SharkUtils-t.build/SharkUtils.DependencyStaticMetadataFileList
WriteAuxiliaryFile /Users/admin/builder/spi-builder-workspace/.derivedData/Build/Intermediates.noindex/SharkUtils.build/Debug-xros/SharkUtils-t.build/SharkUtils.DependencyMetadataFileList (in target 'SharkUtils' from project 'SharkUtils')
cd /Users/admin/builder/spi-builder-workspace/.dependencies/checkouts/ios-shark-utils
write-file /Users/admin/builder/spi-builder-workspace/.derivedData/Build/Intermediates.noindex/SharkUtils.build/Debug-xros/SharkUtils-t.build/SharkUtils.DependencyMetadataFileList
WriteAuxiliaryFile /Users/admin/builder/spi-builder-workspace/.derivedData/Build/Intermediates.noindex/SharkUtils.build/Debug-xros/SharkUtils-t.build/SharkUtils.modulemap (in target 'SharkUtils' from project 'SharkUtils')
cd /Users/admin/builder/spi-builder-workspace/.dependencies/checkouts/ios-shark-utils
write-file /Users/admin/builder/spi-builder-workspace/.derivedData/Build/Intermediates.noindex/SharkUtils.build/Debug-xros/SharkUtils-t.build/SharkUtils.modulemap
WriteAuxiliaryFile /Users/admin/builder/spi-builder-workspace/.derivedData/Build/Intermediates.noindex/SharkUtils.build/Debug-xros/SharkUtils-t.build/Objects-normal/arm64/SharkUtils.SwiftFileList (in target 'SharkUtils' from project 'SharkUtils')
cd /Users/admin/builder/spi-builder-workspace/.dependencies/checkouts/ios-shark-utils
write-file /Users/admin/builder/spi-builder-workspace/.derivedData/Build/Intermediates.noindex/SharkUtils.build/Debug-xros/SharkUtils-t.build/Objects-normal/arm64/SharkUtils.SwiftFileList
WriteAuxiliaryFile /Users/admin/builder/spi-builder-workspace/.derivedData/Build/Intermediates.noindex/SharkUtils.build/Debug-xros/SharkUtils-t.build/Objects-normal/arm64/SharkUtils_const_extract_protocols.json (in target 'SharkUtils' from project 'SharkUtils')
cd /Users/admin/builder/spi-builder-workspace/.dependencies/checkouts/ios-shark-utils
write-file /Users/admin/builder/spi-builder-workspace/.derivedData/Build/Intermediates.noindex/SharkUtils.build/Debug-xros/SharkUtils-t.build/Objects-normal/arm64/SharkUtils_const_extract_protocols.json
WriteAuxiliaryFile /Users/admin/builder/spi-builder-workspace/.derivedData/Build/Intermediates.noindex/SharkUtils.build/Debug-xros/SharkUtils-t.build/Objects-normal/arm64/SharkUtils-OutputFileMap.json (in target 'SharkUtils' from project 'SharkUtils')
cd /Users/admin/builder/spi-builder-workspace/.dependencies/checkouts/ios-shark-utils
write-file /Users/admin/builder/spi-builder-workspace/.derivedData/Build/Intermediates.noindex/SharkUtils.build/Debug-xros/SharkUtils-t.build/Objects-normal/arm64/SharkUtils-OutputFileMap.json
WriteAuxiliaryFile /Users/admin/builder/spi-builder-workspace/.derivedData/Build/Intermediates.noindex/SharkUtils.build/Debug-xros/SharkUtils-t.build/Objects-normal/arm64/SharkUtils.LinkFileList (in target 'SharkUtils' from project 'SharkUtils')
cd /Users/admin/builder/spi-builder-workspace/.dependencies/checkouts/ios-shark-utils
write-file /Users/admin/builder/spi-builder-workspace/.derivedData/Build/Intermediates.noindex/SharkUtils.build/Debug-xros/SharkUtils-t.build/Objects-normal/arm64/SharkUtils.LinkFileList
WriteAuxiliaryFile /Users/admin/builder/spi-builder-workspace/.derivedData/Build/Intermediates.noindex/SharkUtils.build/Debug-xros/SharkUtils-t.build/Objects-normal/arm64/SharkUtils.SwiftConstValuesFileList (in target 'SharkUtils' from project 'SharkUtils')
cd /Users/admin/builder/spi-builder-workspace/.dependencies/checkouts/ios-shark-utils
write-file /Users/admin/builder/spi-builder-workspace/.derivedData/Build/Intermediates.noindex/SharkUtils.build/Debug-xros/SharkUtils-t.build/Objects-normal/arm64/SharkUtils.SwiftConstValuesFileList
WriteAuxiliaryFile /Users/admin/builder/spi-builder-workspace/.derivedData/Build/Intermediates.noindex/SharkCardScan.build/Debug-xros/SharkCardScan_SharkCardScan-b.build/empty-SharkCardScan_SharkCardScan.plist (in target 'SharkCardScan_SharkCardScan' from project 'SharkCardScan')
cd /Users/admin/builder/spi-builder-workspace
write-file /Users/admin/builder/spi-builder-workspace/.derivedData/Build/Intermediates.noindex/SharkCardScan.build/Debug-xros/SharkCardScan_SharkCardScan-b.build/empty-SharkCardScan_SharkCardScan.plist
WriteAuxiliaryFile /Users/admin/builder/spi-builder-workspace/.derivedData/Build/Intermediates.noindex/SharkCardScan.build/Debug-xros/SharkCardScan_SharkCardScan-b.build/SharkCardScan_SharkCardScan.DependencyMetadataFileList (in target 'SharkCardScan_SharkCardScan' from project 'SharkCardScan')
cd /Users/admin/builder/spi-builder-workspace
write-file /Users/admin/builder/spi-builder-workspace/.derivedData/Build/Intermediates.noindex/SharkCardScan.build/Debug-xros/SharkCardScan_SharkCardScan-b.build/SharkCardScan_SharkCardScan.DependencyMetadataFileList
WriteAuxiliaryFile /Users/admin/builder/spi-builder-workspace/.derivedData/Build/Intermediates.noindex/SharkCardScan.build/Debug-xros/SharkCardScan_SharkCardScan-b.build/SharkCardScan_SharkCardScan.DependencyStaticMetadataFileList (in target 'SharkCardScan_SharkCardScan' from project 'SharkCardScan')
cd /Users/admin/builder/spi-builder-workspace
write-file /Users/admin/builder/spi-builder-workspace/.derivedData/Build/Intermediates.noindex/SharkCardScan.build/Debug-xros/SharkCardScan_SharkCardScan-b.build/SharkCardScan_SharkCardScan.DependencyStaticMetadataFileList
WriteAuxiliaryFile /Users/admin/builder/spi-builder-workspace/.derivedData/Build/Intermediates.noindex/SharkCardScan.build/Debug-xros/SharkCardScanTests-p.build/empty-SharkCardScanTests.plist (in target 'SharkCardScanTests-product' from project 'SharkCardScan')
cd /Users/admin/builder/spi-builder-workspace
write-file /Users/admin/builder/spi-builder-workspace/.derivedData/Build/Intermediates.noindex/SharkCardScan.build/Debug-xros/SharkCardScanTests-p.build/empty-SharkCardScanTests.plist
WriteAuxiliaryFile /Users/admin/builder/spi-builder-workspace/.derivedData/Build/Intermediates.noindex/SharkCardScan.build/Debug-xros/SharkCardScanTests-p.build/SharkCardScanTests.DependencyStaticMetadataFileList (in target 'SharkCardScanTests-product' from project 'SharkCardScan')
cd /Users/admin/builder/spi-builder-workspace
write-file /Users/admin/builder/spi-builder-workspace/.derivedData/Build/Intermediates.noindex/SharkCardScan.build/Debug-xros/SharkCardScanTests-p.build/SharkCardScanTests.DependencyStaticMetadataFileList
WriteAuxiliaryFile /Users/admin/builder/spi-builder-workspace/.derivedData/Build/Intermediates.noindex/SharkCardScan.build/Debug-xros/SharkCardScanTests-p.build/SharkCardScanTests.DependencyMetadataFileList (in target 'SharkCardScanTests-product' from project 'SharkCardScan')
cd /Users/admin/builder/spi-builder-workspace
write-file /Users/admin/builder/spi-builder-workspace/.derivedData/Build/Intermediates.noindex/SharkCardScan.build/Debug-xros/SharkCardScanTests-p.build/SharkCardScanTests.DependencyMetadataFileList
WriteAuxiliaryFile /Users/admin/builder/spi-builder-workspace/.derivedData/Build/Intermediates.noindex/SharkCardScan.build/Debug-xros/SharkCardScanTests-p.build/Objects-normal/arm64/SharkCardScanTests_const_extract_protocols.json (in target 'SharkCardScanTests-product' from project 'SharkCardScan')
cd /Users/admin/builder/spi-builder-workspace
write-file /Users/admin/builder/spi-builder-workspace/.derivedData/Build/Intermediates.noindex/SharkCardScan.build/Debug-xros/SharkCardScanTests-p.build/Objects-normal/arm64/SharkCardScanTests_const_extract_protocols.json
WriteAuxiliaryFile /Users/admin/builder/spi-builder-workspace/.derivedData/Build/Intermediates.noindex/SharkCardScan.build/Debug-xros/SharkCardScanTests-p.build/Objects-normal/arm64/SharkCardScanTests.SwiftFileList (in target 'SharkCardScanTests-product' from project 'SharkCardScan')
cd /Users/admin/builder/spi-builder-workspace
write-file /Users/admin/builder/spi-builder-workspace/.derivedData/Build/Intermediates.noindex/SharkCardScan.build/Debug-xros/SharkCardScanTests-p.build/Objects-normal/arm64/SharkCardScanTests.SwiftFileList
Copy /Users/admin/builder/spi-builder-workspace/.derivedData/Build/Intermediates.noindex/GeneratedModuleMaps-xros/SharkUtils.modulemap /Users/admin/builder/spi-builder-workspace/.derivedData/Build/Intermediates.noindex/SharkUtils.build/Debug-xros/SharkUtils-t.build/SharkUtils.modulemap (in target 'SharkUtils' from project 'SharkUtils')
cd /Users/admin/builder/spi-builder-workspace/.dependencies/checkouts/ios-shark-utils
builtin-copy -exclude .DS_Store -exclude CVS -exclude .svn -exclude .git -exclude .hg -resolve-src-symlinks /Users/admin/builder/spi-builder-workspace/.derivedData/Build/Intermediates.noindex/SharkUtils.build/Debug-xros/SharkUtils-t.build/SharkUtils.modulemap /Users/admin/builder/spi-builder-workspace/.derivedData/Build/Intermediates.noindex/GeneratedModuleMaps-xros
WriteAuxiliaryFile /Users/admin/builder/spi-builder-workspace/.derivedData/Build/Intermediates.noindex/SharkCardScan.build/Debug-xros/SharkCardScanTests-p.build/Objects-normal/arm64/SharkCardScanTests.SwiftConstValuesFileList (in target 'SharkCardScanTests-product' from project 'SharkCardScan')
cd /Users/admin/builder/spi-builder-workspace
write-file /Users/admin/builder/spi-builder-workspace/.derivedData/Build/Intermediates.noindex/SharkCardScan.build/Debug-xros/SharkCardScanTests-p.build/Objects-normal/arm64/SharkCardScanTests.SwiftConstValuesFileList
WriteAuxiliaryFile /Users/admin/builder/spi-builder-workspace/.derivedData/Build/Intermediates.noindex/SharkCardScan.build/Debug-xros/SharkCardScanTests-p.build/Objects-normal/arm64/SharkCardScanTests-OutputFileMap.json (in target 'SharkCardScanTests-product' from project 'SharkCardScan')
cd /Users/admin/builder/spi-builder-workspace
write-file /Users/admin/builder/spi-builder-workspace/.derivedData/Build/Intermediates.noindex/SharkCardScan.build/Debug-xros/SharkCardScanTests-p.build/Objects-normal/arm64/SharkCardScanTests-OutputFileMap.json
WriteAuxiliaryFile /Users/admin/builder/spi-builder-workspace/.derivedData/Build/Intermediates.noindex/SharkCardScan.build/Debug-xros/SharkCardScanTests-p.build/Objects-normal/arm64/SharkCardScanTests.LinkFileList (in target 'SharkCardScanTests-product' from project 'SharkCardScan')
cd /Users/admin/builder/spi-builder-workspace
write-file /Users/admin/builder/spi-builder-workspace/.derivedData/Build/Intermediates.noindex/SharkCardScan.build/Debug-xros/SharkCardScanTests-p.build/Objects-normal/arm64/SharkCardScanTests.LinkFileList
WriteAuxiliaryFile /Users/admin/builder/spi-builder-workspace/.derivedData/Build/Intermediates.noindex/SharkCardScan.build/Debug-xros/SharkCardScan-t.build/SharkCardScan.modulemap (in target 'SharkCardScan' from project 'SharkCardScan')
cd /Users/admin/builder/spi-builder-workspace
write-file /Users/admin/builder/spi-builder-workspace/.derivedData/Build/Intermediates.noindex/SharkCardScan.build/Debug-xros/SharkCardScan-t.build/SharkCardScan.modulemap
WriteAuxiliaryFile /Users/admin/builder/spi-builder-workspace/.derivedData/Build/Intermediates.noindex/SharkCardScan.build/Debug-xros/SharkCardScan-t.build/SharkCardScan.DependencyMetadataFileList (in target 'SharkCardScan' from project 'SharkCardScan')
cd /Users/admin/builder/spi-builder-workspace
write-file /Users/admin/builder/spi-builder-workspace/.derivedData/Build/Intermediates.noindex/SharkCardScan.build/Debug-xros/SharkCardScan-t.build/SharkCardScan.DependencyMetadataFileList
WriteAuxiliaryFile /Users/admin/builder/spi-builder-workspace/.derivedData/Build/Intermediates.noindex/SharkCardScan.build/Debug-xros/SharkCardScan-t.build/SharkCardScan.DependencyStaticMetadataFileList (in target 'SharkCardScan' from project 'SharkCardScan')
cd /Users/admin/builder/spi-builder-workspace
write-file /Users/admin/builder/spi-builder-workspace/.derivedData/Build/Intermediates.noindex/SharkCardScan.build/Debug-xros/SharkCardScan-t.build/SharkCardScan.DependencyStaticMetadataFileList
WriteAuxiliaryFile /Users/admin/builder/spi-builder-workspace/.derivedData/Build/Intermediates.noindex/SharkCardScan.build/Debug-xros/SharkCardScan-t.build/Objects-normal/arm64/SharkCardScan.SwiftFileList (in target 'SharkCardScan' from project 'SharkCardScan')
cd /Users/admin/builder/spi-builder-workspace
write-file /Users/admin/builder/spi-builder-workspace/.derivedData/Build/Intermediates.noindex/SharkCardScan.build/Debug-xros/SharkCardScan-t.build/Objects-normal/arm64/SharkCardScan.SwiftFileList
WriteAuxiliaryFile /Users/admin/builder/spi-builder-workspace/.derivedData/Build/Intermediates.noindex/SharkCardScan.build/Debug-xros/SharkCardScan-t.build/Objects-normal/arm64/SharkCardScan_const_extract_protocols.json (in target 'SharkCardScan' from project 'SharkCardScan')
cd /Users/admin/builder/spi-builder-workspace
write-file /Users/admin/builder/spi-builder-workspace/.derivedData/Build/Intermediates.noindex/SharkCardScan.build/Debug-xros/SharkCardScan-t.build/Objects-normal/arm64/SharkCardScan_const_extract_protocols.json
WriteAuxiliaryFile /Users/admin/builder/spi-builder-workspace/.derivedData/Build/Intermediates.noindex/SharkCardScan.build/Debug-xros/SharkCardScan-t.build/Objects-normal/arm64/SharkCardScan.SwiftConstValuesFileList (in target 'SharkCardScan' from project 'SharkCardScan')
cd /Users/admin/builder/spi-builder-workspace
write-file /Users/admin/builder/spi-builder-workspace/.derivedData/Build/Intermediates.noindex/SharkCardScan.build/Debug-xros/SharkCardScan-t.build/Objects-normal/arm64/SharkCardScan.SwiftConstValuesFileList
WriteAuxiliaryFile /Users/admin/builder/spi-builder-workspace/.derivedData/Build/Intermediates.noindex/SharkCardScan.build/Debug-xros/SharkCardScan-t.build/Objects-normal/arm64/SharkCardScan.LinkFileList (in target 'SharkCardScan' from project 'SharkCardScan')
cd /Users/admin/builder/spi-builder-workspace
write-file /Users/admin/builder/spi-builder-workspace/.derivedData/Build/Intermediates.noindex/SharkCardScan.build/Debug-xros/SharkCardScan-t.build/Objects-normal/arm64/SharkCardScan.LinkFileList
WriteAuxiliaryFile /Users/admin/builder/spi-builder-workspace/.derivedData/Build/Intermediates.noindex/SharkCardScan.build/Debug-xros/SharkCardScan-t.build/Objects-normal/arm64/SharkCardScan-OutputFileMap.json (in target 'SharkCardScan' from project 'SharkCardScan')
cd /Users/admin/builder/spi-builder-workspace
write-file /Users/admin/builder/spi-builder-workspace/.derivedData/Build/Intermediates.noindex/SharkCardScan.build/Debug-xros/SharkCardScan-t.build/Objects-normal/arm64/SharkCardScan-OutputFileMap.json
WriteAuxiliaryFile /Users/admin/builder/spi-builder-workspace/.derivedData/Build/Intermediates.noindex/SharkCardScan.build/Debug-xros/SharkCardScan-t.build/DerivedSources/resource_bundle_accessor.swift (in target 'SharkCardScan' from project 'SharkCardScan')
cd /Users/admin/builder/spi-builder-workspace
write-file /Users/admin/builder/spi-builder-workspace/.derivedData/Build/Intermediates.noindex/SharkCardScan.build/Debug-xros/SharkCardScan-t.build/DerivedSources/resource_bundle_accessor.swift
Copy /Users/admin/builder/spi-builder-workspace/.derivedData/Build/Intermediates.noindex/GeneratedModuleMaps-xros/SharkCardScan.modulemap /Users/admin/builder/spi-builder-workspace/.derivedData/Build/Intermediates.noindex/SharkCardScan.build/Debug-xros/SharkCardScan-t.build/SharkCardScan.modulemap (in target 'SharkCardScan' from project 'SharkCardScan')
cd /Users/admin/builder/spi-builder-workspace
builtin-copy -exclude .DS_Store -exclude CVS -exclude .svn -exclude .git -exclude .hg -resolve-src-symlinks /Users/admin/builder/spi-builder-workspace/.derivedData/Build/Intermediates.noindex/SharkCardScan.build/Debug-xros/SharkCardScan-t.build/SharkCardScan.modulemap /Users/admin/builder/spi-builder-workspace/.derivedData/Build/Intermediates.noindex/GeneratedModuleMaps-xros
MkDir /Users/admin/builder/spi-builder-workspace/.derivedData/Build/Products/Debug-xros/SharkCardScan_SharkCardScan.bundle (in target 'SharkCardScan_SharkCardScan' from project 'SharkCardScan')
cd /Users/admin/builder/spi-builder-workspace
/bin/mkdir -p /Users/admin/builder/spi-builder-workspace/.derivedData/Build/Products/Debug-xros/SharkCardScan_SharkCardScan.bundle
MkDir /Users/admin/builder/spi-builder-workspace/.derivedData/Build/Products/Debug-xros/SharkCardScanTests.xctest (in target 'SharkCardScanTests-product' from project 'SharkCardScan')
cd /Users/admin/builder/spi-builder-workspace
/bin/mkdir -p /Users/admin/builder/spi-builder-workspace/.derivedData/Build/Products/Debug-xros/SharkCardScanTests.xctest
MkDir /Users/admin/builder/spi-builder-workspace/.derivedData/Build/Intermediates.noindex/SharkCardScan.build/Debug-xros/SharkCardScan_SharkCardScan-b.build/assetcatalog_output/thinned (in target 'SharkCardScan_SharkCardScan' from project 'SharkCardScan')
cd /Users/admin/builder/spi-builder-workspace
/bin/mkdir -p /Users/admin/builder/spi-builder-workspace/.derivedData/Build/Intermediates.noindex/SharkCardScan.build/Debug-xros/SharkCardScan_SharkCardScan-b.build/assetcatalog_output/thinned
MkDir /Users/admin/builder/spi-builder-workspace/.derivedData/Build/Intermediates.noindex/SharkCardScan.build/Debug-xros/SharkCardScan_SharkCardScan-b.build/assetcatalog_output/unthinned (in target 'SharkCardScan_SharkCardScan' from project 'SharkCardScan')
cd /Users/admin/builder/spi-builder-workspace
/bin/mkdir -p /Users/admin/builder/spi-builder-workspace/.derivedData/Build/Intermediates.noindex/SharkCardScan.build/Debug-xros/SharkCardScan_SharkCardScan-b.build/assetcatalog_output/unthinned
CompileAssetCatalogVariant thinned /Users/admin/builder/spi-builder-workspace/.derivedData/Build/Products/Debug-xros/SharkCardScan_SharkCardScan.bundle /Users/admin/builder/spi-builder-workspace/Sources/SharkCardScan/Images.xcassets (in target 'SharkCardScan_SharkCardScan' from project 'SharkCardScan')
cd /Users/admin/builder/spi-builder-workspace
/Applications/Xcode-27.0.0-Release.Candidate.app/Contents/Developer/usr/bin/actool /Users/admin/builder/spi-builder-workspace/Sources/SharkCardScan/Images.xcassets --compile /Users/admin/builder/spi-builder-workspace/.derivedData/Build/Intermediates.noindex/SharkCardScan.build/Debug-xros/SharkCardScan_SharkCardScan-b.build/assetcatalog_output/thinned --output-format human-readable-text --notices --warnings --export-dependency-info /Users/admin/builder/spi-builder-workspace/.derivedData/Build/Intermediates.noindex/SharkCardScan.build/Debug-xros/SharkCardScan_SharkCardScan-b.build/assetcatalog_dependencies_thinned --output-partial-info-plist /Users/admin/builder/spi-builder-workspace/.derivedData/Build/Intermediates.noindex/SharkCardScan.build/Debug-xros/SharkCardScan_SharkCardScan-b.build/assetcatalog_generated_info.plist_thinned --compress-pngs --enable-on-demand-resources NO --development-region en --target-device vision --minimum-deployment-target 1.0 --platform xros
/* com.apple.actool.compilation-results */
/Users/admin/builder/spi-builder-workspace/.derivedData/Build/Intermediates.noindex/SharkCardScan.build/Debug-xros/SharkCardScan_SharkCardScan-b.build/assetcatalog_generated_info.plist_thinned
/Users/admin/builder/spi-builder-workspace/.derivedData/Build/Intermediates.noindex/SharkCardScan.build/Debug-xros/SharkCardScan_SharkCardScan-b.build/assetcatalog_output/thinned/Assets.car
LinkAssetCatalog /Users/admin/builder/spi-builder-workspace/Sources/SharkCardScan/Images.xcassets (in target 'SharkCardScan_SharkCardScan' from project 'SharkCardScan')
cd /Users/admin/builder/spi-builder-workspace
builtin-linkAssetCatalog --thinned /Users/admin/builder/spi-builder-workspace/.derivedData/Build/Intermediates.noindex/SharkCardScan.build/Debug-xros/SharkCardScan_SharkCardScan-b.build/assetcatalog_output/thinned --thinned-dependencies /Users/admin/builder/spi-builder-workspace/.derivedData/Build/Intermediates.noindex/SharkCardScan.build/Debug-xros/SharkCardScan_SharkCardScan-b.build/assetcatalog_dependencies_thinned --thinned-info-plist-content /Users/admin/builder/spi-builder-workspace/.derivedData/Build/Intermediates.noindex/SharkCardScan.build/Debug-xros/SharkCardScan_SharkCardScan-b.build/assetcatalog_generated_info.plist_thinned --unthinned /Users/admin/builder/spi-builder-workspace/.derivedData/Build/Intermediates.noindex/SharkCardScan.build/Debug-xros/SharkCardScan_SharkCardScan-b.build/assetcatalog_output/unthinned --unthinned-dependencies /Users/admin/builder/spi-builder-workspace/.derivedData/Build/Intermediates.noindex/SharkCardScan.build/Debug-xros/SharkCardScan_SharkCardScan-b.build/assetcatalog_dependencies_unthinned --unthinned-info-plist-content /Users/admin/builder/spi-builder-workspace/.derivedData/Build/Intermediates.noindex/SharkCardScan.build/Debug-xros/SharkCardScan_SharkCardScan-b.build/assetcatalog_generated_info.plist_unthinned --output /Users/admin/builder/spi-builder-workspace/.derivedData/Build/Products/Debug-xros/SharkCardScan_SharkCardScan.bundle --plist-output /Users/admin/builder/spi-builder-workspace/.derivedData/Build/Intermediates.noindex/SharkCardScan.build/Debug-xros/SharkCardScan_SharkCardScan-b.build/assetcatalog_generated_info.plist
note: Emplaced /Users/admin/builder/spi-builder-workspace/.derivedData/Build/Products/Debug-xros/SharkCardScan_SharkCardScan.bundle/Assets.car (in target 'SharkCardScan_SharkCardScan' from project 'SharkCardScan')
ProcessInfoPlistFile /Users/admin/builder/spi-builder-workspace/.derivedData/Build/Products/Debug-xros/SharkCardScan_SharkCardScan.bundle/Info.plist /Users/admin/builder/spi-builder-workspace/.derivedData/Build/Intermediates.noindex/SharkCardScan.build/Debug-xros/SharkCardScan_SharkCardScan-b.build/empty-SharkCardScan_SharkCardScan.plist (in target 'SharkCardScan_SharkCardScan' from project 'SharkCardScan')
cd /Users/admin/builder/spi-builder-workspace
builtin-infoPlistUtility /Users/admin/builder/spi-builder-workspace/.derivedData/Build/Intermediates.noindex/SharkCardScan.build/Debug-xros/SharkCardScan_SharkCardScan-b.build/empty-SharkCardScan_SharkCardScan.plist -producttype com.apple.product-type.bundle -expandbuildsettings -format binary -platform xros -additionalcontentfile /Users/admin/builder/spi-builder-workspace/.derivedData/Build/Intermediates.noindex/SharkCardScan.build/Debug-xros/SharkCardScan_SharkCardScan-b.build/assetcatalog_generated_info.plist -o /Users/admin/builder/spi-builder-workspace/.derivedData/Build/Products/Debug-xros/SharkCardScan_SharkCardScan.bundle/Info.plist
RegisterExecutionPolicyException /Users/admin/builder/spi-builder-workspace/.derivedData/Build/Products/Debug-xros/SharkCardScan_SharkCardScan.bundle (in target 'SharkCardScan_SharkCardScan' from project 'SharkCardScan')
cd /Users/admin/builder/spi-builder-workspace
builtin-RegisterExecutionPolicyException /Users/admin/builder/spi-builder-workspace/.derivedData/Build/Products/Debug-xros/SharkCardScan_SharkCardScan.bundle
Touch /Users/admin/builder/spi-builder-workspace/.derivedData/Build/Products/Debug-xros/SharkCardScan_SharkCardScan.bundle (in target 'SharkCardScan_SharkCardScan' from project 'SharkCardScan')
cd /Users/admin/builder/spi-builder-workspace
/usr/bin/touch -c /Users/admin/builder/spi-builder-workspace/.derivedData/Build/Products/Debug-xros/SharkCardScan_SharkCardScan.bundle
SwiftDriver SharkUtils normal arm64 com.apple.xcode.tools.swift.compiler (in target 'SharkUtils' from project 'SharkUtils')
cd /Users/admin/builder/spi-builder-workspace/.swiftpm/xcode
builtin-SwiftDriver -- /Applications/Xcode-27.0.0-Release.Candidate.app/Contents/Developer/Toolchains/XcodeDefault.xctoolchain/usr/bin/swiftc -parse-as-library -module-name SharkUtils -Onone @/Users/admin/builder/spi-builder-workspace/.derivedData/Build/Intermediates.noindex/SharkUtils.build/Debug-xros/SharkUtils-t.build/Objects-normal/arm64/SharkUtils.SwiftFileList -DSWIFT_PACKAGE -DDEBUG -DSWIFT_MODULE_RESOURCE_BUNDLE_UNAVAILABLE -DXcode -plugin-path /Applications/Xcode-27.0.0-Release.Candidate.app/Contents/Developer/Toolchains/XcodeDefault.xctoolchain/usr/lib/swift/host/plugins/testing -enable-experimental-feature DebugDescriptionMacro -sdk /Applications/Xcode-27.0.0-Release.Candidate.app/Contents/Developer/Platforms/XROS.platform/Developer/SDKs/XROS27.0.sdk -target arm64-apple-xros1.0 -g -module-cache-path /Users/admin/builder/spi-builder-workspace/.derivedData/ModuleCache.noindex -Xfrontend -serialize-debugging-options -enable-testing -suppress-warnings -index-store-path /Users/admin/builder/spi-builder-workspace/.derivedData/Index.noindex/DataStore -Xcc -D_LIBCPP_HARDENING_MODE\=_LIBCPP_HARDENING_MODE_DEBUG -swift-version 5 -I /Users/admin/builder/spi-builder-workspace/.derivedData/Build/Products/Debug-xros -Isystem /Applications/Xcode-27.0.0-Release.Candidate.app/Contents/Developer/Platforms/XROS.platform/Developer/usr/lib -F /Users/admin/builder/spi-builder-workspace/.derivedData/Build/Products/Debug-xros -F /Applications/Xcode-27.0.0-Release.Candidate.app/Contents/Developer/Platforms/XROS.platform/Developer/Library/Frameworks -F /Applications/Xcode-27.0.0-Release.Candidate.app/Contents/Developer/Platforms/XROS.platform/Developer/SDKs/XROS27.0.sdk/Developer/Library/Frameworks -c -j10 -enable-batch-mode -incremental -Xcc -ivfsstatcache -Xcc /Users/admin/builder/spi-builder-workspace/.derivedData/SDKStatCaches.noindex/xros27.0-24M361-e829b21a6f8c9b70876ba0858053c044735bd543db762f57723cac368afd1ce4.sdkstatcache -output-file-map /Users/admin/builder/spi-builder-workspace/.derivedData/Build/Intermediates.noindex/SharkUtils.build/Debug-xros/SharkUtils-t.build/Objects-normal/arm64/SharkUtils-OutputFileMap.json -save-temps -no-color-diagnostics -explicit-module-build -module-cache-path /Users/admin/builder/spi-builder-workspace/.derivedData/Build/Intermediates.noindex/SwiftExplicitPrecompiledModules -clang-scanner-module-cache-path /Users/admin/builder/spi-builder-workspace/.derivedData/ModuleCache.noindex -sdk-module-cache-path /Users/admin/builder/spi-builder-workspace/.derivedData/SDKExplicitPrecompiledModules -emit-dependencies -emit-module -emit-module-path /Users/admin/builder/spi-builder-workspace/.derivedData/Build/Intermediates.noindex/SharkUtils.build/Debug-xros/SharkUtils-t.build/Objects-normal/arm64/SharkUtils.swiftmodule -serialize-diagnostics -dependency-scan-serialize-diagnostics-path /Users/admin/builder/spi-builder-workspace/.derivedData/Build/Intermediates.noindex/SharkUtils.build/Debug-xros/SharkUtils-t.build/Objects-normal/arm64/SharkUtils-dependency-scan.dia -validate-clang-modules-once -clang-build-session-file /Users/admin/builder/spi-builder-workspace/.derivedData/ModuleCache.noindex/Session.modulevalidation -Xcc -fmodules-prune-interval\=86400 -Xcc -fmodules-prune-after\=345600 -emit-const-values -const-gather-protocols-list /Users/admin/builder/spi-builder-workspace/.derivedData/Build/Intermediates.noindex/SharkUtils.build/Debug-xros/SharkUtils-t.build/Objects-normal/arm64/SharkUtils_const_extract_protocols.json -Xcc -I/Users/admin/builder/spi-builder-workspace/.derivedData/Build/Products/Debug-xros/include -Xcc -I/Users/admin/builder/spi-builder-workspace/.derivedData/Build/Intermediates.noindex/SharkUtils.build/Debug-xros/SharkUtils-t.build/DerivedSources-normal/arm64 -Xcc -I/Users/admin/builder/spi-builder-workspace/.derivedData/Build/Intermediates.noindex/SharkUtils.build/Debug-xros/SharkUtils-t.build/DerivedSources/arm64 -Xcc -I/Users/admin/builder/spi-builder-workspace/.derivedData/Build/Intermediates.noindex/SharkUtils.build/Debug-xros/SharkUtils-t.build/DerivedSources -Xcc -DSWIFT_PACKAGE -Xcc -DDEBUG\=1 -emit-objc-header -emit-objc-header-path /Users/admin/builder/spi-builder-workspace/.derivedData/Build/Intermediates.noindex/SharkUtils.build/Debug-xros/SharkUtils-t.build/Objects-normal/arm64/SharkUtils-Swift.h -working-directory /Users/admin/builder/spi-builder-workspace/.swiftpm/xcode -experimental-emit-module-separately -disable-cmo
SwiftExplicitDependencyGeneratePcm arm64 /Users/admin/builder/spi-builder-workspace/.derivedData/SDKExplicitPrecompiledModules/ptrcheck-BXA97MNLI4BB0HF5I8MJE403D.pcm
SwiftExplicitDependencyGeneratePcm arm64 /Users/admin/builder/spi-builder-workspace/.derivedData/SDKExplicitPrecompiledModules/SwiftShims-CI4H5RO9IYFFWQ2COB512Q2S9.pcm
SwiftExplicitDependencyGeneratePcm arm64 /Users/admin/builder/spi-builder-workspace/.derivedData/SDKExplicitPrecompiledModules/_Builtin_float-6WKHNW5S40U2QGHXXGETUDIRA.pcm
SwiftExplicitDependencyGeneratePcm arm64 /Users/admin/builder/spi-builder-workspace/.derivedData/SDKExplicitPrecompiledModules/_Builtin_stdbool-5BU2ADS7JXQMYENKQHW9X8XOU.pcm
SwiftExplicitDependencyGeneratePcm arm64 /Users/admin/builder/spi-builder-workspace/.derivedData/SDKExplicitPrecompiledModules/_SwiftConcurrencyShims-C8XHKSHX96D5YYALNM4W70Z0O.pcm
SwiftExplicitDependencyGeneratePcm arm64 /Users/admin/builder/spi-builder-workspace/.derivedData/SDKExplicitPrecompiledModules/_AvailabilityInternal-1Q8IQP6M38UWSGZ95UCEY2M44.pcm
SwiftExplicitDependencyGeneratePcm arm64 /Users/admin/builder/spi-builder-workspace/.derivedData/SDKExplicitPrecompiledModules/DeveloperToolsSupport-46GOQP8J1QTHLYQSJW81T8UZ3.pcm
SwiftExplicitDependencyGeneratePcm arm64 /Users/admin/builder/spi-builder-workspace/.derivedData/SDKExplicitPrecompiledModules/_Builtin_stddef-5NQ9Z1GV07GBSRQGAQCGXGVRI.pcm
SwiftExplicitDependencyGeneratePcm arm64 /Users/admin/builder/spi-builder-workspace/.derivedData/SDKExplicitPrecompiledModules/ptrauth-1WBA714DZSVUL5JQDJ08CLKZ.pcm
SwiftExplicitDependencyGeneratePcm arm64 /Users/admin/builder/spi-builder-workspace/.derivedData/SDKExplicitPrecompiledModules/_Builtin_stdarg-CDA349K2K4US766844K8E0PVA.pcm
SwiftExplicitDependencyGeneratePcm arm64 /Users/admin/builder/spi-builder-workspace/.derivedData/SDKExplicitPrecompiledModules/_DarwinFoundation1-5RGRVV2TZ6WC4WZW5IXF8NQ04.pcm
SwiftExplicitDependencyGeneratePcm arm64 /Users/admin/builder/spi-builder-workspace/.derivedData/SDKExplicitPrecompiledModules/_Builtin_limits-425JDMN5HPM3D0UEI8LEHP6NM.pcm
SwiftExplicitDependencyGeneratePcm arm64 /Users/admin/builder/spi-builder-workspace/.derivedData/SDKExplicitPrecompiledModules/_DarwinFoundation2-ENTECK156YEWITZRRBTOCE4KR.pcm
SwiftExplicitDependencyGeneratePcm arm64 /Users/admin/builder/spi-builder-workspace/.derivedData/SDKExplicitPrecompiledModules/_Builtin_tgmath-BPYSMHWI520EQRL2HW519ZY7Z.pcm
SwiftExplicitDependencyGeneratePcm arm64 /Users/admin/builder/spi-builder-workspace/.derivedData/SDKExplicitPrecompiledModules/string_h-2GT67HHHHK5CF1V1S31LH0PU2.pcm
SwiftExplicitDependencyGeneratePcm arm64 /Users/admin/builder/spi-builder-workspace/.derivedData/SDKExplicitPrecompiledModules/sys_types-AYM0BHR77VKMWZCO2T0XGV2HF.pcm
SwiftExplicitDependencyGeneratePcm arm64 /Users/admin/builder/spi-builder-workspace/.derivedData/SDKExplicitPrecompiledModules/_Builtin_stdint-8OR6T47OOYJA90ZBO3N1USDE.pcm
SwiftExplicitDependencyGeneratePcm arm64 /Users/admin/builder/spi-builder-workspace/.derivedData/SDKExplicitPrecompiledModules/_Builtin_stdatomic-1VUZPM79PNCAHXVBERD53WRSF.pcm
SwiftExplicitDependencyGeneratePcm arm64 /Users/admin/builder/spi-builder-workspace/.derivedData/SDKExplicitPrecompiledModules/_DarwinFoundation3-9ZHN6JKBS40BBA81RQMV8H0IC.pcm
SwiftExplicitDependencyGeneratePcm arm64 /Users/admin/builder/spi-builder-workspace/.derivedData/SDKExplicitPrecompiledModules/_Builtin_intrinsics-BC5IJI3YI34RQ61ZNVDRDZ6RN.pcm
SwiftExplicitDependencyGeneratePcm arm64 /Users/admin/builder/spi-builder-workspace/.derivedData/SDKExplicitPrecompiledModules/_Builtin_inttypes-11B64KJD36B3YOHBR1BBXBJY8.pcm
SwiftExplicitDependencyGeneratePcm arm64 /Users/admin/builder/spi-builder-workspace/.derivedData/SDKExplicitPrecompiledModules/Darwin-60P5LVNQO3ESRRM5DCJ05PFNK.pcm
SwiftExplicitDependencyGeneratePcm arm64 /Users/admin/builder/spi-builder-workspace/.derivedData/SDKExplicitPrecompiledModules/simd-9XXAB17Y6E4BBPQADD61NZ23.pcm
SwiftExplicitDependencyGeneratePcm arm64 /Users/admin/builder/spi-builder-workspace/.derivedData/SDKExplicitPrecompiledModules/MachO-3XTHY7HWV6RF3KXKYQVHUBUXK.pcm
SwiftExplicitDependencyGeneratePcm arm64 /Users/admin/builder/spi-builder-workspace/.derivedData/SDKExplicitPrecompiledModules/ObjectiveC-26TIBFYCEJZVP216ZZAU1X8KN.pcm
SwiftExplicitDependencyGeneratePcm arm64 /Users/admin/builder/spi-builder-workspace/.derivedData/SDKExplicitPrecompiledModules/os_object-692CJ8BG6RE5H04487EJJOVXW.pcm
SwiftExplicitDependencyGeneratePcm arm64 /Users/admin/builder/spi-builder-workspace/.derivedData/SDKExplicitPrecompiledModules/os_workgroup-4U1VXMWIZD80E7PRUQF2G7P9X.pcm
SwiftExplicitDependencyGeneratePcm arm64 /Users/admin/builder/spi-builder-workspace/.derivedData/SDKExplicitPrecompiledModules/Dispatch-CLT3466HKC22GCKAWSCNG0H7T.pcm
SwiftExplicitDependencyGeneratePcm arm64 /Users/admin/builder/spi-builder-workspace/.derivedData/SDKExplicitPrecompiledModules/Spatial-5E0I2846LO3ZE24CSVR2O57TI.pcm
SwiftExplicitDependencyGeneratePcm arm64 /Users/admin/builder/spi-builder-workspace/.derivedData/SDKExplicitPrecompiledModules/XPC-EP5EU7FNGP4VOA3EDM18P1KHO.pcm
SwiftExplicitDependencyGeneratePcm arm64 /Users/admin/builder/spi-builder-workspace/.derivedData/SDKExplicitPrecompiledModules/CoreFoundation-AVLTZVCXBU2TO75JCN4AGU8XJ.pcm
SwiftExplicitDependencyGeneratePcm arm64 /Users/admin/builder/spi-builder-workspace/.derivedData/SDKExplicitPrecompiledModules/os-1004XEJ3IXOOAU0KL58SM3D0K.pcm
SwiftExplicitDependencyGeneratePcm arm64 /Users/admin/builder/spi-builder-workspace/.derivedData/SDKExplicitPrecompiledModules/CFNetwork-5MI70N1VLDQSWTX4COWLMSIRO.pcm
SwiftExplicitDependencyGeneratePcm arm64 /Users/admin/builder/spi-builder-workspace/.derivedData/SDKExplicitPrecompiledModules/Security-8TH2M8WJIQMET4SADWX0N8372.pcm
SwiftExplicitDependencyGeneratePcm arm64 /Users/admin/builder/spi-builder-workspace/.derivedData/SDKExplicitPrecompiledModules/CoreGraphics-BFUJ177R223UT2ZI327ZTZY91.pcm
SwiftExplicitDependencyGeneratePcm arm64 /Users/admin/builder/spi-builder-workspace/.derivedData/SDKExplicitPrecompiledModules/Foundation-8GON1KVEKRN3NOQI8RETBRWJP.pcm
SwiftExplicitDependencyGeneratePcm arm64 /Users/admin/builder/spi-builder-workspace/.derivedData/SDKExplicitPrecompiledModules/ImageIO-5CC6COR9KJYI1UBL7CSHLU2OG.pcm
SwiftExplicitDependencyGeneratePcm arm64 /Users/admin/builder/spi-builder-workspace/.derivedData/SDKExplicitPrecompiledModules/CoreText-6F9TY5TEPCCZ1K2KYM4GMEGHD.pcm
SwiftExplicitDependencyGeneratePcm arm64 /Users/admin/builder/spi-builder-workspace/.derivedData/SDKExplicitPrecompiledModules/Symbols-8G2XC01RPQ5HYIZE6JNUT864I.pcm
SwiftExplicitDependencyGeneratePcm arm64 /Users/admin/builder/spi-builder-workspace/.derivedData/SDKExplicitPrecompiledModules/Accessibility-1DR4J4YDVDGAYQTZ0FKZ1PU09.pcm
SwiftExplicitDependencyGeneratePcm arm64 /Users/admin/builder/spi-builder-workspace/.derivedData/SDKExplicitPrecompiledModules/_LocationEssentials-8GQGFVARUE99D8VJX3TINY0VP.pcm
SwiftExplicitDependencyGeneratePcm arm64 /Users/admin/builder/spi-builder-workspace/.derivedData/SDKExplicitPrecompiledModules/UIUtilities-AOVGLUWEAN6CG2UZFNESGSP6C.pcm
SwiftExplicitDependencyGeneratePcm arm64 /Users/admin/builder/spi-builder-workspace/.derivedData/SDKExplicitPrecompiledModules/UserNotifications-8IIV1V1FPNAPA4LY1Y23LOM2N.pcm
SwiftExplicitDependencyGeneratePcm arm64 /Users/admin/builder/spi-builder-workspace/.derivedData/SDKExplicitPrecompiledModules/DataDetection-BANTQ3WXXGKZJYC0LLB3MD9K0.pcm
SwiftExplicitDependencyGeneratePcm arm64 /Users/admin/builder/spi-builder-workspace/.derivedData/SDKExplicitPrecompiledModules/IOSurface-5FE9U89GVFF9A7X7AGO2R8ENI.pcm
SwiftExplicitDependencyGeneratePcm arm64 /Users/admin/builder/spi-builder-workspace/.derivedData/SDKExplicitPrecompiledModules/OSLog-BNGT87TS0GMBFF7TY70HHB69.pcm
SwiftExplicitDependencyGeneratePcm arm64 /Users/admin/builder/spi-builder-workspace/.derivedData/SDKExplicitPrecompiledModules/UniformTypeIdentifiers-E5KMWDZEKS4QW9RO1KBRDEXV6.pcm
SwiftExplicitDependencyGeneratePcm arm64 /Users/admin/builder/spi-builder-workspace/.derivedData/SDKExplicitPrecompiledModules/CoreTransferable-8TBYAKHCX6UC8QQSS7BD8GQK5.pcm
SwiftExplicitDependencyGeneratePcm arm64 /Users/admin/builder/spi-builder-workspace/.derivedData/SDKExplicitPrecompiledModules/FileProvider-C9I28SI56F2SEVH1BCWTKGODO.pcm
SwiftExplicitDependencyGeneratePcm arm64 /Users/admin/builder/spi-builder-workspace/.derivedData/SDKExplicitPrecompiledModules/CoreLocation-1SN37095DAPVJ068LLP9TBDQX.pcm
SwiftExplicitDependencyGeneratePcm arm64 /Users/admin/builder/spi-builder-workspace/.derivedData/SDKExplicitPrecompiledModules/OpenGLES-56BKSYXNVAP91BYZRWAKQZKGI.pcm
SwiftExplicitDependencyGeneratePcm arm64 /Users/admin/builder/spi-builder-workspace/.derivedData/SDKExplicitPrecompiledModules/Metal-EKNUM9P3PRIBHZK1ZBD6BA2T7.pcm
SwiftExplicitDependencyGeneratePcm arm64 /Users/admin/builder/spi-builder-workspace/.derivedData/SDKExplicitPrecompiledModules/CoreMotion-10LV922UPGE28QX2SOIO7ALIZ.pcm
SwiftExplicitDependencyGeneratePcm arm64 /Users/admin/builder/spi-builder-workspace/.derivedData/SDKExplicitPrecompiledModules/CoreVideo-E12HJSJSLO0YKWYBES11UKJ02.pcm
SwiftExplicitDependencyGeneratePcm arm64 /Users/admin/builder/spi-builder-workspace/.derivedData/SDKExplicitPrecompiledModules/QuartzCore-12T8WVKUNCL1N7VXH87MM4YOB.pcm
SwiftExplicitDependencyGeneratePcm arm64 /Users/admin/builder/spi-builder-workspace/.derivedData/SDKExplicitPrecompiledModules/CoreImage-8WF1P230U10QM666EQMNV7OF1.pcm
SwiftExplicitDependencyGeneratePcm arm64 /Users/admin/builder/spi-builder-workspace/.derivedData/SDKExplicitPrecompiledModules/SwiftUICore-6OBBMA39VFD4CB6SG2PE41FAP.pcm
SwiftExplicitDependencyGeneratePcm arm64 /Users/admin/builder/spi-builder-workspace/.derivedData/SDKExplicitPrecompiledModules/UIKit-2D2PMAAE45TMO6S28UCGCO5BR.pcm
SwiftEmitModule normal arm64 Emitting\ module\ for\ SharkUtils (in target 'SharkUtils' from project 'SharkUtils')
SwiftCompile normal arm64 (in target 'SharkUtils' from project 'SharkUtils')
cd /Users/admin/builder/spi-builder-workspace/.swiftpm/xcode
SwiftCompile normal arm64 Compiling\ ParallelRequests.swift,\ ParallelResultRequests.swift,\ RepeatingRequest.swift /Users/admin/builder/spi-builder-workspace/.dependencies/checkouts/ios-shark-utils/Sources/SharkUtils/Requests/ParallelRequests.swift /Users/admin/builder/spi-builder-workspace/.dependencies/checkouts/ios-shark-utils/Sources/SharkUtils/Requests/ParallelResultRequests.swift /Users/admin/builder/spi-builder-workspace/.dependencies/checkouts/ios-shark-utils/Sources/SharkUtils/Requests/RepeatingRequest.swift (in target 'SharkUtils' from project 'SharkUtils')
SwiftCompile normal arm64 /Users/admin/builder/spi-builder-workspace/.dependencies/checkouts/ios-shark-utils/Sources/SharkUtils/Requests/ParallelRequests.swift (in target 'SharkUtils' from project 'SharkUtils')
cd /Users/admin/builder/spi-builder-workspace/.swiftpm/xcode
builtin-SwiftPerFileCompile ParallelRequests.swift
SwiftCompile normal arm64 /Users/admin/builder/spi-builder-workspace/.dependencies/checkouts/ios-shark-utils/Sources/SharkUtils/Requests/ParallelResultRequests.swift (in target 'SharkUtils' from project 'SharkUtils')
cd /Users/admin/builder/spi-builder-workspace/.swiftpm/xcode
builtin-SwiftPerFileCompile ParallelResultRequests.swift
SwiftCompile normal arm64 /Users/admin/builder/spi-builder-workspace/.dependencies/checkouts/ios-shark-utils/Sources/SharkUtils/Requests/RepeatingRequest.swift (in target 'SharkUtils' from project 'SharkUtils')
cd /Users/admin/builder/spi-builder-workspace/.swiftpm/xcode
builtin-SwiftPerFileCompile RepeatingRequest.swift
SwiftCompile normal arm64 Compiling\ WeakContainable.swift,\ WeakNonOptional.swift,\ WriteSafe.swift /Users/admin/builder/spi-builder-workspace/.dependencies/checkouts/ios-shark-utils/Sources/SharkUtils/Utils/WeakContainable.swift /Users/admin/builder/spi-builder-workspace/.dependencies/checkouts/ios-shark-utils/Sources/SharkUtils/Utils/WeakNonOptional.swift /Users/admin/builder/spi-builder-workspace/.dependencies/checkouts/ios-shark-utils/Sources/SharkUtils/Utils/WriteSafe.swift (in target 'SharkUtils' from project 'SharkUtils')
SwiftCompile normal arm64 /Users/admin/builder/spi-builder-workspace/.dependencies/checkouts/ios-shark-utils/Sources/SharkUtils/Utils/WeakContainable.swift (in target 'SharkUtils' from project 'SharkUtils')
cd /Users/admin/builder/spi-builder-workspace/.swiftpm/xcode
builtin-SwiftPerFileCompile WeakContainable.swift
SwiftCompile normal arm64 /Users/admin/builder/spi-builder-workspace/.dependencies/checkouts/ios-shark-utils/Sources/SharkUtils/Utils/WeakNonOptional.swift (in target 'SharkUtils' from project 'SharkUtils')
cd /Users/admin/builder/spi-builder-workspace/.swiftpm/xcode
builtin-SwiftPerFileCompile WeakNonOptional.swift
SwiftCompile normal arm64 /Users/admin/builder/spi-builder-workspace/.dependencies/checkouts/ios-shark-utils/Sources/SharkUtils/Utils/WriteSafe.swift (in target 'SharkUtils' from project 'SharkUtils')
cd /Users/admin/builder/spi-builder-workspace/.swiftpm/xcode
builtin-SwiftPerFileCompile WriteSafe.swift
SwiftCompile normal arm64 Compiling\ UIStackViewConstructor.swift,\ AdditiveArithmetic.swift,\ CACornerMask.swift,\ CGSize.swift /Users/admin/builder/spi-builder-workspace/.dependencies/checkouts/ios-shark-utils/Sources/SharkUtils/Constraints/UIStackViewConstructor.swift /Users/admin/builder/spi-builder-workspace/.dependencies/checkouts/ios-shark-utils/Sources/SharkUtils/Extensions/AdditiveArithmetic.swift /Users/admin/builder/spi-builder-workspace/.dependencies/checkouts/ios-shark-utils/Sources/SharkUtils/Extensions/CACornerMask.swift /Users/admin/builder/spi-builder-workspace/.dependencies/checkouts/ios-shark-utils/Sources/SharkUtils/Extensions/CGSize.swift (in target 'SharkUtils' from project 'SharkUtils')
SwiftCompile normal arm64 /Users/admin/builder/spi-builder-workspace/.dependencies/checkouts/ios-shark-utils/Sources/SharkUtils/Constraints/UIStackViewConstructor.swift (in target 'SharkUtils' from project 'SharkUtils')
cd /Users/admin/builder/spi-builder-workspace/.swiftpm/xcode
builtin-SwiftPerFileCompile UIStackViewConstructor.swift
SwiftCompile normal arm64 /Users/admin/builder/spi-builder-workspace/.dependencies/checkouts/ios-shark-utils/Sources/SharkUtils/Extensions/AdditiveArithmetic.swift (in target 'SharkUtils' from project 'SharkUtils')
cd /Users/admin/builder/spi-builder-workspace/.swiftpm/xcode
builtin-SwiftPerFileCompile AdditiveArithmetic.swift
SwiftCompile normal arm64 /Users/admin/builder/spi-builder-workspace/.dependencies/checkouts/ios-shark-utils/Sources/SharkUtils/Extensions/CACornerMask.swift (in target 'SharkUtils' from project 'SharkUtils')
cd /Users/admin/builder/spi-builder-workspace/.swiftpm/xcode
builtin-SwiftPerFileCompile CACornerMask.swift
SwiftCompile normal arm64 /Users/admin/builder/spi-builder-workspace/.dependencies/checkouts/ios-shark-utils/Sources/SharkUtils/Extensions/CGSize.swift (in target 'SharkUtils' from project 'SharkUtils')
cd /Users/admin/builder/spi-builder-workspace/.swiftpm/xcode
builtin-SwiftPerFileCompile CGSize.swift
SwiftCompile normal arm64 Compiling\ AxesSet.swift,\ LayoutGuideSource.swift,\ PinningConstraintHelpers.swift,\ SizingConstraintHelpers.swift /Users/admin/builder/spi-builder-workspace/.dependencies/checkouts/ios-shark-utils/Sources/SharkUtils/Constraints/AxesSet.swift /Users/admin/builder/spi-builder-workspace/.dependencies/checkouts/ios-shark-utils/Sources/SharkUtils/Constraints/LayoutGuideSource.swift /Users/admin/builder/spi-builder-workspace/.dependencies/checkouts/ios-shark-utils/Sources/SharkUtils/Constraints/PinningConstraintHelpers.swift /Users/admin/builder/spi-builder-workspace/.dependencies/checkouts/ios-shark-utils/Sources/SharkUtils/Constraints/SizingConstraintHelpers.swift (in target 'SharkUtils' from project 'SharkUtils')
SwiftCompile normal arm64 /Users/admin/builder/spi-builder-workspace/.dependencies/checkouts/ios-shark-utils/Sources/SharkUtils/Constraints/AxesSet.swift (in target 'SharkUtils' from project 'SharkUtils')
cd /Users/admin/builder/spi-builder-workspace/.swiftpm/xcode
builtin-SwiftPerFileCompile AxesSet.swift
SwiftCompile normal arm64 /Users/admin/builder/spi-builder-workspace/.dependencies/checkouts/ios-shark-utils/Sources/SharkUtils/Constraints/LayoutGuideSource.swift (in target 'SharkUtils' from project 'SharkUtils')
cd /Users/admin/builder/spi-builder-workspace/.swiftpm/xcode
builtin-SwiftPerFileCompile LayoutGuideSource.swift
SwiftCompile normal arm64 /Users/admin/builder/spi-builder-workspace/.dependencies/checkouts/ios-shark-utils/Sources/SharkUtils/Constraints/PinningConstraintHelpers.swift (in target 'SharkUtils' from project 'SharkUtils')
cd /Users/admin/builder/spi-builder-workspace/.swiftpm/xcode
builtin-SwiftPerFileCompile PinningConstraintHelpers.swift
SwiftCompile normal arm64 /Users/admin/builder/spi-builder-workspace/.dependencies/checkouts/ios-shark-utils/Sources/SharkUtils/Constraints/SizingConstraintHelpers.swift (in target 'SharkUtils' from project 'SharkUtils')
cd /Users/admin/builder/spi-builder-workspace/.swiftpm/xcode
builtin-SwiftPerFileCompile SizingConstraintHelpers.swift
SwiftCompile normal arm64 Compiling\ ParameterErasure.swift,\ ThreadSafe.swift,\ WeakClosure.swift /Users/admin/builder/spi-builder-workspace/.dependencies/checkouts/ios-shark-utils/Sources/SharkUtils/Utils/ParameterErasure.swift /Users/admin/builder/spi-builder-workspace/.dependencies/checkouts/ios-shark-utils/Sources/SharkUtils/Utils/ThreadSafe.swift /Users/admin/builder/spi-builder-workspace/.dependencies/checkouts/ios-shark-utils/Sources/SharkUtils/Utils/WeakClosure.swift (in target 'SharkUtils' from project 'SharkUtils')
SwiftCompile normal arm64 /Users/admin/builder/spi-builder-workspace/.dependencies/checkouts/ios-shark-utils/Sources/SharkUtils/Utils/ParameterErasure.swift (in target 'SharkUtils' from project 'SharkUtils')
cd /Users/admin/builder/spi-builder-workspace/.swiftpm/xcode
builtin-SwiftPerFileCompile ParameterErasure.swift
SwiftCompile normal arm64 /Users/admin/builder/spi-builder-workspace/.dependencies/checkouts/ios-shark-utils/Sources/SharkUtils/Utils/ThreadSafe.swift (in target 'SharkUtils' from project 'SharkUtils')
cd /Users/admin/builder/spi-builder-workspace/.swiftpm/xcode
builtin-SwiftPerFileCompile ThreadSafe.swift
SwiftCompile normal arm64 /Users/admin/builder/spi-builder-workspace/.dependencies/checkouts/ios-shark-utils/Sources/SharkUtils/Utils/WeakClosure.swift (in target 'SharkUtils' from project 'SharkUtils')
cd /Users/admin/builder/spi-builder-workspace/.swiftpm/xcode
builtin-SwiftPerFileCompile WeakClosure.swift
SwiftCompile normal arm64 Compiling\ SequencedResultRequests.swift,\ Associatable.swift,\ BasicUIActionHandler.swift /Users/admin/builder/spi-builder-workspace/.dependencies/checkouts/ios-shark-utils/Sources/SharkUtils/Requests/SequencedResultRequests.swift /Users/admin/builder/spi-builder-workspace/.dependencies/checkouts/ios-shark-utils/Sources/SharkUtils/Utils/Associatable.swift /Users/admin/builder/spi-builder-workspace/.dependencies/checkouts/ios-shark-utils/Sources/SharkUtils/Utils/BasicUIActionHandler.swift (in target 'SharkUtils' from project 'SharkUtils')
SwiftCompile normal arm64 /Users/admin/builder/spi-builder-workspace/.dependencies/checkouts/ios-shark-utils/Sources/SharkUtils/Requests/SequencedResultRequests.swift (in target 'SharkUtils' from project 'SharkUtils')
cd /Users/admin/builder/spi-builder-workspace/.swiftpm/xcode
builtin-SwiftPerFileCompile SequencedResultRequests.swift
SwiftCompile normal arm64 /Users/admin/builder/spi-builder-workspace/.dependencies/checkouts/ios-shark-utils/Sources/SharkUtils/Utils/Associatable.swift (in target 'SharkUtils' from project 'SharkUtils')
cd /Users/admin/builder/spi-builder-workspace/.swiftpm/xcode
builtin-SwiftPerFileCompile Associatable.swift
SwiftCompile normal arm64 /Users/admin/builder/spi-builder-workspace/.dependencies/checkouts/ios-shark-utils/Sources/SharkUtils/Utils/BasicUIActionHandler.swift (in target 'SharkUtils' from project 'SharkUtils')
cd /Users/admin/builder/spi-builder-workspace/.swiftpm/xcode
builtin-SwiftPerFileCompile BasicUIActionHandler.swift
SwiftCompile normal arm64 Compiling\ OptionalExtensions.swift,\ ResultExtensions.swift,\ UIEdgeInsets.swift /Users/admin/builder/spi-builder-workspace/.dependencies/checkouts/ios-shark-utils/Sources/SharkUtils/Extensions/OptionalExtensions.swift /Users/admin/builder/spi-builder-workspace/.dependencies/checkouts/ios-shark-utils/Sources/SharkUtils/Extensions/ResultExtensions.swift /Users/admin/builder/spi-builder-workspace/.dependencies/checkouts/ios-shark-utils/Sources/SharkUtils/Extensions/UIEdgeInsets.swift (in target 'SharkUtils' from project 'SharkUtils')
SwiftCompile normal arm64 /Users/admin/builder/spi-builder-workspace/.dependencies/checkouts/ios-shark-utils/Sources/SharkUtils/Extensions/OptionalExtensions.swift (in target 'SharkUtils' from project 'SharkUtils')
cd /Users/admin/builder/spi-builder-workspace/.swiftpm/xcode
builtin-SwiftPerFileCompile OptionalExtensions.swift
SwiftCompile normal arm64 /Users/admin/builder/spi-builder-workspace/.dependencies/checkouts/ios-shark-utils/Sources/SharkUtils/Extensions/ResultExtensions.swift (in target 'SharkUtils' from project 'SharkUtils')
cd /Users/admin/builder/spi-builder-workspace/.swiftpm/xcode
builtin-SwiftPerFileCompile ResultExtensions.swift
SwiftCompile normal arm64 /Users/admin/builder/spi-builder-workspace/.dependencies/checkouts/ios-shark-utils/Sources/SharkUtils/Extensions/UIEdgeInsets.swift (in target 'SharkUtils' from project 'SharkUtils')
cd /Users/admin/builder/spi-builder-workspace/.swiftpm/xcode
builtin-SwiftPerFileCompile UIEdgeInsets.swift
SwiftCompile normal arm64 Compiling\ Chainable.swift,\ GenericArrayBuilder.swift,\ NSRegularExpressionExtensions.swift /Users/admin/builder/spi-builder-workspace/.dependencies/checkouts/ios-shark-utils/Sources/SharkUtils/Utils/Chainable.swift /Users/admin/builder/spi-builder-workspace/.dependencies/checkouts/ios-shark-utils/Sources/SharkUtils/Utils/GenericArrayBuilder.swift /Users/admin/builder/spi-builder-workspace/.dependencies/checkouts/ios-shark-utils/Sources/SharkUtils/Utils/NSRegularExpressionExtensions.swift (in target 'SharkUtils' from project 'SharkUtils')
SwiftCompile normal arm64 /Users/admin/builder/spi-builder-workspace/.dependencies/checkouts/ios-shark-utils/Sources/SharkUtils/Utils/Chainable.swift (in target 'SharkUtils' from project 'SharkUtils')
cd /Users/admin/builder/spi-builder-workspace/.swiftpm/xcode
builtin-SwiftPerFileCompile Chainable.swift
SwiftCompile normal arm64 /Users/admin/builder/spi-builder-workspace/.dependencies/checkouts/ios-shark-utils/Sources/SharkUtils/Utils/GenericArrayBuilder.swift (in target 'SharkUtils' from project 'SharkUtils')
cd /Users/admin/builder/spi-builder-workspace/.swiftpm/xcode
builtin-SwiftPerFileCompile GenericArrayBuilder.swift
SwiftCompile normal arm64 /Users/admin/builder/spi-builder-workspace/.dependencies/checkouts/ios-shark-utils/Sources/SharkUtils/Utils/NSRegularExpressionExtensions.swift (in target 'SharkUtils' from project 'SharkUtils')
cd /Users/admin/builder/spi-builder-workspace/.swiftpm/xcode
builtin-SwiftPerFileCompile NSRegularExpressionExtensions.swift
SwiftCompile normal arm64 Compiling\ ObservableExtensions.swift,\ ObserverSet.swift,\ AsyncRequest.swift /Users/admin/builder/spi-builder-workspace/.dependencies/checkouts/ios-shark-utils/Sources/SharkUtils/Observable/ObservableExtensions.swift /Users/admin/builder/spi-builder-workspace/.dependencies/checkouts/ios-shark-utils/Sources/SharkUtils/Observable/ObserverSet.swift /Users/admin/builder/spi-builder-workspace/.dependencies/checkouts/ios-shark-utils/Sources/SharkUtils/Requests/AsyncRequest.swift (in target 'SharkUtils' from project 'SharkUtils')
SwiftCompile normal arm64 /Users/admin/builder/spi-builder-workspace/.dependencies/checkouts/ios-shark-utils/Sources/SharkUtils/Observable/ObservableExtensions.swift (in target 'SharkUtils' from project 'SharkUtils')
cd /Users/admin/builder/spi-builder-workspace/.swiftpm/xcode
builtin-SwiftPerFileCompile ObservableExtensions.swift
SwiftCompile normal arm64 /Users/admin/builder/spi-builder-workspace/.dependencies/checkouts/ios-shark-utils/Sources/SharkUtils/Observable/ObserverSet.swift (in target 'SharkUtils' from project 'SharkUtils')
cd /Users/admin/builder/spi-builder-workspace/.swiftpm/xcode
builtin-SwiftPerFileCompile ObserverSet.swift
SwiftCompile normal arm64 /Users/admin/builder/spi-builder-workspace/.dependencies/checkouts/ios-shark-utils/Sources/SharkUtils/Requests/AsyncRequest.swift (in target 'SharkUtils' from project 'SharkUtils')
cd /Users/admin/builder/spi-builder-workspace/.swiftpm/xcode
builtin-SwiftPerFileCompile AsyncRequest.swift
SwiftCompile normal arm64 Compiling\ UIStackView.swift,\ UIView.swift,\ Observable.swift /Users/admin/builder/spi-builder-workspace/.dependencies/checkouts/ios-shark-utils/Sources/SharkUtils/Extensions/UIStackView.swift /Users/admin/builder/spi-builder-workspace/.dependencies/checkouts/ios-shark-utils/Sources/SharkUtils/Extensions/UIView.swift /Users/admin/builder/spi-builder-workspace/.dependencies/checkouts/ios-shark-utils/Sources/SharkUtils/Observable/Observable.swift (in target 'SharkUtils' from project 'SharkUtils')
SwiftCompile normal arm64 /Users/admin/builder/spi-builder-workspace/.dependencies/checkouts/ios-shark-utils/Sources/SharkUtils/Extensions/UIStackView.swift (in target 'SharkUtils' from project 'SharkUtils')
cd /Users/admin/builder/spi-builder-workspace/.swiftpm/xcode
builtin-SwiftPerFileCompile UIStackView.swift
SwiftCompile normal arm64 /Users/admin/builder/spi-builder-workspace/.dependencies/checkouts/ios-shark-utils/Sources/SharkUtils/Extensions/UIView.swift (in target 'SharkUtils' from project 'SharkUtils')
cd /Users/admin/builder/spi-builder-workspace/.swiftpm/xcode
builtin-SwiftPerFileCompile UIView.swift
SwiftCompile normal arm64 /Users/admin/builder/spi-builder-workspace/.dependencies/checkouts/ios-shark-utils/Sources/SharkUtils/Observable/Observable.swift (in target 'SharkUtils' from project 'SharkUtils')
cd /Users/admin/builder/spi-builder-workspace/.swiftpm/xcode
builtin-SwiftPerFileCompile Observable.swift
SwiftDriverJobDiscovery normal arm64 Emitting module for SharkUtils (in target 'SharkUtils' from project 'SharkUtils')
SwiftDriver\ Compilation\ Requirements SharkUtils normal arm64 com.apple.xcode.tools.swift.compiler (in target 'SharkUtils' from project 'SharkUtils')
cd /Users/admin/builder/spi-builder-workspace/.swiftpm/xcode
builtin-Swift-Compilation-Requirements -- /Applications/Xcode-27.0.0-Release.Candidate.app/Contents/Developer/Toolchains/XcodeDefault.xctoolchain/usr/bin/swiftc -parse-as-library -module-name SharkUtils -Onone @/Users/admin/builder/spi-builder-workspace/.derivedData/Build/Intermediates.noindex/SharkUtils.build/Debug-xros/SharkUtils-t.build/Objects-normal/arm64/SharkUtils.SwiftFileList -DSWIFT_PACKAGE -DDEBUG -DSWIFT_MODULE_RESOURCE_BUNDLE_UNAVAILABLE -DXcode -plugin-path /Applications/Xcode-27.0.0-Release.Candidate.app/Contents/Developer/Toolchains/XcodeDefault.xctoolchain/usr/lib/swift/host/plugins/testing -enable-experimental-feature DebugDescriptionMacro -sdk /Applications/Xcode-27.0.0-Release.Candidate.app/Contents/Developer/Platforms/XROS.platform/Developer/SDKs/XROS27.0.sdk -target arm64-apple-xros1.0 -g -module-cache-path /Users/admin/builder/spi-builder-workspace/.derivedData/ModuleCache.noindex -Xfrontend -serialize-debugging-options -enable-testing -suppress-warnings -index-store-path /Users/admin/builder/spi-builder-workspace/.derivedData/Index.noindex/DataStore -Xcc -D_LIBCPP_HARDENING_MODE\=_LIBCPP_HARDENING_MODE_DEBUG -swift-version 5 -I /Users/admin/builder/spi-builder-workspace/.derivedData/Build/Products/Debug-xros -Isystem /Applications/Xcode-27.0.0-Release.Candidate.app/Contents/Developer/Platforms/XROS.platform/Developer/usr/lib -F /Users/admin/builder/spi-builder-workspace/.derivedData/Build/Products/Debug-xros -F /Applications/Xcode-27.0.0-Release.Candidate.app/Contents/Developer/Platforms/XROS.platform/Developer/Library/Frameworks -F /Applications/Xcode-27.0.0-Release.Candidate.app/Contents/Developer/Platforms/XROS.platform/Developer/SDKs/XROS27.0.sdk/Developer/Library/Frameworks -c -j10 -enable-batch-mode -incremental -Xcc -ivfsstatcache -Xcc /Users/admin/builder/spi-builder-workspace/.derivedData/SDKStatCaches.noindex/xros27.0-24M361-e829b21a6f8c9b70876ba0858053c044735bd543db762f57723cac368afd1ce4.sdkstatcache -output-file-map /Users/admin/builder/spi-builder-workspace/.derivedData/Build/Intermediates.noindex/SharkUtils.build/Debug-xros/SharkUtils-t.build/Objects-normal/arm64/SharkUtils-OutputFileMap.json -save-temps -no-color-diagnostics -explicit-module-build -module-cache-path /Users/admin/builder/spi-builder-workspace/.derivedData/Build/Intermediates.noindex/SwiftExplicitPrecompiledModules -clang-scanner-module-cache-path /Users/admin/builder/spi-builder-workspace/.derivedData/ModuleCache.noindex -sdk-module-cache-path /Users/admin/builder/spi-builder-workspace/.derivedData/SDKExplicitPrecompiledModules -emit-dependencies -emit-module -emit-module-path /Users/admin/builder/spi-builder-workspace/.derivedData/Build/Intermediates.noindex/SharkUtils.build/Debug-xros/SharkUtils-t.build/Objects-normal/arm64/SharkUtils.swiftmodule -serialize-diagnostics -dependency-scan-serialize-diagnostics-path /Users/admin/builder/spi-builder-workspace/.derivedData/Build/Intermediates.noindex/SharkUtils.build/Debug-xros/SharkUtils-t.build/Objects-normal/arm64/SharkUtils-dependency-scan.dia -validate-clang-modules-once -clang-build-session-file /Users/admin/builder/spi-builder-workspace/.derivedData/ModuleCache.noindex/Session.modulevalidation -Xcc -fmodules-prune-interval\=86400 -Xcc -fmodules-prune-after\=345600 -emit-const-values -const-gather-protocols-list /Users/admin/builder/spi-builder-workspace/.derivedData/Build/Intermediates.noindex/SharkUtils.build/Debug-xros/SharkUtils-t.build/Objects-normal/arm64/SharkUtils_const_extract_protocols.json -Xcc -I/Users/admin/builder/spi-builder-workspace/.derivedData/Build/Products/Debug-xros/include -Xcc -I/Users/admin/builder/spi-builder-workspace/.derivedData/Build/Intermediates.noindex/SharkUtils.build/Debug-xros/SharkUtils-t.build/DerivedSources-normal/arm64 -Xcc -I/Users/admin/builder/spi-builder-workspace/.derivedData/Build/Intermediates.noindex/SharkUtils.build/Debug-xros/SharkUtils-t.build/DerivedSources/arm64 -Xcc -I/Users/admin/builder/spi-builder-workspace/.derivedData/Build/Intermediates.noindex/SharkUtils.build/Debug-xros/SharkUtils-t.build/DerivedSources -Xcc -DSWIFT_PACKAGE -Xcc -DDEBUG\=1 -emit-objc-header -emit-objc-header-path /Users/admin/builder/spi-builder-workspace/.derivedData/Build/Intermediates.noindex/SharkUtils.build/Debug-xros/SharkUtils-t.build/Objects-normal/arm64/SharkUtils-Swift.h -working-directory /Users/admin/builder/spi-builder-workspace/.swiftpm/xcode -experimental-emit-module-separately -disable-cmo
SwiftDriverJobDiscovery normal arm64 Compiling ParameterErasure.swift, ThreadSafe.swift, WeakClosure.swift (in target 'SharkUtils' from project 'SharkUtils')
SwiftDriverJobDiscovery normal arm64 Compiling WeakContainable.swift, WeakNonOptional.swift, WriteSafe.swift (in target 'SharkUtils' from project 'SharkUtils')
SwiftDriverJobDiscovery normal arm64 Compiling ObservableExtensions.swift, ObserverSet.swift, AsyncRequest.swift (in target 'SharkUtils' from project 'SharkUtils')
SwiftDriverJobDiscovery normal arm64 Compiling ParallelRequests.swift, ParallelResultRequests.swift, RepeatingRequest.swift (in target 'SharkUtils' from project 'SharkUtils')
SwiftDriverJobDiscovery normal arm64 Compiling Chainable.swift, GenericArrayBuilder.swift, NSRegularExpressionExtensions.swift (in target 'SharkUtils' from project 'SharkUtils')
SwiftMergeGeneratedHeaders /Users/admin/builder/spi-builder-workspace/.derivedData/Build/Intermediates.noindex/GeneratedModuleMaps-xros/SharkUtils-Swift.h /Users/admin/builder/spi-builder-workspace/.derivedData/Build/Intermediates.noindex/SharkUtils.build/Debug-xros/SharkUtils-t.build/Objects-normal/arm64/SharkUtils-Swift.h (in target 'SharkUtils' from project 'SharkUtils')
cd /Users/admin/builder/spi-builder-workspace/.dependencies/checkouts/ios-shark-utils
builtin-swiftHeaderTool -arch arm64 /Users/admin/builder/spi-builder-workspace/.derivedData/Build/Intermediates.noindex/SharkUtils.build/Debug-xros/SharkUtils-t.build/Objects-normal/arm64/SharkUtils-Swift.h -o /Users/admin/builder/spi-builder-workspace/.derivedData/Build/Intermediates.noindex/GeneratedModuleMaps-xros/SharkUtils-Swift.h
Copy /Users/admin/builder/spi-builder-workspace/.derivedData/Build/Products/Debug-xros/SharkUtils.swiftmodule/arm64-apple-xros.swiftmodule /Users/admin/builder/spi-builder-workspace/.derivedData/Build/Intermediates.noindex/SharkUtils.build/Debug-xros/SharkUtils-t.build/Objects-normal/arm64/SharkUtils.swiftmodule (in target 'SharkUtils' from project 'SharkUtils')
cd /Users/admin/builder/spi-builder-workspace/.dependencies/checkouts/ios-shark-utils
builtin-copy -exclude .DS_Store -exclude CVS -exclude .svn -exclude .git -exclude .hg -resolve-src-symlinks -rename /Users/admin/builder/spi-builder-workspace/.derivedData/Build/Intermediates.noindex/SharkUtils.build/Debug-xros/SharkUtils-t.build/Objects-normal/arm64/SharkUtils.swiftmodule /Users/admin/builder/spi-builder-workspace/.derivedData/Build/Products/Debug-xros/SharkUtils.swiftmodule/arm64-apple-xros.swiftmodule
Copy /Users/admin/builder/spi-builder-workspace/.derivedData/Build/Products/Debug-xros/SharkUtils.swiftmodule/arm64-apple-xros.abi.json /Users/admin/builder/spi-builder-workspace/.derivedData/Build/Intermediates.noindex/SharkUtils.build/Debug-xros/SharkUtils-t.build/Objects-normal/arm64/SharkUtils.abi.json (in target 'SharkUtils' from project 'SharkUtils')
cd /Users/admin/builder/spi-builder-workspace/.dependencies/checkouts/ios-shark-utils
builtin-copy -exclude .DS_Store -exclude CVS -exclude .svn -exclude .git -exclude .hg -resolve-src-symlinks -rename /Users/admin/builder/spi-builder-workspace/.derivedData/Build/Intermediates.noindex/SharkUtils.build/Debug-xros/SharkUtils-t.build/Objects-normal/arm64/SharkUtils.abi.json /Users/admin/builder/spi-builder-workspace/.derivedData/Build/Products/Debug-xros/SharkUtils.swiftmodule/arm64-apple-xros.abi.json
Copy /Users/admin/builder/spi-builder-workspace/.derivedData/Build/Products/Debug-xros/SharkUtils.swiftmodule/arm64-apple-xros.swiftdoc /Users/admin/builder/spi-builder-workspace/.derivedData/Build/Intermediates.noindex/SharkUtils.build/Debug-xros/SharkUtils-t.build/Objects-normal/arm64/SharkUtils.swiftdoc (in target 'SharkUtils' from project 'SharkUtils')
cd /Users/admin/builder/spi-builder-workspace/.dependencies/checkouts/ios-shark-utils
builtin-copy -exclude .DS_Store -exclude CVS -exclude .svn -exclude .git -exclude .hg -resolve-src-symlinks -rename /Users/admin/builder/spi-builder-workspace/.derivedData/Build/Intermediates.noindex/SharkUtils.build/Debug-xros/SharkUtils-t.build/Objects-normal/arm64/SharkUtils.swiftdoc /Users/admin/builder/spi-builder-workspace/.derivedData/Build/Products/Debug-xros/SharkUtils.swiftmodule/arm64-apple-xros.swiftdoc
Copy /Users/admin/builder/spi-builder-workspace/.derivedData/Build/Products/Debug-xros/SharkUtils.swiftmodule/Project/arm64-apple-xros.swiftsourceinfo /Users/admin/builder/spi-builder-workspace/.derivedData/Build/Intermediates.noindex/SharkUtils.build/Debug-xros/SharkUtils-t.build/Objects-normal/arm64/SharkUtils.swiftsourceinfo (in target 'SharkUtils' from project 'SharkUtils')
cd /Users/admin/builder/spi-builder-workspace/.dependencies/checkouts/ios-shark-utils
builtin-copy -exclude .DS_Store -exclude CVS -exclude .svn -exclude .git -exclude .hg -resolve-src-symlinks -rename /Users/admin/builder/spi-builder-workspace/.derivedData/Build/Intermediates.noindex/SharkUtils.build/Debug-xros/SharkUtils-t.build/Objects-normal/arm64/SharkUtils.swiftsourceinfo /Users/admin/builder/spi-builder-workspace/.derivedData/Build/Products/Debug-xros/SharkUtils.swiftmodule/Project/arm64-apple-xros.swiftsourceinfo
GenerateAssetSymbols /Users/admin/builder/spi-builder-workspace/Sources/SharkCardScan/Images.xcassets (in target 'SharkCardScan' from project 'SharkCardScan')
cd /Users/admin/builder/spi-builder-workspace
/Applications/Xcode-27.0.0-Release.Candidate.app/Contents/Developer/usr/bin/actool /Users/admin/builder/spi-builder-workspace/Sources/SharkCardScan/Images.xcassets --compile /Users/admin/builder/spi-builder-workspace/.derivedData/Build/Products/Debug-xros --output-format human-readable-text --notices --warnings --export-dependency-info /Users/admin/builder/spi-builder-workspace/.derivedData/Build/Intermediates.noindex/SharkCardScan.build/Debug-xros/SharkCardScan-t.build/assetcatalog_dependencies --output-partial-info-plist /Users/admin/builder/spi-builder-workspace/.derivedData/Build/Intermediates.noindex/SharkCardScan.build/Debug-xros/SharkCardScan-t.build/assetcatalog_generated_info.plist --compress-pngs --enable-on-demand-resources NO --development-region en --target-device vision --minimum-deployment-target 1.0 --platform xros --bundle-identifier spi-builder-workspace.SharkCardScan --generate-swift-asset-symbol-extensions NO --generate-swift-asset-symbols /Users/admin/builder/spi-builder-workspace/.derivedData/Build/Intermediates.noindex/SharkCardScan.build/Debug-xros/SharkCardScan-t.build/DerivedSources/GeneratedAssetSymbols.swift --generate-objc-asset-symbols /Users/admin/builder/spi-builder-workspace/.derivedData/Build/Intermediates.noindex/SharkCardScan.build/Debug-xros/SharkCardScan-t.build/DerivedSources/GeneratedAssetSymbols.h --generate-asset-symbol-index /Users/admin/builder/spi-builder-workspace/.derivedData/Build/Intermediates.noindex/SharkCardScan.build/Debug-xros/SharkCardScan-t.build/DerivedSources/GeneratedAssetSymbols-Index.plist
/* com.apple.actool.compilation-results */
/Users/admin/builder/spi-builder-workspace/.derivedData/Build/Intermediates.noindex/SharkCardScan.build/Debug-xros/SharkCardScan-t.build/DerivedSources/GeneratedAssetSymbols-Index.plist
/Users/admin/builder/spi-builder-workspace/.derivedData/Build/Intermediates.noindex/SharkCardScan.build/Debug-xros/SharkCardScan-t.build/DerivedSources/GeneratedAssetSymbols.h
/Users/admin/builder/spi-builder-workspace/.derivedData/Build/Intermediates.noindex/SharkCardScan.build/Debug-xros/SharkCardScan-t.build/DerivedSources/GeneratedAssetSymbols.swift
SwiftDriver SharkCardScan normal arm64 com.apple.xcode.tools.swift.compiler (in target 'SharkCardScan' from project 'SharkCardScan')
cd /Users/admin/builder/spi-builder-workspace/.swiftpm/xcode
builtin-SwiftDriver -- /Applications/Xcode-27.0.0-Release.Candidate.app/Contents/Developer/Toolchains/XcodeDefault.xctoolchain/usr/bin/swiftc -parse-as-library -module-name SharkCardScan -Onone @/Users/admin/builder/spi-builder-workspace/.derivedData/Build/Intermediates.noindex/SharkCardScan.build/Debug-xros/SharkCardScan-t.build/Objects-normal/arm64/SharkCardScan.SwiftFileList -DSWIFT_PACKAGE -DDEBUG -DSWIFT_MODULE_RESOURCE_BUNDLE_AVAILABLE -DXcode -plugin-path /Applications/Xcode-27.0.0-Release.Candidate.app/Contents/Developer/Toolchains/XcodeDefault.xctoolchain/usr/lib/swift/host/plugins/testing -enable-experimental-feature DebugDescriptionMacro -sdk /Applications/Xcode-27.0.0-Release.Candidate.app/Contents/Developer/Platforms/XROS.platform/Developer/SDKs/XROS27.0.sdk -target arm64-apple-xros1.0 -g -module-cache-path /Users/admin/builder/spi-builder-workspace/.derivedData/ModuleCache.noindex -Xfrontend -serialize-debugging-options -enable-testing -index-store-path /Users/admin/builder/spi-builder-workspace/.derivedData/Index.noindex/DataStore -Xcc -D_LIBCPP_HARDENING_MODE\=_LIBCPP_HARDENING_MODE_DEBUG -swift-version 5 -I /Users/admin/builder/spi-builder-workspace/.derivedData/Build/Products/Debug-xros -Isystem /Applications/Xcode-27.0.0-Release.Candidate.app/Contents/Developer/Platforms/XROS.platform/Developer/usr/lib -F /Users/admin/builder/spi-builder-workspace/.derivedData/Build/Products/Debug-xros/PackageFrameworks -F /Users/admin/builder/spi-builder-workspace/.derivedData/Build/Products/Debug-xros -F /Applications/Xcode-27.0.0-Release.Candidate.app/Contents/Developer/Platforms/XROS.platform/Developer/Library/Frameworks -F /Applications/Xcode-27.0.0-Release.Candidate.app/Contents/Developer/Platforms/XROS.platform/Developer/SDKs/XROS27.0.sdk/Developer/Library/Frameworks -c -j10 -enable-batch-mode -incremental -Xcc -ivfsstatcache -Xcc /Users/admin/builder/spi-builder-workspace/.derivedData/SDKStatCaches.noindex/xros27.0-24M361-e829b21a6f8c9b70876ba0858053c044735bd543db762f57723cac368afd1ce4.sdkstatcache -output-file-map /Users/admin/builder/spi-builder-workspace/.derivedData/Build/Intermediates.noindex/SharkCardScan.build/Debug-xros/SharkCardScan-t.build/Objects-normal/arm64/SharkCardScan-OutputFileMap.json -save-temps -no-color-diagnostics -explicit-module-build -module-cache-path /Users/admin/builder/spi-builder-workspace/.derivedData/Build/Intermediates.noindex/SwiftExplicitPrecompiledModules -clang-scanner-module-cache-path /Users/admin/builder/spi-builder-workspace/.derivedData/ModuleCache.noindex -sdk-module-cache-path /Users/admin/builder/spi-builder-workspace/.derivedData/SDKExplicitPrecompiledModules -emit-dependencies -emit-module -emit-module-path /Users/admin/builder/spi-builder-workspace/.derivedData/Build/Intermediates.noindex/SharkCardScan.build/Debug-xros/SharkCardScan-t.build/Objects-normal/arm64/SharkCardScan.swiftmodule -serialize-diagnostics -dependency-scan-serialize-diagnostics-path /Users/admin/builder/spi-builder-workspace/.derivedData/Build/Intermediates.noindex/SharkCardScan.build/Debug-xros/SharkCardScan-t.build/Objects-normal/arm64/SharkCardScan-dependency-scan.dia -validate-clang-modules-once -clang-build-session-file /Users/admin/builder/spi-builder-workspace/.derivedData/ModuleCache.noindex/Session.modulevalidation -Xcc -fmodules-prune-interval\=86400 -Xcc -fmodules-prune-after\=345600 -emit-const-values -const-gather-protocols-list /Users/admin/builder/spi-builder-workspace/.derivedData/Build/Intermediates.noindex/SharkCardScan.build/Debug-xros/SharkCardScan-t.build/Objects-normal/arm64/SharkCardScan_const_extract_protocols.json -Xcc -I/Users/admin/builder/spi-builder-workspace/.derivedData/Build/Products/Debug-xros/include -Xcc -I/Users/admin/builder/spi-builder-workspace/.derivedData/Build/Intermediates.noindex/SharkCardScan.build/Debug-xros/SharkCardScan-t.build/DerivedSources-normal/arm64 -Xcc -I/Users/admin/builder/spi-builder-workspace/.derivedData/Build/Intermediates.noindex/SharkCardScan.build/Debug-xros/SharkCardScan-t.build/DerivedSources/arm64 -Xcc -I/Users/admin/builder/spi-builder-workspace/.derivedData/Build/Intermediates.noindex/SharkCardScan.build/Debug-xros/SharkCardScan-t.build/DerivedSources -Xcc -DSWIFT_PACKAGE -Xcc -DDEBUG\=1 -emit-objc-header -emit-objc-header-path /Users/admin/builder/spi-builder-workspace/.derivedData/Build/Intermediates.noindex/SharkCardScan.build/Debug-xros/SharkCardScan-t.build/Objects-normal/arm64/SharkCardScan-Swift.h -working-directory /Users/admin/builder/spi-builder-workspace/.swiftpm/xcode -experimental-emit-module-separately -disable-cmo
SwiftExplicitDependencyGeneratePcm arm64 /Users/admin/builder/spi-builder-workspace/.derivedData/SDKExplicitPrecompiledModules/VisionKit-6PUWTA12KT74B0AF7PBMXNP2.pcm
SwiftExplicitDependencyCompileModuleFromInterface arm64 /Users/admin/builder/spi-builder-workspace/.derivedData/SDKExplicitPrecompiledModules/RealityCoreDeformation-3V2TNFJF8KODL.swiftmodule
SwiftExplicitDependencyGeneratePcm arm64 /Users/admin/builder/spi-builder-workspace/.derivedData/SDKExplicitPrecompiledModules/CoreAudioTypes-45UXYEQRN95KG6BF2CW0QIYK9.pcm
SwiftExplicitDependencyGeneratePcm arm64 /Users/admin/builder/spi-builder-workspace/.derivedData/SDKExplicitPrecompiledModules/ShaderGraph-AW1O397P711WTY8KSK8LZX9YA.pcm
SwiftExplicitDependencyGeneratePcm arm64 /Users/admin/builder/spi-builder-workspace/.derivedData/SDKExplicitPrecompiledModules/Compression-A73VUOXIGFBWKHP7AAN1UMM21.pcm
SwiftExplicitDependencyGeneratePcm arm64 /Users/admin/builder/spi-builder-workspace/.derivedData/SDKExplicitPrecompiledModules/MultipeerConnectivity-36RZ59WKAK6KLYXH3MOCI7E94.pcm
SwiftExplicitDependencyGeneratePcm arm64 /Users/admin/builder/spi-builder-workspace/.derivedData/SDKExplicitPrecompiledModules/GameController-7QL0VMQHE24OWQFUR0UFT89DW.pcm
SwiftExplicitDependencyGeneratePcm arm64 /Users/admin/builder/spi-builder-workspace/.derivedData/SDKExplicitPrecompiledModules/Accelerate-2EJV0KG1LAS0FX3VABEWCWM4I.pcm
SwiftExplicitDependencyGeneratePcm arm64 /Users/admin/builder/spi-builder-workspace/.derivedData/SDKExplicitPrecompiledModules/CoreMIDI-7L19IC4ZH9BPYLVTD8IIFWN9R.pcm
SwiftExplicitDependencyGeneratePcm arm64 /Users/admin/builder/spi-builder-workspace/.derivedData/SDKExplicitPrecompiledModules/SwiftUI-77PUPXISY3V3TUF5FJEHUQC86.pcm
SwiftExplicitDependencyGeneratePcm arm64 /Users/admin/builder/spi-builder-workspace/.derivedData/SDKExplicitPrecompiledModules/LocalAuthentication-9MSPUJ85OBXBTOD7NJCT1GZ0O.pcm
SwiftExplicitDependencyGeneratePcm arm64 /Users/admin/builder/spi-builder-workspace/.derivedData/SDKExplicitPrecompiledModules/CloudKit-8H34CCWTKF0HWDZN9I1SWPFRC.pcm
SwiftExplicitDependencyGeneratePcm arm64 /Users/admin/builder/spi-builder-workspace/.derivedData/SDKExplicitPrecompiledModules/RealityCoreTextureProcessing-8QLQPA19YF2PPHFODB8BAJCS2.pcm
SwiftExplicitDependencyGeneratePcm arm64 /Users/admin/builder/spi-builder-workspace/.derivedData/SDKExplicitPrecompiledModules/ARKitFoundation-3N77COW7DLP77CM0PWZXSR9BD.pcm
SwiftExplicitDependencyGeneratePcm arm64 /Users/admin/builder/spi-builder-workspace/.derivedData/SDKExplicitPrecompiledModules/CoreAudio-CXS3C78T5TQDGLEGXIBJ04WJ4.pcm
SwiftExplicitDependencyCompileModuleFromInterface arm64 /Users/admin/builder/spi-builder-workspace/.derivedData/SDKExplicitPrecompiledModules/RealityCoreTextureProcessing-1N2A3U6JL8K1P.swiftmodule
SwiftExplicitDependencyCompileModuleFromInterface arm64 /Users/admin/builder/spi-builder-workspace/.derivedData/SDKExplicitPrecompiledModules/ShaderGraph-URHKVVOFZL5Z.swiftmodule
SwiftExplicitDependencyGeneratePcm arm64 /Users/admin/builder/spi-builder-workspace/.derivedData/SDKExplicitPrecompiledModules/GroupActivities-9DH6EA1Q2QXCQYXVI12G7WMUR.pcm
SwiftExplicitDependencyGeneratePcm arm64 /Users/admin/builder/spi-builder-workspace/.derivedData/SDKExplicitPrecompiledModules/dnssd-CCUV1M8EULNEQJUXO7L0PJAL4.pcm
SwiftExplicitDependencyGeneratePcm arm64 /Users/admin/builder/spi-builder-workspace/.derivedData/SDKExplicitPrecompiledModules/CoreMedia-D1IBHC28BRHWLNUG1Q75G5YN0.pcm
SwiftExplicitDependencyGeneratePcm arm64 /Users/admin/builder/spi-builder-workspace/.derivedData/SDKExplicitPrecompiledModules/CoreML-37QYERWC0RQN4IY4377UD0TY1.pcm
SwiftExplicitDependencyGeneratePcm arm64 /Users/admin/builder/spi-builder-workspace/.derivedData/SDKExplicitPrecompiledModules/CoreData-73N6Z547OZUEZ8ADGEC6XRHWN.pcm
SwiftExplicitDependencyGeneratePcm arm64 /Users/admin/builder/spi-builder-workspace/.derivedData/SDKExplicitPrecompiledModules/Network-EQPZZF3W6BWG89K0PY9NZO3T0.pcm
SwiftExplicitDependencyGeneratePcm arm64 /Users/admin/builder/spi-builder-workspace/.derivedData/SDKExplicitPrecompiledModules/AudioToolbox-2K3S8EA590EB3GMH6D6784BWZ.pcm
SwiftExplicitDependencyGeneratePcm arm64 /Users/admin/builder/spi-builder-workspace/.derivedData/SDKExplicitPrecompiledModules/Vision-DVVG9MQGC3IMTVPTC1691MQ6Z.pcm
SwiftExplicitDependencyGeneratePcm arm64 /Users/admin/builder/spi-builder-workspace/.derivedData/SDKExplicitPrecompiledModules/VideoToolbox-7I4MDYIPJ4IWU1ZSL4JE3I7M6.pcm
SwiftExplicitDependencyCompileModuleFromInterface arm64 /Users/admin/builder/spi-builder-workspace/.derivedData/SDKExplicitPrecompiledModules/RealityCoreRenderer-1BXNYUA9X4EGQ.swiftmodule
SwiftDriverJobDiscovery normal arm64 Compiling UIStackView.swift, UIView.swift, Observable.swift (in target 'SharkUtils' from project 'SharkUtils')
SwiftDriverJobDiscovery normal arm64 Compiling UIStackViewConstructor.swift, AdditiveArithmetic.swift, CACornerMask.swift, CGSize.swift (in target 'SharkUtils' from project 'SharkUtils')
SwiftDriverJobDiscovery normal arm64 Compiling OptionalExtensions.swift, ResultExtensions.swift, UIEdgeInsets.swift (in target 'SharkUtils' from project 'SharkUtils')
SwiftDriverJobDiscovery normal arm64 Compiling SequencedResultRequests.swift, Associatable.swift, BasicUIActionHandler.swift (in target 'SharkUtils' from project 'SharkUtils')
SwiftDriverJobDiscovery normal arm64 Compiling AxesSet.swift, LayoutGuideSource.swift, PinningConstraintHelpers.swift, SizingConstraintHelpers.swift (in target 'SharkUtils' from project 'SharkUtils')
SwiftExplicitDependencyGeneratePcm arm64 /Users/admin/builder/spi-builder-workspace/.derivedData/SDKExplicitPrecompiledModules/AVRouting-55P8FRNK50AFZOMMB2LBBOX33.pcm
SwiftDriver\ Compilation SharkUtils normal arm64 com.apple.xcode.tools.swift.compiler (in target 'SharkUtils' from project 'SharkUtils')
cd /Users/admin/builder/spi-builder-workspace/.swiftpm/xcode
builtin-Swift-Compilation -- /Applications/Xcode-27.0.0-Release.Candidate.app/Contents/Developer/Toolchains/XcodeDefault.xctoolchain/usr/bin/swiftc -parse-as-library -module-name SharkUtils -Onone @/Users/admin/builder/spi-builder-workspace/.derivedData/Build/Intermediates.noindex/SharkUtils.build/Debug-xros/SharkUtils-t.build/Objects-normal/arm64/SharkUtils.SwiftFileList -DSWIFT_PACKAGE -DDEBUG -DSWIFT_MODULE_RESOURCE_BUNDLE_UNAVAILABLE -DXcode -plugin-path /Applications/Xcode-27.0.0-Release.Candidate.app/Contents/Developer/Toolchains/XcodeDefault.xctoolchain/usr/lib/swift/host/plugins/testing -enable-experimental-feature DebugDescriptionMacro -sdk /Applications/Xcode-27.0.0-Release.Candidate.app/Contents/Developer/Platforms/XROS.platform/Developer/SDKs/XROS27.0.sdk -target arm64-apple-xros1.0 -g -module-cache-path /Users/admin/builder/spi-builder-workspace/.derivedData/ModuleCache.noindex -Xfrontend -serialize-debugging-options -enable-testing -suppress-warnings -index-store-path /Users/admin/builder/spi-builder-workspace/.derivedData/Index.noindex/DataStore -Xcc -D_LIBCPP_HARDENING_MODE\=_LIBCPP_HARDENING_MODE_DEBUG -swift-version 5 -I /Users/admin/builder/spi-builder-workspace/.derivedData/Build/Products/Debug-xros -Isystem /Applications/Xcode-27.0.0-Release.Candidate.app/Contents/Developer/Platforms/XROS.platform/Developer/usr/lib -F /Users/admin/builder/spi-builder-workspace/.derivedData/Build/Products/Debug-xros -F /Applications/Xcode-27.0.0-Release.Candidate.app/Contents/Developer/Platforms/XROS.platform/Developer/Library/Frameworks -F /Applications/Xcode-27.0.0-Release.Candidate.app/Contents/Developer/Platforms/XROS.platform/Developer/SDKs/XROS27.0.sdk/Developer/Library/Frameworks -c -j10 -enable-batch-mode -incremental -Xcc -ivfsstatcache -Xcc /Users/admin/builder/spi-builder-workspace/.derivedData/SDKStatCaches.noindex/xros27.0-24M361-e829b21a6f8c9b70876ba0858053c044735bd543db762f57723cac368afd1ce4.sdkstatcache -output-file-map /Users/admin/builder/spi-builder-workspace/.derivedData/Build/Intermediates.noindex/SharkUtils.build/Debug-xros/SharkUtils-t.build/Objects-normal/arm64/SharkUtils-OutputFileMap.json -save-temps -no-color-diagnostics -explicit-module-build -module-cache-path /Users/admin/builder/spi-builder-workspace/.derivedData/Build/Intermediates.noindex/SwiftExplicitPrecompiledModules -clang-scanner-module-cache-path /Users/admin/builder/spi-builder-workspace/.derivedData/ModuleCache.noindex -sdk-module-cache-path /Users/admin/builder/spi-builder-workspace/.derivedData/SDKExplicitPrecompiledModules -emit-dependencies -emit-module -emit-module-path /Users/admin/builder/spi-builder-workspace/.derivedData/Build/Intermediates.noindex/SharkUtils.build/Debug-xros/SharkUtils-t.build/Objects-normal/arm64/SharkUtils.swiftmodule -serialize-diagnostics -dependency-scan-serialize-diagnostics-path /Users/admin/builder/spi-builder-workspace/.derivedData/Build/Intermediates.noindex/SharkUtils.build/Debug-xros/SharkUtils-t.build/Objects-normal/arm64/SharkUtils-dependency-scan.dia -validate-clang-modules-once -clang-build-session-file /Users/admin/builder/spi-builder-workspace/.derivedData/ModuleCache.noindex/Session.modulevalidation -Xcc -fmodules-prune-interval\=86400 -Xcc -fmodules-prune-after\=345600 -emit-const-values -const-gather-protocols-list /Users/admin/builder/spi-builder-workspace/.derivedData/Build/Intermediates.noindex/SharkUtils.build/Debug-xros/SharkUtils-t.build/Objects-normal/arm64/SharkUtils_const_extract_protocols.json -Xcc -I/Users/admin/builder/spi-builder-workspace/.derivedData/Build/Products/Debug-xros/include -Xcc -I/Users/admin/builder/spi-builder-workspace/.derivedData/Build/Intermediates.noindex/SharkUtils.build/Debug-xros/SharkUtils-t.build/DerivedSources-normal/arm64 -Xcc -I/Users/admin/builder/spi-builder-workspace/.derivedData/Build/Intermediates.noindex/SharkUtils.build/Debug-xros/SharkUtils-t.build/DerivedSources/arm64 -Xcc -I/Users/admin/builder/spi-builder-workspace/.derivedData/Build/Intermediates.noindex/SharkUtils.build/Debug-xros/SharkUtils-t.build/DerivedSources -Xcc -DSWIFT_PACKAGE -Xcc -DDEBUG\=1 -emit-objc-header -emit-objc-header-path /Users/admin/builder/spi-builder-workspace/.derivedData/Build/Intermediates.noindex/SharkUtils.build/Debug-xros/SharkUtils-t.build/Objects-normal/arm64/SharkUtils-Swift.h -working-directory /Users/admin/builder/spi-builder-workspace/.swiftpm/xcode -experimental-emit-module-separately -disable-cmo
Ld /Users/admin/builder/spi-builder-workspace/.derivedData/Build/Products/Debug-xros/SharkUtils.o normal (in target 'SharkUtils' from project 'SharkUtils')
cd /Users/admin/builder/spi-builder-workspace/.dependencies/checkouts/ios-shark-utils
/Applications/Xcode-27.0.0-Release.Candidate.app/Contents/Developer/Toolchains/XcodeDefault.xctoolchain/usr/bin/clang -Xlinker -reproducible -target arm64-apple-xros1.0 -r -isysroot /Applications/Xcode-27.0.0-Release.Candidate.app/Contents/Developer/Platforms/XROS.platform/Developer/SDKs/XROS27.0.sdk -O0 -w -Xlinker -no_warn_duplicate_libraries -F/Users/admin/builder/spi-builder-workspace/.derivedData/Build/Intermediates.noindex/EagerLinkingTBDs/Debug-xros -F/Users/admin/builder/spi-builder-workspace/.derivedData/Build/Products/Debug-xros -iframework /Applications/Xcode-27.0.0-Release.Candidate.app/Contents/Developer/Platforms/XROS.platform/Developer/Library/Frameworks -iframework /Applications/Xcode-27.0.0-Release.Candidate.app/Contents/Developer/Platforms/XROS.platform/Developer/SDKs/XROS27.0.sdk/Developer/Library/Frameworks -filelist /Users/admin/builder/spi-builder-workspace/.derivedData/Build/Intermediates.noindex/SharkUtils.build/Debug-xros/SharkUtils-t.build/Objects-normal/arm64/SharkUtils.LinkFileList -nostdlib -Xlinker -object_path_lto -Xlinker /Users/admin/builder/spi-builder-workspace/.derivedData/Build/Intermediates.noindex/SharkUtils.build/Debug-xros/SharkUtils-t.build/Objects-normal/arm64/SharkUtils_lto.o -Xlinker -no_deduplicate -Xlinker -dependency_info -Xlinker /Users/admin/builder/spi-builder-workspace/.derivedData/Build/Intermediates.noindex/SharkUtils.build/Debug-xros/SharkUtils-t.build/Objects-normal/arm64/SharkUtils_dependency_info.dat -fobjc-link-runtime -L/Applications/Xcode-27.0.0-Release.Candidate.app/Contents/Developer/Toolchains/XcodeDefault.xctoolchain/usr/lib/swift/xros -L/usr/lib/swift -Xlinker -add_ast_path -Xlinker /Users/admin/builder/spi-builder-workspace/.derivedData/Build/Intermediates.noindex/SharkUtils.build/Debug-xros/SharkUtils-t.build/Objects-normal/arm64/SharkUtils.swiftmodule -o /Users/admin/builder/spi-builder-workspace/.derivedData/Build/Products/Debug-xros/SharkUtils.o
ExtractAppIntentsMetadata (in target 'SharkUtils' from project 'SharkUtils')
cd /Users/admin/builder/spi-builder-workspace/.dependencies/checkouts/ios-shark-utils
/Applications/Xcode-27.0.0-Release.Candidate.app/Contents/Developer/Toolchains/XcodeDefault.xctoolchain/usr/bin/appintentsmetadataprocessor --toolchain-dir /var/run/com.apple.security.cryptexd/mnt/com.apple.MobileAsset.MetalToolchain-v27.1.266.1.t0jyiq/Metal.xctoolchain --module-name SharkUtils --sdk-root /Applications/Xcode-27.0.0-Release.Candidate.app/Contents/Developer/Platforms/XROS.platform/Developer/SDKs/XROS27.0.sdk --xcode-version 27A266a --platform-family xrOS --deployment-target 1.0 --bundle-identifier ios-shark-utils.SharkUtils --output /Users/admin/builder/spi-builder-workspace/.derivedData/Build/Products/Debug-xros/SharkUtils.appintents --target-triple arm64-apple-xros1.0 --binary-file /Users/admin/builder/spi-builder-workspace/.derivedData/Build/Products/Debug-xros/SharkUtils.o --dependency-file /Users/admin/builder/spi-builder-workspace/.derivedData/Build/Intermediates.noindex/SharkUtils.build/Debug-xros/SharkUtils-t.build/Objects-normal/arm64/SharkUtils_dependency_info.dat --stringsdata-file /Users/admin/builder/spi-builder-workspace/.derivedData/Build/Intermediates.noindex/SharkUtils.build/Debug-xros/SharkUtils-t.build/Objects-normal/arm64/ExtractedAppShortcutsMetadata.stringsdata --source-file-list /Users/admin/builder/spi-builder-workspace/.derivedData/Build/Intermediates.noindex/SharkUtils.build/Debug-xros/SharkUtils-t.build/Objects-normal/arm64/SharkUtils.SwiftFileList --metadata-file-list /Users/admin/builder/spi-builder-workspace/.derivedData/Build/Intermediates.noindex/SharkUtils.build/Debug-xros/SharkUtils-t.build/SharkUtils.DependencyMetadataFileList --static-metadata-file-list /Users/admin/builder/spi-builder-workspace/.derivedData/Build/Intermediates.noindex/SharkUtils.build/Debug-xros/SharkUtils-t.build/SharkUtils.DependencyStaticMetadataFileList --swift-const-vals-list /Users/admin/builder/spi-builder-workspace/.derivedData/Build/Intermediates.noindex/SharkUtils.build/Debug-xros/SharkUtils-t.build/Objects-normal/arm64/SharkUtils.SwiftConstValuesFileList --force --compile-time-extraction --deployment-aware-processing --no-app-shortcuts-localization
2026-09-18 06:21:49.042 appintentsmetadataprocessor[836:5025] Starting appintentsmetadataprocessor export
2026-09-18 06:21:49.142 appintentsmetadataprocessor[836:5025] Extracted no relevant App Intents symbols, skipping writing output
SwiftExplicitDependencyGeneratePcm arm64 /Users/admin/builder/spi-builder-workspace/.derivedData/SDKExplicitPrecompiledModules/MediaToolbox-1J5U29ERBPNPI1HKEJHXOP8EV.pcm
SwiftExplicitDependencyGeneratePcm arm64 /Users/admin/builder/spi-builder-workspace/.derivedData/SDKExplicitPrecompiledModules/AVFAudio-E8GATWFYYBEBB41O9N0LRRGYC.pcm
SwiftExplicitDependencyGeneratePcm arm64 /Users/admin/builder/spi-builder-workspace/.derivedData/SDKExplicitPrecompiledModules/AVFoundation-DFCX8GQJWVA3CZBITWEHAZEFX.pcm
SwiftExplicitDependencyGeneratePcm arm64 /Users/admin/builder/spi-builder-workspace/.derivedData/SDKExplicitPrecompiledModules/ARKitCore-307YVPJLQNB66BTBIONHZNP86.pcm
SwiftExplicitDependencyCompileModuleFromInterface arm64 /Users/admin/builder/spi-builder-workspace/.derivedData/SDKExplicitPrecompiledModules/RealityFoundationCloth-21YG2223CW7S9.swiftmodule
SwiftExplicitDependencyGeneratePcm arm64 /Users/admin/builder/spi-builder-workspace/.derivedData/SDKExplicitPrecompiledModules/ARKit-27VDPOZ50FG2MJG7OFV6IFQYQ.pcm
SwiftEmitModule normal arm64 Emitting\ module\ for\ SharkCardScan (in target 'SharkCardScan' from project 'SharkCardScan')
SwiftCompile normal arm64 (in target 'SharkCardScan' from project 'SharkCardScan')
cd /Users/admin/builder/spi-builder-workspace/.swiftpm/xcode
/Users/admin/builder/spi-builder-workspace/Sources/SharkCardScan/PixelBufferStream.swift:27:62: error: 'AVCaptureVideoPreviewLayer' is unavailable in visionOS
25 | private let session = AVCaptureSession()
26 | private let writeSafe: WriteSafe
27 | private let contentView = LayerContentView(contentLayer: AVCaptureVideoPreviewLayer()).withAspectRatio(9.0 / 16.0)
| `- error: 'AVCaptureVideoPreviewLayer' is unavailable in visionOS
28 | public let previewView = UIView()
29 | @ThreadSafe public var output: (CVPixelBuffer, CGImagePropertyOrientation) -> Void
/Applications/Xcode-27.0.0-Release.Candidate.app/Contents/Developer/Platforms/XROS.platform/Developer/SDKs/XROS27.0.sdk/System/Library/Frameworks/AVFoundation.framework/Headers/AVCaptureVideoPreviewLayer.h:33:12: note: 'AVCaptureVideoPreviewLayer' has been explicitly marked unavailable here
31 | */
32 | API_AVAILABLE(macos(10.7), ios(4.0), macCatalyst(14.0), tvos(17.0)) API_UNAVAILABLE(visionos) API_UNAVAILABLE(watchos)
33 | @interface AVCaptureVideoPreviewLayer : CALayer
| `- note: 'AVCaptureVideoPreviewLayer' has been explicitly marked unavailable here
34 | {
35 | @private
Failed frontend command:
/Applications/Xcode-27.0.0-Release.Candidate.app/Contents/Developer/Toolchains/XcodeDefault.xctoolchain/usr/bin/swift-frontend -frontend -emit-module -experimental-skip-non-inlinable-function-bodies-without-types /Users/admin/builder/spi-builder-workspace/.derivedData/Build/Intermediates.noindex/SharkCardScan.build/Debug-xros/SharkCardScan-t.build/DerivedSources/resource_bundle_accessor.swift /Users/admin/builder/spi-builder-workspace/Sources/SharkCardScan/CameraAccess.swift /Users/admin/builder/spi-builder-workspace/Sources/SharkCardScan/CardCheck.swift /Users/admin/builder/spi-builder-workspace/Sources/SharkCardScan/CardScanViewModel.swift /Users/admin/builder/spi-builder-workspace/Sources/SharkCardScan/CardScanner.swift /Users/admin/builder/spi-builder-workspace/Sources/SharkCardScan/CardScannerExtensions.swift /Users/admin/builder/spi-builder-workspace/Sources/SharkCardScan/DateExtensions.swift /Users/admin/builder/spi-builder-workspace/Sources/SharkCardScan/LayoutContentView.swift /Users/admin/builder/spi-builder-workspace/Sources/SharkCardScan/PixelBufferStream.swift /Users/admin/builder/spi-builder-workspace/Sources/SharkCardScan/ScannedCardView.swift /Users/admin/builder/spi-builder-workspace/Sources/SharkCardScan/SharkCardScanViewController.swift /Users/admin/builder/spi-builder-workspace/Sources/SharkCardScan/Styling/Styling.swift /Users/admin/builder/spi-builder-workspace/.derivedData/Build/Intermediates.noindex/SharkCardScan.build/Debug-xros/SharkCardScan-t.build/DerivedSources/GeneratedAssetSymbols.swift -target arm64-apple-xros1.0 -module-can-import-version DeveloperToolsSupport 24.0.24 24.0.24 -disable-cross-import-overlay-search -swift-module-cross-import Vision /Applications/Xcode-27.0.0-Release.Candidate.app/Contents/Developer/Platforms/XROS.platform/Developer/SDKs/XROS.sdk/System/Library/Frameworks/Vision.framework/Modules/Vision.swiftcrossimport/FoundationModels.swiftoverlay -swift-module-cross-import Vision /Applications/Xcode-27.0.0-Release.Candidate.app/Contents/Developer/Platforms/XROS.platform/Developer/SDKs/XROS27.0.sdk/System/Library/Frameworks/Vision.framework/Modules/Vision.swiftcrossimport/FoundationModels.swiftoverlay -load-resolved-plugin /Applications/Xcode-27.0.0-Release.Candidate.app/Contents/Developer/Platforms/XROS.platform/Developer/usr/lib/swift/host/plugins/libFoundationMacros.dylib\#/Applications/Xcode-27.0.0-Release.Candidate.app/Contents/Developer/Platforms/XROS.platform/Developer/usr/bin/swift-plugin-server\#FoundationMacros -load-resolved-plugin /Applications/Xcode-27.0.0-Release.Candidate.app/Contents/Developer/Platforms/XROS.platform/Developer/usr/lib/swift/host/plugins/libObservationMacros.dylib\#/Applications/Xcode-27.0.0-Release.Candidate.app/Contents/Developer/Platforms/XROS.platform/Developer/usr/bin/swift-plugin-server\#ObservationMacros -load-resolved-plugin /Applications/Xcode-27.0.0-Release.Candidate.app/Contents/Developer/Platforms/XROS.platform/Developer/usr/lib/swift/host/plugins/libPreviewsMacros.dylib\#/Applications/Xcode-27.0.0-Release.Candidate.app/Contents/Developer/Platforms/XROS.platform/Developer/usr/bin/swift-plugin-server\#PreviewsMacros -load-resolved-plugin /Applications/Xcode-27.0.0-Release.Candidate.app/Contents/Developer/Platforms/XROS.platform/Developer/usr/lib/swift/host/plugins/libSwiftMacros.dylib\#/Applications/Xcode-27.0.0-Release.Candidate.app/Contents/Developer/Platforms/XROS.platform/Developer/usr/bin/swift-plugin-server\#SwiftMacros -load-resolved-plugin /Applications/Xcode-27.0.0-Release.Candidate.app/Contents/Developer/Platforms/XROS.platform/Developer/usr/lib/swift/host/plugins/libSwiftUIMacros.dylib\#/Applications/Xcode-27.0.0-Release.Candidate.app/Contents/Developer/Platforms/XROS.platform/Developer/usr/bin/swift-plugin-server\#SwiftUIMacros -disable-implicit-swift-modules -Xcc -fno-implicit-modules -Xcc -fno-implicit-module-maps -explicit-swift-module-map-file /Users/admin/builder/spi-builder-workspace/.derivedData/Build/Intermediates.noindex/SharkCardScan.build/Debug-xros/SharkCardScan-t.build/Objects-normal/arm64/SharkCardScan-dependencies-1.json -Xllvm -aarch64-use-tbi -enable-objc-interop -stack-check -sdk /Applications/Xcode-27.0.0-Release.Candidate.app/Contents/Developer/Platforms/XROS.platform/Developer/SDKs/XROS27.0.sdk -I /Users/admin/builder/spi-builder-workspace/.derivedData/Build/Products/Debug-xros -Isystem /Applications/Xcode-27.0.0-Release.Candidate.app/Contents/Developer/Platforms/XROS.platform/Developer/usr/lib -F /Users/admin/builder/spi-builder-workspace/.derivedData/Build/Products/Debug-xros/PackageFrameworks -F /Users/admin/builder/spi-builder-workspace/.derivedData/Build/Products/Debug-xros -F /Applications/Xcode-27.0.0-Release.Candidate.app/Contents/Developer/Platforms/XROS.platform/Developer/Library/Frameworks -F /Applications/Xcode-27.0.0-Release.Candidate.app/Contents/Developer/Platforms/XROS.platform/Developer/SDKs/XROS27.0.sdk/Developer/Library/Frameworks -module-cache-path /Users/admin/builder/spi-builder-workspace/.derivedData/Build/Intermediates.noindex/SwiftExplicitPrecompiledModules -no-color-diagnostics -Xcc -fno-color-diagnostics -enable-testing -g -debug-info-format\=dwarf -dwarf-version\=4 -swift-version 5 -Onone -D SWIFT_PACKAGE -D DEBUG -D SWIFT_MODULE_RESOURCE_BUNDLE_AVAILABLE -D Xcode -serialize-debugging-options -enable-experimental-feature DebugDescriptionMacro -empty-abi-descriptor -validate-clang-modules-once -clang-build-session-file /Users/admin/builder/spi-builder-workspace/.derivedData/ModuleCache.noindex/Session.modulevalidation -Xcc -working-directory -Xcc /Users/admin/builder/spi-builder-workspace/.swiftpm/xcode -enable-anonymous-context-mangled-names -file-compilation-dir /Users/admin/builder/spi-builder-workspace/.swiftpm/xcode -Xcc -D_LIBCPP_HARDENING_MODE\=_LIBCPP_HARDENING_MODE_DEBUG -Xcc -ivfsstatcache -Xcc /Users/admin/builder/spi-builder-workspace/.derivedData/SDKStatCaches.noindex/xros27.0-24M361-e829b21a6f8c9b70876ba0858053c044735bd543db762f57723cac368afd1ce4.sdkstatcache -Xcc -fmodules-prune-interval\=86400 -Xcc -fmodules-prune-after\=345600 -Xcc -I/Users/admin/builder/spi-builder-workspace/.derivedData/Build/Products/Debug-xros/include -Xcc -I/Users/admin/builder/spi-builder-workspace/.derivedData/Build/Intermediates.noindex/SharkCardScan.build/Debug-xros/SharkCardScan-t.build/DerivedSources-normal/arm64 -Xcc -I/Users/admin/builder/spi-builder-workspace/.derivedData/Build/Intermediates.noindex/SharkCardScan.build/Debug-xros/SharkCardScan-t.build/DerivedSources/arm64 -Xcc -I/Users/admin/builder/spi-builder-workspace/.derivedData/Build/Intermediates.noindex/SharkCardScan.build/Debug-xros/SharkCardScan-t.build/DerivedSources -Xcc -DSWIFT_PACKAGE -Xcc -DDEBUG\=1 -no-auto-bridging-header-chaining -module-name SharkCardScan -const-gather-protocols-file /Users/admin/builder/spi-builder-workspace/.derivedData/Build/Intermediates.noindex/SharkCardScan.build/Debug-xros/SharkCardScan-t.build/Objects-normal/arm64/SharkCardScan_const_extract_protocols.json -disable-clang-spi -clang-target arm64-apple-xros27.0 -target-sdk-version 27.0 -target-sdk-name xros27.0 -in-process-plugin-server-path /Applications/Xcode-27.0.0-Release.Candidate.app/Contents/Developer/Toolchains/XcodeDefault.xctoolchain/usr/lib/swift/host/libSwiftInProcPluginServer.dylib -emit-module-doc-path /Users/admin/builder/spi-builder-workspace/.derivedData/Build/Intermediates.noindex/SharkCardScan.build/Debug-xros/SharkCardScan-t.build/Objects-normal/arm64/SharkCardScan.swiftdoc -emit-module-source-info-path /Users/admin/builder/spi-builder-workspace/.derivedData/Build/Intermediates.noindex/SharkCardScan.build/Debug-xros/SharkCardScan-t.build/Objects-normal/arm64/SharkCardScan.swiftsourceinfo -emit-objc-header-path /Users/admin/builder/spi-builder-workspace/.derivedData/Build/Intermediates.noindex/SharkCardScan.build/Debug-xros/SharkCardScan-t.build/Objects-normal/arm64/SharkCardScan-Swift.h -serialize-diagnostics-path /Users/admin/builder/spi-builder-workspace/.derivedData/Build/Intermediates.noindex/SharkCardScan.build/Debug-xros/SharkCardScan-t.build/Objects-normal/arm64/SharkCardScan-primary-emit-module.dia -emit-dependencies-path /Users/admin/builder/spi-builder-workspace/.derivedData/Build/Intermediates.noindex/SharkCardScan.build/Debug-xros/SharkCardScan-t.build/Objects-normal/arm64/SharkCardScan-primary-emit-module.d -parse-as-library -o /Users/admin/builder/spi-builder-workspace/.derivedData/Build/Intermediates.noindex/SharkCardScan.build/Debug-xros/SharkCardScan-t.build/Objects-normal/arm64/SharkCardScan.swiftmodule -emit-abi-descriptor-path /Users/admin/builder/spi-builder-workspace/.derivedData/Build/Intermediates.noindex/SharkCardScan.build/Debug-xros/SharkCardScan-t.build/Objects-normal/arm64/SharkCardScan.abi.json
SwiftCompile normal arm64 Compiling\ GeneratedAssetSymbols.swift /Users/admin/builder/spi-builder-workspace/.derivedData/Build/Intermediates.noindex/SharkCardScan.build/Debug-xros/SharkCardScan-t.build/DerivedSources/GeneratedAssetSymbols.swift (in target 'SharkCardScan' from project 'SharkCardScan')
SwiftCompile normal arm64 /Users/admin/builder/spi-builder-workspace/.derivedData/Build/Intermediates.noindex/SharkCardScan.build/Debug-xros/SharkCardScan-t.build/DerivedSources/GeneratedAssetSymbols.swift (in target 'SharkCardScan' from project 'SharkCardScan')
cd /Users/admin/builder/spi-builder-workspace/.swiftpm/xcode
builtin-SwiftPerFileCompile GeneratedAssetSymbols.swift
SwiftCompile normal arm64 Compiling\ SharkCardScanViewController.swift /Users/admin/builder/spi-builder-workspace/Sources/SharkCardScan/SharkCardScanViewController.swift (in target 'SharkCardScan' from project 'SharkCardScan')
SwiftCompile normal arm64 /Users/admin/builder/spi-builder-workspace/Sources/SharkCardScan/SharkCardScanViewController.swift (in target 'SharkCardScan' from project 'SharkCardScan')
cd /Users/admin/builder/spi-builder-workspace/.swiftpm/xcode
builtin-SwiftPerFileCompile SharkCardScanViewController.swift
SwiftCompile normal arm64 Compiling\ ScannedCardView.swift /Users/admin/builder/spi-builder-workspace/Sources/SharkCardScan/ScannedCardView.swift (in target 'SharkCardScan' from project 'SharkCardScan')
SwiftCompile normal arm64 /Users/admin/builder/spi-builder-workspace/Sources/SharkCardScan/ScannedCardView.swift (in target 'SharkCardScan' from project 'SharkCardScan')
cd /Users/admin/builder/spi-builder-workspace/.swiftpm/xcode
builtin-SwiftPerFileCompile ScannedCardView.swift
SwiftCompile normal arm64 Compiling\ LayoutContentView.swift /Users/admin/builder/spi-builder-workspace/Sources/SharkCardScan/LayoutContentView.swift (in target 'SharkCardScan' from project 'SharkCardScan')
SwiftCompile normal arm64 /Users/admin/builder/spi-builder-workspace/Sources/SharkCardScan/LayoutContentView.swift (in target 'SharkCardScan' from project 'SharkCardScan')
cd /Users/admin/builder/spi-builder-workspace/.swiftpm/xcode
builtin-SwiftPerFileCompile LayoutContentView.swift
SwiftCompile normal arm64 Compiling\ resource_bundle_accessor.swift,\ CameraAccess.swift /Users/admin/builder/spi-builder-workspace/.derivedData/Build/Intermediates.noindex/SharkCardScan.build/Debug-xros/SharkCardScan-t.build/DerivedSources/resource_bundle_accessor.swift /Users/admin/builder/spi-builder-workspace/Sources/SharkCardScan/CameraAccess.swift (in target 'SharkCardScan' from project 'SharkCardScan')
SwiftCompile normal arm64 /Users/admin/builder/spi-builder-workspace/.derivedData/Build/Intermediates.noindex/SharkCardScan.build/Debug-xros/SharkCardScan-t.build/DerivedSources/resource_bundle_accessor.swift (in target 'SharkCardScan' from project 'SharkCardScan')
cd /Users/admin/builder/spi-builder-workspace/.swiftpm/xcode
builtin-SwiftPerFileCompile resource_bundle_accessor.swift
SwiftCompile normal arm64 /Users/admin/builder/spi-builder-workspace/Sources/SharkCardScan/CameraAccess.swift (in target 'SharkCardScan' from project 'SharkCardScan')
cd /Users/admin/builder/spi-builder-workspace/.swiftpm/xcode
builtin-SwiftPerFileCompile CameraAccess.swift
SwiftCompile normal arm64 Compiling\ CardCheck.swift,\ CardScanViewModel.swift /Users/admin/builder/spi-builder-workspace/Sources/SharkCardScan/CardCheck.swift /Users/admin/builder/spi-builder-workspace/Sources/SharkCardScan/CardScanViewModel.swift (in target 'SharkCardScan' from project 'SharkCardScan')
SwiftCompile normal arm64 /Users/admin/builder/spi-builder-workspace/Sources/SharkCardScan/CardCheck.swift (in target 'SharkCardScan' from project 'SharkCardScan')
cd /Users/admin/builder/spi-builder-workspace/.swiftpm/xcode
builtin-SwiftPerFileCompile CardCheck.swift
SwiftCompile normal arm64 /Users/admin/builder/spi-builder-workspace/Sources/SharkCardScan/CardScanViewModel.swift (in target 'SharkCardScan' from project 'SharkCardScan')
cd /Users/admin/builder/spi-builder-workspace/.swiftpm/xcode
builtin-SwiftPerFileCompile CardScanViewModel.swift
SwiftCompile normal arm64 Compiling\ PixelBufferStream.swift /Users/admin/builder/spi-builder-workspace/Sources/SharkCardScan/PixelBufferStream.swift (in target 'SharkCardScan' from project 'SharkCardScan')
/Users/admin/builder/spi-builder-workspace/Sources/SharkCardScan/PixelBufferStream.swift:27:62: error: 'AVCaptureVideoPreviewLayer' is unavailable in visionOS
25 | private let session = AVCaptureSession()
26 | private let writeSafe: WriteSafe
27 | private let contentView = LayerContentView(contentLayer: AVCaptureVideoPreviewLayer()).withAspectRatio(9.0 / 16.0)
| `- error: 'AVCaptureVideoPreviewLayer' is unavailable in visionOS
28 | public let previewView = UIView()
29 | @ThreadSafe public var output: (CVPixelBuffer, CGImagePropertyOrientation) -> Void
/Applications/Xcode-27.0.0-Release.Candidate.app/Contents/Developer/Platforms/XROS.platform/Developer/SDKs/XROS27.0.sdk/System/Library/Frameworks/AVFoundation.framework/Headers/AVCaptureVideoPreviewLayer.h:33:12: note: 'AVCaptureVideoPreviewLayer' has been explicitly marked unavailable here
31 | */
32 | API_AVAILABLE(macos(10.7), ios(4.0), macCatalyst(14.0), tvos(17.0)) API_UNAVAILABLE(visionos) API_UNAVAILABLE(watchos)
33 | @interface AVCaptureVideoPreviewLayer : CALayer
| `- note: 'AVCaptureVideoPreviewLayer' has been explicitly marked unavailable here
34 | {
35 | @private
/Users/admin/builder/spi-builder-workspace/Sources/SharkCardScan/PixelBufferStream.swift:54:44: error: 'default(_:for:position:)' is only available in visionOS 2.1 or newer
21 | }
22 |
23 | public class CameraPixelBufferStream: NSObject, PixelBufferStream, AVCaptureVideoDataOutputSampleBufferDelegate {
| `- note: add '@available' attribute to enclosing class
24 |
25 | private let session = AVCaptureSession()
:
45 | }
46 |
47 | public override init() {
| `- note: add '@available' attribute to enclosing initializer
48 | let writeSafe = WriteSafe()
49 | self.writeSafe = writeSafe
:
52 | super.init()
53 |
54 | guard let device = AVCaptureDevice.default(.builtInWideAngleCamera, for: .video, position: .back) else {
| |- error: 'default(_:for:position:)' is only available in visionOS 2.1 or newer
| `- note: add 'if #available' version check
55 | print("No device")
56 | return
/Users/admin/builder/spi-builder-workspace/Sources/SharkCardScan/PixelBufferStream.swift:54:53: error: 'builtInWideAngleCamera' is only available in visionOS 2.1 or newer
21 | }
22 |
23 | public class CameraPixelBufferStream: NSObject, PixelBufferStream, AVCaptureVideoDataOutputSampleBufferDelegate {
| `- note: add '@available' attribute to enclosing class
24 |
25 | private let session = AVCaptureSession()
:
45 | }
46 |
47 | public override init() {
| `- note: add '@available' attribute to enclosing initializer
48 | let writeSafe = WriteSafe()
49 | self.writeSafe = writeSafe
:
52 | super.init()
53 |
54 | guard let device = AVCaptureDevice.default(.builtInWideAngleCamera, for: .video, position: .back) else {
| |- error: 'builtInWideAngleCamera' is only available in visionOS 2.1 or newer
| `- note: add 'if #available' version check
55 | print("No device")
56 | return
/Users/admin/builder/spi-builder-workspace/Sources/SharkCardScan/PixelBufferStream.swift:58:17: error: 'sessionPreset' is unavailable in visionOS
56 | return
57 | }
58 | session.sessionPreset = device.supportsSessionPreset(.hd4K3840x2160) ? .hd4K3840x2160 : .hd1920x1080
| `- error: 'sessionPreset' is unavailable in visionOS
59 |
60 | try? device.lockForConfiguration()
/Applications/Xcode-27.0.0-Release.Candidate.app/Contents/Developer/Platforms/XROS.platform/Developer/SDKs/XROS27.0.sdk/System/Library/Frameworks/AVFoundation.framework/Headers/AVCaptureSession.h:166:51: note: 'sessionPreset' has been explicitly marked unavailable here
164 | The value of this property is an AVCaptureSessionPreset indicating the current session preset in use by the receiver. The sessionPreset property may be set while the receiver is running.
165 | */
166 | @property(nonatomic, copy) AVCaptureSessionPreset sessionPreset API_UNAVAILABLE(visionos);
| `- note: 'sessionPreset' has been explicitly marked unavailable here
167 |
168 | /*!
/Users/admin/builder/spi-builder-workspace/Sources/SharkCardScan/PixelBufferStream.swift:58:40: error: 'supportsSessionPreset' is unavailable in visionOS
56 | return
57 | }
58 | session.sessionPreset = device.supportsSessionPreset(.hd4K3840x2160) ? .hd4K3840x2160 : .hd1920x1080
| `- error: 'supportsSessionPreset' is unavailable in visionOS
59 |
60 | try? device.lockForConfiguration()
/Applications/Xcode-27.0.0-Release.Candidate.app/Contents/Developer/Platforms/XROS.platform/Developer/SDKs/XROS27.0.sdk/System/Library/Frameworks/AVFoundation.framework/Headers/AVCaptureDevice.h:303:1: note: 'supportsSessionPreset' has been explicitly marked unavailable here
301 | An AVCaptureSession instance can be associated with a preset that configures its inputs and outputs to fulfill common use cases. This method can be used to determine if the receiver can be used in a capture session with the given preset. Presets are defined in AVCaptureSession.h.
302 | */
303 | - (BOOL)supportsAVCaptureSessionPreset:(AVCaptureSessionPreset)preset API_UNAVAILABLE(visionos);
| `- note: 'supportsSessionPreset' has been explicitly marked unavailable here
304 |
305 | /*!
/Users/admin/builder/spi-builder-workspace/Sources/SharkCardScan/PixelBufferStream.swift:58:63: error: 'hd4K3840x2160' is unavailable in visionOS
56 | return
57 | }
58 | session.sessionPreset = device.supportsSessionPreset(.hd4K3840x2160) ? .hd4K3840x2160 : .hd1920x1080
| `- error: 'hd4K3840x2160' is unavailable in visionOS
59 |
60 | try? device.lockForConfiguration()
/Applications/Xcode-27.0.0-Release.Candidate.app/Contents/Developer/Platforms/XROS.platform/Developer/SDKs/XROS27.0.sdk/System/Library/Frameworks/AVFoundation.framework/Headers/AVCaptureSessionPreset.h:131:41: note: 'hd4K3840x2160' has been explicitly marked unavailable here
129 | Clients may set an AVCaptureSession instance's sessionPreset to AVCaptureSessionPreset3840x2160 to achieve 3840x2160 output.
130 | */
131 | AVF_EXPORT AVCaptureSessionPreset const AVCaptureSessionPreset3840x2160 API_AVAILABLE(macos(10.15), ios(9.0), macCatalyst(14.0), tvos(17.0)) API_UNAVAILABLE(visionos) API_UNAVAILABLE(watchos);
| `- note: 'hd4K3840x2160' has been explicitly marked unavailable here
132 |
133 | /*!
/Users/admin/builder/spi-builder-workspace/Sources/SharkCardScan/PixelBufferStream.swift:58:81: error: 'hd4K3840x2160' is unavailable in visionOS
56 | return
57 | }
58 | session.sessionPreset = device.supportsSessionPreset(.hd4K3840x2160) ? .hd4K3840x2160 : .hd1920x1080
| `- error: 'hd4K3840x2160' is unavailable in visionOS
59 |
60 | try? device.lockForConfiguration()
/Applications/Xcode-27.0.0-Release.Candidate.app/Contents/Developer/Platforms/XROS.platform/Developer/SDKs/XROS27.0.sdk/System/Library/Frameworks/AVFoundation.framework/Headers/AVCaptureSessionPreset.h:131:41: note: 'hd4K3840x2160' has been explicitly marked unavailable here
129 | Clients may set an AVCaptureSession instance's sessionPreset to AVCaptureSessionPreset3840x2160 to achieve 3840x2160 output.
130 | */
131 | AVF_EXPORT AVCaptureSessionPreset const AVCaptureSessionPreset3840x2160 API_AVAILABLE(macos(10.15), ios(9.0), macCatalyst(14.0), tvos(17.0)) API_UNAVAILABLE(visionos) API_UNAVAILABLE(watchos);
| `- note: 'hd4K3840x2160' has been explicitly marked unavailable here
132 |
133 | /*!
/Users/admin/builder/spi-builder-workspace/Sources/SharkCardScan/PixelBufferStream.swift:58:98: error: 'hd1920x1080' is unavailable in visionOS
56 | return
57 | }
58 | session.sessionPreset = device.supportsSessionPreset(.hd4K3840x2160) ? .hd4K3840x2160 : .hd1920x1080
| `- error: 'hd1920x1080' is unavailable in visionOS
59 |
60 | try? device.lockForConfiguration()
/Applications/Xcode-27.0.0-Release.Candidate.app/Contents/Developer/Platforms/XROS.platform/Developer/SDKs/XROS27.0.sdk/System/Library/Frameworks/AVFoundation.framework/Headers/AVCaptureSessionPreset.h:121:41: note: 'hd1920x1080' has been explicitly marked unavailable here
119 | Clients may set an AVCaptureSession instance's sessionPreset to AVCaptureSessionPreset1920x1080 to achieve 1920x1080 output.
120 | */
121 | AVF_EXPORT AVCaptureSessionPreset const AVCaptureSessionPreset1920x1080 API_AVAILABLE(macos(10.15), ios(5.0), macCatalyst(14.0), tvos(17.0)) API_UNAVAILABLE(visionos) API_UNAVAILABLE(watchos);
| `- note: 'hd1920x1080' has been explicitly marked unavailable here
122 |
123 | /*!
/Users/admin/builder/spi-builder-workspace/Sources/SharkCardScan/PixelBufferStream.swift:61:19: error: 'isAutoFocusRangeRestrictionSupported' is unavailable in visionOS
59 |
60 | try? device.lockForConfiguration()
61 | if device.isAutoFocusRangeRestrictionSupported {
| `- error: 'isAutoFocusRangeRestrictionSupported' is unavailable in visionOS
62 | device.autoFocusRangeRestriction = .near
63 | }
/Applications/Xcode-27.0.0-Release.Candidate.app/Contents/Developer/Platforms/XROS.platform/Developer/SDKs/XROS27.0.sdk/System/Library/Frameworks/AVFoundation.framework/Headers/AVCaptureDevice.h:1288:82: note: 'isAutoFocusRangeRestrictionSupported' has been explicitly marked unavailable here
1286 | The receiver's autoFocusRangeRestriction property can only be set if this property returns YES.
1287 | */
1288 | @property(nonatomic, readonly, getter=isAutoFocusRangeRestrictionSupported) BOOL autoFocusRangeRestrictionSupported API_AVAILABLE(ios(7.0), macCatalyst(14.0), tvos(17.0)) API_UNAVAILABLE(macos, visionos);
| `- note: 'isAutoFocusRangeRestrictionSupported' has been explicitly marked unavailable here
1289 |
1290 | /*!
/Users/admin/builder/spi-builder-workspace/Sources/SharkCardScan/PixelBufferStream.swift:62:20: error: 'autoFocusRangeRestriction' is unavailable in visionOS
60 | try? device.lockForConfiguration()
61 | if device.isAutoFocusRangeRestrictionSupported {
62 | device.autoFocusRangeRestriction = .near
| `- error: 'autoFocusRangeRestriction' is unavailable in visionOS
63 | }
64 | if device.isFocusModeSupported(.continuousAutoFocus) {
/Applications/Xcode-27.0.0-Release.Candidate.app/Contents/Developer/Platforms/XROS.platform/Developer/SDKs/XROS27.0.sdk/System/Library/Frameworks/AVFoundation.framework/Headers/AVCaptureDevice.h:1298:57: note: 'autoFocusRangeRestriction' has been explicitly marked unavailable here
1296 | The value of this property is an AVCaptureAutoFocusRangeRestriction indicating how the autofocus system should limit its focus scan. The default value is AVCaptureAutoFocusRangeRestrictionNone. -setAutoFocusRangeRestriction: throws an NSInvalidArgumentException if isAutoFocusRangeRestrictionSupported returns NO. -setAutoFocusRangeRestriction: throws an NSGenericException if called without first obtaining exclusive access to the receiver using lockForConfiguration:. This property only has an effect when the focusMode property is set to AVCaptureFocusModeAutoFocus or AVCaptureFocusModeContinuousAutoFocus. Note that setting autoFocusRangeRestriction alone does not initiate a focus operation. After setting autoFocusRangeRestriction, call -setFocusMode: to apply the new restriction.
1297 | */
1298 | @property(nonatomic) AVCaptureAutoFocusRangeRestriction autoFocusRangeRestriction API_AVAILABLE(ios(7.0), macCatalyst(14.0), tvos(17.0)) API_UNAVAILABLE(macos, visionos);
| `- note: 'autoFocusRangeRestriction' has been explicitly marked unavailable here
1299 |
1300 | /*!
/Users/admin/builder/spi-builder-workspace/Sources/SharkCardScan/PixelBufferStream.swift:73:19: error: 'isLowLightBoostSupported' is unavailable in visionOS
71 | device.exposureMode = .continuousAutoExposure
72 | }
73 | if device.isLowLightBoostSupported {
| `- error: 'isLowLightBoostSupported' is unavailable in visionOS
74 | device.automaticallyEnablesLowLightBoostWhenAvailable = true
75 | }
/Applications/Xcode-27.0.0-Release.Candidate.app/Contents/Developer/Platforms/XROS.platform/Developer/SDKs/XROS27.0.sdk/System/Library/Frameworks/AVFoundation.framework/Headers/AVCaptureDevice.h:2028:70: note: 'isLowLightBoostSupported' has been explicitly marked unavailable here
2026 | The receiver's automaticallyEnablesLowLightBoostWhenAvailable property can only be set if this property returns YES.
2027 | */
2028 | @property(nonatomic, readonly, getter=isLowLightBoostSupported) BOOL lowLightBoostSupported API_AVAILABLE(ios(6.0), macCatalyst(14.0), tvos(17.0)) API_UNAVAILABLE(macos, visionos);
| `- note: 'isLowLightBoostSupported' has been explicitly marked unavailable here
2029 |
2030 | /*!
SwiftCompile normal arm64 /Users/admin/builder/spi-builder-workspace/Sources/SharkCardScan/PixelBufferStream.swift (in target 'SharkCardScan' from project 'SharkCardScan')
cd /Users/admin/builder/spi-builder-workspace/.swiftpm/xcode
builtin-SwiftPerFileCompile PixelBufferStream.swift
SwiftCompile normal arm64 Compiling\ DateExtensions.swift /Users/admin/builder/spi-builder-workspace/Sources/SharkCardScan/DateExtensions.swift (in target 'SharkCardScan' from project 'SharkCardScan')
SwiftCompile normal arm64 /Users/admin/builder/spi-builder-workspace/Sources/SharkCardScan/DateExtensions.swift (in target 'SharkCardScan' from project 'SharkCardScan')
cd /Users/admin/builder/spi-builder-workspace/.swiftpm/xcode
builtin-SwiftPerFileCompile DateExtensions.swift
SwiftCompile normal arm64 Compiling\ CardScanner.swift,\ CardScannerExtensions.swift /Users/admin/builder/spi-builder-workspace/Sources/SharkCardScan/CardScanner.swift /Users/admin/builder/spi-builder-workspace/Sources/SharkCardScan/CardScannerExtensions.swift (in target 'SharkCardScan' from project 'SharkCardScan')
SwiftCompile normal arm64 /Users/admin/builder/spi-builder-workspace/Sources/SharkCardScan/CardScanner.swift (in target 'SharkCardScan' from project 'SharkCardScan')
cd /Users/admin/builder/spi-builder-workspace/.swiftpm/xcode
builtin-SwiftPerFileCompile CardScanner.swift
SwiftCompile normal arm64 /Users/admin/builder/spi-builder-workspace/Sources/SharkCardScan/CardScannerExtensions.swift (in target 'SharkCardScan' from project 'SharkCardScan')
cd /Users/admin/builder/spi-builder-workspace/.swiftpm/xcode
builtin-SwiftPerFileCompile CardScannerExtensions.swift
SwiftCompile normal arm64 Compiling\ Styling.swift /Users/admin/builder/spi-builder-workspace/Sources/SharkCardScan/Styling/Styling.swift (in target 'SharkCardScan' from project 'SharkCardScan')
SwiftCompile normal arm64 /Users/admin/builder/spi-builder-workspace/Sources/SharkCardScan/Styling/Styling.swift (in target 'SharkCardScan' from project 'SharkCardScan')
cd /Users/admin/builder/spi-builder-workspace/.swiftpm/xcode
builtin-SwiftPerFileCompile Styling.swift
SwiftDriverJobDiscovery normal arm64 Compiling GeneratedAssetSymbols.swift (in target 'SharkCardScan' from project 'SharkCardScan')
SwiftDriverJobDiscovery normal arm64 Compiling DateExtensions.swift (in target 'SharkCardScan' from project 'SharkCardScan')
SwiftDriverJobDiscovery normal arm64 Compiling LayoutContentView.swift (in target 'SharkCardScan' from project 'SharkCardScan')
PruneExplicitPrecompiledModules /Users/admin/builder/spi-builder-workspace/.derivedData/Build/Intermediates.noindex/ExplicitPrecompiledModules
PruneExplicitPrecompiledModules /Users/admin/builder/spi-builder-workspace/.derivedData/SDKExplicitPrecompiledModules
PruneExplicitPrecompiledModules /Users/admin/builder/spi-builder-workspace/.derivedData/Build/Intermediates.noindex/SwiftExplicitPrecompiledModules
2026-09-18 06:21:36.401 xcodebuild[692:4378] [MT] IDERunDestination: Supported platforms for the buildables in the current scheme is empty.
2026-09-18 06:21:36.509 xcodebuild[692:4378] [MT] IDERunDestination: Supported platforms for the buildables in the current scheme is empty.
** BUILD FAILED **
The following build commands failed:
SwiftCompile normal arm64 (in target 'SharkCardScan' from project 'SharkCardScan')
SwiftEmitModule normal arm64 Emitting\ module\ for\ SharkCardScan (in target 'SharkCardScan' from project 'SharkCardScan')
Building workspace SharkCardScan with scheme SharkCardScan
(3 failures)
Command line invocation:
/Applications/Xcode-27.0.0-Release.Candidate.app/Contents/Developer/usr/bin/xcodebuild -IDEClonedSourcePackagesDirPathOverride=/Users/admin/builder/spi-builder-workspace/.dependencies -resolvePackageDependencies
Resolve Package Graph
Resolved source packages:
SharkUtils: https://github.com/gymshark/ios-shark-utils.git @ 1.0.5
SharkCardScan: /Users/admin/builder/spi-builder-workspace
resolved source packages: SharkUtils, SharkCardScan
2026-09-18 06:21:51.018 xcodebuild[854:5106] [MT] IDERunDestination: Supported platforms for the buildables in the current scheme is empty.
2026-09-18 06:21:51.123 xcodebuild[854:5106] [MT] IDERunDestination: Supported platforms for the buildables in the current scheme is empty.
{
"dependencies" : [
{
"identity" : "ios-shark-utils",
"requirement" : {
"exact" : [
"1.0.5"
]
},
"type" : "sourceControl",
"url" : "https://github.com/gymshark/ios-shark-utils.git"
}
],
"manifest_display_name" : "SharkCardScan",
"name" : "SharkCardScan",
"path" : "/Users/admin/builder/spi-builder-workspace",
"platforms" : [
{
"name" : "ios",
"version" : "13.0"
}
],
"products" : [
{
"name" : "SharkCardScan",
"targets" : [
"SharkCardScan"
],
"type" : {
"library" : [
"automatic"
]
}
}
],
"targets" : [
{
"c99name" : "SharkCardScanTests",
"module_type" : "SwiftTarget",
"name" : "SharkCardScanTests",
"path" : "Tests/SharkCardScanTests",
"sources" : [
"SharkCardScanTests.swift",
"XCTestManifests.swift"
],
"target_dependencies" : [
"SharkCardScan"
],
"type" : "test"
},
{
"c99name" : "SharkCardScan",
"module_type" : "SwiftTarget",
"name" : "SharkCardScan",
"path" : "Sources/SharkCardScan",
"product_dependencies" : [
"SharkUtils"
],
"product_memberships" : [
"SharkCardScan"
],
"resources" : [
{
"path" : "/Users/admin/builder/spi-builder-workspace/Sources/SharkCardScan/Images.xcassets",
"rule" : {
"process" : {
}
}
}
],
"sources" : [
"CameraAccess.swift",
"CardCheck.swift",
"CardScanViewModel.swift",
"CardScanner.swift",
"CardScannerExtensions.swift",
"DateExtensions.swift",
"LayoutContentView.swift",
"PixelBufferStream.swift",
"ScannedCardView.swift",
"SharkCardScanViewController.swift",
"Styling/Styling.swift"
],
"type" : "library"
}
],
"tools_version" : "5.3"
}
{
"workspace" : {
"name" : "SharkCardScan",
"schemes" : [
"SharkCardScan"
]
}
}
2026-09-18 06:21:52.367 xcodebuild[862:5176] [MT] IDERunDestination: Supported platforms for the buildables in the current scheme is empty.
2026-09-18 06:21:52.472 xcodebuild[862:5176] [MT] IDERunDestination: Supported platforms for the buildables in the current scheme is empty.
Running build ...
env DEVELOPER_DIR=/Applications/Xcode-27.0.0-Release.Candidate.app xcrun xcodebuild -IDEClonedSourcePackagesDirPathOverride=$PWD/.dependencies -skipMacroValidation -skipPackagePluginValidation -derivedDataPath $PWD/.derivedData build -scheme SharkCardScan -destination generic/platform=xrOS
Command line invocation:
/Applications/Xcode-27.0.0-Release.Candidate.app/Contents/Developer/usr/bin/xcodebuild -IDEClonedSourcePackagesDirPathOverride=/Users/admin/builder/spi-builder-workspace/.dependencies -skipMacroValidation -skipPackagePluginValidation -derivedDataPath /Users/admin/builder/spi-builder-workspace/.derivedData build -scheme SharkCardScan -destination generic/platform=xrOS
Resolve Package Graph
Resolved source packages:
SharkUtils: https://github.com/gymshark/ios-shark-utils.git @ 1.0.5
SharkCardScan: /Users/admin/builder/spi-builder-workspace
ComputePackagePrebuildTargetDependencyGraph
Prepare packages
CreateBuildRequest
SendProjectDescription
CreateBuildOperation
ComputeTargetDependencyGraph
note: Building targets in dependency order
note: Target dependency graph (6 targets)
Target 'SharkCardScanTests-product' in project 'SharkCardScan'
➜ Explicit dependency on target 'SharkCardScan' in project 'SharkCardScan'
➜ Explicit dependency on target 'SharkUtils-product' in project 'SharkUtils'
Target 'SharkCardScan-product' in project 'SharkCardScan'
➜ Explicit dependency on target 'SharkCardScan' in project 'SharkCardScan'
➜ Explicit dependency on target 'SharkCardScan_SharkCardScan' in project 'SharkCardScan'
➜ Explicit dependency on target 'SharkUtils-product' in project 'SharkUtils'
Target 'SharkCardScan' in project 'SharkCardScan'
➜ Explicit dependency on target 'SharkCardScan_SharkCardScan' in project 'SharkCardScan'
➜ Explicit dependency on target 'SharkUtils-product' in project 'SharkUtils'
Target 'SharkUtils-product' in project 'SharkUtils'
➜ Explicit dependency on target 'SharkUtils' in project 'SharkUtils'
Target 'SharkUtils' in project 'SharkUtils' (no dependencies)
Target 'SharkCardScan_SharkCardScan' in project 'SharkCardScan' (no dependencies)
GatherProvisioningInputs
CreateBuildDescription
ClangStatCache /Applications/Xcode-27.0.0-Release.Candidate.app/Contents/Developer/Toolchains/XcodeDefault.xctoolchain/usr/bin/clang-stat-cache /Applications/Xcode-27.0.0-Release.Candidate.app/Contents/Developer/Platforms/XROS.platform/Developer/SDKs/XROS27.0.sdk /Users/admin/builder/spi-builder-workspace/.derivedData/SDKStatCaches.noindex/xros27.0-24M361-e829b21a6f8c9b70876ba0858053c044735bd543db762f57723cac368afd1ce4.sdkstatcache
cd /Users/admin/builder/spi-builder-workspace/.swiftpm/xcode
/Applications/Xcode-27.0.0-Release.Candidate.app/Contents/Developer/Toolchains/XcodeDefault.xctoolchain/usr/bin/clang-stat-cache /Applications/Xcode-27.0.0-Release.Candidate.app/Contents/Developer/Platforms/XROS.platform/Developer/SDKs/XROS27.0.sdk -o /Users/admin/builder/spi-builder-workspace/.derivedData/SDKStatCaches.noindex/xros27.0-24M361-e829b21a6f8c9b70876ba0858053c044735bd543db762f57723cac368afd1ce4.sdkstatcache
SwiftDriver SharkCardScan normal arm64 com.apple.xcode.tools.swift.compiler (in target 'SharkCardScan' from project 'SharkCardScan')
cd /Users/admin/builder/spi-builder-workspace/.swiftpm/xcode
builtin-SwiftDriver -- /Applications/Xcode-27.0.0-Release.Candidate.app/Contents/Developer/Toolchains/XcodeDefault.xctoolchain/usr/bin/swiftc -parse-as-library -module-name SharkCardScan -Onone @/Users/admin/builder/spi-builder-workspace/.derivedData/Build/Intermediates.noindex/SharkCardScan.build/Debug-xros/SharkCardScan-t.build/Objects-normal/arm64/SharkCardScan.SwiftFileList -DSWIFT_PACKAGE -DDEBUG -DSWIFT_MODULE_RESOURCE_BUNDLE_AVAILABLE -DXcode -plugin-path /Applications/Xcode-27.0.0-Release.Candidate.app/Contents/Developer/Toolchains/XcodeDefault.xctoolchain/usr/lib/swift/host/plugins/testing -enable-experimental-feature DebugDescriptionMacro -sdk /Applications/Xcode-27.0.0-Release.Candidate.app/Contents/Developer/Platforms/XROS.platform/Developer/SDKs/XROS27.0.sdk -target arm64-apple-xros1.0 -g -module-cache-path /Users/admin/builder/spi-builder-workspace/.derivedData/ModuleCache.noindex -Xfrontend -serialize-debugging-options -enable-testing -index-store-path /Users/admin/builder/spi-builder-workspace/.derivedData/Index.noindex/DataStore -Xcc -D_LIBCPP_HARDENING_MODE\=_LIBCPP_HARDENING_MODE_DEBUG -swift-version 5 -I /Users/admin/builder/spi-builder-workspace/.derivedData/Build/Products/Debug-xros -Isystem /Applications/Xcode-27.0.0-Release.Candidate.app/Contents/Developer/Platforms/XROS.platform/Developer/usr/lib -F /Users/admin/builder/spi-builder-workspace/.derivedData/Build/Products/Debug-xros/PackageFrameworks -F /Users/admin/builder/spi-builder-workspace/.derivedData/Build/Products/Debug-xros -F /Applications/Xcode-27.0.0-Release.Candidate.app/Contents/Developer/Platforms/XROS.platform/Developer/Library/Frameworks -F /Applications/Xcode-27.0.0-Release.Candidate.app/Contents/Developer/Platforms/XROS.platform/Developer/SDKs/XROS27.0.sdk/Developer/Library/Frameworks -c -j10 -enable-batch-mode -incremental -Xcc -ivfsstatcache -Xcc /Users/admin/builder/spi-builder-workspace/.derivedData/SDKStatCaches.noindex/xros27.0-24M361-e829b21a6f8c9b70876ba0858053c044735bd543db762f57723cac368afd1ce4.sdkstatcache -output-file-map /Users/admin/builder/spi-builder-workspace/.derivedData/Build/Intermediates.noindex/SharkCardScan.build/Debug-xros/SharkCardScan-t.build/Objects-normal/arm64/SharkCardScan-OutputFileMap.json -save-temps -no-color-diagnostics -explicit-module-build -module-cache-path /Users/admin/builder/spi-builder-workspace/.derivedData/Build/Intermediates.noindex/SwiftExplicitPrecompiledModules -clang-scanner-module-cache-path /Users/admin/builder/spi-builder-workspace/.derivedData/ModuleCache.noindex -sdk-module-cache-path /Users/admin/builder/spi-builder-workspace/.derivedData/SDKExplicitPrecompiledModules -emit-dependencies -emit-module -emit-module-path /Users/admin/builder/spi-builder-workspace/.derivedData/Build/Intermediates.noindex/SharkCardScan.build/Debug-xros/SharkCardScan-t.build/Objects-normal/arm64/SharkCardScan.swiftmodule -serialize-diagnostics -dependency-scan-serialize-diagnostics-path /Users/admin/builder/spi-builder-workspace/.derivedData/Build/Intermediates.noindex/SharkCardScan.build/Debug-xros/SharkCardScan-t.build/Objects-normal/arm64/SharkCardScan-dependency-scan.dia -validate-clang-modules-once -clang-build-session-file /Users/admin/builder/spi-builder-workspace/.derivedData/ModuleCache.noindex/Session.modulevalidation -Xcc -fmodules-prune-interval\=86400 -Xcc -fmodules-prune-after\=345600 -emit-const-values -const-gather-protocols-list /Users/admin/builder/spi-builder-workspace/.derivedData/Build/Intermediates.noindex/SharkCardScan.build/Debug-xros/SharkCardScan-t.build/Objects-normal/arm64/SharkCardScan_const_extract_protocols.json -Xcc -I/Users/admin/builder/spi-builder-workspace/.derivedData/Build/Products/Debug-xros/include -Xcc -I/Users/admin/builder/spi-builder-workspace/.derivedData/Build/Intermediates.noindex/SharkCardScan.build/Debug-xros/SharkCardScan-t.build/DerivedSources-normal/arm64 -Xcc -I/Users/admin/builder/spi-builder-workspace/.derivedData/Build/Intermediates.noindex/SharkCardScan.build/Debug-xros/SharkCardScan-t.build/DerivedSources/arm64 -Xcc -I/Users/admin/builder/spi-builder-workspace/.derivedData/Build/Intermediates.noindex/SharkCardScan.build/Debug-xros/SharkCardScan-t.build/DerivedSources -Xcc -DSWIFT_PACKAGE -Xcc -DDEBUG\=1 -emit-objc-header -emit-objc-header-path /Users/admin/builder/spi-builder-workspace/.derivedData/Build/Intermediates.noindex/SharkCardScan.build/Debug-xros/SharkCardScan-t.build/Objects-normal/arm64/SharkCardScan-Swift.h -working-directory /Users/admin/builder/spi-builder-workspace/.swiftpm/xcode -experimental-emit-module-separately -disable-cmo
SwiftCompile normal arm64 Compiling\ resource_bundle_accessor.swift /Users/admin/builder/spi-builder-workspace/.derivedData/Build/Intermediates.noindex/SharkCardScan.build/Debug-xros/SharkCardScan-t.build/DerivedSources/resource_bundle_accessor.swift (in target 'SharkCardScan' from project 'SharkCardScan')
SwiftCompile normal arm64 /Users/admin/builder/spi-builder-workspace/.derivedData/Build/Intermediates.noindex/SharkCardScan.build/Debug-xros/SharkCardScan-t.build/DerivedSources/resource_bundle_accessor.swift (in target 'SharkCardScan' from project 'SharkCardScan')
cd /Users/admin/builder/spi-builder-workspace/.swiftpm/xcode
builtin-SwiftPerFileCompile resource_bundle_accessor.swift
SwiftCompile normal arm64 Compiling\ CameraAccess.swift /Users/admin/builder/spi-builder-workspace/Sources/SharkCardScan/CameraAccess.swift (in target 'SharkCardScan' from project 'SharkCardScan')
SwiftCompile normal arm64 /Users/admin/builder/spi-builder-workspace/Sources/SharkCardScan/CameraAccess.swift (in target 'SharkCardScan' from project 'SharkCardScan')
cd /Users/admin/builder/spi-builder-workspace/.swiftpm/xcode
builtin-SwiftPerFileCompile CameraAccess.swift
SwiftCompile normal arm64 Compiling\ CardScanner.swift /Users/admin/builder/spi-builder-workspace/Sources/SharkCardScan/CardScanner.swift (in target 'SharkCardScan' from project 'SharkCardScan')
SwiftCompile normal arm64 /Users/admin/builder/spi-builder-workspace/Sources/SharkCardScan/CardScanner.swift (in target 'SharkCardScan' from project 'SharkCardScan')
cd /Users/admin/builder/spi-builder-workspace/.swiftpm/xcode
builtin-SwiftPerFileCompile CardScanner.swift
SwiftCompile normal arm64 Compiling\ CardScannerExtensions.swift /Users/admin/builder/spi-builder-workspace/Sources/SharkCardScan/CardScannerExtensions.swift (in target 'SharkCardScan' from project 'SharkCardScan')
SwiftCompile normal arm64 /Users/admin/builder/spi-builder-workspace/Sources/SharkCardScan/CardScannerExtensions.swift (in target 'SharkCardScan' from project 'SharkCardScan')
cd /Users/admin/builder/spi-builder-workspace/.swiftpm/xcode
builtin-SwiftPerFileCompile CardScannerExtensions.swift
SwiftCompile normal arm64 Compiling\ CardCheck.swift /Users/admin/builder/spi-builder-workspace/Sources/SharkCardScan/CardCheck.swift (in target 'SharkCardScan' from project 'SharkCardScan')
SwiftCompile normal arm64 /Users/admin/builder/spi-builder-workspace/Sources/SharkCardScan/CardCheck.swift (in target 'SharkCardScan' from project 'SharkCardScan')
cd /Users/admin/builder/spi-builder-workspace/.swiftpm/xcode
builtin-SwiftPerFileCompile CardCheck.swift
SwiftCompile normal arm64 Compiling\ CardScanViewModel.swift /Users/admin/builder/spi-builder-workspace/Sources/SharkCardScan/CardScanViewModel.swift (in target 'SharkCardScan' from project 'SharkCardScan')
SwiftCompile normal arm64 /Users/admin/builder/spi-builder-workspace/Sources/SharkCardScan/CardScanViewModel.swift (in target 'SharkCardScan' from project 'SharkCardScan')
cd /Users/admin/builder/spi-builder-workspace/.swiftpm/xcode
builtin-SwiftPerFileCompile CardScanViewModel.swift
SwiftEmitModule normal arm64 Emitting\ module\ for\ SharkCardScan (in target 'SharkCardScan' from project 'SharkCardScan')
/Users/admin/builder/spi-builder-workspace/Sources/SharkCardScan/PixelBufferStream.swift:27:62: error: 'AVCaptureVideoPreviewLayer' is unavailable in visionOS
25 | private let session = AVCaptureSession()
26 | private let writeSafe: WriteSafe
27 | private let contentView = LayerContentView(contentLayer: AVCaptureVideoPreviewLayer()).withAspectRatio(9.0 / 16.0)
| `- error: 'AVCaptureVideoPreviewLayer' is unavailable in visionOS
28 | public let previewView = UIView()
29 | @ThreadSafe public var output: (CVPixelBuffer, CGImagePropertyOrientation) -> Void
/Applications/Xcode-27.0.0-Release.Candidate.app/Contents/Developer/Platforms/XROS.platform/Developer/SDKs/XROS27.0.sdk/System/Library/Frameworks/AVFoundation.framework/Headers/AVCaptureVideoPreviewLayer.h:33:12: note: 'AVCaptureVideoPreviewLayer' has been explicitly marked unavailable here
31 | */
32 | API_AVAILABLE(macos(10.7), ios(4.0), macCatalyst(14.0), tvos(17.0)) API_UNAVAILABLE(visionos) API_UNAVAILABLE(watchos)
33 | @interface AVCaptureVideoPreviewLayer : CALayer
| `- note: 'AVCaptureVideoPreviewLayer' has been explicitly marked unavailable here
34 | {
35 | @private
Failed frontend command:
/Applications/Xcode-27.0.0-Release.Candidate.app/Contents/Developer/Toolchains/XcodeDefault.xctoolchain/usr/bin/swift-frontend -frontend -emit-module -experimental-skip-non-inlinable-function-bodies-without-types /Users/admin/builder/spi-builder-workspace/.derivedData/Build/Intermediates.noindex/SharkCardScan.build/Debug-xros/SharkCardScan-t.build/DerivedSources/resource_bundle_accessor.swift /Users/admin/builder/spi-builder-workspace/Sources/SharkCardScan/CameraAccess.swift /Users/admin/builder/spi-builder-workspace/Sources/SharkCardScan/CardCheck.swift /Users/admin/builder/spi-builder-workspace/Sources/SharkCardScan/CardScanViewModel.swift /Users/admin/builder/spi-builder-workspace/Sources/SharkCardScan/CardScanner.swift /Users/admin/builder/spi-builder-workspace/Sources/SharkCardScan/CardScannerExtensions.swift /Users/admin/builder/spi-builder-workspace/Sources/SharkCardScan/DateExtensions.swift /Users/admin/builder/spi-builder-workspace/Sources/SharkCardScan/LayoutContentView.swift /Users/admin/builder/spi-builder-workspace/Sources/SharkCardScan/PixelBufferStream.swift /Users/admin/builder/spi-builder-workspace/Sources/SharkCardScan/ScannedCardView.swift /Users/admin/builder/spi-builder-workspace/Sources/SharkCardScan/SharkCardScanViewController.swift /Users/admin/builder/spi-builder-workspace/Sources/SharkCardScan/Styling/Styling.swift /Users/admin/builder/spi-builder-workspace/.derivedData/Build/Intermediates.noindex/SharkCardScan.build/Debug-xros/SharkCardScan-t.build/DerivedSources/GeneratedAssetSymbols.swift -target arm64-apple-xros1.0 -module-can-import-version DeveloperToolsSupport 24.0.24 24.0.24 -disable-cross-import-overlay-search -swift-module-cross-import Vision /Applications/Xcode-27.0.0-Release.Candidate.app/Contents/Developer/Platforms/XROS.platform/Developer/SDKs/XROS.sdk/System/Library/Frameworks/Vision.framework/Modules/Vision.swiftcrossimport/FoundationModels.swiftoverlay -swift-module-cross-import Vision /Applications/Xcode-27.0.0-Release.Candidate.app/Contents/Developer/Platforms/XROS.platform/Developer/SDKs/XROS27.0.sdk/System/Library/Frameworks/Vision.framework/Modules/Vision.swiftcrossimport/FoundationModels.swiftoverlay -load-resolved-plugin /Applications/Xcode-27.0.0-Release.Candidate.app/Contents/Developer/Platforms/XROS.platform/Developer/usr/lib/swift/host/plugins/libFoundationMacros.dylib\#/Applications/Xcode-27.0.0-Release.Candidate.app/Contents/Developer/Platforms/XROS.platform/Developer/usr/bin/swift-plugin-server\#FoundationMacros -load-resolved-plugin /Applications/Xcode-27.0.0-Release.Candidate.app/Contents/Developer/Platforms/XROS.platform/Developer/usr/lib/swift/host/plugins/libObservationMacros.dylib\#/Applications/Xcode-27.0.0-Release.Candidate.app/Contents/Developer/Platforms/XROS.platform/Developer/usr/bin/swift-plugin-server\#ObservationMacros -load-resolved-plugin /Applications/Xcode-27.0.0-Release.Candidate.app/Contents/Developer/Platforms/XROS.platform/Developer/usr/lib/swift/host/plugins/libPreviewsMacros.dylib\#/Applications/Xcode-27.0.0-Release.Candidate.app/Contents/Developer/Platforms/XROS.platform/Developer/usr/bin/swift-plugin-server\#PreviewsMacros -load-resolved-plugin /Applications/Xcode-27.0.0-Release.Candidate.app/Contents/Developer/Platforms/XROS.platform/Developer/usr/lib/swift/host/plugins/libSwiftMacros.dylib\#/Applications/Xcode-27.0.0-Release.Candidate.app/Contents/Developer/Platforms/XROS.platform/Developer/usr/bin/swift-plugin-server\#SwiftMacros -load-resolved-plugin /Applications/Xcode-27.0.0-Release.Candidate.app/Contents/Developer/Platforms/XROS.platform/Developer/usr/lib/swift/host/plugins/libSwiftUIMacros.dylib\#/Applications/Xcode-27.0.0-Release.Candidate.app/Contents/Developer/Platforms/XROS.platform/Developer/usr/bin/swift-plugin-server\#SwiftUIMacros -disable-implicit-swift-modules -Xcc -fno-implicit-modules -Xcc -fno-implicit-module-maps -explicit-swift-module-map-file /Users/admin/builder/spi-builder-workspace/.derivedData/Build/Intermediates.noindex/SharkCardScan.build/Debug-xros/SharkCardScan-t.build/Objects-normal/arm64/SharkCardScan-dependencies-1.json -Xllvm -aarch64-use-tbi -enable-objc-interop -stack-check -sdk /Applications/Xcode-27.0.0-Release.Candidate.app/Contents/Developer/Platforms/XROS.platform/Developer/SDKs/XROS27.0.sdk -I /Users/admin/builder/spi-builder-workspace/.derivedData/Build/Products/Debug-xros -Isystem /Applications/Xcode-27.0.0-Release.Candidate.app/Contents/Developer/Platforms/XROS.platform/Developer/usr/lib -F /Users/admin/builder/spi-builder-workspace/.derivedData/Build/Products/Debug-xros/PackageFrameworks -F /Users/admin/builder/spi-builder-workspace/.derivedData/Build/Products/Debug-xros -F /Applications/Xcode-27.0.0-Release.Candidate.app/Contents/Developer/Platforms/XROS.platform/Developer/Library/Frameworks -F /Applications/Xcode-27.0.0-Release.Candidate.app/Contents/Developer/Platforms/XROS.platform/Developer/SDKs/XROS27.0.sdk/Developer/Library/Frameworks -module-cache-path /Users/admin/builder/spi-builder-workspace/.derivedData/Build/Intermediates.noindex/SwiftExplicitPrecompiledModules -no-color-diagnostics -Xcc -fno-color-diagnostics -enable-testing -g -debug-info-format\=dwarf -dwarf-version\=4 -swift-version 5 -Onone -D SWIFT_PACKAGE -D DEBUG -D SWIFT_MODULE_RESOURCE_BUNDLE_AVAILABLE -D Xcode -serialize-debugging-options -enable-experimental-feature DebugDescriptionMacro -empty-abi-descriptor -validate-clang-modules-once -clang-build-session-file /Users/admin/builder/spi-builder-workspace/.derivedData/ModuleCache.noindex/Session.modulevalidation -Xcc -working-directory -Xcc /Users/admin/builder/spi-builder-workspace/.swiftpm/xcode -enable-anonymous-context-mangled-names -file-compilation-dir /Users/admin/builder/spi-builder-workspace/.swiftpm/xcode -Xcc -D_LIBCPP_HARDENING_MODE\=_LIBCPP_HARDENING_MODE_DEBUG -Xcc -ivfsstatcache -Xcc /Users/admin/builder/spi-builder-workspace/.derivedData/SDKStatCaches.noindex/xros27.0-24M361-e829b21a6f8c9b70876ba0858053c044735bd543db762f57723cac368afd1ce4.sdkstatcache -Xcc -fmodules-prune-interval\=86400 -Xcc -fmodules-prune-after\=345600 -Xcc -I/Users/admin/builder/spi-builder-workspace/.derivedData/Build/Products/Debug-xros/include -Xcc -I/Users/admin/builder/spi-builder-workspace/.derivedData/Build/Intermediates.noindex/SharkCardScan.build/Debug-xros/SharkCardScan-t.build/DerivedSources-normal/arm64 -Xcc -I/Users/admin/builder/spi-builder-workspace/.derivedData/Build/Intermediates.noindex/SharkCardScan.build/Debug-xros/SharkCardScan-t.build/DerivedSources/arm64 -Xcc -I/Users/admin/builder/spi-builder-workspace/.derivedData/Build/Intermediates.noindex/SharkCardScan.build/Debug-xros/SharkCardScan-t.build/DerivedSources -Xcc -DSWIFT_PACKAGE -Xcc -DDEBUG\=1 -no-auto-bridging-header-chaining -module-name SharkCardScan -const-gather-protocols-file /Users/admin/builder/spi-builder-workspace/.derivedData/Build/Intermediates.noindex/SharkCardScan.build/Debug-xros/SharkCardScan-t.build/Objects-normal/arm64/SharkCardScan_const_extract_protocols.json -disable-clang-spi -clang-target arm64-apple-xros27.0 -target-sdk-version 27.0 -target-sdk-name xros27.0 -in-process-plugin-server-path /Applications/Xcode-27.0.0-Release.Candidate.app/Contents/Developer/Toolchains/XcodeDefault.xctoolchain/usr/lib/swift/host/libSwiftInProcPluginServer.dylib -emit-module-doc-path /Users/admin/builder/spi-builder-workspace/.derivedData/Build/Intermediates.noindex/SharkCardScan.build/Debug-xros/SharkCardScan-t.build/Objects-normal/arm64/SharkCardScan.swiftdoc -emit-module-source-info-path /Users/admin/builder/spi-builder-workspace/.derivedData/Build/Intermediates.noindex/SharkCardScan.build/Debug-xros/SharkCardScan-t.build/Objects-normal/arm64/SharkCardScan.swiftsourceinfo -emit-objc-header-path /Users/admin/builder/spi-builder-workspace/.derivedData/Build/Intermediates.noindex/SharkCardScan.build/Debug-xros/SharkCardScan-t.build/Objects-normal/arm64/SharkCardScan-Swift.h -serialize-diagnostics-path /Users/admin/builder/spi-builder-workspace/.derivedData/Build/Intermediates.noindex/SharkCardScan.build/Debug-xros/SharkCardScan-t.build/Objects-normal/arm64/SharkCardScan-primary-emit-module.dia -emit-dependencies-path /Users/admin/builder/spi-builder-workspace/.derivedData/Build/Intermediates.noindex/SharkCardScan.build/Debug-xros/SharkCardScan-t.build/Objects-normal/arm64/SharkCardScan-primary-emit-module.d -parse-as-library -o /Users/admin/builder/spi-builder-workspace/.derivedData/Build/Intermediates.noindex/SharkCardScan.build/Debug-xros/SharkCardScan-t.build/Objects-normal/arm64/SharkCardScan.swiftmodule -emit-abi-descriptor-path /Users/admin/builder/spi-builder-workspace/.derivedData/Build/Intermediates.noindex/SharkCardScan.build/Debug-xros/SharkCardScan-t.build/Objects-normal/arm64/SharkCardScan.abi.json
SwiftCompile normal arm64 (in target 'SharkCardScan' from project 'SharkCardScan')
cd /Users/admin/builder/spi-builder-workspace/.swiftpm/xcode
SwiftCompile normal arm64 Compiling\ ScannedCardView.swift /Users/admin/builder/spi-builder-workspace/Sources/SharkCardScan/ScannedCardView.swift (in target 'SharkCardScan' from project 'SharkCardScan')
SwiftCompile normal arm64 /Users/admin/builder/spi-builder-workspace/Sources/SharkCardScan/ScannedCardView.swift (in target 'SharkCardScan' from project 'SharkCardScan')
cd /Users/admin/builder/spi-builder-workspace/.swiftpm/xcode
builtin-SwiftPerFileCompile ScannedCardView.swift
SwiftCompile normal arm64 Compiling\ SharkCardScanViewController.swift /Users/admin/builder/spi-builder-workspace/Sources/SharkCardScan/SharkCardScanViewController.swift (in target 'SharkCardScan' from project 'SharkCardScan')
SwiftCompile normal arm64 /Users/admin/builder/spi-builder-workspace/Sources/SharkCardScan/SharkCardScanViewController.swift (in target 'SharkCardScan' from project 'SharkCardScan')
cd /Users/admin/builder/spi-builder-workspace/.swiftpm/xcode
builtin-SwiftPerFileCompile SharkCardScanViewController.swift
SwiftCompile normal arm64 Compiling\ PixelBufferStream.swift /Users/admin/builder/spi-builder-workspace/Sources/SharkCardScan/PixelBufferStream.swift (in target 'SharkCardScan' from project 'SharkCardScan')
/Users/admin/builder/spi-builder-workspace/Sources/SharkCardScan/PixelBufferStream.swift:27:62: error: 'AVCaptureVideoPreviewLayer' is unavailable in visionOS
25 | private let session = AVCaptureSession()
26 | private let writeSafe: WriteSafe
27 | private let contentView = LayerContentView(contentLayer: AVCaptureVideoPreviewLayer()).withAspectRatio(9.0 / 16.0)
| `- error: 'AVCaptureVideoPreviewLayer' is unavailable in visionOS
28 | public let previewView = UIView()
29 | @ThreadSafe public var output: (CVPixelBuffer, CGImagePropertyOrientation) -> Void
/Applications/Xcode-27.0.0-Release.Candidate.app/Contents/Developer/Platforms/XROS.platform/Developer/SDKs/XROS27.0.sdk/System/Library/Frameworks/AVFoundation.framework/Headers/AVCaptureVideoPreviewLayer.h:33:12: note: 'AVCaptureVideoPreviewLayer' has been explicitly marked unavailable here
31 | */
32 | API_AVAILABLE(macos(10.7), ios(4.0), macCatalyst(14.0), tvos(17.0)) API_UNAVAILABLE(visionos) API_UNAVAILABLE(watchos)
33 | @interface AVCaptureVideoPreviewLayer : CALayer
| `- note: 'AVCaptureVideoPreviewLayer' has been explicitly marked unavailable here
34 | {
35 | @private
/Users/admin/builder/spi-builder-workspace/Sources/SharkCardScan/PixelBufferStream.swift:54:44: error: 'default(_:for:position:)' is only available in visionOS 2.1 or newer
21 | }
22 |
23 | public class CameraPixelBufferStream: NSObject, PixelBufferStream, AVCaptureVideoDataOutputSampleBufferDelegate {
| `- note: add '@available' attribute to enclosing class
24 |
25 | private let session = AVCaptureSession()
:
45 | }
46 |
47 | public override init() {
| `- note: add '@available' attribute to enclosing initializer
48 | let writeSafe = WriteSafe()
49 | self.writeSafe = writeSafe
:
52 | super.init()
53 |
54 | guard let device = AVCaptureDevice.default(.builtInWideAngleCamera, for: .video, position: .back) else {
| |- error: 'default(_:for:position:)' is only available in visionOS 2.1 or newer
| `- note: add 'if #available' version check
55 | print("No device")
56 | return
/Users/admin/builder/spi-builder-workspace/Sources/SharkCardScan/PixelBufferStream.swift:54:53: error: 'builtInWideAngleCamera' is only available in visionOS 2.1 or newer
21 | }
22 |
23 | public class CameraPixelBufferStream: NSObject, PixelBufferStream, AVCaptureVideoDataOutputSampleBufferDelegate {
| `- note: add '@available' attribute to enclosing class
24 |
25 | private let session = AVCaptureSession()
:
45 | }
46 |
47 | public override init() {
| `- note: add '@available' attribute to enclosing initializer
48 | let writeSafe = WriteSafe()
49 | self.writeSafe = writeSafe
:
52 | super.init()
53 |
54 | guard let device = AVCaptureDevice.default(.builtInWideAngleCamera, for: .video, position: .back) else {
| |- error: 'builtInWideAngleCamera' is only available in visionOS 2.1 or newer
| `- note: add 'if #available' version check
55 | print("No device")
56 | return
/Users/admin/builder/spi-builder-workspace/Sources/SharkCardScan/PixelBufferStream.swift:58:17: error: 'sessionPreset' is unavailable in visionOS
56 | return
57 | }
58 | session.sessionPreset = device.supportsSessionPreset(.hd4K3840x2160) ? .hd4K3840x2160 : .hd1920x1080
| `- error: 'sessionPreset' is unavailable in visionOS
59 |
60 | try? device.lockForConfiguration()
/Applications/Xcode-27.0.0-Release.Candidate.app/Contents/Developer/Platforms/XROS.platform/Developer/SDKs/XROS27.0.sdk/System/Library/Frameworks/AVFoundation.framework/Headers/AVCaptureSession.h:166:51: note: 'sessionPreset' has been explicitly marked unavailable here
164 | The value of this property is an AVCaptureSessionPreset indicating the current session preset in use by the receiver. The sessionPreset property may be set while the receiver is running.
165 | */
166 | @property(nonatomic, copy) AVCaptureSessionPreset sessionPreset API_UNAVAILABLE(visionos);
| `- note: 'sessionPreset' has been explicitly marked unavailable here
167 |
168 | /*!
/Users/admin/builder/spi-builder-workspace/Sources/SharkCardScan/PixelBufferStream.swift:58:40: error: 'supportsSessionPreset' is unavailable in visionOS
56 | return
57 | }
58 | session.sessionPreset = device.supportsSessionPreset(.hd4K3840x2160) ? .hd4K3840x2160 : .hd1920x1080
| `- error: 'supportsSessionPreset' is unavailable in visionOS
59 |
60 | try? device.lockForConfiguration()
/Applications/Xcode-27.0.0-Release.Candidate.app/Contents/Developer/Platforms/XROS.platform/Developer/SDKs/XROS27.0.sdk/System/Library/Frameworks/AVFoundation.framework/Headers/AVCaptureDevice.h:303:1: note: 'supportsSessionPreset' has been explicitly marked unavailable here
301 | An AVCaptureSession instance can be associated with a preset that configures its inputs and outputs to fulfill common use cases. This method can be used to determine if the receiver can be used in a capture session with the given preset. Presets are defined in AVCaptureSession.h.
302 | */
303 | - (BOOL)supportsAVCaptureSessionPreset:(AVCaptureSessionPreset)preset API_UNAVAILABLE(visionos);
| `- note: 'supportsSessionPreset' has been explicitly marked unavailable here
304 |
305 | /*!
/Users/admin/builder/spi-builder-workspace/Sources/SharkCardScan/PixelBufferStream.swift:58:63: error: 'hd4K3840x2160' is unavailable in visionOS
56 | return
57 | }
58 | session.sessionPreset = device.supportsSessionPreset(.hd4K3840x2160) ? .hd4K3840x2160 : .hd1920x1080
| `- error: 'hd4K3840x2160' is unavailable in visionOS
59 |
60 | try? device.lockForConfiguration()
/Applications/Xcode-27.0.0-Release.Candidate.app/Contents/Developer/Platforms/XROS.platform/Developer/SDKs/XROS27.0.sdk/System/Library/Frameworks/AVFoundation.framework/Headers/AVCaptureSessionPreset.h:131:41: note: 'hd4K3840x2160' has been explicitly marked unavailable here
129 | Clients may set an AVCaptureSession instance's sessionPreset to AVCaptureSessionPreset3840x2160 to achieve 3840x2160 output.
130 | */
131 | AVF_EXPORT AVCaptureSessionPreset const AVCaptureSessionPreset3840x2160 API_AVAILABLE(macos(10.15), ios(9.0), macCatalyst(14.0), tvos(17.0)) API_UNAVAILABLE(visionos) API_UNAVAILABLE(watchos);
| `- note: 'hd4K3840x2160' has been explicitly marked unavailable here
132 |
133 | /*!
/Users/admin/builder/spi-builder-workspace/Sources/SharkCardScan/PixelBufferStream.swift:58:81: error: 'hd4K3840x2160' is unavailable in visionOS
56 | return
57 | }
58 | session.sessionPreset = device.supportsSessionPreset(.hd4K3840x2160) ? .hd4K3840x2160 : .hd1920x1080
| `- error: 'hd4K3840x2160' is unavailable in visionOS
59 |
60 | try? device.lockForConfiguration()
/Applications/Xcode-27.0.0-Release.Candidate.app/Contents/Developer/Platforms/XROS.platform/Developer/SDKs/XROS27.0.sdk/System/Library/Frameworks/AVFoundation.framework/Headers/AVCaptureSessionPreset.h:131:41: note: 'hd4K3840x2160' has been explicitly marked unavailable here
129 | Clients may set an AVCaptureSession instance's sessionPreset to AVCaptureSessionPreset3840x2160 to achieve 3840x2160 output.
130 | */
131 | AVF_EXPORT AVCaptureSessionPreset const AVCaptureSessionPreset3840x2160 API_AVAILABLE(macos(10.15), ios(9.0), macCatalyst(14.0), tvos(17.0)) API_UNAVAILABLE(visionos) API_UNAVAILABLE(watchos);
| `- note: 'hd4K3840x2160' has been explicitly marked unavailable here
132 |
133 | /*!
/Users/admin/builder/spi-builder-workspace/Sources/SharkCardScan/PixelBufferStream.swift:58:98: error: 'hd1920x1080' is unavailable in visionOS
56 | return
57 | }
58 | session.sessionPreset = device.supportsSessionPreset(.hd4K3840x2160) ? .hd4K3840x2160 : .hd1920x1080
| `- error: 'hd1920x1080' is unavailable in visionOS
59 |
60 | try? device.lockForConfiguration()
/Applications/Xcode-27.0.0-Release.Candidate.app/Contents/Developer/Platforms/XROS.platform/Developer/SDKs/XROS27.0.sdk/System/Library/Frameworks/AVFoundation.framework/Headers/AVCaptureSessionPreset.h:121:41: note: 'hd1920x1080' has been explicitly marked unavailable here
119 | Clients may set an AVCaptureSession instance's sessionPreset to AVCaptureSessionPreset1920x1080 to achieve 1920x1080 output.
120 | */
121 | AVF_EXPORT AVCaptureSessionPreset const AVCaptureSessionPreset1920x1080 API_AVAILABLE(macos(10.15), ios(5.0), macCatalyst(14.0), tvos(17.0)) API_UNAVAILABLE(visionos) API_UNAVAILABLE(watchos);
| `- note: 'hd1920x1080' has been explicitly marked unavailable here
122 |
123 | /*!
/Users/admin/builder/spi-builder-workspace/Sources/SharkCardScan/PixelBufferStream.swift:61:19: error: 'isAutoFocusRangeRestrictionSupported' is unavailable in visionOS
59 |
60 | try? device.lockForConfiguration()
61 | if device.isAutoFocusRangeRestrictionSupported {
| `- error: 'isAutoFocusRangeRestrictionSupported' is unavailable in visionOS
62 | device.autoFocusRangeRestriction = .near
63 | }
/Applications/Xcode-27.0.0-Release.Candidate.app/Contents/Developer/Platforms/XROS.platform/Developer/SDKs/XROS27.0.sdk/System/Library/Frameworks/AVFoundation.framework/Headers/AVCaptureDevice.h:1288:82: note: 'isAutoFocusRangeRestrictionSupported' has been explicitly marked unavailable here
1286 | The receiver's autoFocusRangeRestriction property can only be set if this property returns YES.
1287 | */
1288 | @property(nonatomic, readonly, getter=isAutoFocusRangeRestrictionSupported) BOOL autoFocusRangeRestrictionSupported API_AVAILABLE(ios(7.0), macCatalyst(14.0), tvos(17.0)) API_UNAVAILABLE(macos, visionos);
| `- note: 'isAutoFocusRangeRestrictionSupported' has been explicitly marked unavailable here
1289 |
1290 | /*!
/Users/admin/builder/spi-builder-workspace/Sources/SharkCardScan/PixelBufferStream.swift:62:20: error: 'autoFocusRangeRestriction' is unavailable in visionOS
60 | try? device.lockForConfiguration()
61 | if device.isAutoFocusRangeRestrictionSupported {
62 | device.autoFocusRangeRestriction = .near
| `- error: 'autoFocusRangeRestriction' is unavailable in visionOS
63 | }
64 | if device.isFocusModeSupported(.continuousAutoFocus) {
/Applications/Xcode-27.0.0-Release.Candidate.app/Contents/Developer/Platforms/XROS.platform/Developer/SDKs/XROS27.0.sdk/System/Library/Frameworks/AVFoundation.framework/Headers/AVCaptureDevice.h:1298:57: note: 'autoFocusRangeRestriction' has been explicitly marked unavailable here
1296 | The value of this property is an AVCaptureAutoFocusRangeRestriction indicating how the autofocus system should limit its focus scan. The default value is AVCaptureAutoFocusRangeRestrictionNone. -setAutoFocusRangeRestriction: throws an NSInvalidArgumentException if isAutoFocusRangeRestrictionSupported returns NO. -setAutoFocusRangeRestriction: throws an NSGenericException if called without first obtaining exclusive access to the receiver using lockForConfiguration:. This property only has an effect when the focusMode property is set to AVCaptureFocusModeAutoFocus or AVCaptureFocusModeContinuousAutoFocus. Note that setting autoFocusRangeRestriction alone does not initiate a focus operation. After setting autoFocusRangeRestriction, call -setFocusMode: to apply the new restriction.
1297 | */
1298 | @property(nonatomic) AVCaptureAutoFocusRangeRestriction autoFocusRangeRestriction API_AVAILABLE(ios(7.0), macCatalyst(14.0), tvos(17.0)) API_UNAVAILABLE(macos, visionos);
| `- note: 'autoFocusRangeRestriction' has been explicitly marked unavailable here
1299 |
1300 | /*!
/Users/admin/builder/spi-builder-workspace/Sources/SharkCardScan/PixelBufferStream.swift:73:19: error: 'isLowLightBoostSupported' is unavailable in visionOS
71 | device.exposureMode = .continuousAutoExposure
72 | }
73 | if device.isLowLightBoostSupported {
| `- error: 'isLowLightBoostSupported' is unavailable in visionOS
74 | device.automaticallyEnablesLowLightBoostWhenAvailable = true
75 | }
/Applications/Xcode-27.0.0-Release.Candidate.app/Contents/Developer/Platforms/XROS.platform/Developer/SDKs/XROS27.0.sdk/System/Library/Frameworks/AVFoundation.framework/Headers/AVCaptureDevice.h:2028:70: note: 'isLowLightBoostSupported' has been explicitly marked unavailable here
2026 | The receiver's automaticallyEnablesLowLightBoostWhenAvailable property can only be set if this property returns YES.
2027 | */
2028 | @property(nonatomic, readonly, getter=isLowLightBoostSupported) BOOL lowLightBoostSupported API_AVAILABLE(ios(6.0), macCatalyst(14.0), tvos(17.0)) API_UNAVAILABLE(macos, visionos);
| `- note: 'isLowLightBoostSupported' has been explicitly marked unavailable here
2029 |
2030 | /*!
SwiftCompile normal arm64 /Users/admin/builder/spi-builder-workspace/Sources/SharkCardScan/PixelBufferStream.swift (in target 'SharkCardScan' from project 'SharkCardScan')
cd /Users/admin/builder/spi-builder-workspace/.swiftpm/xcode
builtin-SwiftPerFileCompile PixelBufferStream.swift
SwiftCompile normal arm64 Compiling\ Styling.swift /Users/admin/builder/spi-builder-workspace/Sources/SharkCardScan/Styling/Styling.swift (in target 'SharkCardScan' from project 'SharkCardScan')
SwiftCompile normal arm64 /Users/admin/builder/spi-builder-workspace/Sources/SharkCardScan/Styling/Styling.swift (in target 'SharkCardScan' from project 'SharkCardScan')
cd /Users/admin/builder/spi-builder-workspace/.swiftpm/xcode
builtin-SwiftPerFileCompile Styling.swift
SwiftDriverJobDiscovery normal arm64 Compiling CardCheck.swift (in target 'SharkCardScan' from project 'SharkCardScan')
SwiftDriverJobDiscovery normal arm64 Compiling resource_bundle_accessor.swift (in target 'SharkCardScan' from project 'SharkCardScan')
SwiftCompile normal arm64 Compiling\ LayoutContentView.swift /Users/admin/builder/spi-builder-workspace/Sources/SharkCardScan/LayoutContentView.swift (in target 'SharkCardScan' from project 'SharkCardScan')
SwiftCompile normal arm64 /Users/admin/builder/spi-builder-workspace/Sources/SharkCardScan/LayoutContentView.swift (in target 'SharkCardScan' from project 'SharkCardScan')
cd /Users/admin/builder/spi-builder-workspace/.swiftpm/xcode
builtin-SwiftPerFileCompile LayoutContentView.swift
SwiftCompile normal arm64 Compiling\ DateExtensions.swift /Users/admin/builder/spi-builder-workspace/Sources/SharkCardScan/DateExtensions.swift (in target 'SharkCardScan' from project 'SharkCardScan')
SwiftCompile normal arm64 /Users/admin/builder/spi-builder-workspace/Sources/SharkCardScan/DateExtensions.swift (in target 'SharkCardScan' from project 'SharkCardScan')
cd /Users/admin/builder/spi-builder-workspace/.swiftpm/xcode
builtin-SwiftPerFileCompile DateExtensions.swift
PruneExplicitPrecompiledModules /Users/admin/builder/spi-builder-workspace/.derivedData/SDKExplicitPrecompiledModules
PruneExplicitPrecompiledModules /Users/admin/builder/spi-builder-workspace/.derivedData/Build/Intermediates.noindex/ExplicitPrecompiledModules
PruneExplicitPrecompiledModules /Users/admin/builder/spi-builder-workspace/.derivedData/Build/Intermediates.noindex/SwiftExplicitPrecompiledModules
2026-09-18 06:21:53.449 xcodebuild[863:5201] [MT] IDERunDestination: Supported platforms for the buildables in the current scheme is empty.
2026-09-18 06:21:53.550 xcodebuild[863:5201] [MT] IDERunDestination: Supported platforms for the buildables in the current scheme is empty.
** BUILD FAILED **
The following build commands failed:
SwiftEmitModule normal arm64 Emitting\ module\ for\ SharkCardScan (in target 'SharkCardScan' from project 'SharkCardScan')
SwiftCompile normal arm64 (in target 'SharkCardScan' from project 'SharkCardScan')
Building workspace SharkCardScan with scheme SharkCardScan
(3 failures)
BUILD FAILURE 6.4 visionOS