The Swift Package Index logo.Swift Package Index

Build Information

Failed to build SpeziStudy, reference 0.2.2 (bc13d5), with Swift 6.4 for Android on 24 Sep 2026 19:52:17 UTC.

Build Command

bash -c docker run --pull=always --rm -v "checkouts-54344845-1":/host -w "$PWD" -e JAVA_HOME="/root/.sdkman/candidates/java/current" -e SPI_BUILD="1" -e SPI_PROCESSING="1" registry.gitlab.com/saguaro1/spi-images:android-6.4-latest swift build --swift-sdk aarch64-unknown-linux-android28 2>&1

Build Log

========================================
RunAll
========================================
Builder version: 5.1.0
Interrupt handler set up.
========================================
Checkout
========================================
Clone URL: https://github.com/StanfordSpezi/SpeziStudy.git
Reference: 0.2.2
Initialized empty Git repository in /host/spi-builder-workspace/.git/
hint: Using 'master' as the name for the initial branch. This default branch name
hint: is subject to change. To configure the initial branch name to use in all
hint: of your new repositories, which will suppress this warning, call:
hint:
hint: 	git config --global init.defaultBranch <name>
hint:
hint: Names commonly chosen instead of 'master' are 'main', 'trunk' and
hint: 'development'. The just-created branch can be renamed via this command:
hint:
hint: 	git branch -m <name>
From https://github.com/StanfordSpezi/SpeziStudy
 * tag               0.2.2      -> FETCH_HEAD
HEAD is now at bc13d5a limit FHIRModels dependency (#27)
Cloned https://github.com/StanfordSpezi/SpeziStudy.git
Revision (git rev-parse @):
bc13d5ab4e3148c06a0bede44b9a21cb07282d92
SPI manifest file found: $PWD/.spi.yml
SUCCESS checkout https://github.com/StanfordSpezi/SpeziStudy.git at 0.2.2
========================================
Build
========================================
Selected platform:         android
Swift version:             6.4
Building package at path:  $PWD
https://github.com/StanfordSpezi/SpeziStudy.git
Running build ...
bash -c docker run --pull=always --rm -v "checkouts-54344845-1":/host -w "$PWD" -e JAVA_HOME="/root/.sdkman/candidates/java/current" -e SPI_BUILD="1" -e SPI_PROCESSING="1" registry.gitlab.com/saguaro1/spi-images:android-6.4-latest swift build --swift-sdk aarch64-unknown-linux-android28 2>&1
android-6.4-latest: Pulling from saguaro1/spi-images
Digest: sha256:abadcff584c273feba50641b454858d377ba30b35ea7287a94f45ebd8afd0ea0
Status: Image is up to date for registry.gitlab.com/saguaro1/spi-images:android-6.4-latest
Fetching https://github.com/apple/swift-log.git
Fetching https://github.com/apple/FHIRModels.git
Fetching https://github.com/StanfordSpezi/SpeziFoundation.git
Fetching https://github.com/StanfordSpezi/SpeziScheduler.git
Fetching https://github.com/apple/swift-collections.git
Fetching https://github.com/StanfordSpezi/SpeziHealthKit.git
[1/8165] Fetching swift-log
[8166/11354] Fetching swift-log, spezifoundation
[8167/17628] Fetching swift-log, spezifoundation, spezihealthkit
[8641/21281] Fetching swift-log, spezifoundation, spezihealthkit, spezischeduler
[13786/33803] Fetching swift-log, spezifoundation, spezihealthkit, spezischeduler, fhirmodels
[21167/61505] Fetching swift-log, spezifoundation, spezihealthkit, spezischeduler, fhirmodels, swift-collections
Fetched https://github.com/StanfordSpezi/SpeziHealthKit.git (0.75s)
[25838/55231] Fetching swift-log, spezifoundation, spezischeduler, fhirmodels, swift-collections
Fetched https://github.com/apple/FHIRModels.git (0.94s)
[32460/42709] Fetching swift-log, spezifoundation, spezischeduler, swift-collections
Fetched https://github.com/StanfordSpezi/SpeziFoundation.git (1.20s)
Fetched https://github.com/apple/swift-log.git (1.20s)
Fetched https://github.com/StanfordSpezi/SpeziScheduler.git (1.21s)
Fetched https://github.com/apple/swift-collections.git (1.21s)
Computing version for https://github.com/apple/FHIRModels.git
Computed https://github.com/apple/FHIRModels.git at 0.8.0 (2.31s)
Computing version for https://github.com/StanfordSpezi/SpeziScheduler.git
Computed https://github.com/StanfordSpezi/SpeziScheduler.git at 1.2.20 (0.24s)
Fetching https://github.com/apple/swift-algorithms.git
Fetching https://github.com/StanfordSpezi/Spezi.git
Fetching https://github.com/StanfordBDHG/XCTRuntimeAssertions.git
[1/10350] Fetching spezi
[933/11085] Fetching spezi, xctruntimeassertions
[4064/17230] Fetching spezi, xctruntimeassertions, swift-algorithms
Fetched https://github.com/StanfordBDHG/XCTRuntimeAssertions.git (0.51s)
[13730/16495] Fetching spezi, swift-algorithms
Fetched https://github.com/StanfordSpezi/Spezi.git (0.55s)
Fetched https://github.com/apple/swift-algorithms.git (0.56s)
Computing version for https://github.com/StanfordBDHG/XCTRuntimeAssertions.git
Computed https://github.com/StanfordBDHG/XCTRuntimeAssertions.git at 2.2.0 (0.80s)
Computing version for https://github.com/StanfordSpezi/Spezi.git
Computed https://github.com/StanfordSpezi/Spezi.git at 1.10.2 (0.24s)
Computing version for https://github.com/apple/swift-algorithms.git
Computed https://github.com/apple/swift-algorithms.git at 1.2.1 (0.20s)
Fetching https://github.com/apple/swift-numerics.git
[1/6640] Fetching swift-numerics
Fetched https://github.com/apple/swift-numerics.git (3.91s)
Computing version for https://github.com/StanfordSpezi/SpeziHealthKit.git
Computed https://github.com/StanfordSpezi/SpeziHealthKit.git at 1.4.2 (4.17s)
Fetching https://github.com/StanfordSpezi/SpeziStorage.git
Fetching https://github.com/apple/swift-async-algorithms.git
[1/1733] Fetching spezistorage
[1700/8465] Fetching spezistorage, swift-async-algorithms
Fetched https://github.com/StanfordSpezi/SpeziStorage.git (0.63s)
Fetched https://github.com/apple/swift-async-algorithms.git (0.63s)
Computing version for https://github.com/StanfordSpezi/SpeziStorage.git
Computed https://github.com/StanfordSpezi/SpeziStorage.git at 2.1.4 (0.93s)
Computing version for https://github.com/StanfordSpezi/SpeziFoundation.git
Computed https://github.com/StanfordSpezi/SpeziFoundation.git at 2.7.7 (0.25s)
Fetching https://github.com/StanfordBDHG/zstd.git
Fetching https://github.com/StanfordBDHG/ThreadLocal.git
Fetching https://github.com/apple/swift-atomics.git
[1/63157] Fetching zstd
[633/65038] Fetching zstd, swift-atomics
Fetched https://github.com/apple/swift-atomics.git (0.63s)
[12000/63157] Fetching zstd
[29054/63340] Fetching zstd, threadlocal
Fetched https://github.com/StanfordBDHG/ThreadLocal.git (1.05s)
[33474/63157] Fetching zstd
Fetched https://github.com/StanfordBDHG/zstd.git (2.08s)
Computing version for https://github.com/apple/swift-atomics.git
Computed https://github.com/apple/swift-atomics.git at 1.3.1 (2.28s)
Computing version for https://github.com/apple/swift-async-algorithms.git
Computed https://github.com/apple/swift-async-algorithms.git at 1.1.6 (0.24s)
Computing version for https://github.com/apple/swift-collections.git
Computed https://github.com/apple/swift-collections.git at 1.7.0 (0.38s)
Computing version for https://github.com/StanfordBDHG/ThreadLocal.git
Computed https://github.com/StanfordBDHG/ThreadLocal.git at 0.1.3 (0.18s)
Fetching https://github.com/swiftlang/swift-syntax.git
[1/80067] Fetching swift-syntax
Fetched https://github.com/swiftlang/swift-syntax.git (3.62s)
Computing version for https://github.com/apple/swift-numerics.git
Computed https://github.com/apple/swift-numerics.git at 1.1.1 (3.80s)
Computing version for https://github.com/swiftlang/swift-syntax.git
Computed https://github.com/swiftlang/swift-syntax.git at 603.0.2 (0.33s)
Computing version for https://github.com/apple/swift-log.git
Computed https://github.com/apple/swift-log.git at 1.15.1 (0.20s)
Computing version for https://github.com/StanfordBDHG/zstd.git
Computed https://github.com/StanfordBDHG/zstd.git at 1.5.8-beta.1 (0.19s)
Creating working copy for https://github.com/StanfordSpezi/SpeziHealthKit.git
Working copy of https://github.com/StanfordSpezi/SpeziHealthKit.git resolved at 1.4.2
Creating working copy for https://github.com/apple/swift-atomics.git
Working copy of https://github.com/apple/swift-atomics.git resolved at 1.3.1
Creating working copy for https://github.com/apple/swift-async-algorithms.git
Working copy of https://github.com/apple/swift-async-algorithms.git resolved at 1.1.6
Creating working copy for https://github.com/StanfordSpezi/SpeziFoundation.git
Working copy of https://github.com/StanfordSpezi/SpeziFoundation.git resolved at 2.7.7
Creating working copy for https://github.com/StanfordSpezi/SpeziScheduler.git
Working copy of https://github.com/StanfordSpezi/SpeziScheduler.git resolved at 1.2.20
Creating working copy for https://github.com/apple/swift-log.git
Working copy of https://github.com/apple/swift-log.git resolved at 1.15.1
Creating working copy for https://github.com/apple/swift-numerics.git
Working copy of https://github.com/apple/swift-numerics.git resolved at 1.1.1
Creating working copy for https://github.com/StanfordBDHG/ThreadLocal.git
Working copy of https://github.com/StanfordBDHG/ThreadLocal.git resolved at 0.1.3
Creating working copy for https://github.com/StanfordSpezi/Spezi.git
Working copy of https://github.com/StanfordSpezi/Spezi.git resolved at 1.10.2
Creating working copy for https://github.com/apple/FHIRModels.git
Working copy of https://github.com/apple/FHIRModels.git resolved at 0.8.0
Creating working copy for https://github.com/StanfordBDHG/XCTRuntimeAssertions.git
Working copy of https://github.com/StanfordBDHG/XCTRuntimeAssertions.git resolved at 2.2.0
Creating working copy for https://github.com/StanfordSpezi/SpeziStorage.git
Working copy of https://github.com/StanfordSpezi/SpeziStorage.git resolved at 2.1.4
Creating working copy for https://github.com/apple/swift-algorithms.git
Working copy of https://github.com/apple/swift-algorithms.git resolved at 1.2.1
Creating working copy for https://github.com/swiftlang/swift-syntax.git
Working copy of https://github.com/swiftlang/swift-syntax.git resolved at 603.0.2
Creating working copy for https://github.com/apple/swift-collections.git
Working copy of https://github.com/apple/swift-collections.git resolved at 1.7.0
Creating working copy for https://github.com/StanfordBDHG/zstd.git
Working copy of https://github.com/StanfordBDHG/zstd.git resolved at 1.5.8-beta.1
Building for debugging...
[Computing dependencies]
[Constructing description]
[Pre-planning 1 / 1454]
[Planning 436 / 1454]
[Planning 1388 / 1454]
[Planning deferred tasks]
[Constructing 572 / 3226]
[Starting]
[1 / 621]
warning: no rule to process file '/host/spi-builder-workspace/Sources/SpeziStudyDefinition/Resources/Localizable.xcstrings' of type 'text.json.xcstrings' for architecture 'aarch64'
warning: no rule to process file '/host/spi-builder-workspace/.build/checkouts/SpeziFoundation/Sources/SpeziFoundation/Resources/Localizable.xcstrings' of type 'text.json.xcstrings' for architecture 'aarch64'
[276 / 621] libzstd
[277 / 621] libzstd
[281 / 621] libzstd
[282 / 621] libzstd
[291 / 621] libzstd
[294 / 621] libzstd
[297 / 621] libzstd
[301 / 622] SwiftSyntax603
[310 / 631] SwiftSyntax602
[318 / 639] SwiftSyntax602
[343 / 639] SwiftSyntax510
[354 / 640] SpeziStudy_SpeziStudyTests
[355 / 649] libzstd
[357 / 649] SwiftSyntax509
[361 / 652] SwiftSyntax510
[367 / 654] SwiftSyntax602
[373 / 654] SwiftSyntax509
[377 / 655] SwiftSyntax602
[382 / 655] SwiftSyntax
[408 / 655] SpeziHealthKit_SpeziHealthKit
[417 / 655] SwiftSyntax509
[423 / 661] RealModule
[425 / 679] RealModule
[426 / 679] Logging
[429 / 688] RealModule
[434 / 697] InternalCollectionsUtilities
[435 / 697] FMCore
[449 / 715] Atomics
[460 / 715] Atomics
[461 / 715] RuntimeAssertions
[464 / 715] Atomics
[472 / 715] SwiftBasicFormat
[475 / 715] RuntimeAssertions
error: SwiftCompile normal aarch64 /host/spi-builder-workspace/.build/checkouts/XCTRuntimeAssertions/Sources/RuntimeAssertions/RuntimePrecondition.swift failed with a nonzero exit code. Command line:     cd /host
    builtin-SwiftPerFileCompile RuntimePrecondition.swift
/host/spi-builder-workspace/.build/checkouts/XCTRuntimeAssertions/Sources/RuntimeAssertions/RuntimePrecondition.swift:41:5: error: cannot find 'usleep' in scope
39 |     // `wait(for: [expectation], timeout: timeout)`
40 |     // here as we need to make the method independent of XCTestCase to also use it in our TestApp UITest target which fails if you import XCTest.
41 |     usleep(useconds_t(1_000_000 * timeout))
   |     `- error: cannot find 'usleep' in scope
42 |     expressionWorkItem.cancel()
43 | }
/host/spi-builder-workspace/.build/checkouts/XCTRuntimeAssertions/Sources/RuntimeAssertions/RuntimePrecondition.swift:67:5: error: cannot find 'usleep' in scope
65 |     // `wait(for: [expectation], timeout: timeout)`
66 |     // here as we need to make the method independent of XCTestCase to also use it in our TestApp UITest target which fails if you import XCTest.
67 |     usleep(useconds_t(1_000_000 * timeout))
   |     `- error: cannot find 'usleep' in scope
68 |     task.cancel()
69 | }
Failed frontend command:
/root/.local/share/swiftly/toolchains/6.4.x-snapshot-2026-09-04/usr/bin/swift-frontend -frontend -c /host/spi-builder-workspace/.build/checkouts/XCTRuntimeAssertions/Sources/RuntimeAssertions/Assert.swift /host/spi-builder-workspace/.build/checkouts/XCTRuntimeAssertions/Sources/RuntimeAssertions/Counter.swift /host/spi-builder-workspace/.build/checkouts/XCTRuntimeAssertions/Sources/RuntimeAssertions/DebugOnly.swift /host/spi-builder-workspace/.build/checkouts/XCTRuntimeAssertions/Sources/RuntimeAssertions/NeverReturn.swift /host/spi-builder-workspace/.build/checkouts/XCTRuntimeAssertions/Sources/RuntimeAssertions/Precondition.swift /host/spi-builder-workspace/.build/checkouts/XCTRuntimeAssertions/Sources/RuntimeAssertions/RuntimeAssertion.swift /host/spi-builder-workspace/.build/checkouts/XCTRuntimeAssertions/Sources/RuntimeAssertions/RuntimeAssertionInjection.swift -primary-file /host/spi-builder-workspace/.build/checkouts/XCTRuntimeAssertions/Sources/RuntimeAssertions/RuntimePrecondition.swift -emit-dependencies-path /host/spi-builder-workspace/.build/out/Intermediates.noindex/RuntimeAssertions.build/Debug-android-aarch64/RuntimeAssertions-t.build/Objects-normal/aarch64/RuntimePrecondition.d -emit-const-values-path /host/spi-builder-workspace/.build/out/Intermediates.noindex/RuntimeAssertions.build/Debug-android-aarch64/RuntimeAssertions-t.build/Objects-normal/aarch64/RuntimePrecondition.swiftconstvalues -emit-reference-dependencies-path /host/spi-builder-workspace/.build/out/Intermediates.noindex/RuntimeAssertions.build/Debug-android-aarch64/RuntimeAssertions-t.build/Objects-normal/aarch64/RuntimePrecondition.swiftdeps -serialize-diagnostics-path /host/spi-builder-workspace/.build/out/Intermediates.noindex/RuntimeAssertions.build/Debug-android-aarch64/RuntimeAssertions-t.build/Objects-normal/aarch64/RuntimePrecondition.dia -target aarch64-unknown-linux-android28 -Xllvm -aarch64-use-tbi -disable-objc-interop -sdk /android-ndk/android-ndk-r27d/toolchains/llvm/prebuilt/linux-x86_64/sysroot -sysroot /android-ndk/android-ndk-r27d/toolchains/llvm/prebuilt/linux-x86_64/sysroot -I /host/spi-builder-workspace/.build/out/Products/Debug-android-aarch64 -module-cache-path /host/spi-builder-workspace/.build/out/ModuleCache.noindex -color-diagnostics -Xcc -fcolor-diagnostics -enable-testing -g -debug-info-format\=dwarf -dwarf-version\=4 -suppress-warnings -swift-version 5 -Onone -D SWIFT_PACKAGE -D DEBUG -D SWIFT_MODULE_RESOURCE_BUNDLE_UNAVAILABLE -D Xcode -serialize-debugging-options -enable-experimental-feature DebugDescriptionMacro -empty-abi-descriptor -external-plugin-path /root/.local/share/swiftly/toolchains/6.4.x-snapshot-2026-09-04/usr/lib/swift/host/plugins/testing\#/root/.local/share/swiftly/toolchains/6.4.x-snapshot-2026-09-04/usr/bin/swift-plugin-server -user-module-version 2.2.0 -validate-clang-modules-once -clang-build-session-file /host/spi-builder-workspace/.build/out/ModuleCache.noindex/Session.modulevalidation -Xcc -working-directory -Xcc /host -resource-dir /root/.swiftpm/swift-sdks/swift-6.4.x-DEVELOPMENT-SNAPSHOT-2026-09-04-a_android.artifactbundle/swift-android/swift-resources/usr/lib/swift-aarch64 -enable-anonymous-context-mangled-names -file-compilation-dir /host -Xcc -resource-dir -Xcc /android-ndk/android-ndk-r27d/toolchains/llvm/prebuilt/linux-x86_64/lib/clang/18 -Xcc -fno-omit-frame-pointer -Xcc -D_LIBCPP_HARDENING_MODE\=_LIBCPP_HARDENING_MODE_DEBUG -Xcc -fmodules-prune-interval\=86400 -Xcc -fmodules-prune-after\=345600 -Xcc -I/host/spi-builder-workspace/.build/out/Products/Debug-android-aarch64/include -Xcc -I/host/spi-builder-workspace/.build/out/Intermediates.noindex/RuntimeAssertions.build/Debug-android-aarch64/RuntimeAssertions-t.build/DerivedSources-normal/aarch64 -Xcc -I/host/spi-builder-workspace/.build/out/Intermediates.noindex/RuntimeAssertions.build/Debug-android-aarch64/RuntimeAssertions-t.build/DerivedSources/aarch64 -Xcc -I/host/spi-builder-workspace/.build/out/Intermediates.noindex/RuntimeAssertions.build/Debug-android-aarch64/RuntimeAssertions-t.build/DerivedSources -Xcc -DSWIFT_PACKAGE -Xcc -DDEBUG\=1 -no-auto-bridging-header-chaining -module-name RuntimeAssertions -package-name xctruntimeassertions -const-gather-protocols-file /host/spi-builder-workspace/.build/out/Intermediates.noindex/RuntimeAssertions.build/Debug-android-aarch64/RuntimeAssertions-t.build/Objects-normal/aarch64/RuntimeAssertions_const_extract_protocols.json -in-process-plugin-server-path /root/.local/share/swiftly/toolchains/6.4.x-snapshot-2026-09-04/usr/lib/swift/host/libSwiftInProcPluginServer.so -plugin-path /root/.local/share/swiftly/toolchains/6.4.x-snapshot-2026-09-04/usr/lib/swift/host/plugins -plugin-path /root/.local/share/swiftly/toolchains/6.4.x-snapshot-2026-09-04/usr/local/lib/swift/host/plugins -parse-as-library -o /host/spi-builder-workspace/.build/out/Intermediates.noindex/RuntimeAssertions.build/Debug-android-aarch64/RuntimeAssertions-t.build/Objects-normal/aarch64/RuntimePrecondition.o -index-unit-output-path /RuntimeAssertions.build/Debug-android-aarch64/RuntimeAssertions-t.build/Objects-normal/aarch64/RuntimePrecondition.o -index-store-path /host/spi-builder-workspace/.build/out -index-system-modules
error: Build failed
BUILD FAILURE 6.4 android