Build Information
Failed to build PrchNIO, reference 0.1.1 (e0900f), with Swift 6.4 for watchOS using Xcode 27.0 on 17 Sep 2026 23:37:28 UTC.
Build Command
env DEVELOPER_DIR=/Applications/Xcode-27.0.0-Release.Candidate.app xcrun xcodebuild -IDEClonedSourcePackagesDirPathOverride=$PWD/.dependencies -skipMacroValidation -skipPackagePluginValidation -derivedDataPath $PWD/.derivedData build -scheme PrchNIO -destination generic/platform=watchOSBuild Log
SwiftExplicitDependencyGeneratePcm arm64 /Users/admin/builder/spi-builder-workspace/.derivedData/SDKExplicitPrecompiledModules/dnssd-CL0B2OI7ZJ3F9VN9NFDYWB3FP.pcm
SwiftExplicitDependencyGeneratePcm arm64 /Users/admin/builder/spi-builder-workspace/.derivedData/SDKExplicitPrecompiledModules/MachO-2U90NNSAQILBNBPS1SA4F8TYP.pcm
SwiftExplicitDependencyGeneratePcm arm64 /Users/admin/builder/spi-builder-workspace/.derivedData/SDKExplicitPrecompiledModules/Network-8DKIQ0T2WQTBELHOHOC6MLTW0.pcm
SwiftExplicitDependencyGeneratePcm arm64_32 /Users/admin/builder/spi-builder-workspace/.derivedData/SDKExplicitPrecompiledModules/dnssd-F2TCC2EMGLFIMP0GH8SDTEIE.pcm
SwiftExplicitDependencyGeneratePcm arm64_32 /Users/admin/builder/spi-builder-workspace/.derivedData/Build/Intermediates.noindex/SwiftExplicitPrecompiledModules/CNIOLinux-AO2LHVPHBPTS7B80L6EW9BVI1.pcm
SwiftExplicitDependencyGeneratePcm arm64_32 /Users/admin/builder/spi-builder-workspace/.derivedData/Build/Intermediates.noindex/SwiftExplicitPrecompiledModules/CNIOLLHTTP-EVJCR8KJ06R24NHZ02WUXC99M.pcm
SwiftDriverJobDiscovery normal arm64 Compiling HTTPClient+StructuredConcurrency.swift, HTTPClient.swift, HTTPClientConfiguration+SwiftConfiguration.swift, HTTPHandler.swift, LRUCache.swift, NIOLoopBound+Execute.swift, NWErrorHandler.swift (in target 'AsyncHTTPClient' from project 'async-http-client')
SwiftExplicitDependencyGeneratePcm arm64_32 /Users/admin/builder/spi-builder-workspace/.derivedData/SDKExplicitPrecompiledModules/_Builtin_stdatomic-1TY035TURL76BF2U98PZPPZRX.pcm
SwiftDriverJobDiscovery normal arm64_32 Compiling BestEffortHashableTLSConfiguration.swift, Configuration+BrowserLike.swift, ConnectionPool.swift, HTTP1ProxyConnectHandler.swift, SOCKSEventsHandler.swift, TLSEventsHandler.swift, HTTP1ClientChannelHandler.swift (in target 'AsyncHTTPClient' from project 'async-http-client')
SwiftExplicitDependencyGeneratePcm arm64_32 /Users/admin/builder/spi-builder-workspace/.derivedData/SDKExplicitPrecompiledModules/MachO-56838ZJ0NC1EBAJ0O6O8QMPDX.pcm
SwiftExplicitDependencyGeneratePcm arm64_32 /Users/admin/builder/spi-builder-workspace/.derivedData/Build/Intermediates.noindex/SwiftExplicitPrecompiledModules/CNIOWindows-91TADCHKK33PJ52MXP6F30HNW.pcm
SwiftExplicitDependencyGeneratePcm arm64_32 /Users/admin/builder/spi-builder-workspace/.derivedData/Build/Intermediates.noindex/SwiftExplicitPrecompiledModules/CNIOOpenBSD-5HRHZCN962TD3I78X8IV2AQLM.pcm
SwiftDriverJobDiscovery normal arm64 Compiling HTTPConnectionPool+StateMachine.swift, ConnectionTarget.swift, DeconstructedURL.swift, FileDownloadDelegate.swift, FoundationExtensions.swift, HTTPClient+HTTPCookie.swift, HTTPClient+Proxy.swift (in target 'AsyncHTTPClient' from project 'async-http-client')
SwiftExplicitDependencyGeneratePcm arm64 /Users/admin/builder/spi-builder-workspace/.derivedData/Build/Intermediates.noindex/SwiftExplicitPrecompiledModules/CNIOOpenBSD-9LCLYBGBSAI4CC9FRVRX4E4P6.pcm
SwiftExplicitDependencyGeneratePcm arm64_32 /Users/admin/builder/spi-builder-workspace/.derivedData/Build/Intermediates.noindex/SwiftExplicitPrecompiledModules/CSystem-9F0E6M8OYAB9VBS6NXM5V2DX7.pcm
SwiftExplicitDependencyGeneratePcm arm64 /Users/admin/builder/spi-builder-workspace/.derivedData/SDKExplicitPrecompiledModules/_Builtin_stdatomic-7JEFA3KBJJJN6TKJWY3OG1VG5.pcm
SwiftExplicitDependencyGeneratePcm arm64 /Users/admin/builder/spi-builder-workspace/.derivedData/Build/Intermediates.noindex/SwiftExplicitPrecompiledModules/CNIOExtrasZlib-SPV4ROL5L5D45YIGGGD95CS8.pcm
SwiftExplicitDependencyGeneratePcm arm64 /Users/admin/builder/spi-builder-workspace/.derivedData/Build/Intermediates.noindex/SwiftExplicitPrecompiledModules/CNIODarwin-DJWY2AJLP0A2WP1C5YX7XKSQ8.pcm
SwiftExplicitDependencyGeneratePcm arm64_32 /Users/admin/builder/spi-builder-workspace/.derivedData/SDKExplicitPrecompiledModules/os-E5IGB442IA6SBB25TTCOLK2OC.pcm
SwiftExplicitDependencyGeneratePcm arm64 /Users/admin/builder/spi-builder-workspace/.derivedData/Build/Intermediates.noindex/SwiftExplicitPrecompiledModules/CNIOAtomics-271RHH157MQEPPF5CDJNWF9AZ.pcm
SwiftExplicitDependencyGeneratePcm arm64 /Users/admin/builder/spi-builder-workspace/.derivedData/Build/Intermediates.noindex/SwiftExplicitPrecompiledModules/CAsyncHTTPClient-6DK1Z9H96RXO33KU2X52DKL6Y.pcm
SwiftExplicitDependencyGeneratePcm arm64 /Users/admin/builder/spi-builder-workspace/.derivedData/SDKExplicitPrecompiledModules/os-5DIL6Z9LFIGLMZAHM7X2T5435.pcm
SwiftDriverJobDiscovery normal arm64_32 Compiling HTTPClientRequest.swift, HTTPClientResponse.swift, SingleIteratorPrecondition.swift, Transaction+StateMachine.swift, Transaction.swift, Base64.swift, BasicAuth.swift (in target 'AsyncHTTPClient' from project 'async-http-client')
SwiftExplicitDependencyGeneratePcm arm64_32 /Users/admin/builder/spi-builder-workspace/.derivedData/Build/Intermediates.noindex/SwiftExplicitPrecompiledModules/CAsyncHTTPClient-3R6ATMYZBMHPBZ38SBEC8H1XG.pcm
SwiftDriverJobDiscovery normal arm64 Compiling HTTP1Connection.swift, HTTP1ConnectionStateMachine.swift, HTTP2ClientRequestHandler.swift, HTTP2Connection.swift, HTTP2IdleHandler.swift, HTTPConnectionEvent.swift, HTTPConnectionPool+Factory.swift (in target 'AsyncHTTPClient' from project 'async-http-client')
SwiftExplicitDependencyGeneratePcm arm64_32 /Users/admin/builder/spi-builder-workspace/.derivedData/SDKExplicitPrecompiledModules/xlocale-43UIY1OG71CCJ3V7SQC2RQLYS.pcm
SwiftExplicitDependencyGeneratePcm arm64 /Users/admin/builder/spi-builder-workspace/.derivedData/Build/Intermediates.noindex/SwiftExplicitPrecompiledModules/CNIOPosix-DVF6EQOO9VXS07IC56D3CKMWD.pcm
SwiftExplicitDependencyGeneratePcm arm64_32 /Users/admin/builder/spi-builder-workspace/.derivedData/Build/Intermediates.noindex/SwiftExplicitPrecompiledModules/CNIOExtrasZlib-17RK13F8GHX5Z0KYX51DWNE4G.pcm
SwiftExplicitDependencyGeneratePcm arm64_32 /Users/admin/builder/spi-builder-workspace/.derivedData/SDKExplicitPrecompiledModules/Network-BKN0QUBAIFW11VZPQ7MWLIH3Y.pcm
SwiftExplicitDependencyGeneratePcm arm64_32 /Users/admin/builder/spi-builder-workspace/.derivedData/Build/Intermediates.noindex/SwiftExplicitPrecompiledModules/CNIOAtomics-7MKVCTD35SBOTLYZ19YTVS2ZD.pcm
SwiftExplicitDependencyGeneratePcm arm64_32 /Users/admin/builder/spi-builder-workspace/.derivedData/Build/Intermediates.noindex/SwiftExplicitPrecompiledModules/CNIOPosix-6E67HYARSIS5DL3KQG0ZNZHGR.pcm
SwiftExplicitDependencyGeneratePcm arm64 /Users/admin/builder/spi-builder-workspace/.derivedData/Build/Intermediates.noindex/SwiftExplicitPrecompiledModules/CNIOWindows-2HYHV6NJFZB47WEOOSX5D4GRC.pcm
SwiftExplicitDependencyGeneratePcm arm64_32 /Users/admin/builder/spi-builder-workspace/.derivedData/Build/Intermediates.noindex/SwiftExplicitPrecompiledModules/CNIODarwin-2MVMB6NAN6LILH517HBAIL3LF.pcm
SwiftExplicitDependencyGeneratePcm arm64_32 /Users/admin/builder/spi-builder-workspace/.derivedData/SDKExplicitPrecompiledModules/_Darwin_xlocale-B4TUQV22407WPRB5U88YNA63V.pcm
SwiftExplicitDependencyGeneratePcm arm64 /Users/admin/builder/spi-builder-workspace/.derivedData/Build/Intermediates.noindex/SwiftExplicitPrecompiledModules/CSystem-6RU1U7Z3RZNKAV2VTAXF1D5NU.pcm
SwiftExplicitDependencyGeneratePcm arm64 /Users/admin/builder/spi-builder-workspace/.derivedData/SDKExplicitPrecompiledModules/xlocale-7GEXLQH2Z13M6E6IBS9AGS9EE.pcm
SwiftExplicitDependencyGeneratePcm arm64 /Users/admin/builder/spi-builder-workspace/.derivedData/Build/Intermediates.noindex/SwiftExplicitPrecompiledModules/CNIOLinux-7DBCX7SHNXTOKQFN2H6QTSTMN.pcm
SwiftExplicitDependencyGeneratePcm arm64 /Users/admin/builder/spi-builder-workspace/.derivedData/Build/Intermediates.noindex/SwiftExplicitPrecompiledModules/CNIOLLHTTP-4Y3CO63EWLEOJ4CHG781VTUIX.pcm
SwiftDriver\ Compilation AsyncHTTPClient normal arm64_32 com.apple.xcode.tools.swift.compiler (in target 'AsyncHTTPClient' from project 'async-http-client')
cd /Users/admin/builder/spi-builder-workspace/.swiftpm/xcode
builtin-Swift-Compilation -- /Applications/Xcode-27.0.0-Release.Candidate.app/Contents/Developer/Toolchains/XcodeDefault.xctoolchain/usr/bin/swiftc -parse-as-library -module-name AsyncHTTPClient -Onone @/Users/admin/builder/spi-builder-workspace/.derivedData/Build/Intermediates.noindex/async-http-client.build/Debug-watchos/AsyncHTTPClient-t.build/Objects-normal/arm64_32/AsyncHTTPClient.SwiftFileList -DSWIFT_PACKAGE -DDEBUG -DSWIFT_MODULE_RESOURCE_BUNDLE_UNAVAILABLE -Xcc -fmodule-map-file\=/Users/admin/builder/spi-builder-workspace/.derivedData/Build/Intermediates.noindex/GeneratedModuleMaps-watchos/CNIOLLHTTP.modulemap -Xcc -fmodule-map-file\=/Users/admin/builder/spi-builder-workspace/.derivedData/Build/Intermediates.noindex/GeneratedModuleMaps-watchos/CNIOBoringSSLShims.modulemap -Xcc -fmodule-map-file\=/Users/admin/builder/spi-builder-workspace/.dependencies/checkouts/swift-nio-ssl/Sources/CNIOBoringSSL/include/module.modulemap -Xcc -fmodule-map-file\=/Users/admin/builder/spi-builder-workspace/.derivedData/Build/Intermediates.noindex/GeneratedModuleMaps-watchos/CNIOExtrasZlib.modulemap -Xcc -fmodule-map-file\=/Users/admin/builder/spi-builder-workspace/.derivedData/Build/Intermediates.noindex/GeneratedModuleMaps-watchos/CNIOPosix.modulemap -Xcc -fmodule-map-file\=/Users/admin/builder/spi-builder-workspace/.derivedData/Build/Intermediates.noindex/GeneratedModuleMaps-watchos/CNIOWASI.modulemap -Xcc -fmodule-map-file\=/Users/admin/builder/spi-builder-workspace/.dependencies/checkouts/swift-nio/Sources/CNIOWindows/include/module.modulemap -Xcc -fmodule-map-file\=/Users/admin/builder/spi-builder-workspace/.derivedData/Build/Intermediates.noindex/GeneratedModuleMaps-watchos/CNIOLinux.modulemap -Xcc -fmodule-map-file\=/Users/admin/builder/spi-builder-workspace/.derivedData/Build/Intermediates.noindex/GeneratedModuleMaps-watchos/CNIODarwin.modulemap -Xcc -fmodule-map-file\=/Users/admin/builder/spi-builder-workspace/.derivedData/Build/Intermediates.noindex/GeneratedModuleMaps-watchos/CNIOFreeBSD.modulemap -Xcc -fmodule-map-file\=/Users/admin/builder/spi-builder-workspace/.derivedData/Build/Intermediates.noindex/GeneratedModuleMaps-watchos/CNIOOpenBSD.modulemap -Xcc -fmodule-map-file\=/Users/admin/builder/spi-builder-workspace/.derivedData/Build/Intermediates.noindex/GeneratedModuleMaps-watchos/CNIOAtomics.modulemap -Xcc -fmodule-map-file\=/Users/admin/builder/spi-builder-workspace/.dependencies/checkouts/swift-atomics/Sources/_AtomicsShims/include/module.modulemap -Xcc -fmodule-map-file\=/Users/admin/builder/spi-builder-workspace/.dependencies/checkouts/swift-numerics/Sources/_NumericsShims/include/module.modulemap -Xcc -fmodule-map-file\=/Users/admin/builder/spi-builder-workspace/.dependencies/checkouts/swift-system/Sources/CSystem/include/module.modulemap -Xcc -fmodule-map-file\=/Users/admin/builder/spi-builder-workspace/.derivedData/Build/Intermediates.noindex/GeneratedModuleMaps-watchos/CAsyncHTTPClient.modulemap -DXcode -enable-upcoming-feature MemberImportVisibility -plugin-path /Applications/Xcode-27.0.0-Release.Candidate.app/Contents/Developer/Toolchains/XcodeDefault.xctoolchain/usr/lib/swift/host/plugins/testing -enable-experimental-feature DebugDescriptionMacro -sdk /Applications/Xcode-27.0.0-Release.Candidate.app/Contents/Developer/Platforms/WatchOS.platform/Developer/SDKs/WatchOS27.0.sdk -target arm64_32-apple-watchos9.0 -g -module-cache-path /Users/admin/builder/spi-builder-workspace/.derivedData/ModuleCache.noindex -Xfrontend -serialize-debugging-options -profile-coverage-mapping -profile-generate -enable-testing -suppress-warnings -index-store-path /Users/admin/builder/spi-builder-workspace/.derivedData/Index.noindex/DataStore -Xcc -D_LIBCPP_HARDENING_MODE\=_LIBCPP_HARDENING_MODE_DEBUG -swift-version 6 -I /Users/admin/builder/spi-builder-workspace/.derivedData/Build/Products/Debug-watchos -Isystem /Applications/Xcode-27.0.0-Release.Candidate.app/Contents/Developer/Platforms/WatchOS.platform/Developer/usr/lib -F /Users/admin/builder/spi-builder-workspace/.derivedData/Build/Products/Debug-watchos/PackageFrameworks -F /Users/admin/builder/spi-builder-workspace/.derivedData/Build/Products/Debug-watchos -F /Applications/Xcode-27.0.0-Release.Candidate.app/Contents/Developer/Platforms/WatchOS.platform/Developer/Library/Frameworks -F /Applications/Xcode-27.0.0-Release.Candidate.app/Contents/Developer/Platforms/WatchOS.platform/Developer/SDKs/WatchOS27.0.sdk/Developer/Library/Frameworks -c -j10 -enable-batch-mode -incremental -Xcc -ivfsstatcache -Xcc /Users/admin/builder/spi-builder-workspace/.derivedData/SDKStatCaches.noindex/watchos27.0-24R360-e829b21a6f8c9b70876ba0858053c04477534ef55a1706bf4c1112bbb242f0a2.sdkstatcache -output-file-map /Users/admin/builder/spi-builder-workspace/.derivedData/Build/Intermediates.noindex/async-http-client.build/Debug-watchos/AsyncHTTPClient-t.build/Objects-normal/arm64_32/AsyncHTTPClient-OutputFileMap.json -save-temps -no-color-diagnostics -explicit-module-build -module-cache-path /Users/admin/builder/spi-builder-workspace/.derivedData/Build/Intermediates.noindex/SwiftExplicitPrecompiledModules -clang-scanner-module-cache-path /Users/admin/builder/spi-builder-workspace/.derivedData/ModuleCache.noindex -sdk-module-cache-path /Users/admin/builder/spi-builder-workspace/.derivedData/SDKExplicitPrecompiledModules -emit-dependencies -emit-module -emit-module-path /Users/admin/builder/spi-builder-workspace/.derivedData/Build/Intermediates.noindex/async-http-client.build/Debug-watchos/AsyncHTTPClient-t.build/Objects-normal/arm64_32/AsyncHTTPClient.swiftmodule -serialize-diagnostics -dependency-scan-serialize-diagnostics-path /Users/admin/builder/spi-builder-workspace/.derivedData/Build/Intermediates.noindex/async-http-client.build/Debug-watchos/AsyncHTTPClient-t.build/Objects-normal/arm64_32/AsyncHTTPClient-dependency-scan.dia -user-module-version 1.36.1 -validate-clang-modules-once -clang-build-session-file /Users/admin/builder/spi-builder-workspace/.derivedData/ModuleCache.noindex/Session.modulevalidation -Xcc -fmodules-prune-interval\=86400 -Xcc -fmodules-prune-after\=345600 -package-name async_http_client -emit-const-values -const-gather-protocols-list /Users/admin/builder/spi-builder-workspace/.derivedData/Build/Intermediates.noindex/async-http-client.build/Debug-watchos/AsyncHTTPClient-t.build/Objects-normal/arm64_32/AsyncHTTPClient_const_extract_protocols.json -Xcc -I/Users/admin/builder/spi-builder-workspace/.dependencies/checkouts/swift-nio/Sources/CNIOLLHTTP/include -Xcc -I/Users/admin/builder/spi-builder-workspace/.dependencies/checkouts/swift-nio-ssl/Sources/CNIOBoringSSLShims/include -Xcc -I/Users/admin/builder/spi-builder-workspace/.dependencies/checkouts/swift-nio-ssl/Sources/CNIOBoringSSL/include -Xcc -I/Users/admin/builder/spi-builder-workspace/.dependencies/checkouts/swift-nio-extras/Sources/CNIOExtrasZlib/include -Xcc -I/Users/admin/builder/spi-builder-workspace/.dependencies/checkouts/swift-nio/Sources/CNIOPosix/include -Xcc -I/Users/admin/builder/spi-builder-workspace/.dependencies/checkouts/swift-nio/Sources/CNIOWASI/include -Xcc -I/Users/admin/builder/spi-builder-workspace/.dependencies/checkouts/swift-nio/Sources/CNIOWindows/include -Xcc -I/Users/admin/builder/spi-builder-workspace/.dependencies/checkouts/swift-nio/Sources/CNIOLinux/include -Xcc -I/Users/admin/builder/spi-builder-workspace/.dependencies/checkouts/swift-nio/Sources/CNIODarwin/include -Xcc -I/Users/admin/builder/spi-builder-workspace/.dependencies/checkouts/swift-nio/Sources/CNIOFreeBSD/include -Xcc -I/Users/admin/builder/spi-builder-workspace/.dependencies/checkouts/swift-nio/Sources/CNIOOpenBSD/include -Xcc -I/Users/admin/builder/spi-builder-workspace/.dependencies/checkouts/swift-nio/Sources/CNIOAtomics/include -Xcc -I/Users/admin/builder/spi-builder-workspace/.dependencies/checkouts/swift-atomics/Sources/_AtomicsShims/include -Xcc -I/Users/admin/builder/spi-builder-workspace/.dependencies/checkouts/swift-numerics/Sources/_NumericsShims/include -Xcc -I/Users/admin/builder/spi-builder-workspace/.dependencies/checkouts/swift-system/Sources/CSystem/include -Xcc -I/Users/admin/builder/spi-builder-workspace/.dependencies/checkouts/async-http-client/Sources/CAsyncHTTPClient/include -Xcc -I/Users/admin/builder/spi-builder-workspace/.derivedData/Build/Products/Debug-watchos/include -Xcc -I/Users/admin/builder/spi-builder-workspace/.derivedData/Build/Intermediates.noindex/async-http-client.build/Debug-watchos/AsyncHTTPClient-t.build/DerivedSources-normal/arm64_32 -Xcc -I/Users/admin/builder/spi-builder-workspace/.derivedData/Build/Intermediates.noindex/async-http-client.build/Debug-watchos/AsyncHTTPClient-t.build/DerivedSources/arm64_32 -Xcc -I/Users/admin/builder/spi-builder-workspace/.derivedData/Build/Intermediates.noindex/async-http-client.build/Debug-watchos/AsyncHTTPClient-t.build/DerivedSources -Xcc -DSWIFT_PACKAGE -Xcc -DDEBUG\=1 -emit-objc-header -emit-objc-header-path /Users/admin/builder/spi-builder-workspace/.derivedData/Build/Intermediates.noindex/async-http-client.build/Debug-watchos/AsyncHTTPClient-t.build/Objects-normal/arm64_32/AsyncHTTPClient-Swift.h -working-directory /Users/admin/builder/spi-builder-workspace/.swiftpm/xcode -experimental-emit-module-separately -disable-cmo
Ld /Users/admin/builder/spi-builder-workspace/.derivedData/Build/Intermediates.noindex/async-http-client.build/Debug-watchos/AsyncHTTPClient-t.build/Objects-normal/arm64_32/Binary/AsyncHTTPClient.o normal arm64_32 (in target 'AsyncHTTPClient' from project 'async-http-client')
cd /Users/admin/builder/spi-builder-workspace/.dependencies/checkouts/async-http-client
/Applications/Xcode-27.0.0-Release.Candidate.app/Contents/Developer/Toolchains/XcodeDefault.xctoolchain/usr/bin/clang -Xlinker -reproducible -target arm64_32-apple-watchos9.0 -r -isysroot /Applications/Xcode-27.0.0-Release.Candidate.app/Contents/Developer/Platforms/WatchOS.platform/Developer/SDKs/WatchOS27.0.sdk -O0 -w -Xlinker -no_warn_duplicate_libraries -F/Users/admin/builder/spi-builder-workspace/.derivedData/Build/Intermediates.noindex/EagerLinkingTBDs/Debug-watchos -F/Users/admin/builder/spi-builder-workspace/.derivedData/Build/Products/Debug-watchos/PackageFrameworks -F/Users/admin/builder/spi-builder-workspace/.derivedData/Build/Products/Debug-watchos -iframework /Applications/Xcode-27.0.0-Release.Candidate.app/Contents/Developer/Platforms/WatchOS.platform/Developer/Library/Frameworks -iframework /Applications/Xcode-27.0.0-Release.Candidate.app/Contents/Developer/Platforms/WatchOS.platform/Developer/SDKs/WatchOS27.0.sdk/Developer/Library/Frameworks -filelist /Users/admin/builder/spi-builder-workspace/.derivedData/Build/Intermediates.noindex/async-http-client.build/Debug-watchos/AsyncHTTPClient-t.build/Objects-normal/arm64_32/AsyncHTTPClient.LinkFileList -nostdlib -Xlinker -object_path_lto -Xlinker /Users/admin/builder/spi-builder-workspace/.derivedData/Build/Intermediates.noindex/async-http-client.build/Debug-watchos/AsyncHTTPClient-t.build/Objects-normal/arm64_32/AsyncHTTPClient_lto.o -Xlinker -no_deduplicate -Xlinker -debug_variant -Xlinker -dependency_info -Xlinker /Users/admin/builder/spi-builder-workspace/.derivedData/Build/Intermediates.noindex/async-http-client.build/Debug-watchos/AsyncHTTPClient-t.build/Objects-normal/arm64_32/AsyncHTTPClient_dependency_info.dat -fobjc-link-runtime -L/Applications/Xcode-27.0.0-Release.Candidate.app/Contents/Developer/Toolchains/XcodeDefault.xctoolchain/usr/lib/swift/watchos -L/usr/lib/swift -Xlinker -add_ast_path -Xlinker /Users/admin/builder/spi-builder-workspace/.derivedData/Build/Intermediates.noindex/async-http-client.build/Debug-watchos/AsyncHTTPClient-t.build/Objects-normal/arm64_32/AsyncHTTPClient.swiftmodule -o /Users/admin/builder/spi-builder-workspace/.derivedData/Build/Intermediates.noindex/async-http-client.build/Debug-watchos/AsyncHTTPClient-t.build/Objects-normal/arm64_32/Binary/AsyncHTTPClient.o
SwiftEmitModule normal arm64_32 Emitting\ module\ for\ PrchNIO (in target 'PrchNIO' from project 'PrchNIO')
/Users/admin/builder/spi-builder-workspace/Sources/PrchNIO/Session.swift:9:64: warning: use of protocol 'Response' as a type must be written 'any Response'; this will be an error in a future Swift language mode [#ExistentialAny]
7 |
8 | public protocol EventLoopSession: Session {
9 | func beginRequest(_ request: RequestType) -> EventLoopFuture<Response>
| `- warning: use of protocol 'Response' as a type must be written 'any Response'; this will be an error in a future Swift language mode [#ExistentialAny]
10 |
11 | func nextEventLoop() -> EventLoop
/Users/admin/builder/spi-builder-workspace/Sources/PrchNIO/Session.swift:14:1: warning: extension declares a conformance of imported type 'EventLoopFuture' to imported protocol 'Task'; this will not behave correctly if the owners of 'NIOCore' introduce this conformance in the future
12 | }
13 |
14 | extension EventLoopFuture: Task {}
| |- warning: extension declares a conformance of imported type 'EventLoopFuture' to imported protocol 'Task'; this will not behave correctly if the owners of 'NIOCore' introduce this conformance in the future
| `- note: add '@retroactive' to silence this warning
15 |
16 | public extension EventLoopSession {
/Users/admin/builder/spi-builder-workspace/Sources/PrchNIO/Session.swift:19:31: error: cannot find type 'APIResult' in scope
17 | func beginRequest(
18 | _ request: RequestType,
19 | _ completion: @escaping ((APIResult<Response>) -> Void)
| `- error: cannot find type 'APIResult' in scope
20 | ) -> Task {
21 | beginRequest(request).always { result in
/Users/admin/builder/spi-builder-workspace/Sources/PrchNIO/Session.swift:19:19: error: '@escaping' only applies to function types
17 | func beginRequest(
18 | _ request: RequestType,
19 | _ completion: @escaping ((APIResult<Response>) -> Void)
| `- error: '@escaping' only applies to function types
20 | ) -> Task {
21 | beginRequest(request).always { result in
/Users/admin/builder/spi-builder-workspace/Sources/PrchNIO/Session.swift:35:1: warning: extension declares a conformance of imported type 'Response' to imported protocols 'Response', 'CustomDebugStringConvertible', 'CustomStringConvertible'; this will not behave correctly if the owners of 'AsyncHTTPClient' introduce this conformance in the future
33 | }
34 |
35 | extension HTTPClient.Response: Response {
| |- warning: extension declares a conformance of imported type 'Response' to imported protocols 'Response', 'CustomDebugStringConvertible', 'CustomStringConvertible'; this will not behave correctly if the owners of 'AsyncHTTPClient' introduce this conformance in the future
| `- note: add '@retroactive' to silence this warning
36 | public var statusCode: Int? {
37 | Int(status.code)
/Users/admin/builder/spi-builder-workspace/Sources/PrchNIO/Session.swift:35:1: error: type 'HTTPClient.Response' does not conform to protocol 'Response'
33 | }
34 |
35 | extension HTTPClient.Response: Response {
| `- error: type 'HTTPClient.Response' does not conform to protocol 'Response'
36 | public var statusCode: Int? {
| `- note: candidate has non-matching type 'Int?' [with SuccessType = _, FailureType = _, APIType = _]
37 | Int(status.code)
38 | }
/Users/admin/builder/spi-builder-workspace/Sources/PrchNIO/Session.swift:35:1: error: type 'HTTPClient.Response' does not conform to protocol 'CustomDebugStringConvertible'
33 | }
34 |
35 | extension HTTPClient.Response: Response {
| `- error: type 'HTTPClient.Response' does not conform to protocol 'CustomDebugStringConvertible'
36 | public var statusCode: Int? {
37 | Int(status.code)
/Users/admin/builder/spi-builder-workspace/Sources/PrchNIO/Session.swift:35:1: error: type 'HTTPClient.Response' does not conform to protocol 'CustomStringConvertible'
33 | }
34 |
35 | extension HTTPClient.Response: Response {
| |- error: type 'HTTPClient.Response' does not conform to protocol 'CustomStringConvertible'
| `- note: add stubs for conformance
36 | public var statusCode: Int? {
37 | Int(status.code)
Prch.Response.SuccessType:2:16: note: protocol requires nested type 'SuccessType'
1 | protocol Response {
2 | associatedtype SuccessType}
| `- note: protocol requires nested type 'SuccessType'
3 |
Prch.Response.FailureType:2:16: note: protocol requires nested type 'FailureType'
1 | protocol Response {
2 | associatedtype FailureType}
| `- note: protocol requires nested type 'FailureType'
3 |
Prch.Response.APIType:2:16: note: protocol requires nested type 'APIType'
1 | protocol Response {
2 | associatedtype APIType : Prch.API}
| `- note: protocol requires nested type 'APIType'
3 |
Prch.Response.statusCode:2:5: note: protocol requires property 'statusCode' with type 'Int'
1 | protocol Response {
2 | var statusCode: Int { get }}
| `- note: protocol requires property 'statusCode' with type 'Int'
3 |
Prch.Response.init:2:1: note: protocol requires initializer 'init(statusCode:data:decoder:)' with type '(statusCode: Int, data: Data, decoder: any ResponseDecoder)'
1 | protocol Response {
2 | init(statusCode: Int, data: Data, decoder: any Prch.ResponseDecoder) throws}
| `- note: protocol requires initializer 'init(statusCode:data:decoder:)' with type '(statusCode: Int, data: Data, decoder: any ResponseDecoder)'
3 |
Swift.CustomDebugStringConvertible.debugDescription:2:5: note: protocol requires property 'debugDescription' with type 'String'
1 | protocol CustomDebugStringConvertible {
2 | var debugDescription: String { get }}
| `- note: protocol requires property 'debugDescription' with type 'String'
3 |
Swift.CustomStringConvertible.description:2:5: note: protocol requires property 'description' with type 'String'
1 | protocol CustomStringConvertible {
2 | var description: String { get }}
| `- note: protocol requires property 'description' with type 'String'
3 |
/Users/admin/builder/spi-builder-workspace/Sources/PrchNIO/Session.swift:47:1: warning: extension declares a conformance of imported type 'HTTPClient' to imported protocol 'Session'; this will not behave correctly if the owners of 'AsyncHTTPClient' introduce this conformance in the future
45 | }
46 |
47 | extension HTTPClient: EventLoopSession {
| |- warning: extension declares a conformance of imported type 'HTTPClient' to imported protocol 'Session'; this will not behave correctly if the owners of 'AsyncHTTPClient' introduce this conformance in the future
| `- note: add '@retroactive' to silence this warning
48 | public func nextEventLoop() -> EventLoop {
49 | eventLoopGroup.next()
/Users/admin/builder/spi-builder-workspace/Sources/PrchNIO/Session.swift:54:29: warning: use of protocol 'Response' as a type must be written 'any Response'; this will be an error in a future Swift language mode [#ExistentialAny]
52 | public func beginRequest(
53 | _ request: HTTPClient.Request
54 | ) -> EventLoopFuture<Prch.Response> {
| `- warning: use of protocol 'Response' as a type must be written 'any Response'; this will be an error in a future Swift language mode [#ExistentialAny]
55 | execute(request: request).map { $0 as Prch.Response }
56 | }
/Users/admin/builder/spi-builder-workspace/Sources/PrchNIO/Session.swift:59:16: error: generic type 'DeprecatedRequest' specialized with too few type parameters (got 1, but expected 2)
57 |
58 | public func createRequest<ResponseType>(
59 | _ request: APIRequest<ResponseType>,
| `- error: generic type 'DeprecatedRequest' specialized with too few type parameters (got 1, but expected 2)
60 | withBaseURL baseURL: URL,
61 | andHeaders headers: [String: String]
Prch.DeprecatedRequest:2:12: note: generic class 'DeprecatedRequest' declared here
1 | @available(*, deprecated, message: "use `Request`")
2 | open class DeprecatedRequest<ResponseType, APIType> : Prch.Request where ResponseType : Prch.Response, APIType == ResponseType.APIType {
| `- note: generic class 'DeprecatedRequest' declared here
3 | public let service: Prch.Service<ResponseType>
4 | open private(set) var queryParameters: [String : Any] { get }
/Users/admin/builder/spi-builder-workspace/Sources/PrchNIO/Session.swift:62:54: warning: 'APIResponseValue' is deprecated: renamed to 'DeprecatedResponse' [#DeprecatedDeclaration]
60 | withBaseURL baseURL: URL,
61 | andHeaders headers: [String: String]
62 | ) throws -> HTTPClient.Request where ResponseType: APIResponseValue {
| |- warning: 'APIResponseValue' is deprecated: renamed to 'DeprecatedResponse' [#DeprecatedDeclaration]
| `- note: use 'DeprecatedResponse' instead
63 | guard var componenets = URLComponents(
64 | url: baseURL.appendingPathComponent(request.path),
/Users/admin/builder/spi-builder-workspace/Sources/PrchNIO/Session.swift:47:1: error: type 'HTTPClient' does not conform to protocol 'Session'
45 | }
46 |
47 | extension HTTPClient: EventLoopSession {
| |- error: type 'HTTPClient' does not conform to protocol 'Session'
| `- note: add stubs for conformance
48 | public func nextEventLoop() -> EventLoop {
49 | eventLoopGroup.next()
Prch.Session.RequestType:2:16: note: protocol requires nested type 'RequestType'
1 | protocol Session {
2 | associatedtype RequestType}
| `- note: protocol requires nested type 'RequestType'
3 |
/Users/admin/builder/spi-builder-workspace/Sources/PrchNIO/Session.swift:105:16: error: generic type 'DeprecatedRequest' specialized with too few type parameters (got 1, but expected 2)
103 | public extension APIClient where SessionType: EventLoopSession {
104 | func request<ResponseType>(
105 | _ request: APIRequest<ResponseType>
| `- error: generic type 'DeprecatedRequest' specialized with too few type parameters (got 1, but expected 2)
106 | ) -> EventLoopFuture<ResponseType> {
107 | var sessionRequest: SessionType.RequestType
Prch.DeprecatedRequest:2:12: note: generic class 'DeprecatedRequest' declared here
1 | @available(*, deprecated, message: "use `Request`")
2 | open class DeprecatedRequest<ResponseType, APIType> : Prch.Request where ResponseType : Prch.Response, APIType == ResponseType.APIType {
| `- note: generic class 'DeprecatedRequest' declared here
3 | public let service: Prch.Service<ResponseType>
4 | open private(set) var queryParameters: [String : Any] { get }
/Users/admin/builder/spi-builder-workspace/Sources/PrchNIO/Session.swift:103:18: warning: 'APIClient' is deprecated: renamed to 'Client' [#DeprecatedDeclaration]
101 | }
102 |
103 | public extension APIClient where SessionType: EventLoopSession {
| |- warning: 'APIClient' is deprecated: renamed to 'Client' [#DeprecatedDeclaration]
| `- note: use 'Client' instead
104 | func request<ResponseType>(
105 | _ request: APIRequest<ResponseType>
[#DeprecatedDeclaration]: <https://docs.swift.org/compiler/documentation/diagnostics/deprecated-declaration>
[#ExistentialAny]: <https://docs.swift.org/compiler/documentation/diagnostics/existential-any>
Failed frontend command:
/Applications/Xcode-27.0.0-Release.Candidate.app/Contents/Developer/Toolchains/XcodeDefault.xctoolchain/usr/bin/swift-frontend -frontend -emit-module -experimental-skip-non-inlinable-function-bodies-without-types /Users/admin/builder/spi-builder-workspace/Sources/PrchNIO/Session.swift -target arm64_32-apple-watchos9.0 -disable-cross-import-overlay-search -load-resolved-plugin /Applications/Xcode-27.0.0-Release.Candidate.app/Contents/Developer/Platforms/WatchOS.platform/Developer/usr/lib/swift/host/plugins/libFoundationMacros.dylib\#/Applications/Xcode-27.0.0-Release.Candidate.app/Contents/Developer/Platforms/WatchOS.platform/Developer/usr/bin/swift-plugin-server\#FoundationMacros -load-resolved-plugin /Applications/Xcode-27.0.0-Release.Candidate.app/Contents/Developer/Platforms/WatchOS.platform/Developer/usr/lib/swift/host/plugins/libObservationMacros.dylib\#/Applications/Xcode-27.0.0-Release.Candidate.app/Contents/Developer/Platforms/WatchOS.platform/Developer/usr/bin/swift-plugin-server\#ObservationMacros -load-resolved-plugin /Applications/Xcode-27.0.0-Release.Candidate.app/Contents/Developer/Platforms/WatchOS.platform/Developer/usr/lib/swift/host/plugins/libSwiftMacros.dylib\#/Applications/Xcode-27.0.0-Release.Candidate.app/Contents/Developer/Platforms/WatchOS.platform/Developer/usr/bin/swift-plugin-server\#SwiftMacros -disable-implicit-swift-modules -Xcc -fno-implicit-modules -Xcc -fno-implicit-module-maps -explicit-swift-module-map-file /Users/admin/builder/spi-builder-workspace/.derivedData/Build/Intermediates.noindex/PrchNIO.build/Debug-watchos/PrchNIO-t.build/Objects-normal/arm64_32/PrchNIO-dependencies-2.json -enable-objc-interop -sdk /Applications/Xcode-27.0.0-Release.Candidate.app/Contents/Developer/Platforms/WatchOS.platform/Developer/SDKs/WatchOS27.0.sdk -I /Users/admin/builder/spi-builder-workspace/.derivedData/Build/Products/Debug-watchos -Isystem /Applications/Xcode-27.0.0-Release.Candidate.app/Contents/Developer/Platforms/WatchOS.platform/Developer/usr/lib -F /Users/admin/builder/spi-builder-workspace/.derivedData/Build/Products/Debug-watchos/PackageFrameworks -F /Users/admin/builder/spi-builder-workspace/.derivedData/Build/Products/Debug-watchos -F /Applications/Xcode-27.0.0-Release.Candidate.app/Contents/Developer/Platforms/WatchOS.platform/Developer/Library/Frameworks -F /Applications/Xcode-27.0.0-Release.Candidate.app/Contents/Developer/Platforms/WatchOS.platform/Developer/SDKs/WatchOS27.0.sdk/Developer/Library/Frameworks -module-cache-path /Users/admin/builder/spi-builder-workspace/.derivedData/Build/Intermediates.noindex/SwiftExplicitPrecompiledModules -no-color-diagnostics -Xcc -fno-color-diagnostics -enable-testing -g -debug-info-format\=dwarf -dwarf-version\=4 -profile-generate -profile-coverage-mapping -swift-version 5 -Onone -D SWIFT_PACKAGE -D DEBUG -D SWIFT_MODULE_RESOURCE_BUNDLE_UNAVAILABLE -D Xcode -serialize-debugging-options -enable-experimental-feature DebugDescriptionMacro -empty-abi-descriptor -validate-clang-modules-once -clang-build-session-file /Users/admin/builder/spi-builder-workspace/.derivedData/ModuleCache.noindex/Session.modulevalidation -Xcc -working-directory -Xcc /Users/admin/builder/spi-builder-workspace/.swiftpm/xcode -enable-anonymous-context-mangled-names -file-compilation-dir /Users/admin/builder/spi-builder-workspace/.swiftpm/xcode -Xcc -fmodule-map-file\=/Users/admin/builder/spi-builder-workspace/.derivedData/Build/Intermediates.noindex/GeneratedModuleMaps-watchos/CNIOLLHTTP.modulemap -Xcc -fmodule-map-file\=/Users/admin/builder/spi-builder-workspace/.derivedData/Build/Intermediates.noindex/GeneratedModuleMaps-watchos/CNIOBoringSSLShims.modulemap -Xcc -fmodule-map-file\=/Users/admin/builder/spi-builder-workspace/.dependencies/checkouts/swift-nio-ssl/Sources/CNIOBoringSSL/include/module.modulemap -Xcc -fmodule-map-file\=/Users/admin/builder/spi-builder-workspace/.derivedData/Build/Intermediates.noindex/GeneratedModuleMaps-watchos/CNIOExtrasZlib.modulemap -Xcc -fmodule-map-file\=/Users/admin/builder/spi-builder-workspace/.derivedData/Build/Intermediates.noindex/GeneratedModuleMaps-watchos/CNIOPosix.modulemap -Xcc -fmodule-map-file\=/Users/admin/builder/spi-builder-workspace/.derivedData/Build/Intermediates.noindex/GeneratedModuleMaps-watchos/CNIOWASI.modulemap -Xcc -fmodule-map-file\=/Users/admin/builder/spi-builder-workspace/.dependencies/checkouts/swift-nio/Sources/CNIOWindows/include/module.modulemap -Xcc -fmodule-map-file\=/Users/admin/builder/spi-builder-workspace/.derivedData/Build/Intermediates.noindex/GeneratedModuleMaps-watchos/CNIOLinux.modulemap -Xcc -fmodule-map-file\=/Users/admin/builder/spi-builder-workspace/.derivedData/Build/Intermediates.noindex/GeneratedModuleMaps-watchos/CNIODarwin.modulemap -Xcc -fmodule-map-file\=/Users/admin/builder/spi-builder-workspace/.derivedData/Build/Intermediates.noindex/GeneratedModuleMaps-watchos/CNIOFreeBSD.modulemap -Xcc -fmodule-map-file\=/Users/admin/builder/spi-builder-workspace/.derivedData/Build/Intermediates.noindex/GeneratedModuleMaps-watchos/CNIOOpenBSD.modulemap -Xcc -fmodule-map-file\=/Users/admin/builder/spi-builder-workspace/.derivedData/Build/Intermediates.noindex/GeneratedModuleMaps-watchos/CNIOAtomics.modulemap -Xcc -fmodule-map-file\=/Users/admin/builder/spi-builder-workspace/.dependencies/checkouts/swift-atomics/Sources/_AtomicsShims/include/module.modulemap -Xcc -fmodule-map-file\=/Users/admin/builder/spi-builder-workspace/.dependencies/checkouts/swift-numerics/Sources/_NumericsShims/include/module.modulemap -Xcc -fmodule-map-file\=/Users/admin/builder/spi-builder-workspace/.dependencies/checkouts/swift-system/Sources/CSystem/include/module.modulemap -Xcc -fmodule-map-file\=/Users/admin/builder/spi-builder-workspace/.derivedData/Build/Intermediates.noindex/GeneratedModuleMaps-watchos/CAsyncHTTPClient.modulemap -Xcc -D_LIBCPP_HARDENING_MODE\=_LIBCPP_HARDENING_MODE_DEBUG -Xcc -ivfsstatcache -Xcc /Users/admin/builder/spi-builder-workspace/.derivedData/SDKStatCaches.noindex/watchos27.0-24R360-e829b21a6f8c9b70876ba0858053c04477534ef55a1706bf4c1112bbb242f0a2.sdkstatcache -Xcc -fmodules-prune-interval\=86400 -Xcc -fmodules-prune-after\=345600 -Xcc -I/Users/admin/builder/spi-builder-workspace/.dependencies/checkouts/swift-nio/Sources/CNIOLLHTTP/include -Xcc -I/Users/admin/builder/spi-builder-workspace/.dependencies/checkouts/swift-nio-ssl/Sources/CNIOBoringSSLShims/include -Xcc -I/Users/admin/builder/spi-builder-workspace/.dependencies/checkouts/swift-nio-ssl/Sources/CNIOBoringSSL/include -Xcc -I/Users/admin/builder/spi-builder-workspace/.dependencies/checkouts/swift-nio-extras/Sources/CNIOExtrasZlib/include -Xcc -I/Users/admin/builder/spi-builder-workspace/.dependencies/checkouts/swift-nio/Sources/CNIOPosix/include -Xcc -I/Users/admin/builder/spi-builder-workspace/.dependencies/checkouts/swift-nio/Sources/CNIOWASI/include -Xcc -I/Users/admin/builder/spi-builder-workspace/.dependencies/checkouts/swift-nio/Sources/CNIOWindows/include -Xcc -I/Users/admin/builder/spi-builder-workspace/.dependencies/checkouts/swift-nio/Sources/CNIOLinux/include -Xcc -I/Users/admin/builder/spi-builder-workspace/.dependencies/checkouts/swift-nio/Sources/CNIODarwin/include -Xcc -I/Users/admin/builder/spi-builder-workspace/.dependencies/checkouts/swift-nio/Sources/CNIOFreeBSD/include -Xcc -I/Users/admin/builder/spi-builder-workspace/.dependencies/checkouts/swift-nio/Sources/CNIOOpenBSD/include -Xcc -I/Users/admin/builder/spi-builder-workspace/.dependencies/checkouts/swift-nio/Sources/CNIOAtomics/include -Xcc -I/Users/admin/builder/spi-builder-workspace/.dependencies/checkouts/swift-atomics/Sources/_AtomicsShims/include -Xcc -I/Users/admin/builder/spi-builder-workspace/.dependencies/checkouts/swift-numerics/Sources/_NumericsShims/include -Xcc -I/Users/admin/builder/spi-builder-workspace/.dependencies/checkouts/swift-system/Sources/CSystem/include -Xcc -I/Users/admin/builder/spi-builder-workspace/.dependencies/checkouts/async-http-client/Sources/CAsyncHTTPClient/include -Xcc -I/Users/admin/builder/spi-builder-workspace/.derivedData/Build/Products/Debug-watchos/include -Xcc -I/Users/admin/builder/spi-builder-workspace/.derivedData/Build/Intermediates.noindex/PrchNIO.build/Debug-watchos/PrchNIO-t.build/DerivedSources-normal/arm64_32 -Xcc -I/Users/admin/builder/spi-builder-workspace/.derivedData/Build/Intermediates.noindex/PrchNIO.build/Debug-watchos/PrchNIO-t.build/DerivedSources/arm64_32 -Xcc -I/Users/admin/builder/spi-builder-workspace/.derivedData/Build/Intermediates.noindex/PrchNIO.build/Debug-watchos/PrchNIO-t.build/DerivedSources -Xcc -DSWIFT_PACKAGE -Xcc -DDEBUG\=1 -no-auto-bridging-header-chaining -module-name PrchNIO -const-gather-protocols-file /Users/admin/builder/spi-builder-workspace/.derivedData/Build/Intermediates.noindex/PrchNIO.build/Debug-watchos/PrchNIO-t.build/Objects-normal/arm64_32/PrchNIO_const_extract_protocols.json -disable-clang-spi -clang-target arm64_32-apple-watchos27.0 -target-sdk-version 27.0 -target-sdk-name watchos27.0 -in-process-plugin-server-path /Applications/Xcode-27.0.0-Release.Candidate.app/Contents/Developer/Toolchains/XcodeDefault.xctoolchain/usr/lib/swift/host/libSwiftInProcPluginServer.dylib -emit-module-doc-path /Users/admin/builder/spi-builder-workspace/.derivedData/Build/Intermediates.noindex/PrchNIO.build/Debug-watchos/PrchNIO-t.build/Objects-normal/arm64_32/PrchNIO.swiftdoc -emit-module-source-info-path /Users/admin/builder/spi-builder-workspace/.derivedData/Build/Intermediates.noindex/PrchNIO.build/Debug-watchos/PrchNIO-t.build/Objects-normal/arm64_32/PrchNIO.swiftsourceinfo -emit-objc-header-path /Users/admin/builder/spi-builder-workspace/.derivedData/Build/Intermediates.noindex/PrchNIO.build/Debug-watchos/PrchNIO-t.build/Objects-normal/arm64_32/PrchNIO-Swift.h -serialize-diagnostics-path /Users/admin/builder/spi-builder-workspace/.derivedData/Build/Intermediates.noindex/PrchNIO.build/Debug-watchos/PrchNIO-t.build/Objects-normal/arm64_32/PrchNIO-primary-emit-module.dia -emit-dependencies-path /Users/admin/builder/spi-builder-workspace/.derivedData/Build/Intermediates.noindex/PrchNIO.build/Debug-watchos/PrchNIO-t.build/Objects-normal/arm64_32/PrchNIO-primary-emit-module.d -parse-as-library -o /Users/admin/builder/spi-builder-workspace/.derivedData/Build/Intermediates.noindex/PrchNIO.build/Debug-watchos/PrchNIO-t.build/Objects-normal/arm64_32/PrchNIO.swiftmodule -emit-abi-descriptor-path /Users/admin/builder/spi-builder-workspace/.derivedData/Build/Intermediates.noindex/PrchNIO.build/Debug-watchos/PrchNIO-t.build/Objects-normal/arm64_32/PrchNIO.abi.json
SwiftCompile normal arm64_32 (in target 'PrchNIO' from project 'PrchNIO')
cd /Users/admin/builder/spi-builder-workspace/.swiftpm/xcode
SwiftCompile normal arm64_32 Compiling\ Session.swift /Users/admin/builder/spi-builder-workspace/Sources/PrchNIO/Session.swift (in target 'PrchNIO' from project 'PrchNIO')
/Users/admin/builder/spi-builder-workspace/Sources/PrchNIO/Session.swift:9:64: warning: use of protocol 'Response' as a type must be written 'any Response'; this will be an error in a future Swift language mode [#ExistentialAny]
7 |
8 | public protocol EventLoopSession: Session {
9 | func beginRequest(_ request: RequestType) -> EventLoopFuture<Response>
| `- warning: use of protocol 'Response' as a type must be written 'any Response'; this will be an error in a future Swift language mode [#ExistentialAny]
10 |
11 | func nextEventLoop() -> EventLoop
/Users/admin/builder/spi-builder-workspace/Sources/PrchNIO/Session.swift:14:1: warning: extension declares a conformance of imported type 'EventLoopFuture' to imported protocol 'Task'; this will not behave correctly if the owners of 'NIOCore' introduce this conformance in the future
12 | }
13 |
14 | extension EventLoopFuture: Task {}
| |- warning: extension declares a conformance of imported type 'EventLoopFuture' to imported protocol 'Task'; this will not behave correctly if the owners of 'NIOCore' introduce this conformance in the future
| `- note: add '@retroactive' to silence this warning
15 |
16 | public extension EventLoopSession {
/Users/admin/builder/spi-builder-workspace/Sources/PrchNIO/Session.swift:19:31: error: cannot find type 'APIResult' in scope
17 | func beginRequest(
18 | _ request: RequestType,
19 | _ completion: @escaping ((APIResult<Response>) -> Void)
| `- error: cannot find type 'APIResult' in scope
20 | ) -> Task {
21 | beginRequest(request).always { result in
/Users/admin/builder/spi-builder-workspace/Sources/PrchNIO/Session.swift:19:19: error: '@escaping' only applies to function types
17 | func beginRequest(
18 | _ request: RequestType,
19 | _ completion: @escaping ((APIResult<Response>) -> Void)
| `- error: '@escaping' only applies to function types
20 | ) -> Task {
21 | beginRequest(request).always { result in
/Users/admin/builder/spi-builder-workspace/Sources/PrchNIO/Session.swift:35:1: warning: extension declares a conformance of imported type 'Response' to imported protocols 'Response', 'CustomDebugStringConvertible', 'CustomStringConvertible'; this will not behave correctly if the owners of 'AsyncHTTPClient' introduce this conformance in the future
33 | }
34 |
35 | extension HTTPClient.Response: Response {
| |- warning: extension declares a conformance of imported type 'Response' to imported protocols 'Response', 'CustomDebugStringConvertible', 'CustomStringConvertible'; this will not behave correctly if the owners of 'AsyncHTTPClient' introduce this conformance in the future
| `- note: add '@retroactive' to silence this warning
36 | public var statusCode: Int? {
37 | Int(status.code)
/Users/admin/builder/spi-builder-workspace/Sources/PrchNIO/Session.swift:35:1: error: type 'HTTPClient.Response' does not conform to protocol 'Response'
33 | }
34 |
35 | extension HTTPClient.Response: Response {
| `- error: type 'HTTPClient.Response' does not conform to protocol 'Response'
36 | public var statusCode: Int? {
| `- note: candidate has non-matching type 'Int?' [with SuccessType = _, FailureType = _, APIType = _]
37 | Int(status.code)
38 | }
/Users/admin/builder/spi-builder-workspace/Sources/PrchNIO/Session.swift:35:1: error: type 'HTTPClient.Response' does not conform to protocol 'CustomDebugStringConvertible'
33 | }
34 |
35 | extension HTTPClient.Response: Response {
| `- error: type 'HTTPClient.Response' does not conform to protocol 'CustomDebugStringConvertible'
36 | public var statusCode: Int? {
37 | Int(status.code)
/Users/admin/builder/spi-builder-workspace/Sources/PrchNIO/Session.swift:35:1: error: type 'HTTPClient.Response' does not conform to protocol 'CustomStringConvertible'
33 | }
34 |
35 | extension HTTPClient.Response: Response {
| |- error: type 'HTTPClient.Response' does not conform to protocol 'CustomStringConvertible'
| `- note: add stubs for conformance
36 | public var statusCode: Int? {
37 | Int(status.code)
Prch.Response.SuccessType:2:16: note: protocol requires nested type 'SuccessType'
1 | protocol Response {
2 | associatedtype SuccessType}
| `- note: protocol requires nested type 'SuccessType'
3 |
Prch.Response.FailureType:2:16: note: protocol requires nested type 'FailureType'
1 | protocol Response {
2 | associatedtype FailureType}
| `- note: protocol requires nested type 'FailureType'
3 |
Prch.Response.APIType:2:16: note: protocol requires nested type 'APIType'
1 | protocol Response {
2 | associatedtype APIType : Prch.API}
| `- note: protocol requires nested type 'APIType'
3 |
Prch.Response.statusCode:2:5: note: protocol requires property 'statusCode' with type 'Int'
1 | protocol Response {
2 | var statusCode: Int { get }}
| `- note: protocol requires property 'statusCode' with type 'Int'
3 |
Prch.Response.init:2:1: note: protocol requires initializer 'init(statusCode:data:decoder:)' with type '(statusCode: Int, data: Data, decoder: any ResponseDecoder)'
1 | protocol Response {
2 | init(statusCode: Int, data: Data, decoder: any Prch.ResponseDecoder) throws}
| `- note: protocol requires initializer 'init(statusCode:data:decoder:)' with type '(statusCode: Int, data: Data, decoder: any ResponseDecoder)'
3 |
Swift.CustomDebugStringConvertible.debugDescription:2:5: note: protocol requires property 'debugDescription' with type 'String'
1 | protocol CustomDebugStringConvertible {
2 | var debugDescription: String { get }}
| `- note: protocol requires property 'debugDescription' with type 'String'
3 |
Swift.CustomStringConvertible.description:2:5: note: protocol requires property 'description' with type 'String'
1 | protocol CustomStringConvertible {
2 | var description: String { get }}
| `- note: protocol requires property 'description' with type 'String'
3 |
/Users/admin/builder/spi-builder-workspace/Sources/PrchNIO/Session.swift:47:1: warning: extension declares a conformance of imported type 'HTTPClient' to imported protocol 'Session'; this will not behave correctly if the owners of 'AsyncHTTPClient' introduce this conformance in the future
45 | }
46 |
47 | extension HTTPClient: EventLoopSession {
| |- warning: extension declares a conformance of imported type 'HTTPClient' to imported protocol 'Session'; this will not behave correctly if the owners of 'AsyncHTTPClient' introduce this conformance in the future
| `- note: add '@retroactive' to silence this warning
48 | public func nextEventLoop() -> EventLoop {
49 | eventLoopGroup.next()
/Users/admin/builder/spi-builder-workspace/Sources/PrchNIO/Session.swift:54:29: warning: use of protocol 'Response' as a type must be written 'any Response'; this will be an error in a future Swift language mode [#ExistentialAny]
52 | public func beginRequest(
53 | _ request: HTTPClient.Request
54 | ) -> EventLoopFuture<Prch.Response> {
| `- warning: use of protocol 'Response' as a type must be written 'any Response'; this will be an error in a future Swift language mode [#ExistentialAny]
55 | execute(request: request).map { $0 as Prch.Response }
56 | }
/Users/admin/builder/spi-builder-workspace/Sources/PrchNIO/Session.swift:59:16: error: generic type 'DeprecatedRequest' specialized with too few type parameters (got 1, but expected 2)
57 |
58 | public func createRequest<ResponseType>(
59 | _ request: APIRequest<ResponseType>,
| `- error: generic type 'DeprecatedRequest' specialized with too few type parameters (got 1, but expected 2)
60 | withBaseURL baseURL: URL,
61 | andHeaders headers: [String: String]
Prch.DeprecatedRequest:2:12: note: generic class 'DeprecatedRequest' declared here
1 | @available(*, deprecated, message: "use `Request`")
2 | open class DeprecatedRequest<ResponseType, APIType> : Prch.Request where ResponseType : Prch.Response, APIType == ResponseType.APIType {
| `- note: generic class 'DeprecatedRequest' declared here
3 | public let service: Prch.Service<ResponseType>
4 | open private(set) var queryParameters: [String : Any] { get }
/Users/admin/builder/spi-builder-workspace/Sources/PrchNIO/Session.swift:62:54: warning: 'APIResponseValue' is deprecated: renamed to 'DeprecatedResponse' [#DeprecatedDeclaration]
60 | withBaseURL baseURL: URL,
61 | andHeaders headers: [String: String]
62 | ) throws -> HTTPClient.Request where ResponseType: APIResponseValue {
| |- warning: 'APIResponseValue' is deprecated: renamed to 'DeprecatedResponse' [#DeprecatedDeclaration]
| `- note: use 'DeprecatedResponse' instead
63 | guard var componenets = URLComponents(
64 | url: baseURL.appendingPathComponent(request.path),
/Users/admin/builder/spi-builder-workspace/Sources/PrchNIO/Session.swift:47:1: error: type 'HTTPClient' does not conform to protocol 'Session'
45 | }
46 |
47 | extension HTTPClient: EventLoopSession {
| |- error: type 'HTTPClient' does not conform to protocol 'Session'
| `- note: add stubs for conformance
48 | public func nextEventLoop() -> EventLoop {
49 | eventLoopGroup.next()
Prch.Session.RequestType:2:16: note: protocol requires nested type 'RequestType'
1 | protocol Session {
2 | associatedtype RequestType}
| `- note: protocol requires nested type 'RequestType'
3 |
/Users/admin/builder/spi-builder-workspace/Sources/PrchNIO/Session.swift:105:16: error: generic type 'DeprecatedRequest' specialized with too few type parameters (got 1, but expected 2)
103 | public extension APIClient where SessionType: EventLoopSession {
104 | func request<ResponseType>(
105 | _ request: APIRequest<ResponseType>
| `- error: generic type 'DeprecatedRequest' specialized with too few type parameters (got 1, but expected 2)
106 | ) -> EventLoopFuture<ResponseType> {
107 | var sessionRequest: SessionType.RequestType
Prch.DeprecatedRequest:2:12: note: generic class 'DeprecatedRequest' declared here
1 | @available(*, deprecated, message: "use `Request`")
2 | open class DeprecatedRequest<ResponseType, APIType> : Prch.Request where ResponseType : Prch.Response, APIType == ResponseType.APIType {
| `- note: generic class 'DeprecatedRequest' declared here
3 | public let service: Prch.Service<ResponseType>
4 | open private(set) var queryParameters: [String : Any] { get }
/Users/admin/builder/spi-builder-workspace/Sources/PrchNIO/Session.swift:103:18: warning: 'APIClient' is deprecated: renamed to 'Client' [#DeprecatedDeclaration]
101 | }
102 |
103 | public extension APIClient where SessionType: EventLoopSession {
| |- warning: 'APIClient' is deprecated: renamed to 'Client' [#DeprecatedDeclaration]
| `- note: use 'Client' instead
104 | func request<ResponseType>(
105 | _ request: APIRequest<ResponseType>
SwiftCompile normal arm64_32 /Users/admin/builder/spi-builder-workspace/Sources/PrchNIO/Session.swift (in target 'PrchNIO' from project 'PrchNIO')
cd /Users/admin/builder/spi-builder-workspace/.swiftpm/xcode
builtin-SwiftPerFileCompile Session.swift
SwiftExplicitDependencyGeneratePcm arm64 /Users/admin/builder/spi-builder-workspace/.derivedData/SDKExplicitPrecompiledModules/_Darwin_xlocale-76BPMH4TPU0C1RLX5MYELDK7O.pcm
SwiftEmitModule normal arm64 Emitting\ module\ for\ PrchNIO (in target 'PrchNIO' from project 'PrchNIO')
SwiftCompile normal arm64 (in target 'PrchNIO' from project 'PrchNIO')
cd /Users/admin/builder/spi-builder-workspace/.swiftpm/xcode
SwiftCompile normal arm64 Compiling\ Session.swift /Users/admin/builder/spi-builder-workspace/Sources/PrchNIO/Session.swift (in target 'PrchNIO' from project 'PrchNIO')
SwiftCompile normal arm64 /Users/admin/builder/spi-builder-workspace/Sources/PrchNIO/Session.swift (in target 'PrchNIO' from project 'PrchNIO')
cd /Users/admin/builder/spi-builder-workspace/.swiftpm/xcode
builtin-SwiftPerFileCompile Session.swift
PruneExplicitPrecompiledModules /Users/admin/builder/spi-builder-workspace/.derivedData/Build/Intermediates.noindex/ExplicitPrecompiledModules
PruneExplicitPrecompiledModules /Users/admin/builder/spi-builder-workspace/.derivedData/SDKExplicitPrecompiledModules
PruneExplicitPrecompiledModules /Users/admin/builder/spi-builder-workspace/.derivedData/Build/Intermediates.noindex/SwiftExplicitPrecompiledModules
2026-09-17 19:36:16.782 xcodebuild[1504:7853] [MT] IDERunDestination: Supported platforms for the buildables in the current scheme is empty.
** BUILD FAILED **
The following build commands failed:
SwiftEmitModule normal arm64_32 Emitting\ module\ for\ PrchNIO (in target 'PrchNIO' from project 'PrchNIO')
SwiftCompile normal arm64_32 (in target 'PrchNIO' from project 'PrchNIO')
Building workspace PrchNIO with scheme PrchNIO
(3 failures)
Command line invocation:
/Applications/Xcode-27.0.0-Release.Candidate.app/Contents/Developer/usr/bin/xcodebuild -IDEClonedSourcePackagesDirPathOverride=/Users/admin/builder/spi-builder-workspace/.dependencies -resolvePackageDependencies
Resolve Package Graph
Resolved source packages:
swift-algorithms: https://github.com/apple/swift-algorithms.git @ 1.2.1
swift-async-algorithms: https://github.com/apple/swift-async-algorithms.git @ 1.1.5
PrchNIO: /Users/admin/builder/spi-builder-workspace
swift-nio-transport-services: https://github.com/apple/swift-nio-transport-services.git @ 1.28.0
swift-crypto: https://github.com/apple/swift-crypto.git @ 4.5.2
Prch: https://github.com/brightdigit/Prch.git @ 0.2.1
swift-http-structured-headers: https://github.com/apple/swift-http-structured-headers.git @ 1.7.0
swift-certificates: https://github.com/apple/swift-certificates.git @ 1.20.0
swift-distributed-tracing: https://github.com/apple/swift-distributed-tracing.git @ 1.5.0
swift-asn1: https://github.com/apple/swift-asn1.git @ 1.7.3
swift-numerics: https://github.com/apple/swift-numerics.git @ 1.1.1
swift-http-types: https://github.com/apple/swift-http-types.git @ 1.8.0
swift-configuration: https://github.com/apple/swift-configuration.git @ 1.2.0
swift-nio: https://github.com/apple/swift-nio.git @ 2.103.0
swift-nio-http2: https://github.com/apple/swift-nio-http2.git @ 1.46.0
swift-log: https://github.com/apple/swift-log.git @ 1.15.1
swift-nio-extras: https://github.com/apple/swift-nio-extras.git @ 1.35.1
swift-collections: https://github.com/apple/swift-collections @ 1.6.0
async-http-client: https://github.com/swift-server/async-http-client.git @ 1.36.1
swift-service-context: https://github.com/apple/swift-service-context.git @ 1.3.0
swift-system: https://github.com/apple/swift-system @ 1.8.1
swift-atomics: https://github.com/apple/swift-atomics.git @ 1.3.1
swift-service-lifecycle: https://github.com/swift-server/swift-service-lifecycle @ 2.12.0
swift-nio-ssl: https://github.com/apple/swift-nio-ssl.git @ 2.37.5
resolved source packages: swift-algorithms, swift-async-algorithms, PrchNIO, swift-nio-transport-services, swift-crypto, Prch, swift-http-structured-headers, swift-certificates, swift-distributed-tracing, swift-asn1, swift-numerics, swift-http-types, swift-configuration, swift-nio, swift-nio-http2, swift-log, swift-nio-extras, swift-collections, async-http-client, swift-service-context, swift-system, swift-atomics, swift-service-lifecycle, swift-nio-ssl
2026-09-17 19:37:20.390 xcodebuild[4729:17325] [MT] IDERunDestination: Supported platforms for the buildables in the current scheme is empty.
{
"dependencies" : [
{
"identity" : "async-http-client",
"requirement" : {
"range" : [
{
"lower_bound" : "1.0.0",
"upper_bound" : "2.0.0"
}
]
},
"type" : "sourceControl",
"url" : "https://github.com/swift-server/async-http-client.git"
},
{
"identity" : "prch",
"requirement" : {
"range" : [
{
"lower_bound" : "0.1.0",
"upper_bound" : "1.0.0"
}
]
},
"type" : "sourceControl",
"url" : "https://github.com/brightdigit/Prch.git"
}
],
"manifest_display_name" : "PrchNIO",
"name" : "PrchNIO",
"path" : "/Users/admin/builder/spi-builder-workspace",
"platforms" : [
{
"name" : "macos",
"version" : "10.15"
},
{
"name" : "ios",
"version" : "10.0"
},
{
"name" : "tvos",
"version" : "10.0"
},
{
"name" : "watchos",
"version" : "3.0"
}
],
"products" : [
{
"name" : "PrchNIO",
"targets" : [
"PrchNIO"
],
"type" : {
"library" : [
"automatic"
]
}
}
],
"targets" : [
{
"c99name" : "PrchNIOTests",
"module_type" : "SwiftTarget",
"name" : "PrchNIOTests",
"path" : "Tests/PrchNIOTests",
"sources" : [
"PrchNIOTests.swift",
"XCTestManifests.swift"
],
"target_dependencies" : [
"PrchNIO"
],
"type" : "test"
},
{
"c99name" : "PrchNIO",
"module_type" : "SwiftTarget",
"name" : "PrchNIO",
"path" : "Sources/PrchNIO",
"product_dependencies" : [
"Prch",
"AsyncHTTPClient"
],
"product_memberships" : [
"PrchNIO"
],
"sources" : [
"Session.swift"
],
"type" : "library"
}
],
"tools_version" : "5.5"
}
{
"workspace" : {
"name" : "PrchNIO",
"schemes" : [
"PrchNIO"
]
}
}
2026-09-17 19:37:22.743 xcodebuild[4737:17397] [MT] IDERunDestination: Supported platforms for the buildables in the current scheme is empty.
Running build ...
env DEVELOPER_DIR=/Applications/Xcode-27.0.0-Release.Candidate.app xcrun xcodebuild -IDEClonedSourcePackagesDirPathOverride=$PWD/.dependencies -skipMacroValidation -skipPackagePluginValidation -derivedDataPath $PWD/.derivedData build -scheme PrchNIO -destination generic/platform=watchOS
Command line invocation:
/Applications/Xcode-27.0.0-Release.Candidate.app/Contents/Developer/usr/bin/xcodebuild -IDEClonedSourcePackagesDirPathOverride=/Users/admin/builder/spi-builder-workspace/.dependencies -skipMacroValidation -skipPackagePluginValidation -derivedDataPath /Users/admin/builder/spi-builder-workspace/.derivedData build -scheme PrchNIO -destination generic/platform=watchOS
Resolve Package Graph
Resolved source packages:
swift-asn1: https://github.com/apple/swift-asn1.git @ 1.7.3
Prch: https://github.com/brightdigit/Prch.git @ 0.2.1
swift-nio-transport-services: https://github.com/apple/swift-nio-transport-services.git @ 1.28.0
async-http-client: https://github.com/swift-server/async-http-client.git @ 1.36.1
swift-distributed-tracing: https://github.com/apple/swift-distributed-tracing.git @ 1.5.0
swift-crypto: https://github.com/apple/swift-crypto.git @ 4.5.2
swift-nio-http2: https://github.com/apple/swift-nio-http2.git @ 1.46.0
swift-certificates: https://github.com/apple/swift-certificates.git @ 1.20.0
swift-atomics: https://github.com/apple/swift-atomics.git @ 1.3.1
swift-nio: https://github.com/apple/swift-nio.git @ 2.103.0
swift-nio-ssl: https://github.com/apple/swift-nio-ssl.git @ 2.37.5
swift-algorithms: https://github.com/apple/swift-algorithms.git @ 1.2.1
swift-http-types: https://github.com/apple/swift-http-types.git @ 1.8.0
swift-nio-extras: https://github.com/apple/swift-nio-extras.git @ 1.35.1
swift-http-structured-headers: https://github.com/apple/swift-http-structured-headers.git @ 1.7.0
PrchNIO: /Users/admin/builder/spi-builder-workspace
swift-system: https://github.com/apple/swift-system @ 1.8.1
swift-async-algorithms: https://github.com/apple/swift-async-algorithms.git @ 1.1.5
swift-service-lifecycle: https://github.com/swift-server/swift-service-lifecycle @ 2.12.0
swift-configuration: https://github.com/apple/swift-configuration.git @ 1.2.0
swift-collections: https://github.com/apple/swift-collections @ 1.6.0
swift-service-context: https://github.com/apple/swift-service-context.git @ 1.3.0
swift-numerics: https://github.com/apple/swift-numerics.git @ 1.1.1
swift-log: https://github.com/apple/swift-log.git @ 1.15.1
ComputePackagePrebuildTargetDependencyGraph
Prepare packages
CreateBuildRequest
SendProjectDescription
CreateBuildOperation
ComputeTargetDependencyGraph
note: Building targets in dependency order
note: Target dependency graph (74 targets)
Target 'PrchNIO-product' in project 'PrchNIO'
➜ Explicit dependency on target 'PrchNIO' in project 'PrchNIO'
➜ Explicit dependency on target 'Prch-product' in project 'Prch'
➜ Explicit dependency on target 'AsyncHTTPClient-product' in project 'async-http-client'
Target 'PrchNIO' in project 'PrchNIO'
➜ Explicit dependency on target 'Prch-product' in project 'Prch'
➜ Explicit dependency on target 'AsyncHTTPClient-product' in project 'async-http-client'
Target 'AsyncHTTPClient-product' in project 'async-http-client'
➜ Explicit dependency on target 'AsyncHTTPClient' in project 'async-http-client'
➜ Explicit dependency on target 'CAsyncHTTPClient' in project 'async-http-client'
➜ Explicit dependency on target 'NIO-product' in project 'swift-nio'
➜ Explicit dependency on target 'NIOTLS-product' in project 'swift-nio'
➜ Explicit dependency on target 'NIOCore-product' in project 'swift-nio'
➜ Explicit dependency on target 'NIOPosix-product' in project 'swift-nio'
➜ Explicit dependency on target 'NIOHTTP1-product' in project 'swift-nio'
➜ Explicit dependency on target 'NIOConcurrencyHelpers-product' in project 'swift-nio'
➜ Explicit dependency on target 'NIOHTTP2-product' in project 'swift-nio-http2'
➜ Explicit dependency on target 'NIOSSL-product' in project 'swift-nio-ssl'
➜ Explicit dependency on target 'NIOHTTPCompression-product' in project 'swift-nio-extras'
➜ Explicit dependency on target 'NIOSOCKS-product' in project 'swift-nio-extras'
➜ Explicit dependency on target 'NIOTransportServices-product' in project 'swift-nio-transport-services'
➜ Explicit dependency on target 'Atomics-product' in project 'swift-atomics'
➜ Explicit dependency on target 'Algorithms-product' in project 'swift-algorithms'
➜ Explicit dependency on target 'Configuration-product' in project 'swift-configuration'
➜ Explicit dependency on target 'Logging-product' in project 'swift-log'
➜ Explicit dependency on target 'Tracing-product' in project 'swift-distributed-tracing'
➜ Explicit dependency on target 'ServiceContextModule-product' in project 'swift-service-context'
Target 'AsyncHTTPClient' in project 'async-http-client'
➜ Explicit dependency on target 'CAsyncHTTPClient' in project 'async-http-client'
➜ Explicit dependency on target 'NIO-product' in project 'swift-nio'
➜ Explicit dependency on target 'NIOTLS-product' in project 'swift-nio'
➜ Explicit dependency on target 'NIOCore-product' in project 'swift-nio'
➜ Explicit dependency on target 'NIOPosix-product' in project 'swift-nio'
➜ Explicit dependency on target 'NIOHTTP1-product' in project 'swift-nio'
➜ Explicit dependency on target 'NIOConcurrencyHelpers-product' in project 'swift-nio'
➜ Explicit dependency on target 'NIOHTTP2-product' in project 'swift-nio-http2'
➜ Explicit dependency on target 'NIOSSL-product' in project 'swift-nio-ssl'
➜ Explicit dependency on target 'NIOHTTPCompression-product' in project 'swift-nio-extras'
➜ Explicit dependency on target 'NIOSOCKS-product' in project 'swift-nio-extras'
➜ Explicit dependency on target 'NIOTransportServices-product' in project 'swift-nio-transport-services'
➜ Explicit dependency on target 'Atomics-product' in project 'swift-atomics'
➜ Explicit dependency on target 'Algorithms-product' in project 'swift-algorithms'
➜ Explicit dependency on target 'Configuration-product' in project 'swift-configuration'
➜ Explicit dependency on target 'Logging-product' in project 'swift-log'
➜ Explicit dependency on target 'Tracing-product' in project 'swift-distributed-tracing'
➜ Explicit dependency on target 'ServiceContextModule-product' in project 'swift-service-context'
Target 'Tracing-product' in project 'swift-distributed-tracing'
➜ Explicit dependency on target 'Tracing' in project 'swift-distributed-tracing'
➜ Explicit dependency on target 'Instrumentation' in project 'swift-distributed-tracing'
➜ Explicit dependency on target 'ServiceContextModule-product' in project 'swift-service-context'
Target 'Tracing' in project 'swift-distributed-tracing'
➜ Explicit dependency on target 'Instrumentation' in project 'swift-distributed-tracing'
➜ Explicit dependency on target 'ServiceContextModule-product' in project 'swift-service-context'
Target 'Instrumentation' in project 'swift-distributed-tracing'
➜ Explicit dependency on target 'ServiceContextModule-product' in project 'swift-service-context'
Target 'ServiceContextModule-product' in project 'swift-service-context'
➜ Explicit dependency on target 'ServiceContextModule' in project 'swift-service-context'
Target 'ServiceContextModule' in project 'swift-service-context' (no dependencies)
Target 'Logging-product' in project 'swift-log'
➜ Explicit dependency on target 'Logging' in project 'swift-log'
Target 'Logging' in project 'swift-log' (no dependencies)
Target 'Configuration-product' in project 'swift-configuration'
➜ Explicit dependency on target 'Configuration' in project 'swift-configuration'
➜ Explicit dependency on target 'SystemPackage-product' in project 'swift-system'
➜ Explicit dependency on target 'DequeModule-product' in project 'swift-collections'
Target 'Configuration' in project 'swift-configuration'
➜ Explicit dependency on target 'SystemPackage-product' in project 'swift-system'
➜ Explicit dependency on target 'DequeModule-product' in project 'swift-collections'
Target 'SystemPackage-product' in project 'swift-system'
➜ Explicit dependency on target 'SystemPackage' in project 'swift-system'
➜ Explicit dependency on target 'CSystem' in project 'swift-system'
Target 'SystemPackage' in project 'swift-system'
➜ Explicit dependency on target 'CSystem' in project 'swift-system'
Target 'CSystem' in project 'swift-system' (no dependencies)
Target 'Algorithms-product' in project 'swift-algorithms'
➜ Explicit dependency on target 'Algorithms' in project 'swift-algorithms'
➜ Explicit dependency on target 'RealModule-product' in project 'swift-numerics'
Target 'Algorithms' in project 'swift-algorithms'
➜ Explicit dependency on target 'RealModule-product' in project 'swift-numerics'
Target 'RealModule-product' in project 'swift-numerics'
➜ Explicit dependency on target 'RealModule' in project 'swift-numerics'
➜ Explicit dependency on target '_NumericsShims' in project 'swift-numerics'
Target 'RealModule' in project 'swift-numerics'
➜ Explicit dependency on target '_NumericsShims' in project 'swift-numerics'
Target '_NumericsShims' in project 'swift-numerics' (no dependencies)
Target 'NIOTransportServices-product' in project 'swift-nio-transport-services'
➜ Explicit dependency on target 'NIOTransportServices' in project 'swift-nio-transport-services'
➜ Explicit dependency on target 'NIO-product' in project 'swift-nio'
➜ Explicit dependency on target 'NIOCore-product' in project 'swift-nio'
➜ Explicit dependency on target 'NIOFoundationCompat-product' in project 'swift-nio'
➜ Explicit dependency on target 'NIOTLS-product' in project 'swift-nio'
➜ Explicit dependency on target 'Atomics-product' in project 'swift-atomics'
Target 'NIOTransportServices' in project 'swift-nio-transport-services'
➜ Explicit dependency on target 'NIO-product' in project 'swift-nio'
➜ Explicit dependency on target 'NIOCore-product' in project 'swift-nio'
➜ Explicit dependency on target 'NIOFoundationCompat-product' in project 'swift-nio'
➜ Explicit dependency on target 'NIOTLS-product' in project 'swift-nio'
➜ Explicit dependency on target 'Atomics-product' in project 'swift-atomics'
Target 'NIOFoundationCompat-product' in project 'swift-nio'
➜ Explicit dependency on target 'NIOFoundationCompat' in project 'swift-nio'
➜ Explicit dependency on target 'CNIOAtomics' in project 'swift-nio'
➜ Explicit dependency on target 'NIOConcurrencyHelpers' in project 'swift-nio'
➜ Explicit dependency on target '_NIOBase64' in project 'swift-nio'
➜ Explicit dependency on target 'CNIOOpenBSD' in project 'swift-nio'
➜ Explicit dependency on target 'CNIOFreeBSD' in project 'swift-nio'
➜ Explicit dependency on target 'CNIODarwin' in project 'swift-nio'
➜ Explicit dependency on target 'CNIOLinux' in project 'swift-nio'
➜ Explicit dependency on target 'CNIOWindows' in project 'swift-nio'
➜ Explicit dependency on target 'CNIOWASI' in project 'swift-nio'
➜ Explicit dependency on target '_NIODataStructures' in project 'swift-nio'
➜ Explicit dependency on target 'NIOCore' in project 'swift-nio'
➜ Explicit dependency on target 'NIOEmbedded' in project 'swift-nio'
➜ Explicit dependency on target 'CNIOPosix' in project 'swift-nio'
➜ Explicit dependency on target 'NIOPosix' in project 'swift-nio'
➜ Explicit dependency on target 'NIO' in project 'swift-nio'
➜ Explicit dependency on target 'NIOFoundationEssentialsCompat' in project 'swift-nio'
➜ Explicit dependency on target 'DequeModule-product' in project 'swift-collections'
➜ Explicit dependency on target 'Atomics-product' in project 'swift-atomics'
Target 'NIOFoundationCompat' in project 'swift-nio'
➜ Explicit dependency on target 'CNIOAtomics' in project 'swift-nio'
➜ Explicit dependency on target 'NIOConcurrencyHelpers' in project 'swift-nio'
➜ Explicit dependency on target '_NIOBase64' in project 'swift-nio'
➜ Explicit dependency on target 'CNIOOpenBSD' in project 'swift-nio'
➜ Explicit dependency on target 'CNIOFreeBSD' in project 'swift-nio'
➜ Explicit dependency on target 'CNIODarwin' in project 'swift-nio'
➜ Explicit dependency on target 'CNIOLinux' in project 'swift-nio'
➜ Explicit dependency on target 'CNIOWindows' in project 'swift-nio'
➜ Explicit dependency on target 'CNIOWASI' in project 'swift-nio'
➜ Explicit dependency on target '_NIODataStructures' in project 'swift-nio'
➜ Explicit dependency on target 'NIOCore' in project 'swift-nio'
➜ Explicit dependency on target 'NIOEmbedded' in project 'swift-nio'
➜ Explicit dependency on target 'CNIOPosix' in project 'swift-nio'
➜ Explicit dependency on target 'NIOPosix' in project 'swift-nio'
➜ Explicit dependency on target 'NIO' in project 'swift-nio'
➜ Explicit dependency on target 'NIOFoundationEssentialsCompat' in project 'swift-nio'
➜ Explicit dependency on target 'DequeModule-product' in project 'swift-collections'
➜ Explicit dependency on target 'Atomics-product' in project 'swift-atomics'
Target 'NIOFoundationEssentialsCompat' in project 'swift-nio'
➜ Explicit dependency on target 'CNIOAtomics' in project 'swift-nio'
➜ Explicit dependency on target 'NIOConcurrencyHelpers' in project 'swift-nio'
➜ Explicit dependency on target '_NIOBase64' in project 'swift-nio'
➜ Explicit dependency on target 'CNIOOpenBSD' in project 'swift-nio'
➜ Explicit dependency on target 'CNIOFreeBSD' in project 'swift-nio'
➜ Explicit dependency on target 'CNIODarwin' in project 'swift-nio'
➜ Explicit dependency on target 'CNIOLinux' in project 'swift-nio'
➜ Explicit dependency on target 'CNIOWindows' in project 'swift-nio'
➜ Explicit dependency on target 'CNIOWASI' in project 'swift-nio'
➜ Explicit dependency on target '_NIODataStructures' in project 'swift-nio'
➜ Explicit dependency on target 'NIOCore' in project 'swift-nio'
➜ Explicit dependency on target 'DequeModule-product' in project 'swift-collections'
➜ Explicit dependency on target 'Atomics-product' in project 'swift-atomics'
Target 'NIOSOCKS-product' in project 'swift-nio-extras'
➜ Explicit dependency on target 'NIOSOCKS' in project 'swift-nio-extras'
➜ Explicit dependency on target 'NIO-product' in project 'swift-nio'
➜ Explicit dependency on target 'NIOCore-product' in project 'swift-nio'
Target 'NIOSOCKS' in project 'swift-nio-extras'
➜ Explicit dependency on target 'NIO-product' in project 'swift-nio'
➜ Explicit dependency on target 'NIOCore-product' in project 'swift-nio'
Target 'NIOHTTPCompression-product' in project 'swift-nio-extras'
➜ Explicit dependency on target 'NIOHTTPCompression' in project 'swift-nio-extras'
➜ Explicit dependency on target 'CNIOExtrasZlib' in project 'swift-nio-extras'
➜ Explicit dependency on target 'NIO-product' in project 'swift-nio'
➜ Explicit dependency on target 'NIOCore-product' in project 'swift-nio'
➜ Explicit dependency on target 'NIOHTTP1-product' in project 'swift-nio'
Target 'NIOHTTPCompression' in project 'swift-nio-extras'
➜ Explicit dependency on target 'CNIOExtrasZlib' in project 'swift-nio-extras'
➜ Explicit dependency on target 'NIO-product' in project 'swift-nio'
➜ Explicit dependency on target 'NIOCore-product' in project 'swift-nio'
➜ Explicit dependency on target 'NIOHTTP1-product' in project 'swift-nio'
Target 'CNIOExtrasZlib' in project 'swift-nio-extras' (no dependencies)
Target 'NIOSSL-product' in project 'swift-nio-ssl'
➜ Explicit dependency on target 'NIOSSL' in project 'swift-nio-ssl'
➜ Explicit dependency on target 'swift-nio-ssl_NIOSSL' in project 'swift-nio-ssl'
➜ Explicit dependency on target 'CNIOBoringSSL' in project 'swift-nio-ssl'
➜ Explicit dependency on target 'CNIOBoringSSLShims' in project 'swift-nio-ssl'
➜ Explicit dependency on target 'NIO-product' in project 'swift-nio'
➜ Explicit dependency on target 'NIOCore-product' in project 'swift-nio'
➜ Explicit dependency on target 'NIOConcurrencyHelpers-product' in project 'swift-nio'
➜ Explicit dependency on target 'NIOTLS-product' in project 'swift-nio'
Target 'NIOSSL' in project 'swift-nio-ssl'
➜ Explicit dependency on target 'swift-nio-ssl_NIOSSL' in project 'swift-nio-ssl'
➜ Explicit dependency on target 'CNIOBoringSSL' in project 'swift-nio-ssl'
➜ Explicit dependency on target 'CNIOBoringSSLShims' in project 'swift-nio-ssl'
➜ Explicit dependency on target 'NIO-product' in project 'swift-nio'
➜ Explicit dependency on target 'NIOCore-product' in project 'swift-nio'
➜ Explicit dependency on target 'NIOConcurrencyHelpers-product' in project 'swift-nio'
➜ Explicit dependency on target 'NIOTLS-product' in project 'swift-nio'
Target 'CNIOBoringSSLShims' in project 'swift-nio-ssl'
➜ Explicit dependency on target 'CNIOBoringSSL' in project 'swift-nio-ssl'
Target 'CNIOBoringSSL' in project 'swift-nio-ssl' (no dependencies)
Target 'swift-nio-ssl_NIOSSL' in project 'swift-nio-ssl' (no dependencies)
Target 'NIOHTTP2-product' in project 'swift-nio-http2'
➜ Explicit dependency on target 'NIOHTTP2' in project 'swift-nio-http2'
➜ Explicit dependency on target 'NIOHPACK' in project 'swift-nio-http2'
➜ Explicit dependency on target 'NIO-product' in project 'swift-nio'
➜ Explicit dependency on target 'NIOCore-product' in project 'swift-nio'
➜ Explicit dependency on target 'NIOConcurrencyHelpers-product' in project 'swift-nio'
➜ Explicit dependency on target 'NIOHTTP1-product' in project 'swift-nio'
➜ Explicit dependency on target 'NIOTLS-product' in project 'swift-nio'
➜ Explicit dependency on target 'Atomics-product' in project 'swift-atomics'
Target 'NIOHTTP2' in project 'swift-nio-http2'
➜ Explicit dependency on target 'NIOHPACK' in project 'swift-nio-http2'
➜ Explicit dependency on target 'NIO-product' in project 'swift-nio'
➜ Explicit dependency on target 'NIOCore-product' in project 'swift-nio'
➜ Explicit dependency on target 'NIOConcurrencyHelpers-product' in project 'swift-nio'
➜ Explicit dependency on target 'NIOHTTP1-product' in project 'swift-nio'
➜ Explicit dependency on target 'NIOTLS-product' in project 'swift-nio'
➜ Explicit dependency on target 'Atomics-product' in project 'swift-atomics'
Target 'NIOHPACK' in project 'swift-nio-http2'
➜ Explicit dependency on target 'NIO-product' in project 'swift-nio'
➜ Explicit dependency on target 'NIOCore-product' in project 'swift-nio'
➜ Explicit dependency on target 'NIOConcurrencyHelpers-product' in project 'swift-nio'
➜ Explicit dependency on target 'NIOHTTP1-product' in project 'swift-nio'
Target 'NIOConcurrencyHelpers-product' in project 'swift-nio'
➜ Explicit dependency on target 'NIOConcurrencyHelpers' in project 'swift-nio'
➜ Explicit dependency on target 'CNIOAtomics' in project 'swift-nio'
Target 'NIOHTTP1-product' in project 'swift-nio'
➜ Explicit dependency on target 'NIOHTTP1' in project 'swift-nio'
➜ Explicit dependency on target 'CNIOAtomics' in project 'swift-nio'
➜ Explicit dependency on target 'NIOConcurrencyHelpers' in project 'swift-nio'
➜ Explicit dependency on target '_NIOBase64' in project 'swift-nio'
➜ Explicit dependency on target 'CNIOOpenBSD' in project 'swift-nio'
➜ Explicit dependency on target 'CNIOFreeBSD' in project 'swift-nio'
➜ Explicit dependency on target 'CNIODarwin' in project 'swift-nio'
➜ Explicit dependency on target 'CNIOLinux' in project 'swift-nio'
➜ Explicit dependency on target 'CNIOWindows' in project 'swift-nio'
➜ Explicit dependency on target 'CNIOWASI' in project 'swift-nio'
➜ Explicit dependency on target '_NIODataStructures' in project 'swift-nio'
➜ Explicit dependency on target 'NIOCore' in project 'swift-nio'
➜ Explicit dependency on target 'NIOEmbedded' in project 'swift-nio'
➜ Explicit dependency on target 'CNIOPosix' in project 'swift-nio'
➜ Explicit dependency on target 'NIOPosix' in project 'swift-nio'
➜ Explicit dependency on target 'NIO' in project 'swift-nio'
➜ Explicit dependency on target 'CNIOLLHTTP' in project 'swift-nio'
➜ Explicit dependency on target 'DequeModule-product' in project 'swift-collections'
➜ Explicit dependency on target 'Atomics-product' in project 'swift-atomics'
Target 'NIOHTTP1' in project 'swift-nio'
➜ Explicit dependency on target 'CNIOAtomics' in project 'swift-nio'
➜ Explicit dependency on target 'NIOConcurrencyHelpers' in project 'swift-nio'
➜ Explicit dependency on target '_NIOBase64' in project 'swift-nio'
➜ Explicit dependency on target 'CNIOOpenBSD' in project 'swift-nio'
➜ Explicit dependency on target 'CNIOFreeBSD' in project 'swift-nio'
➜ Explicit dependency on target 'CNIODarwin' in project 'swift-nio'
➜ Explicit dependency on target 'CNIOLinux' in project 'swift-nio'
➜ Explicit dependency on target 'CNIOWindows' in project 'swift-nio'
➜ Explicit dependency on target 'CNIOWASI' in project 'swift-nio'
➜ Explicit dependency on target '_NIODataStructures' in project 'swift-nio'
➜ Explicit dependency on target 'NIOCore' in project 'swift-nio'
➜ Explicit dependency on target 'NIOEmbedded' in project 'swift-nio'
➜ Explicit dependency on target 'CNIOPosix' in project 'swift-nio'
➜ Explicit dependency on target 'NIOPosix' in project 'swift-nio'
➜ Explicit dependency on target 'NIO' in project 'swift-nio'
➜ Explicit dependency on target 'CNIOLLHTTP' in project 'swift-nio'
➜ Explicit dependency on target 'DequeModule-product' in project 'swift-collections'
➜ Explicit dependency on target 'Atomics-product' in project 'swift-atomics'
Target 'CNIOLLHTTP' in project 'swift-nio' (no dependencies)
Target 'NIOPosix-product' in project 'swift-nio'
➜ Explicit dependency on target 'NIOPosix' in project 'swift-nio'
➜ Explicit dependency on target 'swift-nio_NIOPosix' in project 'swift-nio'
➜ Explicit dependency on target 'CNIOOpenBSD' in project 'swift-nio'
➜ Explicit dependency on target 'CNIOLinux' in project 'swift-nio'
➜ Explicit dependency on target 'CNIODarwin' in project 'swift-nio'
➜ Explicit dependency on target 'CNIOWindows' in project 'swift-nio'
➜ Explicit dependency on target 'CNIOAtomics' in project 'swift-nio'
➜ Explicit dependency on target 'NIOConcurrencyHelpers' in project 'swift-nio'
➜ Explicit dependency on target '_NIOBase64' in project 'swift-nio'
➜ Explicit dependency on target 'CNIOFreeBSD' in project 'swift-nio'
➜ Explicit dependency on target 'CNIOWASI' in project 'swift-nio'
➜ Explicit dependency on target '_NIODataStructures' in project 'swift-nio'
➜ Explicit dependency on target 'NIOCore' in project 'swift-nio'
➜ Explicit dependency on target 'CNIOPosix' in project 'swift-nio'
➜ Explicit dependency on target 'DequeModule-product' in project 'swift-collections'
➜ Explicit dependency on target 'Atomics-product' in project 'swift-atomics'
Target 'NIOCore-product' in project 'swift-nio'
➜ Explicit dependency on target 'NIOCore' in project 'swift-nio'
➜ Explicit dependency on target 'CNIOAtomics' in project 'swift-nio'
➜ Explicit dependency on target 'NIOConcurrencyHelpers' in project 'swift-nio'
➜ Explicit dependency on target '_NIOBase64' in project 'swift-nio'
➜ Explicit dependency on target 'CNIOOpenBSD' in project 'swift-nio'
➜ Explicit dependency on target 'CNIOFreeBSD' in project 'swift-nio'
➜ Explicit dependency on target 'CNIODarwin' in project 'swift-nio'
➜ Explicit dependency on target 'CNIOLinux' in project 'swift-nio'
➜ Explicit dependency on target 'CNIOWindows' in project 'swift-nio'
➜ Explicit dependency on target 'CNIOWASI' in project 'swift-nio'
➜ Explicit dependency on target '_NIODataStructures' in project 'swift-nio'
➜ Explicit dependency on target 'DequeModule-product' in project 'swift-collections'
➜ Explicit dependency on target 'Atomics-product' in project 'swift-atomics'
Target 'NIOTLS-product' in project 'swift-nio'
➜ Explicit dependency on target 'NIOTLS' in project 'swift-nio'
➜ Explicit dependency on target 'CNIOAtomics' in project 'swift-nio'
➜ Explicit dependency on target 'NIOConcurrencyHelpers' in project 'swift-nio'
➜ Explicit dependency on target '_NIOBase64' in project 'swift-nio'
➜ Explicit dependency on target 'CNIOOpenBSD' in project 'swift-nio'
➜ Explicit dependency on target 'CNIOFreeBSD' in project 'swift-nio'
➜ Explicit dependency on target 'CNIODarwin' in project 'swift-nio'
➜ Explicit dependency on target 'CNIOLinux' in project 'swift-nio'
➜ Explicit dependency on target 'CNIOWindows' in project 'swift-nio'
➜ Explicit dependency on target 'CNIOWASI' in project 'swift-nio'
➜ Explicit dependency on target '_NIODataStructures' in project 'swift-nio'
➜ Explicit dependency on target 'NIOCore' in project 'swift-nio'
➜ Explicit dependency on target 'NIOEmbedded' in project 'swift-nio'
➜ Explicit dependency on target 'CNIOPosix' in project 'swift-nio'
➜ Explicit dependency on target 'NIOPosix' in project 'swift-nio'
➜ Explicit dependency on target 'NIO' in project 'swift-nio'
➜ Explicit dependency on target 'DequeModule-product' in project 'swift-collections'
➜ Explicit dependency on target 'Atomics-product' in project 'swift-atomics'
Target 'NIOTLS' in project 'swift-nio'
➜ Explicit dependency on target 'CNIOAtomics' in project 'swift-nio'
➜ Explicit dependency on target 'NIOConcurrencyHelpers' in project 'swift-nio'
➜ Explicit dependency on target '_NIOBase64' in project 'swift-nio'
➜ Explicit dependency on target 'CNIOOpenBSD' in project 'swift-nio'
➜ Explicit dependency on target 'CNIOFreeBSD' in project 'swift-nio'
➜ Explicit dependency on target 'CNIODarwin' in project 'swift-nio'
➜ Explicit dependency on target 'CNIOLinux' in project 'swift-nio'
➜ Explicit dependency on target 'CNIOWindows' in project 'swift-nio'
➜ Explicit dependency on target 'CNIOWASI' in project 'swift-nio'
➜ Explicit dependency on target '_NIODataStructures' in project 'swift-nio'
➜ Explicit dependency on target 'NIOCore' in project 'swift-nio'
➜ Explicit dependency on target 'NIOEmbedded' in project 'swift-nio'
➜ Explicit dependency on target 'CNIOPosix' in project 'swift-nio'
➜ Explicit dependency on target 'NIOPosix' in project 'swift-nio'
➜ Explicit dependency on target 'NIO' in project 'swift-nio'
➜ Explicit dependency on target 'DequeModule-product' in project 'swift-collections'
➜ Explicit dependency on target 'Atomics-product' in project 'swift-atomics'
Target 'NIO-product' in project 'swift-nio'
➜ Explicit dependency on target 'NIO' in project 'swift-nio'
➜ Explicit dependency on target 'CNIOAtomics' in project 'swift-nio'
➜ Explicit dependency on target 'NIOConcurrencyHelpers' in project 'swift-nio'
➜ Explicit dependency on target '_NIOBase64' in project 'swift-nio'
➜ Explicit dependency on target 'CNIOOpenBSD' in project 'swift-nio'
➜ Explicit dependency on target 'CNIOFreeBSD' in project 'swift-nio'
➜ Explicit dependency on target 'CNIODarwin' in project 'swift-nio'
➜ Explicit dependency on target 'CNIOLinux' in project 'swift-nio'
➜ Explicit dependency on target 'CNIOWindows' in project 'swift-nio'
➜ Explicit dependency on target 'CNIOWASI' in project 'swift-nio'
➜ Explicit dependency on target '_NIODataStructures' in project 'swift-nio'
➜ Explicit dependency on target 'NIOCore' in project 'swift-nio'
➜ Explicit dependency on target 'NIOEmbedded' in project 'swift-nio'
➜ Explicit dependency on target 'CNIOPosix' in project 'swift-nio'
➜ Explicit dependency on target 'NIOPosix' in project 'swift-nio'
➜ Explicit dependency on target 'DequeModule-product' in project 'swift-collections'
➜ Explicit dependency on target 'Atomics-product' in project 'swift-atomics'
Target 'NIO' in project 'swift-nio'
➜ Explicit dependency on target 'CNIOAtomics' in project 'swift-nio'
➜ Explicit dependency on target 'NIOConcurrencyHelpers' in project 'swift-nio'
➜ Explicit dependency on target '_NIOBase64' in project 'swift-nio'
➜ Explicit dependency on target 'CNIOOpenBSD' in project 'swift-nio'
➜ Explicit dependency on target 'CNIOFreeBSD' in project 'swift-nio'
➜ Explicit dependency on target 'CNIODarwin' in project 'swift-nio'
➜ Explicit dependency on target 'CNIOLinux' in project 'swift-nio'
➜ Explicit dependency on target 'CNIOWindows' in project 'swift-nio'
➜ Explicit dependency on target 'CNIOWASI' in project 'swift-nio'
➜ Explicit dependency on target '_NIODataStructures' in project 'swift-nio'
➜ Explicit dependency on target 'NIOCore' in project 'swift-nio'
➜ Explicit dependency on target 'NIOEmbedded' in project 'swift-nio'
➜ Explicit dependency on target 'CNIOPosix' in project 'swift-nio'
➜ Explicit dependency on target 'NIOPosix' in project 'swift-nio'
➜ Explicit dependency on target 'DequeModule-product' in project 'swift-collections'
➜ Explicit dependency on target 'Atomics-product' in project 'swift-atomics'
Target 'NIOPosix' in project 'swift-nio'
➜ Explicit dependency on target 'swift-nio_NIOPosix' in project 'swift-nio'
➜ Explicit dependency on target 'CNIOOpenBSD' in project 'swift-nio'
➜ Explicit dependency on target 'CNIOLinux' in project 'swift-nio'
➜ Explicit dependency on target 'CNIODarwin' in project 'swift-nio'
➜ Explicit dependency on target 'CNIOWindows' in project 'swift-nio'
➜ Explicit dependency on target 'CNIOAtomics' in project 'swift-nio'
➜ Explicit dependency on target 'NIOConcurrencyHelpers' in project 'swift-nio'
➜ Explicit dependency on target '_NIOBase64' in project 'swift-nio'
➜ Explicit dependency on target 'CNIOFreeBSD' in project 'swift-nio'
➜ Explicit dependency on target 'CNIOWASI' in project 'swift-nio'
➜ Explicit dependency on target '_NIODataStructures' in project 'swift-nio'
➜ Explicit dependency on target 'NIOCore' in project 'swift-nio'
➜ Explicit dependency on target 'CNIOPosix' in project 'swift-nio'
➜ Explicit dependency on target 'DequeModule-product' in project 'swift-collections'
➜ Explicit dependency on target 'Atomics-product' in project 'swift-atomics'
Target 'swift-nio_NIOPosix' in project 'swift-nio' (no dependencies)
Target 'CNIOPosix' in project 'swift-nio' (no dependencies)
Target 'NIOEmbedded' in project 'swift-nio'
➜ Explicit dependency on target 'CNIOAtomics' in project 'swift-nio'
➜ Explicit dependency on target 'NIOConcurrencyHelpers' in project 'swift-nio'
➜ Explicit dependency on target '_NIOBase64' in project 'swift-nio'
➜ Explicit dependency on target 'CNIOOpenBSD' in project 'swift-nio'
➜ Explicit dependency on target 'CNIOFreeBSD' in project 'swift-nio'
➜ Explicit dependency on target 'CNIODarwin' in project 'swift-nio'
➜ Explicit dependency on target 'CNIOLinux' in project 'swift-nio'
➜ Explicit dependency on target 'CNIOWindows' in project 'swift-nio'
➜ Explicit dependency on target 'CNIOWASI' in project 'swift-nio'
➜ Explicit dependency on target '_NIODataStructures' in project 'swift-nio'
➜ Explicit dependency on target 'NIOCore' in project 'swift-nio'
➜ Explicit dependency on target 'DequeModule-product' in project 'swift-collections'
➜ Explicit dependency on target 'Atomics-product' in project 'swift-atomics'
Target 'NIOCore' in project 'swift-nio'
➜ Explicit dependency on target 'CNIOAtomics' in project 'swift-nio'
➜ Explicit dependency on target 'NIOConcurrencyHelpers' in project 'swift-nio'
➜ Explicit dependency on target '_NIOBase64' in project 'swift-nio'
➜ Explicit dependency on target 'CNIOOpenBSD' in project 'swift-nio'
➜ Explicit dependency on target 'CNIOFreeBSD' in project 'swift-nio'
➜ Explicit dependency on target 'CNIODarwin' in project 'swift-nio'
➜ Explicit dependency on target 'CNIOLinux' in project 'swift-nio'
➜ Explicit dependency on target 'CNIOWindows' in project 'swift-nio'
➜ Explicit dependency on target 'CNIOWASI' in project 'swift-nio'
➜ Explicit dependency on target '_NIODataStructures' in project 'swift-nio'
➜ Explicit dependency on target 'DequeModule-product' in project 'swift-collections'
➜ Explicit dependency on target 'Atomics-product' in project 'swift-atomics'
Target 'Atomics-product' in project 'swift-atomics'
➜ Explicit dependency on target 'Atomics' in project 'swift-atomics'
➜ Explicit dependency on target '_AtomicsShims' in project 'swift-atomics'
Target 'Atomics' in project 'swift-atomics'
➜ Explicit dependency on target '_AtomicsShims' in project 'swift-atomics'
Target '_AtomicsShims' in project 'swift-atomics' (no dependencies)
Target 'DequeModule-product' in project 'swift-collections'
➜ Explicit dependency on target 'DequeModule' in project 'swift-collections'
➜ Explicit dependency on target 'InternalCollectionsUtilities' in project 'swift-collections'
➜ Explicit dependency on target 'ContainersPreview' in project 'swift-collections'
Target 'DequeModule' in project 'swift-collections'
➜ Explicit dependency on target 'InternalCollectionsUtilities' in project 'swift-collections'
➜ Explicit dependency on target 'ContainersPreview' in project 'swift-collections'
Target 'ContainersPreview' in project 'swift-collections'
➜ Explicit dependency on target 'InternalCollectionsUtilities' in project 'swift-collections'
Target 'InternalCollectionsUtilities' in project 'swift-collections' (no dependencies)
Target '_NIODataStructures' in project 'swift-nio' (no dependencies)
Target 'CNIOWASI' in project 'swift-nio' (no dependencies)
Target 'CNIOWindows' in project 'swift-nio' (no dependencies)
Target 'CNIOLinux' in project 'swift-nio' (no dependencies)
Target 'CNIODarwin' in project 'swift-nio' (no dependencies)
Target 'CNIOFreeBSD' in project 'swift-nio' (no dependencies)
Target 'CNIOOpenBSD' in project 'swift-nio' (no dependencies)
Target '_NIOBase64' in project 'swift-nio' (no dependencies)
Target 'NIOConcurrencyHelpers' in project 'swift-nio'
➜ Explicit dependency on target 'CNIOAtomics' in project 'swift-nio'
Target 'CNIOAtomics' in project 'swift-nio' (no dependencies)
Target 'CAsyncHTTPClient' in project 'async-http-client' (no dependencies)
Target 'Prch-product' in project 'Prch'
➜ Explicit dependency on target 'Prch' in project 'Prch'
Target 'Prch' in project 'Prch' (no dependencies)
GatherProvisioningInputs
CreateBuildDescription
ClangStatCache /Applications/Xcode-27.0.0-Release.Candidate.app/Contents/Developer/Toolchains/XcodeDefault.xctoolchain/usr/bin/clang-stat-cache /Applications/Xcode-27.0.0-Release.Candidate.app/Contents/Developer/Platforms/WatchOS.platform/Developer/SDKs/WatchOS27.0.sdk /Users/admin/builder/spi-builder-workspace/.derivedData/SDKStatCaches.noindex/watchos27.0-24R360-e829b21a6f8c9b70876ba0858053c04477534ef55a1706bf4c1112bbb242f0a2.sdkstatcache
cd /Users/admin/builder/spi-builder-workspace/.swiftpm/xcode
/Applications/Xcode-27.0.0-Release.Candidate.app/Contents/Developer/Toolchains/XcodeDefault.xctoolchain/usr/bin/clang-stat-cache /Applications/Xcode-27.0.0-Release.Candidate.app/Contents/Developer/Platforms/WatchOS.platform/Developer/SDKs/WatchOS27.0.sdk -o /Users/admin/builder/spi-builder-workspace/.derivedData/SDKStatCaches.noindex/watchos27.0-24R360-e829b21a6f8c9b70876ba0858053c04477534ef55a1706bf4c1112bbb242f0a2.sdkstatcache
SwiftDriver PrchNIO normal arm64 com.apple.xcode.tools.swift.compiler (in target 'PrchNIO' from project 'PrchNIO')
cd /Users/admin/builder/spi-builder-workspace/.swiftpm/xcode
builtin-SwiftDriver -- /Applications/Xcode-27.0.0-Release.Candidate.app/Contents/Developer/Toolchains/XcodeDefault.xctoolchain/usr/bin/swiftc -parse-as-library -module-name PrchNIO -Onone @/Users/admin/builder/spi-builder-workspace/.derivedData/Build/Intermediates.noindex/PrchNIO.build/Debug-watchos/PrchNIO-t.build/Objects-normal/arm64/PrchNIO.SwiftFileList -DSWIFT_PACKAGE -DDEBUG -DSWIFT_MODULE_RESOURCE_BUNDLE_UNAVAILABLE -Xcc -fmodule-map-file\=/Users/admin/builder/spi-builder-workspace/.derivedData/Build/Intermediates.noindex/GeneratedModuleMaps-watchos/CNIOLLHTTP.modulemap -Xcc -fmodule-map-file\=/Users/admin/builder/spi-builder-workspace/.derivedData/Build/Intermediates.noindex/GeneratedModuleMaps-watchos/CNIOBoringSSLShims.modulemap -Xcc -fmodule-map-file\=/Users/admin/builder/spi-builder-workspace/.dependencies/checkouts/swift-nio-ssl/Sources/CNIOBoringSSL/include/module.modulemap -Xcc -fmodule-map-file\=/Users/admin/builder/spi-builder-workspace/.derivedData/Build/Intermediates.noindex/GeneratedModuleMaps-watchos/CNIOExtrasZlib.modulemap -Xcc -fmodule-map-file\=/Users/admin/builder/spi-builder-workspace/.derivedData/Build/Intermediates.noindex/GeneratedModuleMaps-watchos/CNIOPosix.modulemap -Xcc -fmodule-map-file\=/Users/admin/builder/spi-builder-workspace/.derivedData/Build/Intermediates.noindex/GeneratedModuleMaps-watchos/CNIOWASI.modulemap -Xcc -fmodule-map-file\=/Users/admin/builder/spi-builder-workspace/.dependencies/checkouts/swift-nio/Sources/CNIOWindows/include/module.modulemap -Xcc -fmodule-map-file\=/Users/admin/builder/spi-builder-workspace/.derivedData/Build/Intermediates.noindex/GeneratedModuleMaps-watchos/CNIOLinux.modulemap -Xcc -fmodule-map-file\=/Users/admin/builder/spi-builder-workspace/.derivedData/Build/Intermediates.noindex/GeneratedModuleMaps-watchos/CNIODarwin.modulemap -Xcc -fmodule-map-file\=/Users/admin/builder/spi-builder-workspace/.derivedData/Build/Intermediates.noindex/GeneratedModuleMaps-watchos/CNIOFreeBSD.modulemap -Xcc -fmodule-map-file\=/Users/admin/builder/spi-builder-workspace/.derivedData/Build/Intermediates.noindex/GeneratedModuleMaps-watchos/CNIOOpenBSD.modulemap -Xcc -fmodule-map-file\=/Users/admin/builder/spi-builder-workspace/.derivedData/Build/Intermediates.noindex/GeneratedModuleMaps-watchos/CNIOAtomics.modulemap -Xcc -fmodule-map-file\=/Users/admin/builder/spi-builder-workspace/.dependencies/checkouts/swift-atomics/Sources/_AtomicsShims/include/module.modulemap -Xcc -fmodule-map-file\=/Users/admin/builder/spi-builder-workspace/.dependencies/checkouts/swift-numerics/Sources/_NumericsShims/include/module.modulemap -Xcc -fmodule-map-file\=/Users/admin/builder/spi-builder-workspace/.dependencies/checkouts/swift-system/Sources/CSystem/include/module.modulemap -Xcc -fmodule-map-file\=/Users/admin/builder/spi-builder-workspace/.derivedData/Build/Intermediates.noindex/GeneratedModuleMaps-watchos/CAsyncHTTPClient.modulemap -DXcode -plugin-path /Applications/Xcode-27.0.0-Release.Candidate.app/Contents/Developer/Toolchains/XcodeDefault.xctoolchain/usr/lib/swift/host/plugins/testing -enable-experimental-feature DebugDescriptionMacro -sdk /Applications/Xcode-27.0.0-Release.Candidate.app/Contents/Developer/Platforms/WatchOS.platform/Developer/SDKs/WatchOS27.0.sdk -target arm64-apple-watchos9.0 -g -module-cache-path /Users/admin/builder/spi-builder-workspace/.derivedData/ModuleCache.noindex -Xfrontend -serialize-debugging-options -profile-coverage-mapping -profile-generate -enable-testing -index-store-path /Users/admin/builder/spi-builder-workspace/.derivedData/Index.noindex/DataStore -Xcc -D_LIBCPP_HARDENING_MODE\=_LIBCPP_HARDENING_MODE_DEBUG -swift-version 5 -I /Users/admin/builder/spi-builder-workspace/.derivedData/Build/Products/Debug-watchos -Isystem /Applications/Xcode-27.0.0-Release.Candidate.app/Contents/Developer/Platforms/WatchOS.platform/Developer/usr/lib -F /Users/admin/builder/spi-builder-workspace/.derivedData/Build/Products/Debug-watchos/PackageFrameworks -F /Users/admin/builder/spi-builder-workspace/.derivedData/Build/Products/Debug-watchos -F /Applications/Xcode-27.0.0-Release.Candidate.app/Contents/Developer/Platforms/WatchOS.platform/Developer/Library/Frameworks -F /Applications/Xcode-27.0.0-Release.Candidate.app/Contents/Developer/Platforms/WatchOS.platform/Developer/SDKs/WatchOS27.0.sdk/Developer/Library/Frameworks -c -j10 -enable-batch-mode -incremental -Xcc -ivfsstatcache -Xcc /Users/admin/builder/spi-builder-workspace/.derivedData/SDKStatCaches.noindex/watchos27.0-24R360-e829b21a6f8c9b70876ba0858053c04477534ef55a1706bf4c1112bbb242f0a2.sdkstatcache -output-file-map /Users/admin/builder/spi-builder-workspace/.derivedData/Build/Intermediates.noindex/PrchNIO.build/Debug-watchos/PrchNIO-t.build/Objects-normal/arm64/PrchNIO-OutputFileMap.json -save-temps -no-color-diagnostics -explicit-module-build -module-cache-path /Users/admin/builder/spi-builder-workspace/.derivedData/Build/Intermediates.noindex/SwiftExplicitPrecompiledModules -clang-scanner-module-cache-path /Users/admin/builder/spi-builder-workspace/.derivedData/ModuleCache.noindex -sdk-module-cache-path /Users/admin/builder/spi-builder-workspace/.derivedData/SDKExplicitPrecompiledModules -emit-dependencies -emit-module -emit-module-path /Users/admin/builder/spi-builder-workspace/.derivedData/Build/Intermediates.noindex/PrchNIO.build/Debug-watchos/PrchNIO-t.build/Objects-normal/arm64/PrchNIO.swiftmodule -serialize-diagnostics -dependency-scan-serialize-diagnostics-path /Users/admin/builder/spi-builder-workspace/.derivedData/Build/Intermediates.noindex/PrchNIO.build/Debug-watchos/PrchNIO-t.build/Objects-normal/arm64/PrchNIO-dependency-scan.dia -validate-clang-modules-once -clang-build-session-file /Users/admin/builder/spi-builder-workspace/.derivedData/ModuleCache.noindex/Session.modulevalidation -Xcc -fmodules-prune-interval\=86400 -Xcc -fmodules-prune-after\=345600 -emit-const-values -const-gather-protocols-list /Users/admin/builder/spi-builder-workspace/.derivedData/Build/Intermediates.noindex/PrchNIO.build/Debug-watchos/PrchNIO-t.build/Objects-normal/arm64/PrchNIO_const_extract_protocols.json -Xcc -I/Users/admin/builder/spi-builder-workspace/.dependencies/checkouts/swift-nio/Sources/CNIOLLHTTP/include -Xcc -I/Users/admin/builder/spi-builder-workspace/.dependencies/checkouts/swift-nio-ssl/Sources/CNIOBoringSSLShims/include -Xcc -I/Users/admin/builder/spi-builder-workspace/.dependencies/checkouts/swift-nio-ssl/Sources/CNIOBoringSSL/include -Xcc -I/Users/admin/builder/spi-builder-workspace/.dependencies/checkouts/swift-nio-extras/Sources/CNIOExtrasZlib/include -Xcc -I/Users/admin/builder/spi-builder-workspace/.dependencies/checkouts/swift-nio/Sources/CNIOPosix/include -Xcc -I/Users/admin/builder/spi-builder-workspace/.dependencies/checkouts/swift-nio/Sources/CNIOWASI/include -Xcc -I/Users/admin/builder/spi-builder-workspace/.dependencies/checkouts/swift-nio/Sources/CNIOWindows/include -Xcc -I/Users/admin/builder/spi-builder-workspace/.dependencies/checkouts/swift-nio/Sources/CNIOLinux/include -Xcc -I/Users/admin/builder/spi-builder-workspace/.dependencies/checkouts/swift-nio/Sources/CNIODarwin/include -Xcc -I/Users/admin/builder/spi-builder-workspace/.dependencies/checkouts/swift-nio/Sources/CNIOFreeBSD/include -Xcc -I/Users/admin/builder/spi-builder-workspace/.dependencies/checkouts/swift-nio/Sources/CNIOOpenBSD/include -Xcc -I/Users/admin/builder/spi-builder-workspace/.dependencies/checkouts/swift-nio/Sources/CNIOAtomics/include -Xcc -I/Users/admin/builder/spi-builder-workspace/.dependencies/checkouts/swift-atomics/Sources/_AtomicsShims/include -Xcc -I/Users/admin/builder/spi-builder-workspace/.dependencies/checkouts/swift-numerics/Sources/_NumericsShims/include -Xcc -I/Users/admin/builder/spi-builder-workspace/.dependencies/checkouts/swift-system/Sources/CSystem/include -Xcc -I/Users/admin/builder/spi-builder-workspace/.dependencies/checkouts/async-http-client/Sources/CAsyncHTTPClient/include -Xcc -I/Users/admin/builder/spi-builder-workspace/.derivedData/Build/Products/Debug-watchos/include -Xcc -I/Users/admin/builder/spi-builder-workspace/.derivedData/Build/Intermediates.noindex/PrchNIO.build/Debug-watchos/PrchNIO-t.build/DerivedSources-normal/arm64 -Xcc -I/Users/admin/builder/spi-builder-workspace/.derivedData/Build/Intermediates.noindex/PrchNIO.build/Debug-watchos/PrchNIO-t.build/DerivedSources/arm64 -Xcc -I/Users/admin/builder/spi-builder-workspace/.derivedData/Build/Intermediates.noindex/PrchNIO.build/Debug-watchos/PrchNIO-t.build/DerivedSources -Xcc -DSWIFT_PACKAGE -Xcc -DDEBUG\=1 -emit-objc-header -emit-objc-header-path /Users/admin/builder/spi-builder-workspace/.derivedData/Build/Intermediates.noindex/PrchNIO.build/Debug-watchos/PrchNIO-t.build/Objects-normal/arm64/PrchNIO-Swift.h -working-directory /Users/admin/builder/spi-builder-workspace/.swiftpm/xcode -experimental-emit-module-separately -disable-cmo
SwiftDriver PrchNIO normal arm64_32 com.apple.xcode.tools.swift.compiler (in target 'PrchNIO' from project 'PrchNIO')
cd /Users/admin/builder/spi-builder-workspace/.swiftpm/xcode
builtin-SwiftDriver -- /Applications/Xcode-27.0.0-Release.Candidate.app/Contents/Developer/Toolchains/XcodeDefault.xctoolchain/usr/bin/swiftc -parse-as-library -module-name PrchNIO -Onone @/Users/admin/builder/spi-builder-workspace/.derivedData/Build/Intermediates.noindex/PrchNIO.build/Debug-watchos/PrchNIO-t.build/Objects-normal/arm64_32/PrchNIO.SwiftFileList -DSWIFT_PACKAGE -DDEBUG -DSWIFT_MODULE_RESOURCE_BUNDLE_UNAVAILABLE -Xcc -fmodule-map-file\=/Users/admin/builder/spi-builder-workspace/.derivedData/Build/Intermediates.noindex/GeneratedModuleMaps-watchos/CNIOLLHTTP.modulemap -Xcc -fmodule-map-file\=/Users/admin/builder/spi-builder-workspace/.derivedData/Build/Intermediates.noindex/GeneratedModuleMaps-watchos/CNIOBoringSSLShims.modulemap -Xcc -fmodule-map-file\=/Users/admin/builder/spi-builder-workspace/.dependencies/checkouts/swift-nio-ssl/Sources/CNIOBoringSSL/include/module.modulemap -Xcc -fmodule-map-file\=/Users/admin/builder/spi-builder-workspace/.derivedData/Build/Intermediates.noindex/GeneratedModuleMaps-watchos/CNIOExtrasZlib.modulemap -Xcc -fmodule-map-file\=/Users/admin/builder/spi-builder-workspace/.derivedData/Build/Intermediates.noindex/GeneratedModuleMaps-watchos/CNIOPosix.modulemap -Xcc -fmodule-map-file\=/Users/admin/builder/spi-builder-workspace/.derivedData/Build/Intermediates.noindex/GeneratedModuleMaps-watchos/CNIOWASI.modulemap -Xcc -fmodule-map-file\=/Users/admin/builder/spi-builder-workspace/.dependencies/checkouts/swift-nio/Sources/CNIOWindows/include/module.modulemap -Xcc -fmodule-map-file\=/Users/admin/builder/spi-builder-workspace/.derivedData/Build/Intermediates.noindex/GeneratedModuleMaps-watchos/CNIOLinux.modulemap -Xcc -fmodule-map-file\=/Users/admin/builder/spi-builder-workspace/.derivedData/Build/Intermediates.noindex/GeneratedModuleMaps-watchos/CNIODarwin.modulemap -Xcc -fmodule-map-file\=/Users/admin/builder/spi-builder-workspace/.derivedData/Build/Intermediates.noindex/GeneratedModuleMaps-watchos/CNIOFreeBSD.modulemap -Xcc -fmodule-map-file\=/Users/admin/builder/spi-builder-workspace/.derivedData/Build/Intermediates.noindex/GeneratedModuleMaps-watchos/CNIOOpenBSD.modulemap -Xcc -fmodule-map-file\=/Users/admin/builder/spi-builder-workspace/.derivedData/Build/Intermediates.noindex/GeneratedModuleMaps-watchos/CNIOAtomics.modulemap -Xcc -fmodule-map-file\=/Users/admin/builder/spi-builder-workspace/.dependencies/checkouts/swift-atomics/Sources/_AtomicsShims/include/module.modulemap -Xcc -fmodule-map-file\=/Users/admin/builder/spi-builder-workspace/.dependencies/checkouts/swift-numerics/Sources/_NumericsShims/include/module.modulemap -Xcc -fmodule-map-file\=/Users/admin/builder/spi-builder-workspace/.dependencies/checkouts/swift-system/Sources/CSystem/include/module.modulemap -Xcc -fmodule-map-file\=/Users/admin/builder/spi-builder-workspace/.derivedData/Build/Intermediates.noindex/GeneratedModuleMaps-watchos/CAsyncHTTPClient.modulemap -DXcode -plugin-path /Applications/Xcode-27.0.0-Release.Candidate.app/Contents/Developer/Toolchains/XcodeDefault.xctoolchain/usr/lib/swift/host/plugins/testing -enable-experimental-feature DebugDescriptionMacro -sdk /Applications/Xcode-27.0.0-Release.Candidate.app/Contents/Developer/Platforms/WatchOS.platform/Developer/SDKs/WatchOS27.0.sdk -target arm64_32-apple-watchos9.0 -g -module-cache-path /Users/admin/builder/spi-builder-workspace/.derivedData/ModuleCache.noindex -Xfrontend -serialize-debugging-options -profile-coverage-mapping -profile-generate -enable-testing -index-store-path /Users/admin/builder/spi-builder-workspace/.derivedData/Index.noindex/DataStore -Xcc -D_LIBCPP_HARDENING_MODE\=_LIBCPP_HARDENING_MODE_DEBUG -swift-version 5 -I /Users/admin/builder/spi-builder-workspace/.derivedData/Build/Products/Debug-watchos -Isystem /Applications/Xcode-27.0.0-Release.Candidate.app/Contents/Developer/Platforms/WatchOS.platform/Developer/usr/lib -F /Users/admin/builder/spi-builder-workspace/.derivedData/Build/Products/Debug-watchos/PackageFrameworks -F /Users/admin/builder/spi-builder-workspace/.derivedData/Build/Products/Debug-watchos -F /Applications/Xcode-27.0.0-Release.Candidate.app/Contents/Developer/Platforms/WatchOS.platform/Developer/Library/Frameworks -F /Applications/Xcode-27.0.0-Release.Candidate.app/Contents/Developer/Platforms/WatchOS.platform/Developer/SDKs/WatchOS27.0.sdk/Developer/Library/Frameworks -c -j10 -enable-batch-mode -incremental -Xcc -ivfsstatcache -Xcc /Users/admin/builder/spi-builder-workspace/.derivedData/SDKStatCaches.noindex/watchos27.0-24R360-e829b21a6f8c9b70876ba0858053c04477534ef55a1706bf4c1112bbb242f0a2.sdkstatcache -output-file-map /Users/admin/builder/spi-builder-workspace/.derivedData/Build/Intermediates.noindex/PrchNIO.build/Debug-watchos/PrchNIO-t.build/Objects-normal/arm64_32/PrchNIO-OutputFileMap.json -save-temps -no-color-diagnostics -explicit-module-build -module-cache-path /Users/admin/builder/spi-builder-workspace/.derivedData/Build/Intermediates.noindex/SwiftExplicitPrecompiledModules -clang-scanner-module-cache-path /Users/admin/builder/spi-builder-workspace/.derivedData/ModuleCache.noindex -sdk-module-cache-path /Users/admin/builder/spi-builder-workspace/.derivedData/SDKExplicitPrecompiledModules -emit-dependencies -emit-module -emit-module-path /Users/admin/builder/spi-builder-workspace/.derivedData/Build/Intermediates.noindex/PrchNIO.build/Debug-watchos/PrchNIO-t.build/Objects-normal/arm64_32/PrchNIO.swiftmodule -serialize-diagnostics -dependency-scan-serialize-diagnostics-path /Users/admin/builder/spi-builder-workspace/.derivedData/Build/Intermediates.noindex/PrchNIO.build/Debug-watchos/PrchNIO-t.build/Objects-normal/arm64_32/PrchNIO-dependency-scan.dia -validate-clang-modules-once -clang-build-session-file /Users/admin/builder/spi-builder-workspace/.derivedData/ModuleCache.noindex/Session.modulevalidation -Xcc -fmodules-prune-interval\=86400 -Xcc -fmodules-prune-after\=345600 -emit-const-values -const-gather-protocols-list /Users/admin/builder/spi-builder-workspace/.derivedData/Build/Intermediates.noindex/PrchNIO.build/Debug-watchos/PrchNIO-t.build/Objects-normal/arm64_32/PrchNIO_const_extract_protocols.json -Xcc -I/Users/admin/builder/spi-builder-workspace/.dependencies/checkouts/swift-nio/Sources/CNIOLLHTTP/include -Xcc -I/Users/admin/builder/spi-builder-workspace/.dependencies/checkouts/swift-nio-ssl/Sources/CNIOBoringSSLShims/include -Xcc -I/Users/admin/builder/spi-builder-workspace/.dependencies/checkouts/swift-nio-ssl/Sources/CNIOBoringSSL/include -Xcc -I/Users/admin/builder/spi-builder-workspace/.dependencies/checkouts/swift-nio-extras/Sources/CNIOExtrasZlib/include -Xcc -I/Users/admin/builder/spi-builder-workspace/.dependencies/checkouts/swift-nio/Sources/CNIOPosix/include -Xcc -I/Users/admin/builder/spi-builder-workspace/.dependencies/checkouts/swift-nio/Sources/CNIOWASI/include -Xcc -I/Users/admin/builder/spi-builder-workspace/.dependencies/checkouts/swift-nio/Sources/CNIOWindows/include -Xcc -I/Users/admin/builder/spi-builder-workspace/.dependencies/checkouts/swift-nio/Sources/CNIOLinux/include -Xcc -I/Users/admin/builder/spi-builder-workspace/.dependencies/checkouts/swift-nio/Sources/CNIODarwin/include -Xcc -I/Users/admin/builder/spi-builder-workspace/.dependencies/checkouts/swift-nio/Sources/CNIOFreeBSD/include -Xcc -I/Users/admin/builder/spi-builder-workspace/.dependencies/checkouts/swift-nio/Sources/CNIOOpenBSD/include -Xcc -I/Users/admin/builder/spi-builder-workspace/.dependencies/checkouts/swift-nio/Sources/CNIOAtomics/include -Xcc -I/Users/admin/builder/spi-builder-workspace/.dependencies/checkouts/swift-atomics/Sources/_AtomicsShims/include -Xcc -I/Users/admin/builder/spi-builder-workspace/.dependencies/checkouts/swift-numerics/Sources/_NumericsShims/include -Xcc -I/Users/admin/builder/spi-builder-workspace/.dependencies/checkouts/swift-system/Sources/CSystem/include -Xcc -I/Users/admin/builder/spi-builder-workspace/.dependencies/checkouts/async-http-client/Sources/CAsyncHTTPClient/include -Xcc -I/Users/admin/builder/spi-builder-workspace/.derivedData/Build/Products/Debug-watchos/include -Xcc -I/Users/admin/builder/spi-builder-workspace/.derivedData/Build/Intermediates.noindex/PrchNIO.build/Debug-watchos/PrchNIO-t.build/DerivedSources-normal/arm64_32 -Xcc -I/Users/admin/builder/spi-builder-workspace/.derivedData/Build/Intermediates.noindex/PrchNIO.build/Debug-watchos/PrchNIO-t.build/DerivedSources/arm64_32 -Xcc -I/Users/admin/builder/spi-builder-workspace/.derivedData/Build/Intermediates.noindex/PrchNIO.build/Debug-watchos/PrchNIO-t.build/DerivedSources -Xcc -DSWIFT_PACKAGE -Xcc -DDEBUG\=1 -emit-objc-header -emit-objc-header-path /Users/admin/builder/spi-builder-workspace/.derivedData/Build/Intermediates.noindex/PrchNIO.build/Debug-watchos/PrchNIO-t.build/Objects-normal/arm64_32/PrchNIO-Swift.h -working-directory /Users/admin/builder/spi-builder-workspace/.swiftpm/xcode -experimental-emit-module-separately -disable-cmo
SwiftDriver AsyncHTTPClient normal arm64 com.apple.xcode.tools.swift.compiler (in target 'AsyncHTTPClient' from project 'async-http-client')
cd /Users/admin/builder/spi-builder-workspace/.swiftpm/xcode
builtin-SwiftDriver -- /Applications/Xcode-27.0.0-Release.Candidate.app/Contents/Developer/Toolchains/XcodeDefault.xctoolchain/usr/bin/swiftc -parse-as-library -module-name AsyncHTTPClient -Onone @/Users/admin/builder/spi-builder-workspace/.derivedData/Build/Intermediates.noindex/async-http-client.build/Debug-watchos/AsyncHTTPClient-t.build/Objects-normal/arm64/AsyncHTTPClient.SwiftFileList -DSWIFT_PACKAGE -DDEBUG -DSWIFT_MODULE_RESOURCE_BUNDLE_UNAVAILABLE -Xcc -fmodule-map-file\=/Users/admin/builder/spi-builder-workspace/.derivedData/Build/Intermediates.noindex/GeneratedModuleMaps-watchos/CNIOLLHTTP.modulemap -Xcc -fmodule-map-file\=/Users/admin/builder/spi-builder-workspace/.derivedData/Build/Intermediates.noindex/GeneratedModuleMaps-watchos/CNIOBoringSSLShims.modulemap -Xcc -fmodule-map-file\=/Users/admin/builder/spi-builder-workspace/.dependencies/checkouts/swift-nio-ssl/Sources/CNIOBoringSSL/include/module.modulemap -Xcc -fmodule-map-file\=/Users/admin/builder/spi-builder-workspace/.derivedData/Build/Intermediates.noindex/GeneratedModuleMaps-watchos/CNIOExtrasZlib.modulemap -Xcc -fmodule-map-file\=/Users/admin/builder/spi-builder-workspace/.derivedData/Build/Intermediates.noindex/GeneratedModuleMaps-watchos/CNIOPosix.modulemap -Xcc -fmodule-map-file\=/Users/admin/builder/spi-builder-workspace/.derivedData/Build/Intermediates.noindex/GeneratedModuleMaps-watchos/CNIOWASI.modulemap -Xcc -fmodule-map-file\=/Users/admin/builder/spi-builder-workspace/.dependencies/checkouts/swift-nio/Sources/CNIOWindows/include/module.modulemap -Xcc -fmodule-map-file\=/Users/admin/builder/spi-builder-workspace/.derivedData/Build/Intermediates.noindex/GeneratedModuleMaps-watchos/CNIOLinux.modulemap -Xcc -fmodule-map-file\=/Users/admin/builder/spi-builder-workspace/.derivedData/Build/Intermediates.noindex/GeneratedModuleMaps-watchos/CNIODarwin.modulemap -Xcc -fmodule-map-file\=/Users/admin/builder/spi-builder-workspace/.derivedData/Build/Intermediates.noindex/GeneratedModuleMaps-watchos/CNIOFreeBSD.modulemap -Xcc -fmodule-map-file\=/Users/admin/builder/spi-builder-workspace/.derivedData/Build/Intermediates.noindex/GeneratedModuleMaps-watchos/CNIOOpenBSD.modulemap -Xcc -fmodule-map-file\=/Users/admin/builder/spi-builder-workspace/.derivedData/Build/Intermediates.noindex/GeneratedModuleMaps-watchos/CNIOAtomics.modulemap -Xcc -fmodule-map-file\=/Users/admin/builder/spi-builder-workspace/.dependencies/checkouts/swift-atomics/Sources/_AtomicsShims/include/module.modulemap -Xcc -fmodule-map-file\=/Users/admin/builder/spi-builder-workspace/.dependencies/checkouts/swift-numerics/Sources/_NumericsShims/include/module.modulemap -Xcc -fmodule-map-file\=/Users/admin/builder/spi-builder-workspace/.dependencies/checkouts/swift-system/Sources/CSystem/include/module.modulemap -Xcc -fmodule-map-file\=/Users/admin/builder/spi-builder-workspace/.derivedData/Build/Intermediates.noindex/GeneratedModuleMaps-watchos/CAsyncHTTPClient.modulemap -DXcode -enable-upcoming-feature MemberImportVisibility -plugin-path /Applications/Xcode-27.0.0-Release.Candidate.app/Contents/Developer/Toolchains/XcodeDefault.xctoolchain/usr/lib/swift/host/plugins/testing -enable-experimental-feature DebugDescriptionMacro -sdk /Applications/Xcode-27.0.0-Release.Candidate.app/Contents/Developer/Platforms/WatchOS.platform/Developer/SDKs/WatchOS27.0.sdk -target arm64-apple-watchos9.0 -g -module-cache-path /Users/admin/builder/spi-builder-workspace/.derivedData/ModuleCache.noindex -Xfrontend -serialize-debugging-options -profile-coverage-mapping -profile-generate -enable-testing -suppress-warnings -index-store-path /Users/admin/builder/spi-builder-workspace/.derivedData/Index.noindex/DataStore -Xcc -D_LIBCPP_HARDENING_MODE\=_LIBCPP_HARDENING_MODE_DEBUG -swift-version 6 -I /Users/admin/builder/spi-builder-workspace/.derivedData/Build/Products/Debug-watchos -Isystem /Applications/Xcode-27.0.0-Release.Candidate.app/Contents/Developer/Platforms/WatchOS.platform/Developer/usr/lib -F /Users/admin/builder/spi-builder-workspace/.derivedData/Build/Products/Debug-watchos/PackageFrameworks -F /Users/admin/builder/spi-builder-workspace/.derivedData/Build/Products/Debug-watchos -F /Applications/Xcode-27.0.0-Release.Candidate.app/Contents/Developer/Platforms/WatchOS.platform/Developer/Library/Frameworks -F /Applications/Xcode-27.0.0-Release.Candidate.app/Contents/Developer/Platforms/WatchOS.platform/Developer/SDKs/WatchOS27.0.sdk/Developer/Library/Frameworks -c -j10 -enable-batch-mode -incremental -Xcc -ivfsstatcache -Xcc /Users/admin/builder/spi-builder-workspace/.derivedData/SDKStatCaches.noindex/watchos27.0-24R360-e829b21a6f8c9b70876ba0858053c04477534ef55a1706bf4c1112bbb242f0a2.sdkstatcache -output-file-map /Users/admin/builder/spi-builder-workspace/.derivedData/Build/Intermediates.noindex/async-http-client.build/Debug-watchos/AsyncHTTPClient-t.build/Objects-normal/arm64/AsyncHTTPClient-OutputFileMap.json -save-temps -no-color-diagnostics -explicit-module-build -module-cache-path /Users/admin/builder/spi-builder-workspace/.derivedData/Build/Intermediates.noindex/SwiftExplicitPrecompiledModules -clang-scanner-module-cache-path /Users/admin/builder/spi-builder-workspace/.derivedData/ModuleCache.noindex -sdk-module-cache-path /Users/admin/builder/spi-builder-workspace/.derivedData/SDKExplicitPrecompiledModules -emit-dependencies -emit-module -emit-module-path /Users/admin/builder/spi-builder-workspace/.derivedData/Build/Intermediates.noindex/async-http-client.build/Debug-watchos/AsyncHTTPClient-t.build/Objects-normal/arm64/AsyncHTTPClient.swiftmodule -serialize-diagnostics -dependency-scan-serialize-diagnostics-path /Users/admin/builder/spi-builder-workspace/.derivedData/Build/Intermediates.noindex/async-http-client.build/Debug-watchos/AsyncHTTPClient-t.build/Objects-normal/arm64/AsyncHTTPClient-dependency-scan.dia -user-module-version 1.36.1 -validate-clang-modules-once -clang-build-session-file /Users/admin/builder/spi-builder-workspace/.derivedData/ModuleCache.noindex/Session.modulevalidation -Xcc -fmodules-prune-interval\=86400 -Xcc -fmodules-prune-after\=345600 -package-name async_http_client -emit-const-values -const-gather-protocols-list /Users/admin/builder/spi-builder-workspace/.derivedData/Build/Intermediates.noindex/async-http-client.build/Debug-watchos/AsyncHTTPClient-t.build/Objects-normal/arm64/AsyncHTTPClient_const_extract_protocols.json -Xcc -I/Users/admin/builder/spi-builder-workspace/.dependencies/checkouts/swift-nio/Sources/CNIOLLHTTP/include -Xcc -I/Users/admin/builder/spi-builder-workspace/.dependencies/checkouts/swift-nio-ssl/Sources/CNIOBoringSSLShims/include -Xcc -I/Users/admin/builder/spi-builder-workspace/.dependencies/checkouts/swift-nio-ssl/Sources/CNIOBoringSSL/include -Xcc -I/Users/admin/builder/spi-builder-workspace/.dependencies/checkouts/swift-nio-extras/Sources/CNIOExtrasZlib/include -Xcc -I/Users/admin/builder/spi-builder-workspace/.dependencies/checkouts/swift-nio/Sources/CNIOPosix/include -Xcc -I/Users/admin/builder/spi-builder-workspace/.dependencies/checkouts/swift-nio/Sources/CNIOWASI/include -Xcc -I/Users/admin/builder/spi-builder-workspace/.dependencies/checkouts/swift-nio/Sources/CNIOWindows/include -Xcc -I/Users/admin/builder/spi-builder-workspace/.dependencies/checkouts/swift-nio/Sources/CNIOLinux/include -Xcc -I/Users/admin/builder/spi-builder-workspace/.dependencies/checkouts/swift-nio/Sources/CNIODarwin/include -Xcc -I/Users/admin/builder/spi-builder-workspace/.dependencies/checkouts/swift-nio/Sources/CNIOFreeBSD/include -Xcc -I/Users/admin/builder/spi-builder-workspace/.dependencies/checkouts/swift-nio/Sources/CNIOOpenBSD/include -Xcc -I/Users/admin/builder/spi-builder-workspace/.dependencies/checkouts/swift-nio/Sources/CNIOAtomics/include -Xcc -I/Users/admin/builder/spi-builder-workspace/.dependencies/checkouts/swift-atomics/Sources/_AtomicsShims/include -Xcc -I/Users/admin/builder/spi-builder-workspace/.dependencies/checkouts/swift-numerics/Sources/_NumericsShims/include -Xcc -I/Users/admin/builder/spi-builder-workspace/.dependencies/checkouts/swift-system/Sources/CSystem/include -Xcc -I/Users/admin/builder/spi-builder-workspace/.dependencies/checkouts/async-http-client/Sources/CAsyncHTTPClient/include -Xcc -I/Users/admin/builder/spi-builder-workspace/.derivedData/Build/Products/Debug-watchos/include -Xcc -I/Users/admin/builder/spi-builder-workspace/.derivedData/Build/Intermediates.noindex/async-http-client.build/Debug-watchos/AsyncHTTPClient-t.build/DerivedSources-normal/arm64 -Xcc -I/Users/admin/builder/spi-builder-workspace/.derivedData/Build/Intermediates.noindex/async-http-client.build/Debug-watchos/AsyncHTTPClient-t.build/DerivedSources/arm64 -Xcc -I/Users/admin/builder/spi-builder-workspace/.derivedData/Build/Intermediates.noindex/async-http-client.build/Debug-watchos/AsyncHTTPClient-t.build/DerivedSources -Xcc -DSWIFT_PACKAGE -Xcc -DDEBUG\=1 -emit-objc-header -emit-objc-header-path /Users/admin/builder/spi-builder-workspace/.derivedData/Build/Intermediates.noindex/async-http-client.build/Debug-watchos/AsyncHTTPClient-t.build/Objects-normal/arm64/AsyncHTTPClient-Swift.h -working-directory /Users/admin/builder/spi-builder-workspace/.swiftpm/xcode -experimental-emit-module-separately -disable-cmo
SwiftEmitModule normal arm64_32 Emitting\ module\ for\ PrchNIO (in target 'PrchNIO' from project 'PrchNIO')
/Users/admin/builder/spi-builder-workspace/Sources/PrchNIO/Session.swift:9:64: warning: use of protocol 'Response' as a type must be written 'any Response'; this will be an error in a future Swift language mode [#ExistentialAny]
7 |
8 | public protocol EventLoopSession: Session {
9 | func beginRequest(_ request: RequestType) -> EventLoopFuture<Response>
| `- warning: use of protocol 'Response' as a type must be written 'any Response'; this will be an error in a future Swift language mode [#ExistentialAny]
10 |
11 | func nextEventLoop() -> EventLoop
/Users/admin/builder/spi-builder-workspace/Sources/PrchNIO/Session.swift:14:1: warning: extension declares a conformance of imported type 'EventLoopFuture' to imported protocol 'Task'; this will not behave correctly if the owners of 'NIOCore' introduce this conformance in the future
12 | }
13 |
14 | extension EventLoopFuture: Task {}
| |- warning: extension declares a conformance of imported type 'EventLoopFuture' to imported protocol 'Task'; this will not behave correctly if the owners of 'NIOCore' introduce this conformance in the future
| `- note: add '@retroactive' to silence this warning
15 |
16 | public extension EventLoopSession {
/Users/admin/builder/spi-builder-workspace/Sources/PrchNIO/Session.swift:19:31: error: cannot find type 'APIResult' in scope
17 | func beginRequest(
18 | _ request: RequestType,
19 | _ completion: @escaping ((APIResult<Response>) -> Void)
| `- error: cannot find type 'APIResult' in scope
20 | ) -> Task {
21 | beginRequest(request).always { result in
/Users/admin/builder/spi-builder-workspace/Sources/PrchNIO/Session.swift:19:19: error: '@escaping' only applies to function types
17 | func beginRequest(
18 | _ request: RequestType,
19 | _ completion: @escaping ((APIResult<Response>) -> Void)
| `- error: '@escaping' only applies to function types
20 | ) -> Task {
21 | beginRequest(request).always { result in
/Users/admin/builder/spi-builder-workspace/Sources/PrchNIO/Session.swift:35:1: warning: extension declares a conformance of imported type 'Response' to imported protocols 'Response', 'CustomDebugStringConvertible', 'CustomStringConvertible'; this will not behave correctly if the owners of 'AsyncHTTPClient' introduce this conformance in the future
33 | }
34 |
35 | extension HTTPClient.Response: Response {
| |- warning: extension declares a conformance of imported type 'Response' to imported protocols 'Response', 'CustomDebugStringConvertible', 'CustomStringConvertible'; this will not behave correctly if the owners of 'AsyncHTTPClient' introduce this conformance in the future
| `- note: add '@retroactive' to silence this warning
36 | public var statusCode: Int? {
37 | Int(status.code)
/Users/admin/builder/spi-builder-workspace/Sources/PrchNIO/Session.swift:35:1: error: type 'HTTPClient.Response' does not conform to protocol 'Response'
33 | }
34 |
35 | extension HTTPClient.Response: Response {
| `- error: type 'HTTPClient.Response' does not conform to protocol 'Response'
36 | public var statusCode: Int? {
| `- note: candidate has non-matching type 'Int?' [with SuccessType = _, FailureType = _, APIType = _]
37 | Int(status.code)
38 | }
/Users/admin/builder/spi-builder-workspace/Sources/PrchNIO/Session.swift:35:1: error: type 'HTTPClient.Response' does not conform to protocol 'CustomDebugStringConvertible'
33 | }
34 |
35 | extension HTTPClient.Response: Response {
| `- error: type 'HTTPClient.Response' does not conform to protocol 'CustomDebugStringConvertible'
36 | public var statusCode: Int? {
37 | Int(status.code)
/Users/admin/builder/spi-builder-workspace/Sources/PrchNIO/Session.swift:35:1: error: type 'HTTPClient.Response' does not conform to protocol 'CustomStringConvertible'
33 | }
34 |
35 | extension HTTPClient.Response: Response {
| |- error: type 'HTTPClient.Response' does not conform to protocol 'CustomStringConvertible'
| `- note: add stubs for conformance
36 | public var statusCode: Int? {
37 | Int(status.code)
Prch.Response.SuccessType:2:16: note: protocol requires nested type 'SuccessType'
1 | protocol Response {
2 | associatedtype SuccessType}
| `- note: protocol requires nested type 'SuccessType'
3 |
Prch.Response.FailureType:2:16: note: protocol requires nested type 'FailureType'
1 | protocol Response {
2 | associatedtype FailureType}
| `- note: protocol requires nested type 'FailureType'
3 |
Prch.Response.APIType:2:16: note: protocol requires nested type 'APIType'
1 | protocol Response {
2 | associatedtype APIType : Prch.API}
| `- note: protocol requires nested type 'APIType'
3 |
Prch.Response.statusCode:2:5: note: protocol requires property 'statusCode' with type 'Int'
1 | protocol Response {
2 | var statusCode: Int { get }}
| `- note: protocol requires property 'statusCode' with type 'Int'
3 |
Prch.Response.init:2:1: note: protocol requires initializer 'init(statusCode:data:decoder:)' with type '(statusCode: Int, data: Data, decoder: any ResponseDecoder)'
1 | protocol Response {
2 | init(statusCode: Int, data: Data, decoder: any Prch.ResponseDecoder) throws}
| `- note: protocol requires initializer 'init(statusCode:data:decoder:)' with type '(statusCode: Int, data: Data, decoder: any ResponseDecoder)'
3 |
Swift.CustomDebugStringConvertible.debugDescription:2:5: note: protocol requires property 'debugDescription' with type 'String'
1 | protocol CustomDebugStringConvertible {
2 | var debugDescription: String { get }}
| `- note: protocol requires property 'debugDescription' with type 'String'
3 |
Swift.CustomStringConvertible.description:2:5: note: protocol requires property 'description' with type 'String'
1 | protocol CustomStringConvertible {
2 | var description: String { get }}
| `- note: protocol requires property 'description' with type 'String'
3 |
/Users/admin/builder/spi-builder-workspace/Sources/PrchNIO/Session.swift:47:1: warning: extension declares a conformance of imported type 'HTTPClient' to imported protocol 'Session'; this will not behave correctly if the owners of 'AsyncHTTPClient' introduce this conformance in the future
45 | }
46 |
47 | extension HTTPClient: EventLoopSession {
| |- warning: extension declares a conformance of imported type 'HTTPClient' to imported protocol 'Session'; this will not behave correctly if the owners of 'AsyncHTTPClient' introduce this conformance in the future
| `- note: add '@retroactive' to silence this warning
48 | public func nextEventLoop() -> EventLoop {
49 | eventLoopGroup.next()
/Users/admin/builder/spi-builder-workspace/Sources/PrchNIO/Session.swift:54:29: warning: use of protocol 'Response' as a type must be written 'any Response'; this will be an error in a future Swift language mode [#ExistentialAny]
52 | public func beginRequest(
53 | _ request: HTTPClient.Request
54 | ) -> EventLoopFuture<Prch.Response> {
| `- warning: use of protocol 'Response' as a type must be written 'any Response'; this will be an error in a future Swift language mode [#ExistentialAny]
55 | execute(request: request).map { $0 as Prch.Response }
56 | }
/Users/admin/builder/spi-builder-workspace/Sources/PrchNIO/Session.swift:59:16: error: generic type 'DeprecatedRequest' specialized with too few type parameters (got 1, but expected 2)
57 |
58 | public func createRequest<ResponseType>(
59 | _ request: APIRequest<ResponseType>,
| `- error: generic type 'DeprecatedRequest' specialized with too few type parameters (got 1, but expected 2)
60 | withBaseURL baseURL: URL,
61 | andHeaders headers: [String: String]
Prch.DeprecatedRequest:2:12: note: generic class 'DeprecatedRequest' declared here
1 | @available(*, deprecated, message: "use `Request`")
2 | open class DeprecatedRequest<ResponseType, APIType> : Prch.Request where ResponseType : Prch.Response, APIType == ResponseType.APIType {
| `- note: generic class 'DeprecatedRequest' declared here
3 | public let service: Prch.Service<ResponseType>
4 | open private(set) var queryParameters: [String : Any] { get }
/Users/admin/builder/spi-builder-workspace/Sources/PrchNIO/Session.swift:62:54: warning: 'APIResponseValue' is deprecated: renamed to 'DeprecatedResponse' [#DeprecatedDeclaration]
60 | withBaseURL baseURL: URL,
61 | andHeaders headers: [String: String]
62 | ) throws -> HTTPClient.Request where ResponseType: APIResponseValue {
| |- warning: 'APIResponseValue' is deprecated: renamed to 'DeprecatedResponse' [#DeprecatedDeclaration]
| `- note: use 'DeprecatedResponse' instead
63 | guard var componenets = URLComponents(
64 | url: baseURL.appendingPathComponent(request.path),
/Users/admin/builder/spi-builder-workspace/Sources/PrchNIO/Session.swift:47:1: error: type 'HTTPClient' does not conform to protocol 'Session'
45 | }
46 |
47 | extension HTTPClient: EventLoopSession {
| |- error: type 'HTTPClient' does not conform to protocol 'Session'
| `- note: add stubs for conformance
48 | public func nextEventLoop() -> EventLoop {
49 | eventLoopGroup.next()
Prch.Session.RequestType:2:16: note: protocol requires nested type 'RequestType'
1 | protocol Session {
2 | associatedtype RequestType}
| `- note: protocol requires nested type 'RequestType'
3 |
/Users/admin/builder/spi-builder-workspace/Sources/PrchNIO/Session.swift:105:16: error: generic type 'DeprecatedRequest' specialized with too few type parameters (got 1, but expected 2)
103 | public extension APIClient where SessionType: EventLoopSession {
104 | func request<ResponseType>(
105 | _ request: APIRequest<ResponseType>
| `- error: generic type 'DeprecatedRequest' specialized with too few type parameters (got 1, but expected 2)
106 | ) -> EventLoopFuture<ResponseType> {
107 | var sessionRequest: SessionType.RequestType
Prch.DeprecatedRequest:2:12: note: generic class 'DeprecatedRequest' declared here
1 | @available(*, deprecated, message: "use `Request`")
2 | open class DeprecatedRequest<ResponseType, APIType> : Prch.Request where ResponseType : Prch.Response, APIType == ResponseType.APIType {
| `- note: generic class 'DeprecatedRequest' declared here
3 | public let service: Prch.Service<ResponseType>
4 | open private(set) var queryParameters: [String : Any] { get }
/Users/admin/builder/spi-builder-workspace/Sources/PrchNIO/Session.swift:103:18: warning: 'APIClient' is deprecated: renamed to 'Client' [#DeprecatedDeclaration]
101 | }
102 |
103 | public extension APIClient where SessionType: EventLoopSession {
| |- warning: 'APIClient' is deprecated: renamed to 'Client' [#DeprecatedDeclaration]
| `- note: use 'Client' instead
104 | func request<ResponseType>(
105 | _ request: APIRequest<ResponseType>
[#DeprecatedDeclaration]: <https://docs.swift.org/compiler/documentation/diagnostics/deprecated-declaration>
[#ExistentialAny]: <https://docs.swift.org/compiler/documentation/diagnostics/existential-any>
Failed frontend command:
/Applications/Xcode-27.0.0-Release.Candidate.app/Contents/Developer/Toolchains/XcodeDefault.xctoolchain/usr/bin/swift-frontend -frontend -emit-module -experimental-skip-non-inlinable-function-bodies-without-types /Users/admin/builder/spi-builder-workspace/Sources/PrchNIO/Session.swift -target arm64_32-apple-watchos9.0 -disable-cross-import-overlay-search -load-resolved-plugin /Applications/Xcode-27.0.0-Release.Candidate.app/Contents/Developer/Platforms/WatchOS.platform/Developer/usr/lib/swift/host/plugins/libFoundationMacros.dylib\#/Applications/Xcode-27.0.0-Release.Candidate.app/Contents/Developer/Platforms/WatchOS.platform/Developer/usr/bin/swift-plugin-server\#FoundationMacros -load-resolved-plugin /Applications/Xcode-27.0.0-Release.Candidate.app/Contents/Developer/Platforms/WatchOS.platform/Developer/usr/lib/swift/host/plugins/libObservationMacros.dylib\#/Applications/Xcode-27.0.0-Release.Candidate.app/Contents/Developer/Platforms/WatchOS.platform/Developer/usr/bin/swift-plugin-server\#ObservationMacros -load-resolved-plugin /Applications/Xcode-27.0.0-Release.Candidate.app/Contents/Developer/Platforms/WatchOS.platform/Developer/usr/lib/swift/host/plugins/libSwiftMacros.dylib\#/Applications/Xcode-27.0.0-Release.Candidate.app/Contents/Developer/Platforms/WatchOS.platform/Developer/usr/bin/swift-plugin-server\#SwiftMacros -disable-implicit-swift-modules -Xcc -fno-implicit-modules -Xcc -fno-implicit-module-maps -explicit-swift-module-map-file /Users/admin/builder/spi-builder-workspace/.derivedData/Build/Intermediates.noindex/PrchNIO.build/Debug-watchos/PrchNIO-t.build/Objects-normal/arm64_32/PrchNIO-dependencies-1.json -enable-objc-interop -sdk /Applications/Xcode-27.0.0-Release.Candidate.app/Contents/Developer/Platforms/WatchOS.platform/Developer/SDKs/WatchOS27.0.sdk -I /Users/admin/builder/spi-builder-workspace/.derivedData/Build/Products/Debug-watchos -Isystem /Applications/Xcode-27.0.0-Release.Candidate.app/Contents/Developer/Platforms/WatchOS.platform/Developer/usr/lib -F /Users/admin/builder/spi-builder-workspace/.derivedData/Build/Products/Debug-watchos/PackageFrameworks -F /Users/admin/builder/spi-builder-workspace/.derivedData/Build/Products/Debug-watchos -F /Applications/Xcode-27.0.0-Release.Candidate.app/Contents/Developer/Platforms/WatchOS.platform/Developer/Library/Frameworks -F /Applications/Xcode-27.0.0-Release.Candidate.app/Contents/Developer/Platforms/WatchOS.platform/Developer/SDKs/WatchOS27.0.sdk/Developer/Library/Frameworks -module-cache-path /Users/admin/builder/spi-builder-workspace/.derivedData/Build/Intermediates.noindex/SwiftExplicitPrecompiledModules -no-color-diagnostics -Xcc -fno-color-diagnostics -enable-testing -g -debug-info-format\=dwarf -dwarf-version\=4 -profile-generate -profile-coverage-mapping -swift-version 5 -Onone -D SWIFT_PACKAGE -D DEBUG -D SWIFT_MODULE_RESOURCE_BUNDLE_UNAVAILABLE -D Xcode -serialize-debugging-options -enable-experimental-feature DebugDescriptionMacro -empty-abi-descriptor -validate-clang-modules-once -clang-build-session-file /Users/admin/builder/spi-builder-workspace/.derivedData/ModuleCache.noindex/Session.modulevalidation -Xcc -working-directory -Xcc /Users/admin/builder/spi-builder-workspace/.swiftpm/xcode -enable-anonymous-context-mangled-names -file-compilation-dir /Users/admin/builder/spi-builder-workspace/.swiftpm/xcode -Xcc -fmodule-map-file\=/Users/admin/builder/spi-builder-workspace/.derivedData/Build/Intermediates.noindex/GeneratedModuleMaps-watchos/CNIOLLHTTP.modulemap -Xcc -fmodule-map-file\=/Users/admin/builder/spi-builder-workspace/.derivedData/Build/Intermediates.noindex/GeneratedModuleMaps-watchos/CNIOBoringSSLShims.modulemap -Xcc -fmodule-map-file\=/Users/admin/builder/spi-builder-workspace/.dependencies/checkouts/swift-nio-ssl/Sources/CNIOBoringSSL/include/module.modulemap -Xcc -fmodule-map-file\=/Users/admin/builder/spi-builder-workspace/.derivedData/Build/Intermediates.noindex/GeneratedModuleMaps-watchos/CNIOExtrasZlib.modulemap -Xcc -fmodule-map-file\=/Users/admin/builder/spi-builder-workspace/.derivedData/Build/Intermediates.noindex/GeneratedModuleMaps-watchos/CNIOPosix.modulemap -Xcc -fmodule-map-file\=/Users/admin/builder/spi-builder-workspace/.derivedData/Build/Intermediates.noindex/GeneratedModuleMaps-watchos/CNIOWASI.modulemap -Xcc -fmodule-map-file\=/Users/admin/builder/spi-builder-workspace/.dependencies/checkouts/swift-nio/Sources/CNIOWindows/include/module.modulemap -Xcc -fmodule-map-file\=/Users/admin/builder/spi-builder-workspace/.derivedData/Build/Intermediates.noindex/GeneratedModuleMaps-watchos/CNIOLinux.modulemap -Xcc -fmodule-map-file\=/Users/admin/builder/spi-builder-workspace/.derivedData/Build/Intermediates.noindex/GeneratedModuleMaps-watchos/CNIODarwin.modulemap -Xcc -fmodule-map-file\=/Users/admin/builder/spi-builder-workspace/.derivedData/Build/Intermediates.noindex/GeneratedModuleMaps-watchos/CNIOFreeBSD.modulemap -Xcc -fmodule-map-file\=/Users/admin/builder/spi-builder-workspace/.derivedData/Build/Intermediates.noindex/GeneratedModuleMaps-watchos/CNIOOpenBSD.modulemap -Xcc -fmodule-map-file\=/Users/admin/builder/spi-builder-workspace/.derivedData/Build/Intermediates.noindex/GeneratedModuleMaps-watchos/CNIOAtomics.modulemap -Xcc -fmodule-map-file\=/Users/admin/builder/spi-builder-workspace/.dependencies/checkouts/swift-atomics/Sources/_AtomicsShims/include/module.modulemap -Xcc -fmodule-map-file\=/Users/admin/builder/spi-builder-workspace/.dependencies/checkouts/swift-numerics/Sources/_NumericsShims/include/module.modulemap -Xcc -fmodule-map-file\=/Users/admin/builder/spi-builder-workspace/.dependencies/checkouts/swift-system/Sources/CSystem/include/module.modulemap -Xcc -fmodule-map-file\=/Users/admin/builder/spi-builder-workspace/.derivedData/Build/Intermediates.noindex/GeneratedModuleMaps-watchos/CAsyncHTTPClient.modulemap -Xcc -D_LIBCPP_HARDENING_MODE\=_LIBCPP_HARDENING_MODE_DEBUG -Xcc -ivfsstatcache -Xcc /Users/admin/builder/spi-builder-workspace/.derivedData/SDKStatCaches.noindex/watchos27.0-24R360-e829b21a6f8c9b70876ba0858053c04477534ef55a1706bf4c1112bbb242f0a2.sdkstatcache -Xcc -fmodules-prune-interval\=86400 -Xcc -fmodules-prune-after\=345600 -Xcc -I/Users/admin/builder/spi-builder-workspace/.dependencies/checkouts/swift-nio/Sources/CNIOLLHTTP/include -Xcc -I/Users/admin/builder/spi-builder-workspace/.dependencies/checkouts/swift-nio-ssl/Sources/CNIOBoringSSLShims/include -Xcc -I/Users/admin/builder/spi-builder-workspace/.dependencies/checkouts/swift-nio-ssl/Sources/CNIOBoringSSL/include -Xcc -I/Users/admin/builder/spi-builder-workspace/.dependencies/checkouts/swift-nio-extras/Sources/CNIOExtrasZlib/include -Xcc -I/Users/admin/builder/spi-builder-workspace/.dependencies/checkouts/swift-nio/Sources/CNIOPosix/include -Xcc -I/Users/admin/builder/spi-builder-workspace/.dependencies/checkouts/swift-nio/Sources/CNIOWASI/include -Xcc -I/Users/admin/builder/spi-builder-workspace/.dependencies/checkouts/swift-nio/Sources/CNIOWindows/include -Xcc -I/Users/admin/builder/spi-builder-workspace/.dependencies/checkouts/swift-nio/Sources/CNIOLinux/include -Xcc -I/Users/admin/builder/spi-builder-workspace/.dependencies/checkouts/swift-nio/Sources/CNIODarwin/include -Xcc -I/Users/admin/builder/spi-builder-workspace/.dependencies/checkouts/swift-nio/Sources/CNIOFreeBSD/include -Xcc -I/Users/admin/builder/spi-builder-workspace/.dependencies/checkouts/swift-nio/Sources/CNIOOpenBSD/include -Xcc -I/Users/admin/builder/spi-builder-workspace/.dependencies/checkouts/swift-nio/Sources/CNIOAtomics/include -Xcc -I/Users/admin/builder/spi-builder-workspace/.dependencies/checkouts/swift-atomics/Sources/_AtomicsShims/include -Xcc -I/Users/admin/builder/spi-builder-workspace/.dependencies/checkouts/swift-numerics/Sources/_NumericsShims/include -Xcc -I/Users/admin/builder/spi-builder-workspace/.dependencies/checkouts/swift-system/Sources/CSystem/include -Xcc -I/Users/admin/builder/spi-builder-workspace/.dependencies/checkouts/async-http-client/Sources/CAsyncHTTPClient/include -Xcc -I/Users/admin/builder/spi-builder-workspace/.derivedData/Build/Products/Debug-watchos/include -Xcc -I/Users/admin/builder/spi-builder-workspace/.derivedData/Build/Intermediates.noindex/PrchNIO.build/Debug-watchos/PrchNIO-t.build/DerivedSources-normal/arm64_32 -Xcc -I/Users/admin/builder/spi-builder-workspace/.derivedData/Build/Intermediates.noindex/PrchNIO.build/Debug-watchos/PrchNIO-t.build/DerivedSources/arm64_32 -Xcc -I/Users/admin/builder/spi-builder-workspace/.derivedData/Build/Intermediates.noindex/PrchNIO.build/Debug-watchos/PrchNIO-t.build/DerivedSources -Xcc -DSWIFT_PACKAGE -Xcc -DDEBUG\=1 -no-auto-bridging-header-chaining -module-name PrchNIO -const-gather-protocols-file /Users/admin/builder/spi-builder-workspace/.derivedData/Build/Intermediates.noindex/PrchNIO.build/Debug-watchos/PrchNIO-t.build/Objects-normal/arm64_32/PrchNIO_const_extract_protocols.json -disable-clang-spi -clang-target arm64_32-apple-watchos27.0 -target-sdk-version 27.0 -target-sdk-name watchos27.0 -in-process-plugin-server-path /Applications/Xcode-27.0.0-Release.Candidate.app/Contents/Developer/Toolchains/XcodeDefault.xctoolchain/usr/lib/swift/host/libSwiftInProcPluginServer.dylib -emit-module-doc-path /Users/admin/builder/spi-builder-workspace/.derivedData/Build/Intermediates.noindex/PrchNIO.build/Debug-watchos/PrchNIO-t.build/Objects-normal/arm64_32/PrchNIO.swiftdoc -emit-module-source-info-path /Users/admin/builder/spi-builder-workspace/.derivedData/Build/Intermediates.noindex/PrchNIO.build/Debug-watchos/PrchNIO-t.build/Objects-normal/arm64_32/PrchNIO.swiftsourceinfo -emit-objc-header-path /Users/admin/builder/spi-builder-workspace/.derivedData/Build/Intermediates.noindex/PrchNIO.build/Debug-watchos/PrchNIO-t.build/Objects-normal/arm64_32/PrchNIO-Swift.h -serialize-diagnostics-path /Users/admin/builder/spi-builder-workspace/.derivedData/Build/Intermediates.noindex/PrchNIO.build/Debug-watchos/PrchNIO-t.build/Objects-normal/arm64_32/PrchNIO-primary-emit-module.dia -emit-dependencies-path /Users/admin/builder/spi-builder-workspace/.derivedData/Build/Intermediates.noindex/PrchNIO.build/Debug-watchos/PrchNIO-t.build/Objects-normal/arm64_32/PrchNIO-primary-emit-module.d -parse-as-library -o /Users/admin/builder/spi-builder-workspace/.derivedData/Build/Intermediates.noindex/PrchNIO.build/Debug-watchos/PrchNIO-t.build/Objects-normal/arm64_32/PrchNIO.swiftmodule -emit-abi-descriptor-path /Users/admin/builder/spi-builder-workspace/.derivedData/Build/Intermediates.noindex/PrchNIO.build/Debug-watchos/PrchNIO-t.build/Objects-normal/arm64_32/PrchNIO.abi.json
SwiftCompile normal arm64_32 (in target 'PrchNIO' from project 'PrchNIO')
cd /Users/admin/builder/spi-builder-workspace/.swiftpm/xcode
SwiftEmitModule normal arm64 Emitting\ module\ for\ PrchNIO (in target 'PrchNIO' from project 'PrchNIO')
/Users/admin/builder/spi-builder-workspace/Sources/PrchNIO/Session.swift:9:64: warning: use of protocol 'Response' as a type must be written 'any Response'; this will be an error in a future Swift language mode [#ExistentialAny]
7 |
8 | public protocol EventLoopSession: Session {
9 | func beginRequest(_ request: RequestType) -> EventLoopFuture<Response>
| `- warning: use of protocol 'Response' as a type must be written 'any Response'; this will be an error in a future Swift language mode [#ExistentialAny]
10 |
11 | func nextEventLoop() -> EventLoop
/Users/admin/builder/spi-builder-workspace/Sources/PrchNIO/Session.swift:14:1: warning: extension declares a conformance of imported type 'EventLoopFuture' to imported protocol 'Task'; this will not behave correctly if the owners of 'NIOCore' introduce this conformance in the future
12 | }
13 |
14 | extension EventLoopFuture: Task {}
| |- warning: extension declares a conformance of imported type 'EventLoopFuture' to imported protocol 'Task'; this will not behave correctly if the owners of 'NIOCore' introduce this conformance in the future
| `- note: add '@retroactive' to silence this warning
15 |
16 | public extension EventLoopSession {
/Users/admin/builder/spi-builder-workspace/Sources/PrchNIO/Session.swift:19:31: error: cannot find type 'APIResult' in scope
17 | func beginRequest(
18 | _ request: RequestType,
19 | _ completion: @escaping ((APIResult<Response>) -> Void)
| `- error: cannot find type 'APIResult' in scope
20 | ) -> Task {
21 | beginRequest(request).always { result in
/Users/admin/builder/spi-builder-workspace/Sources/PrchNIO/Session.swift:19:19: error: '@escaping' only applies to function types
17 | func beginRequest(
18 | _ request: RequestType,
19 | _ completion: @escaping ((APIResult<Response>) -> Void)
| `- error: '@escaping' only applies to function types
20 | ) -> Task {
21 | beginRequest(request).always { result in
/Users/admin/builder/spi-builder-workspace/Sources/PrchNIO/Session.swift:35:1: warning: extension declares a conformance of imported type 'Response' to imported protocols 'Response', 'CustomDebugStringConvertible', 'CustomStringConvertible'; this will not behave correctly if the owners of 'AsyncHTTPClient' introduce this conformance in the future
33 | }
34 |
35 | extension HTTPClient.Response: Response {
| |- warning: extension declares a conformance of imported type 'Response' to imported protocols 'Response', 'CustomDebugStringConvertible', 'CustomStringConvertible'; this will not behave correctly if the owners of 'AsyncHTTPClient' introduce this conformance in the future
| `- note: add '@retroactive' to silence this warning
36 | public var statusCode: Int? {
37 | Int(status.code)
/Users/admin/builder/spi-builder-workspace/Sources/PrchNIO/Session.swift:35:1: error: type 'HTTPClient.Response' does not conform to protocol 'Response'
33 | }
34 |
35 | extension HTTPClient.Response: Response {
| `- error: type 'HTTPClient.Response' does not conform to protocol 'Response'
36 | public var statusCode: Int? {
| `- note: candidate has non-matching type 'Int?' [with SuccessType = _, FailureType = _, APIType = _]
37 | Int(status.code)
38 | }
/Users/admin/builder/spi-builder-workspace/Sources/PrchNIO/Session.swift:35:1: error: type 'HTTPClient.Response' does not conform to protocol 'CustomDebugStringConvertible'
33 | }
34 |
35 | extension HTTPClient.Response: Response {
| `- error: type 'HTTPClient.Response' does not conform to protocol 'CustomDebugStringConvertible'
36 | public var statusCode: Int? {
37 | Int(status.code)
/Users/admin/builder/spi-builder-workspace/Sources/PrchNIO/Session.swift:35:1: error: type 'HTTPClient.Response' does not conform to protocol 'CustomStringConvertible'
33 | }
34 |
35 | extension HTTPClient.Response: Response {
| |- error: type 'HTTPClient.Response' does not conform to protocol 'CustomStringConvertible'
| `- note: add stubs for conformance
36 | public var statusCode: Int? {
37 | Int(status.code)
Prch.Response.SuccessType:2:16: note: protocol requires nested type 'SuccessType'
1 | protocol Response {
2 | associatedtype SuccessType}
| `- note: protocol requires nested type 'SuccessType'
3 |
Prch.Response.FailureType:2:16: note: protocol requires nested type 'FailureType'
1 | protocol Response {
2 | associatedtype FailureType}
| `- note: protocol requires nested type 'FailureType'
3 |
Prch.Response.APIType:2:16: note: protocol requires nested type 'APIType'
1 | protocol Response {
2 | associatedtype APIType : Prch.API}
| `- note: protocol requires nested type 'APIType'
3 |
Prch.Response.statusCode:2:5: note: protocol requires property 'statusCode' with type 'Int'
1 | protocol Response {
2 | var statusCode: Int { get }}
| `- note: protocol requires property 'statusCode' with type 'Int'
3 |
Prch.Response.init:2:1: note: protocol requires initializer 'init(statusCode:data:decoder:)' with type '(statusCode: Int, data: Data, decoder: any ResponseDecoder)'
1 | protocol Response {
2 | init(statusCode: Int, data: Data, decoder: any Prch.ResponseDecoder) throws}
| `- note: protocol requires initializer 'init(statusCode:data:decoder:)' with type '(statusCode: Int, data: Data, decoder: any ResponseDecoder)'
3 |
Swift.CustomDebugStringConvertible.debugDescription:2:5: note: protocol requires property 'debugDescription' with type 'String'
1 | protocol CustomDebugStringConvertible {
2 | var debugDescription: String { get }}
| `- note: protocol requires property 'debugDescription' with type 'String'
3 |
Swift.CustomStringConvertible.description:2:5: note: protocol requires property 'description' with type 'String'
1 | protocol CustomStringConvertible {
2 | var description: String { get }}
| `- note: protocol requires property 'description' with type 'String'
3 |
/Users/admin/builder/spi-builder-workspace/Sources/PrchNIO/Session.swift:47:1: warning: extension declares a conformance of imported type 'HTTPClient' to imported protocol 'Session'; this will not behave correctly if the owners of 'AsyncHTTPClient' introduce this conformance in the future
45 | }
46 |
47 | extension HTTPClient: EventLoopSession {
| |- warning: extension declares a conformance of imported type 'HTTPClient' to imported protocol 'Session'; this will not behave correctly if the owners of 'AsyncHTTPClient' introduce this conformance in the future
| `- note: add '@retroactive' to silence this warning
48 | public func nextEventLoop() -> EventLoop {
49 | eventLoopGroup.next()
/Users/admin/builder/spi-builder-workspace/Sources/PrchNIO/Session.swift:54:29: warning: use of protocol 'Response' as a type must be written 'any Response'; this will be an error in a future Swift language mode [#ExistentialAny]
52 | public func beginRequest(
53 | _ request: HTTPClient.Request
54 | ) -> EventLoopFuture<Prch.Response> {
| `- warning: use of protocol 'Response' as a type must be written 'any Response'; this will be an error in a future Swift language mode [#ExistentialAny]
55 | execute(request: request).map { $0 as Prch.Response }
56 | }
/Users/admin/builder/spi-builder-workspace/Sources/PrchNIO/Session.swift:59:16: error: generic type 'DeprecatedRequest' specialized with too few type parameters (got 1, but expected 2)
57 |
58 | public func createRequest<ResponseType>(
59 | _ request: APIRequest<ResponseType>,
| `- error: generic type 'DeprecatedRequest' specialized with too few type parameters (got 1, but expected 2)
60 | withBaseURL baseURL: URL,
61 | andHeaders headers: [String: String]
Prch.DeprecatedRequest:2:12: note: generic class 'DeprecatedRequest' declared here
1 | @available(*, deprecated, message: "use `Request`")
2 | open class DeprecatedRequest<ResponseType, APIType> : Prch.Request where ResponseType : Prch.Response, APIType == ResponseType.APIType {
| `- note: generic class 'DeprecatedRequest' declared here
3 | public let service: Prch.Service<ResponseType>
4 | open private(set) var queryParameters: [String : Any] { get }
/Users/admin/builder/spi-builder-workspace/Sources/PrchNIO/Session.swift:62:54: warning: 'APIResponseValue' is deprecated: renamed to 'DeprecatedResponse' [#DeprecatedDeclaration]
60 | withBaseURL baseURL: URL,
61 | andHeaders headers: [String: String]
62 | ) throws -> HTTPClient.Request where ResponseType: APIResponseValue {
| |- warning: 'APIResponseValue' is deprecated: renamed to 'DeprecatedResponse' [#DeprecatedDeclaration]
| `- note: use 'DeprecatedResponse' instead
63 | guard var componenets = URLComponents(
64 | url: baseURL.appendingPathComponent(request.path),
/Users/admin/builder/spi-builder-workspace/Sources/PrchNIO/Session.swift:47:1: error: type 'HTTPClient' does not conform to protocol 'Session'
45 | }
46 |
47 | extension HTTPClient: EventLoopSession {
| |- error: type 'HTTPClient' does not conform to protocol 'Session'
| `- note: add stubs for conformance
48 | public func nextEventLoop() -> EventLoop {
49 | eventLoopGroup.next()
Prch.Session.RequestType:2:16: note: protocol requires nested type 'RequestType'
1 | protocol Session {
2 | associatedtype RequestType}
| `- note: protocol requires nested type 'RequestType'
3 |
/Users/admin/builder/spi-builder-workspace/Sources/PrchNIO/Session.swift:105:16: error: generic type 'DeprecatedRequest' specialized with too few type parameters (got 1, but expected 2)
103 | public extension APIClient where SessionType: EventLoopSession {
104 | func request<ResponseType>(
105 | _ request: APIRequest<ResponseType>
| `- error: generic type 'DeprecatedRequest' specialized with too few type parameters (got 1, but expected 2)
106 | ) -> EventLoopFuture<ResponseType> {
107 | var sessionRequest: SessionType.RequestType
Prch.DeprecatedRequest:2:12: note: generic class 'DeprecatedRequest' declared here
1 | @available(*, deprecated, message: "use `Request`")
2 | open class DeprecatedRequest<ResponseType, APIType> : Prch.Request where ResponseType : Prch.Response, APIType == ResponseType.APIType {
| `- note: generic class 'DeprecatedRequest' declared here
3 | public let service: Prch.Service<ResponseType>
4 | open private(set) var queryParameters: [String : Any] { get }
/Users/admin/builder/spi-builder-workspace/Sources/PrchNIO/Session.swift:103:18: warning: 'APIClient' is deprecated: renamed to 'Client' [#DeprecatedDeclaration]
101 | }
102 |
103 | public extension APIClient where SessionType: EventLoopSession {
| |- warning: 'APIClient' is deprecated: renamed to 'Client' [#DeprecatedDeclaration]
| `- note: use 'Client' instead
104 | func request<ResponseType>(
105 | _ request: APIRequest<ResponseType>
[#DeprecatedDeclaration]: <https://docs.swift.org/compiler/documentation/diagnostics/deprecated-declaration>
[#ExistentialAny]: <https://docs.swift.org/compiler/documentation/diagnostics/existential-any>
Failed frontend command:
/Applications/Xcode-27.0.0-Release.Candidate.app/Contents/Developer/Toolchains/XcodeDefault.xctoolchain/usr/bin/swift-frontend -frontend -emit-module -experimental-skip-non-inlinable-function-bodies-without-types /Users/admin/builder/spi-builder-workspace/Sources/PrchNIO/Session.swift -target arm64-apple-watchos9.0 -disable-cross-import-overlay-search -load-resolved-plugin /Applications/Xcode-27.0.0-Release.Candidate.app/Contents/Developer/Platforms/WatchOS.platform/Developer/usr/lib/swift/host/plugins/libFoundationMacros.dylib\#/Applications/Xcode-27.0.0-Release.Candidate.app/Contents/Developer/Platforms/WatchOS.platform/Developer/usr/bin/swift-plugin-server\#FoundationMacros -load-resolved-plugin /Applications/Xcode-27.0.0-Release.Candidate.app/Contents/Developer/Platforms/WatchOS.platform/Developer/usr/lib/swift/host/plugins/libObservationMacros.dylib\#/Applications/Xcode-27.0.0-Release.Candidate.app/Contents/Developer/Platforms/WatchOS.platform/Developer/usr/bin/swift-plugin-server\#ObservationMacros -load-resolved-plugin /Applications/Xcode-27.0.0-Release.Candidate.app/Contents/Developer/Platforms/WatchOS.platform/Developer/usr/lib/swift/host/plugins/libSwiftMacros.dylib\#/Applications/Xcode-27.0.0-Release.Candidate.app/Contents/Developer/Platforms/WatchOS.platform/Developer/usr/bin/swift-plugin-server\#SwiftMacros -disable-implicit-swift-modules -Xcc -fno-implicit-modules -Xcc -fno-implicit-module-maps -explicit-swift-module-map-file /Users/admin/builder/spi-builder-workspace/.derivedData/Build/Intermediates.noindex/PrchNIO.build/Debug-watchos/PrchNIO-t.build/Objects-normal/arm64/PrchNIO-dependencies-2.json -Xllvm -aarch64-use-tbi -enable-objc-interop -stack-check -sdk /Applications/Xcode-27.0.0-Release.Candidate.app/Contents/Developer/Platforms/WatchOS.platform/Developer/SDKs/WatchOS27.0.sdk -I /Users/admin/builder/spi-builder-workspace/.derivedData/Build/Products/Debug-watchos -Isystem /Applications/Xcode-27.0.0-Release.Candidate.app/Contents/Developer/Platforms/WatchOS.platform/Developer/usr/lib -F /Users/admin/builder/spi-builder-workspace/.derivedData/Build/Products/Debug-watchos/PackageFrameworks -F /Users/admin/builder/spi-builder-workspace/.derivedData/Build/Products/Debug-watchos -F /Applications/Xcode-27.0.0-Release.Candidate.app/Contents/Developer/Platforms/WatchOS.platform/Developer/Library/Frameworks -F /Applications/Xcode-27.0.0-Release.Candidate.app/Contents/Developer/Platforms/WatchOS.platform/Developer/SDKs/WatchOS27.0.sdk/Developer/Library/Frameworks -module-cache-path /Users/admin/builder/spi-builder-workspace/.derivedData/Build/Intermediates.noindex/SwiftExplicitPrecompiledModules -no-color-diagnostics -Xcc -fno-color-diagnostics -enable-testing -g -debug-info-format\=dwarf -dwarf-version\=4 -profile-generate -profile-coverage-mapping -swift-version 5 -Onone -D SWIFT_PACKAGE -D DEBUG -D SWIFT_MODULE_RESOURCE_BUNDLE_UNAVAILABLE -D Xcode -serialize-debugging-options -enable-experimental-feature DebugDescriptionMacro -empty-abi-descriptor -validate-clang-modules-once -clang-build-session-file /Users/admin/builder/spi-builder-workspace/.derivedData/ModuleCache.noindex/Session.modulevalidation -Xcc -working-directory -Xcc /Users/admin/builder/spi-builder-workspace/.swiftpm/xcode -enable-anonymous-context-mangled-names -file-compilation-dir /Users/admin/builder/spi-builder-workspace/.swiftpm/xcode -Xcc -fmodule-map-file\=/Users/admin/builder/spi-builder-workspace/.derivedData/Build/Intermediates.noindex/GeneratedModuleMaps-watchos/CNIOLLHTTP.modulemap -Xcc -fmodule-map-file\=/Users/admin/builder/spi-builder-workspace/.derivedData/Build/Intermediates.noindex/GeneratedModuleMaps-watchos/CNIOBoringSSLShims.modulemap -Xcc -fmodule-map-file\=/Users/admin/builder/spi-builder-workspace/.dependencies/checkouts/swift-nio-ssl/Sources/CNIOBoringSSL/include/module.modulemap -Xcc -fmodule-map-file\=/Users/admin/builder/spi-builder-workspace/.derivedData/Build/Intermediates.noindex/GeneratedModuleMaps-watchos/CNIOExtrasZlib.modulemap -Xcc -fmodule-map-file\=/Users/admin/builder/spi-builder-workspace/.derivedData/Build/Intermediates.noindex/GeneratedModuleMaps-watchos/CNIOPosix.modulemap -Xcc -fmodule-map-file\=/Users/admin/builder/spi-builder-workspace/.derivedData/Build/Intermediates.noindex/GeneratedModuleMaps-watchos/CNIOWASI.modulemap -Xcc -fmodule-map-file\=/Users/admin/builder/spi-builder-workspace/.dependencies/checkouts/swift-nio/Sources/CNIOWindows/include/module.modulemap -Xcc -fmodule-map-file\=/Users/admin/builder/spi-builder-workspace/.derivedData/Build/Intermediates.noindex/GeneratedModuleMaps-watchos/CNIOLinux.modulemap -Xcc -fmodule-map-file\=/Users/admin/builder/spi-builder-workspace/.derivedData/Build/Intermediates.noindex/GeneratedModuleMaps-watchos/CNIODarwin.modulemap -Xcc -fmodule-map-file\=/Users/admin/builder/spi-builder-workspace/.derivedData/Build/Intermediates.noindex/GeneratedModuleMaps-watchos/CNIOFreeBSD.modulemap -Xcc -fmodule-map-file\=/Users/admin/builder/spi-builder-workspace/.derivedData/Build/Intermediates.noindex/GeneratedModuleMaps-watchos/CNIOOpenBSD.modulemap -Xcc -fmodule-map-file\=/Users/admin/builder/spi-builder-workspace/.derivedData/Build/Intermediates.noindex/GeneratedModuleMaps-watchos/CNIOAtomics.modulemap -Xcc -fmodule-map-file\=/Users/admin/builder/spi-builder-workspace/.dependencies/checkouts/swift-atomics/Sources/_AtomicsShims/include/module.modulemap -Xcc -fmodule-map-file\=/Users/admin/builder/spi-builder-workspace/.dependencies/checkouts/swift-numerics/Sources/_NumericsShims/include/module.modulemap -Xcc -fmodule-map-file\=/Users/admin/builder/spi-builder-workspace/.dependencies/checkouts/swift-system/Sources/CSystem/include/module.modulemap -Xcc -fmodule-map-file\=/Users/admin/builder/spi-builder-workspace/.derivedData/Build/Intermediates.noindex/GeneratedModuleMaps-watchos/CAsyncHTTPClient.modulemap -Xcc -D_LIBCPP_HARDENING_MODE\=_LIBCPP_HARDENING_MODE_DEBUG -Xcc -ivfsstatcache -Xcc /Users/admin/builder/spi-builder-workspace/.derivedData/SDKStatCaches.noindex/watchos27.0-24R360-e829b21a6f8c9b70876ba0858053c04477534ef55a1706bf4c1112bbb242f0a2.sdkstatcache -Xcc -fmodules-prune-interval\=86400 -Xcc -fmodules-prune-after\=345600 -Xcc -I/Users/admin/builder/spi-builder-workspace/.dependencies/checkouts/swift-nio/Sources/CNIOLLHTTP/include -Xcc -I/Users/admin/builder/spi-builder-workspace/.dependencies/checkouts/swift-nio-ssl/Sources/CNIOBoringSSLShims/include -Xcc -I/Users/admin/builder/spi-builder-workspace/.dependencies/checkouts/swift-nio-ssl/Sources/CNIOBoringSSL/include -Xcc -I/Users/admin/builder/spi-builder-workspace/.dependencies/checkouts/swift-nio-extras/Sources/CNIOExtrasZlib/include -Xcc -I/Users/admin/builder/spi-builder-workspace/.dependencies/checkouts/swift-nio/Sources/CNIOPosix/include -Xcc -I/Users/admin/builder/spi-builder-workspace/.dependencies/checkouts/swift-nio/Sources/CNIOWASI/include -Xcc -I/Users/admin/builder/spi-builder-workspace/.dependencies/checkouts/swift-nio/Sources/CNIOWindows/include -Xcc -I/Users/admin/builder/spi-builder-workspace/.dependencies/checkouts/swift-nio/Sources/CNIOLinux/include -Xcc -I/Users/admin/builder/spi-builder-workspace/.dependencies/checkouts/swift-nio/Sources/CNIODarwin/include -Xcc -I/Users/admin/builder/spi-builder-workspace/.dependencies/checkouts/swift-nio/Sources/CNIOFreeBSD/include -Xcc -I/Users/admin/builder/spi-builder-workspace/.dependencies/checkouts/swift-nio/Sources/CNIOOpenBSD/include -Xcc -I/Users/admin/builder/spi-builder-workspace/.dependencies/checkouts/swift-nio/Sources/CNIOAtomics/include -Xcc -I/Users/admin/builder/spi-builder-workspace/.dependencies/checkouts/swift-atomics/Sources/_AtomicsShims/include -Xcc -I/Users/admin/builder/spi-builder-workspace/.dependencies/checkouts/swift-numerics/Sources/_NumericsShims/include -Xcc -I/Users/admin/builder/spi-builder-workspace/.dependencies/checkouts/swift-system/Sources/CSystem/include -Xcc -I/Users/admin/builder/spi-builder-workspace/.dependencies/checkouts/async-http-client/Sources/CAsyncHTTPClient/include -Xcc -I/Users/admin/builder/spi-builder-workspace/.derivedData/Build/Products/Debug-watchos/include -Xcc -I/Users/admin/builder/spi-builder-workspace/.derivedData/Build/Intermediates.noindex/PrchNIO.build/Debug-watchos/PrchNIO-t.build/DerivedSources-normal/arm64 -Xcc -I/Users/admin/builder/spi-builder-workspace/.derivedData/Build/Intermediates.noindex/PrchNIO.build/Debug-watchos/PrchNIO-t.build/DerivedSources/arm64 -Xcc -I/Users/admin/builder/spi-builder-workspace/.derivedData/Build/Intermediates.noindex/PrchNIO.build/Debug-watchos/PrchNIO-t.build/DerivedSources -Xcc -DSWIFT_PACKAGE -Xcc -DDEBUG\=1 -no-auto-bridging-header-chaining -module-name PrchNIO -const-gather-protocols-file /Users/admin/builder/spi-builder-workspace/.derivedData/Build/Intermediates.noindex/PrchNIO.build/Debug-watchos/PrchNIO-t.build/Objects-normal/arm64/PrchNIO_const_extract_protocols.json -disable-clang-spi -clang-target arm64-apple-watchos27.0 -target-sdk-version 27.0 -target-sdk-name watchos27.0 -in-process-plugin-server-path /Applications/Xcode-27.0.0-Release.Candidate.app/Contents/Developer/Toolchains/XcodeDefault.xctoolchain/usr/lib/swift/host/libSwiftInProcPluginServer.dylib -emit-module-doc-path /Users/admin/builder/spi-builder-workspace/.derivedData/Build/Intermediates.noindex/PrchNIO.build/Debug-watchos/PrchNIO-t.build/Objects-normal/arm64/PrchNIO.swiftdoc -emit-module-source-info-path /Users/admin/builder/spi-builder-workspace/.derivedData/Build/Intermediates.noindex/PrchNIO.build/Debug-watchos/PrchNIO-t.build/Objects-normal/arm64/PrchNIO.swiftsourceinfo -emit-objc-header-path /Users/admin/builder/spi-builder-workspace/.derivedData/Build/Intermediates.noindex/PrchNIO.build/Debug-watchos/PrchNIO-t.build/Objects-normal/arm64/PrchNIO-Swift.h -serialize-diagnostics-path /Users/admin/builder/spi-builder-workspace/.derivedData/Build/Intermediates.noindex/PrchNIO.build/Debug-watchos/PrchNIO-t.build/Objects-normal/arm64/PrchNIO-primary-emit-module.dia -emit-dependencies-path /Users/admin/builder/spi-builder-workspace/.derivedData/Build/Intermediates.noindex/PrchNIO.build/Debug-watchos/PrchNIO-t.build/Objects-normal/arm64/PrchNIO-primary-emit-module.d -parse-as-library -o /Users/admin/builder/spi-builder-workspace/.derivedData/Build/Intermediates.noindex/PrchNIO.build/Debug-watchos/PrchNIO-t.build/Objects-normal/arm64/PrchNIO.swiftmodule -emit-abi-descriptor-path /Users/admin/builder/spi-builder-workspace/.derivedData/Build/Intermediates.noindex/PrchNIO.build/Debug-watchos/PrchNIO-t.build/Objects-normal/arm64/PrchNIO.abi.json
SwiftCompile normal arm64 (in target 'PrchNIO' from project 'PrchNIO')
cd /Users/admin/builder/spi-builder-workspace/.swiftpm/xcode
SwiftCompile normal arm64 Compiling\ Session.swift /Users/admin/builder/spi-builder-workspace/Sources/PrchNIO/Session.swift (in target 'PrchNIO' from project 'PrchNIO')
/Users/admin/builder/spi-builder-workspace/Sources/PrchNIO/Session.swift:9:64: warning: use of protocol 'Response' as a type must be written 'any Response'; this will be an error in a future Swift language mode [#ExistentialAny]
7 |
8 | public protocol EventLoopSession: Session {
9 | func beginRequest(_ request: RequestType) -> EventLoopFuture<Response>
| `- warning: use of protocol 'Response' as a type must be written 'any Response'; this will be an error in a future Swift language mode [#ExistentialAny]
10 |
11 | func nextEventLoop() -> EventLoop
/Users/admin/builder/spi-builder-workspace/Sources/PrchNIO/Session.swift:14:1: warning: extension declares a conformance of imported type 'EventLoopFuture' to imported protocol 'Task'; this will not behave correctly if the owners of 'NIOCore' introduce this conformance in the future
12 | }
13 |
14 | extension EventLoopFuture: Task {}
| |- warning: extension declares a conformance of imported type 'EventLoopFuture' to imported protocol 'Task'; this will not behave correctly if the owners of 'NIOCore' introduce this conformance in the future
| `- note: add '@retroactive' to silence this warning
15 |
16 | public extension EventLoopSession {
/Users/admin/builder/spi-builder-workspace/Sources/PrchNIO/Session.swift:19:31: error: cannot find type 'APIResult' in scope
17 | func beginRequest(
18 | _ request: RequestType,
19 | _ completion: @escaping ((APIResult<Response>) -> Void)
| `- error: cannot find type 'APIResult' in scope
20 | ) -> Task {
21 | beginRequest(request).always { result in
/Users/admin/builder/spi-builder-workspace/Sources/PrchNIO/Session.swift:19:19: error: '@escaping' only applies to function types
17 | func beginRequest(
18 | _ request: RequestType,
19 | _ completion: @escaping ((APIResult<Response>) -> Void)
| `- error: '@escaping' only applies to function types
20 | ) -> Task {
21 | beginRequest(request).always { result in
/Users/admin/builder/spi-builder-workspace/Sources/PrchNIO/Session.swift:35:1: warning: extension declares a conformance of imported type 'Response' to imported protocols 'Response', 'CustomDebugStringConvertible', 'CustomStringConvertible'; this will not behave correctly if the owners of 'AsyncHTTPClient' introduce this conformance in the future
33 | }
34 |
35 | extension HTTPClient.Response: Response {
| |- warning: extension declares a conformance of imported type 'Response' to imported protocols 'Response', 'CustomDebugStringConvertible', 'CustomStringConvertible'; this will not behave correctly if the owners of 'AsyncHTTPClient' introduce this conformance in the future
| `- note: add '@retroactive' to silence this warning
36 | public var statusCode: Int? {
37 | Int(status.code)
/Users/admin/builder/spi-builder-workspace/Sources/PrchNIO/Session.swift:35:1: error: type 'HTTPClient.Response' does not conform to protocol 'Response'
33 | }
34 |
35 | extension HTTPClient.Response: Response {
| `- error: type 'HTTPClient.Response' does not conform to protocol 'Response'
36 | public var statusCode: Int? {
| `- note: candidate has non-matching type 'Int?' [with SuccessType = _, FailureType = _, APIType = _]
37 | Int(status.code)
38 | }
/Users/admin/builder/spi-builder-workspace/Sources/PrchNIO/Session.swift:35:1: error: type 'HTTPClient.Response' does not conform to protocol 'CustomDebugStringConvertible'
33 | }
34 |
35 | extension HTTPClient.Response: Response {
| `- error: type 'HTTPClient.Response' does not conform to protocol 'CustomDebugStringConvertible'
36 | public var statusCode: Int? {
37 | Int(status.code)
/Users/admin/builder/spi-builder-workspace/Sources/PrchNIO/Session.swift:35:1: error: type 'HTTPClient.Response' does not conform to protocol 'CustomStringConvertible'
33 | }
34 |
35 | extension HTTPClient.Response: Response {
| |- error: type 'HTTPClient.Response' does not conform to protocol 'CustomStringConvertible'
| `- note: add stubs for conformance
36 | public var statusCode: Int? {
37 | Int(status.code)
Prch.Response.SuccessType:2:16: note: protocol requires nested type 'SuccessType'
1 | protocol Response {
2 | associatedtype SuccessType}
| `- note: protocol requires nested type 'SuccessType'
3 |
Prch.Response.FailureType:2:16: note: protocol requires nested type 'FailureType'
1 | protocol Response {
2 | associatedtype FailureType}
| `- note: protocol requires nested type 'FailureType'
3 |
Prch.Response.APIType:2:16: note: protocol requires nested type 'APIType'
1 | protocol Response {
2 | associatedtype APIType : Prch.API}
| `- note: protocol requires nested type 'APIType'
3 |
Prch.Response.statusCode:2:5: note: protocol requires property 'statusCode' with type 'Int'
1 | protocol Response {
2 | var statusCode: Int { get }}
| `- note: protocol requires property 'statusCode' with type 'Int'
3 |
Prch.Response.init:2:1: note: protocol requires initializer 'init(statusCode:data:decoder:)' with type '(statusCode: Int, data: Data, decoder: any ResponseDecoder)'
1 | protocol Response {
2 | init(statusCode: Int, data: Data, decoder: any Prch.ResponseDecoder) throws}
| `- note: protocol requires initializer 'init(statusCode:data:decoder:)' with type '(statusCode: Int, data: Data, decoder: any ResponseDecoder)'
3 |
Swift.CustomDebugStringConvertible.debugDescription:2:5: note: protocol requires property 'debugDescription' with type 'String'
1 | protocol CustomDebugStringConvertible {
2 | var debugDescription: String { get }}
| `- note: protocol requires property 'debugDescription' with type 'String'
3 |
Swift.CustomStringConvertible.description:2:5: note: protocol requires property 'description' with type 'String'
1 | protocol CustomStringConvertible {
2 | var description: String { get }}
| `- note: protocol requires property 'description' with type 'String'
3 |
/Users/admin/builder/spi-builder-workspace/Sources/PrchNIO/Session.swift:47:1: warning: extension declares a conformance of imported type 'HTTPClient' to imported protocol 'Session'; this will not behave correctly if the owners of 'AsyncHTTPClient' introduce this conformance in the future
45 | }
46 |
47 | extension HTTPClient: EventLoopSession {
| |- warning: extension declares a conformance of imported type 'HTTPClient' to imported protocol 'Session'; this will not behave correctly if the owners of 'AsyncHTTPClient' introduce this conformance in the future
| `- note: add '@retroactive' to silence this warning
48 | public func nextEventLoop() -> EventLoop {
49 | eventLoopGroup.next()
/Users/admin/builder/spi-builder-workspace/Sources/PrchNIO/Session.swift:54:29: warning: use of protocol 'Response' as a type must be written 'any Response'; this will be an error in a future Swift language mode [#ExistentialAny]
52 | public func beginRequest(
53 | _ request: HTTPClient.Request
54 | ) -> EventLoopFuture<Prch.Response> {
| `- warning: use of protocol 'Response' as a type must be written 'any Response'; this will be an error in a future Swift language mode [#ExistentialAny]
55 | execute(request: request).map { $0 as Prch.Response }
56 | }
/Users/admin/builder/spi-builder-workspace/Sources/PrchNIO/Session.swift:59:16: error: generic type 'DeprecatedRequest' specialized with too few type parameters (got 1, but expected 2)
57 |
58 | public func createRequest<ResponseType>(
59 | _ request: APIRequest<ResponseType>,
| `- error: generic type 'DeprecatedRequest' specialized with too few type parameters (got 1, but expected 2)
60 | withBaseURL baseURL: URL,
61 | andHeaders headers: [String: String]
Prch.DeprecatedRequest:2:12: note: generic class 'DeprecatedRequest' declared here
1 | @available(*, deprecated, message: "use `Request`")
2 | open class DeprecatedRequest<ResponseType, APIType> : Prch.Request where ResponseType : Prch.Response, APIType == ResponseType.APIType {
| `- note: generic class 'DeprecatedRequest' declared here
3 | public let service: Prch.Service<ResponseType>
4 | open private(set) var queryParameters: [String : Any] { get }
/Users/admin/builder/spi-builder-workspace/Sources/PrchNIO/Session.swift:62:54: warning: 'APIResponseValue' is deprecated: renamed to 'DeprecatedResponse' [#DeprecatedDeclaration]
60 | withBaseURL baseURL: URL,
61 | andHeaders headers: [String: String]
62 | ) throws -> HTTPClient.Request where ResponseType: APIResponseValue {
| |- warning: 'APIResponseValue' is deprecated: renamed to 'DeprecatedResponse' [#DeprecatedDeclaration]
| `- note: use 'DeprecatedResponse' instead
63 | guard var componenets = URLComponents(
64 | url: baseURL.appendingPathComponent(request.path),
/Users/admin/builder/spi-builder-workspace/Sources/PrchNIO/Session.swift:47:1: error: type 'HTTPClient' does not conform to protocol 'Session'
45 | }
46 |
47 | extension HTTPClient: EventLoopSession {
| |- error: type 'HTTPClient' does not conform to protocol 'Session'
| `- note: add stubs for conformance
48 | public func nextEventLoop() -> EventLoop {
49 | eventLoopGroup.next()
Prch.Session.RequestType:2:16: note: protocol requires nested type 'RequestType'
1 | protocol Session {
2 | associatedtype RequestType}
| `- note: protocol requires nested type 'RequestType'
3 |
/Users/admin/builder/spi-builder-workspace/Sources/PrchNIO/Session.swift:105:16: error: generic type 'DeprecatedRequest' specialized with too few type parameters (got 1, but expected 2)
103 | public extension APIClient where SessionType: EventLoopSession {
104 | func request<ResponseType>(
105 | _ request: APIRequest<ResponseType>
| `- error: generic type 'DeprecatedRequest' specialized with too few type parameters (got 1, but expected 2)
106 | ) -> EventLoopFuture<ResponseType> {
107 | var sessionRequest: SessionType.RequestType
Prch.DeprecatedRequest:2:12: note: generic class 'DeprecatedRequest' declared here
1 | @available(*, deprecated, message: "use `Request`")
2 | open class DeprecatedRequest<ResponseType, APIType> : Prch.Request where ResponseType : Prch.Response, APIType == ResponseType.APIType {
| `- note: generic class 'DeprecatedRequest' declared here
3 | public let service: Prch.Service<ResponseType>
4 | open private(set) var queryParameters: [String : Any] { get }
/Users/admin/builder/spi-builder-workspace/Sources/PrchNIO/Session.swift:103:18: warning: 'APIClient' is deprecated: renamed to 'Client' [#DeprecatedDeclaration]
101 | }
102 |
103 | public extension APIClient where SessionType: EventLoopSession {
| |- warning: 'APIClient' is deprecated: renamed to 'Client' [#DeprecatedDeclaration]
| `- note: use 'Client' instead
104 | func request<ResponseType>(
105 | _ request: APIRequest<ResponseType>
SwiftCompile normal arm64 /Users/admin/builder/spi-builder-workspace/Sources/PrchNIO/Session.swift (in target 'PrchNIO' from project 'PrchNIO')
cd /Users/admin/builder/spi-builder-workspace/.swiftpm/xcode
builtin-SwiftPerFileCompile Session.swift
SwiftCompile normal arm64_32 Compiling\ Session.swift /Users/admin/builder/spi-builder-workspace/Sources/PrchNIO/Session.swift (in target 'PrchNIO' from project 'PrchNIO')
/Users/admin/builder/spi-builder-workspace/Sources/PrchNIO/Session.swift:9:64: warning: use of protocol 'Response' as a type must be written 'any Response'; this will be an error in a future Swift language mode [#ExistentialAny]
7 |
8 | public protocol EventLoopSession: Session {
9 | func beginRequest(_ request: RequestType) -> EventLoopFuture<Response>
| `- warning: use of protocol 'Response' as a type must be written 'any Response'; this will be an error in a future Swift language mode [#ExistentialAny]
10 |
11 | func nextEventLoop() -> EventLoop
/Users/admin/builder/spi-builder-workspace/Sources/PrchNIO/Session.swift:14:1: warning: extension declares a conformance of imported type 'EventLoopFuture' to imported protocol 'Task'; this will not behave correctly if the owners of 'NIOCore' introduce this conformance in the future
12 | }
13 |
14 | extension EventLoopFuture: Task {}
| |- warning: extension declares a conformance of imported type 'EventLoopFuture' to imported protocol 'Task'; this will not behave correctly if the owners of 'NIOCore' introduce this conformance in the future
| `- note: add '@retroactive' to silence this warning
15 |
16 | public extension EventLoopSession {
/Users/admin/builder/spi-builder-workspace/Sources/PrchNIO/Session.swift:19:31: error: cannot find type 'APIResult' in scope
17 | func beginRequest(
18 | _ request: RequestType,
19 | _ completion: @escaping ((APIResult<Response>) -> Void)
| `- error: cannot find type 'APIResult' in scope
20 | ) -> Task {
21 | beginRequest(request).always { result in
/Users/admin/builder/spi-builder-workspace/Sources/PrchNIO/Session.swift:19:19: error: '@escaping' only applies to function types
17 | func beginRequest(
18 | _ request: RequestType,
19 | _ completion: @escaping ((APIResult<Response>) -> Void)
| `- error: '@escaping' only applies to function types
20 | ) -> Task {
21 | beginRequest(request).always { result in
/Users/admin/builder/spi-builder-workspace/Sources/PrchNIO/Session.swift:35:1: warning: extension declares a conformance of imported type 'Response' to imported protocols 'Response', 'CustomDebugStringConvertible', 'CustomStringConvertible'; this will not behave correctly if the owners of 'AsyncHTTPClient' introduce this conformance in the future
33 | }
34 |
35 | extension HTTPClient.Response: Response {
| |- warning: extension declares a conformance of imported type 'Response' to imported protocols 'Response', 'CustomDebugStringConvertible', 'CustomStringConvertible'; this will not behave correctly if the owners of 'AsyncHTTPClient' introduce this conformance in the future
| `- note: add '@retroactive' to silence this warning
36 | public var statusCode: Int? {
37 | Int(status.code)
/Users/admin/builder/spi-builder-workspace/Sources/PrchNIO/Session.swift:35:1: error: type 'HTTPClient.Response' does not conform to protocol 'Response'
33 | }
34 |
35 | extension HTTPClient.Response: Response {
| `- error: type 'HTTPClient.Response' does not conform to protocol 'Response'
36 | public var statusCode: Int? {
| `- note: candidate has non-matching type 'Int?' [with SuccessType = _, FailureType = _, APIType = _]
37 | Int(status.code)
38 | }
/Users/admin/builder/spi-builder-workspace/Sources/PrchNIO/Session.swift:35:1: error: type 'HTTPClient.Response' does not conform to protocol 'CustomDebugStringConvertible'
33 | }
34 |
35 | extension HTTPClient.Response: Response {
| `- error: type 'HTTPClient.Response' does not conform to protocol 'CustomDebugStringConvertible'
36 | public var statusCode: Int? {
37 | Int(status.code)
/Users/admin/builder/spi-builder-workspace/Sources/PrchNIO/Session.swift:35:1: error: type 'HTTPClient.Response' does not conform to protocol 'CustomStringConvertible'
33 | }
34 |
35 | extension HTTPClient.Response: Response {
| |- error: type 'HTTPClient.Response' does not conform to protocol 'CustomStringConvertible'
| `- note: add stubs for conformance
36 | public var statusCode: Int? {
37 | Int(status.code)
Prch.Response.SuccessType:2:16: note: protocol requires nested type 'SuccessType'
1 | protocol Response {
2 | associatedtype SuccessType}
| `- note: protocol requires nested type 'SuccessType'
3 |
Prch.Response.FailureType:2:16: note: protocol requires nested type 'FailureType'
1 | protocol Response {
2 | associatedtype FailureType}
| `- note: protocol requires nested type 'FailureType'
3 |
Prch.Response.APIType:2:16: note: protocol requires nested type 'APIType'
1 | protocol Response {
2 | associatedtype APIType : Prch.API}
| `- note: protocol requires nested type 'APIType'
3 |
Prch.Response.statusCode:2:5: note: protocol requires property 'statusCode' with type 'Int'
1 | protocol Response {
2 | var statusCode: Int { get }}
| `- note: protocol requires property 'statusCode' with type 'Int'
3 |
Prch.Response.init:2:1: note: protocol requires initializer 'init(statusCode:data:decoder:)' with type '(statusCode: Int, data: Data, decoder: any ResponseDecoder)'
1 | protocol Response {
2 | init(statusCode: Int, data: Data, decoder: any Prch.ResponseDecoder) throws}
| `- note: protocol requires initializer 'init(statusCode:data:decoder:)' with type '(statusCode: Int, data: Data, decoder: any ResponseDecoder)'
3 |
Swift.CustomDebugStringConvertible.debugDescription:2:5: note: protocol requires property 'debugDescription' with type 'String'
1 | protocol CustomDebugStringConvertible {
2 | var debugDescription: String { get }}
| `- note: protocol requires property 'debugDescription' with type 'String'
3 |
Swift.CustomStringConvertible.description:2:5: note: protocol requires property 'description' with type 'String'
1 | protocol CustomStringConvertible {
2 | var description: String { get }}
| `- note: protocol requires property 'description' with type 'String'
3 |
/Users/admin/builder/spi-builder-workspace/Sources/PrchNIO/Session.swift:47:1: warning: extension declares a conformance of imported type 'HTTPClient' to imported protocol 'Session'; this will not behave correctly if the owners of 'AsyncHTTPClient' introduce this conformance in the future
45 | }
46 |
47 | extension HTTPClient: EventLoopSession {
| |- warning: extension declares a conformance of imported type 'HTTPClient' to imported protocol 'Session'; this will not behave correctly if the owners of 'AsyncHTTPClient' introduce this conformance in the future
| `- note: add '@retroactive' to silence this warning
48 | public func nextEventLoop() -> EventLoop {
49 | eventLoopGroup.next()
/Users/admin/builder/spi-builder-workspace/Sources/PrchNIO/Session.swift:54:29: warning: use of protocol 'Response' as a type must be written 'any Response'; this will be an error in a future Swift language mode [#ExistentialAny]
52 | public func beginRequest(
53 | _ request: HTTPClient.Request
54 | ) -> EventLoopFuture<Prch.Response> {
| `- warning: use of protocol 'Response' as a type must be written 'any Response'; this will be an error in a future Swift language mode [#ExistentialAny]
55 | execute(request: request).map { $0 as Prch.Response }
56 | }
/Users/admin/builder/spi-builder-workspace/Sources/PrchNIO/Session.swift:59:16: error: generic type 'DeprecatedRequest' specialized with too few type parameters (got 1, but expected 2)
57 |
58 | public func createRequest<ResponseType>(
59 | _ request: APIRequest<ResponseType>,
| `- error: generic type 'DeprecatedRequest' specialized with too few type parameters (got 1, but expected 2)
60 | withBaseURL baseURL: URL,
61 | andHeaders headers: [String: String]
Prch.DeprecatedRequest:2:12: note: generic class 'DeprecatedRequest' declared here
1 | @available(*, deprecated, message: "use `Request`")
2 | open class DeprecatedRequest<ResponseType, APIType> : Prch.Request where ResponseType : Prch.Response, APIType == ResponseType.APIType {
| `- note: generic class 'DeprecatedRequest' declared here
3 | public let service: Prch.Service<ResponseType>
4 | open private(set) var queryParameters: [String : Any] { get }
/Users/admin/builder/spi-builder-workspace/Sources/PrchNIO/Session.swift:62:54: warning: 'APIResponseValue' is deprecated: renamed to 'DeprecatedResponse' [#DeprecatedDeclaration]
60 | withBaseURL baseURL: URL,
61 | andHeaders headers: [String: String]
62 | ) throws -> HTTPClient.Request where ResponseType: APIResponseValue {
| |- warning: 'APIResponseValue' is deprecated: renamed to 'DeprecatedResponse' [#DeprecatedDeclaration]
| `- note: use 'DeprecatedResponse' instead
63 | guard var componenets = URLComponents(
64 | url: baseURL.appendingPathComponent(request.path),
/Users/admin/builder/spi-builder-workspace/Sources/PrchNIO/Session.swift:47:1: error: type 'HTTPClient' does not conform to protocol 'Session'
45 | }
46 |
47 | extension HTTPClient: EventLoopSession {
| |- error: type 'HTTPClient' does not conform to protocol 'Session'
| `- note: add stubs for conformance
48 | public func nextEventLoop() -> EventLoop {
49 | eventLoopGroup.next()
Prch.Session.RequestType:2:16: note: protocol requires nested type 'RequestType'
1 | protocol Session {
2 | associatedtype RequestType}
| `- note: protocol requires nested type 'RequestType'
3 |
/Users/admin/builder/spi-builder-workspace/Sources/PrchNIO/Session.swift:105:16: error: generic type 'DeprecatedRequest' specialized with too few type parameters (got 1, but expected 2)
103 | public extension APIClient where SessionType: EventLoopSession {
104 | func request<ResponseType>(
105 | _ request: APIRequest<ResponseType>
| `- error: generic type 'DeprecatedRequest' specialized with too few type parameters (got 1, but expected 2)
106 | ) -> EventLoopFuture<ResponseType> {
107 | var sessionRequest: SessionType.RequestType
Prch.DeprecatedRequest:2:12: note: generic class 'DeprecatedRequest' declared here
1 | @available(*, deprecated, message: "use `Request`")
2 | open class DeprecatedRequest<ResponseType, APIType> : Prch.Request where ResponseType : Prch.Response, APIType == ResponseType.APIType {
| `- note: generic class 'DeprecatedRequest' declared here
3 | public let service: Prch.Service<ResponseType>
4 | open private(set) var queryParameters: [String : Any] { get }
/Users/admin/builder/spi-builder-workspace/Sources/PrchNIO/Session.swift:103:18: warning: 'APIClient' is deprecated: renamed to 'Client' [#DeprecatedDeclaration]
101 | }
102 |
103 | public extension APIClient where SessionType: EventLoopSession {
| |- warning: 'APIClient' is deprecated: renamed to 'Client' [#DeprecatedDeclaration]
| `- note: use 'Client' instead
104 | func request<ResponseType>(
105 | _ request: APIRequest<ResponseType>
SwiftCompile normal arm64_32 /Users/admin/builder/spi-builder-workspace/Sources/PrchNIO/Session.swift (in target 'PrchNIO' from project 'PrchNIO')
cd /Users/admin/builder/spi-builder-workspace/.swiftpm/xcode
builtin-SwiftPerFileCompile Session.swift
PruneExplicitPrecompiledModules /Users/admin/builder/spi-builder-workspace/.derivedData/SDKExplicitPrecompiledModules
PruneExplicitPrecompiledModules /Users/admin/builder/spi-builder-workspace/.derivedData/Build/Intermediates.noindex/ExplicitPrecompiledModules
PruneExplicitPrecompiledModules /Users/admin/builder/spi-builder-workspace/.derivedData/Build/Intermediates.noindex/SwiftExplicitPrecompiledModules
2026-09-17 19:37:24.902 xcodebuild[4738:17424] [MT] IDERunDestination: Supported platforms for the buildables in the current scheme is empty.
** BUILD FAILED **
The following build commands failed:
SwiftEmitModule normal arm64_32 Emitting\ module\ for\ PrchNIO (in target 'PrchNIO' from project 'PrchNIO')
SwiftCompile normal arm64_32 (in target 'PrchNIO' from project 'PrchNIO')
SwiftEmitModule normal arm64 Emitting\ module\ for\ PrchNIO (in target 'PrchNIO' from project 'PrchNIO')
SwiftCompile normal arm64 (in target 'PrchNIO' from project 'PrchNIO')
Building workspace PrchNIO with scheme PrchNIO
(5 failures)
BUILD FAILURE 6.4 watchOS