Build Information
Failed to build NVECTASDK, reference 1.0.2 (530ebe), with Swift 6.4 for watchOS using Xcode 27.0 on 9 Oct 2026 08:41:54 UTC.
Build Command
env DEVELOPER_DIR=/Applications/Xcode-27.0.0-Release.Candidate.app xcrun xcodebuild -IDEClonedSourcePackagesDirPathOverride=$PWD/.dependencies -skipMacroValidation -skipPackagePluginValidation -derivedDataPath $PWD/.derivedData build -scheme NVECTASDK-Package -destination generic/platform=watchOSBuild Log
========================================
RunAll
========================================
Builder version: 5.1.1
Interrupt handler set up.
========================================
Checkout
========================================
Clone URL: https://github.com/tagnpin/nvecta-ios-sdk.git
Reference: 1.0.2
Initialized empty Git repository in /Users/admin/builder/spi-builder-workspace/.git/
From https://github.com/tagnpin/nvecta-ios-sdk
* tag 1.0.2 -> FETCH_HEAD
HEAD is now at 530ebea Merge pull request #4 from tagnpin/dev
Cloned https://github.com/tagnpin/nvecta-ios-sdk.git
Revision (git rev-parse @):
530ebea6bbb2be9bd878ff2cdd5edbe2a4b52bb4
SUCCESS checkout https://github.com/tagnpin/nvecta-ios-sdk.git at 1.0.2
========================================
Build
========================================
Selected platform: watchOS
Swift version: 6.4
Building package at path: $PWD
https://github.com/tagnpin/nvecta-ios-sdk.git
Command line invocation:
/Applications/Xcode-27.0.0.app/Contents/Developer/usr/bin/xcodebuild -IDEClonedSourcePackagesDirPathOverride=/Users/admin/builder/spi-builder-workspace/.dependencies -resolvePackageDependencies
Resolve Package Graph
Resolve Package Graph
Resolved source packages:
NVECTASDK: /Users/admin/builder/spi-builder-workspace
resolved source packages: NVECTASDK
2026-10-09 04:41:16.097 xcodebuild[529:3053] [MT] IDERunDestination: Supported platforms for the buildables in the current scheme is empty.
{
"dependencies" : [
],
"manifest_display_name" : "NVECTASDK",
"name" : "NVECTASDK",
"path" : "/Users/admin/builder/spi-builder-workspace",
"platforms" : [
{
"name" : "ios",
"version" : "13.0"
}
],
"products" : [
{
"name" : "NVECTASDK",
"targets" : [
"NVECTASDK",
"notifyvisitors"
],
"type" : {
"library" : [
"automatic"
]
}
},
{
"name" : "notifyvisitors",
"targets" : [
"notifyvisitors"
],
"type" : {
"library" : [
"automatic"
]
}
},
{
"name" : "notifyvisitorsNudges",
"targets" : [
"notifyvisitorsNudges"
],
"type" : {
"library" : [
"automatic"
]
}
},
{
"name" : "notifyvisitorsNotificationService",
"targets" : [
"notifyvisitorsNotificationService"
],
"type" : {
"library" : [
"automatic"
]
}
},
{
"name" : "NVECTAAdTrackingSDK",
"targets" : [
"NVECTAAdTrackingSDK"
],
"type" : {
"library" : [
"automatic"
]
}
}
],
"targets" : [
{
"c99name" : "notifyvisitorsNudges",
"module_type" : "BinaryTarget",
"name" : "notifyvisitorsNudges",
"path" : "Frameworks/notifyvisitorsNudges.xcframework",
"product_memberships" : [
"notifyvisitorsNudges"
],
"sources" : [
],
"type" : "binary"
},
{
"c99name" : "notifyvisitorsNotificationService",
"module_type" : "BinaryTarget",
"name" : "notifyvisitorsNotificationService",
"path" : "Frameworks/notifyvisitorsNotificationService.xcframework",
"product_memberships" : [
"notifyvisitorsNotificationService"
],
"sources" : [
],
"type" : "binary"
},
{
"c99name" : "notifyvisitors",
"module_type" : "BinaryTarget",
"name" : "notifyvisitors",
"path" : "Frameworks/notifyvisitors.xcframework",
"product_memberships" : [
"NVECTASDK",
"notifyvisitors"
],
"sources" : [
],
"type" : "binary"
},
{
"c99name" : "NVECTASDK",
"module_type" : "BinaryTarget",
"name" : "NVECTASDK",
"path" : "Frameworks/NVECTASDK.xcframework",
"product_memberships" : [
"NVECTASDK"
],
"sources" : [
],
"type" : "binary"
},
{
"c99name" : "NVECTAAdTrackingSDK",
"module_type" : "BinaryTarget",
"name" : "NVECTAAdTrackingSDK",
"path" : "Frameworks/NVECTAAdTrackingSDK.xcframework",
"product_memberships" : [
"NVECTAAdTrackingSDK"
],
"sources" : [
],
"type" : "binary"
}
],
"tools_version" : "6.2"
}
{
"workspace" : {
"name" : "NVECTASDK",
"schemes" : [
"notifyvisitors",
"notifyvisitorsNotificationService",
"notifyvisitorsNudges",
"NVECTAAdTrackingSDK",
"NVECTASDK",
"NVECTASDK-Package"
]
}
}
2026-10-09 04:41:47.947 xcodebuild[626:3864] [MT] IDERunDestination: Supported platforms for the buildables in the current scheme is empty.
Running build ...
env DEVELOPER_DIR=/Applications/Xcode-27.0.0-Release.Candidate.app xcrun xcodebuild -IDEClonedSourcePackagesDirPathOverride=$PWD/.dependencies -skipMacroValidation -skipPackagePluginValidation -derivedDataPath $PWD/.derivedData build -scheme NVECTASDK-Package -destination generic/platform=watchOS
Command line invocation:
/Applications/Xcode-27.0.0.app/Contents/Developer/usr/bin/xcodebuild -IDEClonedSourcePackagesDirPathOverride=/Users/admin/builder/spi-builder-workspace/.dependencies -skipMacroValidation -skipPackagePluginValidation -derivedDataPath /Users/admin/builder/spi-builder-workspace/.derivedData build -scheme NVECTASDK-Package -destination generic/platform=watchOS
Resolve Package Graph
Resolved source packages:
NVECTASDK: /Users/admin/builder/spi-builder-workspace
ComputePackagePrebuildTargetDependencyGraph
Prepare packages
CreateBuildRequest
SendProjectDescription
CreateBuildOperation
ComputeTargetDependencyGraph
note: Building targets in dependency order
note: Target dependency graph (5 targets)
Target 'NVECTAAdTrackingSDK-product' in project 'NVECTASDK' (no dependencies)
Target 'notifyvisitorsNotificationService-product' in project 'NVECTASDK' (no dependencies)
Target 'notifyvisitorsNudges-product' in project 'NVECTASDK' (no dependencies)
Target 'notifyvisitors-product' in project 'NVECTASDK' (no dependencies)
Target 'NVECTASDK-product' in project 'NVECTASDK' (no dependencies)
GatherProvisioningInputs
CreateBuildDescription
ExecuteExternalTool /Applications/Xcode-27.0.0.app/Contents/Developer/Toolchains/XcodeDefault.xctoolchain/usr/bin/clang -v -E -dM -isysroot /Applications/Xcode-27.0.0.app/Contents/Developer/Platforms/WatchOS.platform/Developer/SDKs/WatchOS27.0.sdk -x c -c /dev/null
Build description signature: cbceb75e1c542a8464194a1d4bf54e3d
Build description path: /Users/admin/builder/spi-builder-workspace/.derivedData/Build/Intermediates.noindex/XCBuildData/cbceb75e1c542a8464194a1d4bf54e3d.xcbuilddata
/Users/admin/builder/spi-builder-workspace/Frameworks/NVECTASDK.xcframework:1:1: error: While building for watchOS, no library for this platform was found in '/Users/admin/builder/spi-builder-workspace/Frameworks/NVECTASDK.xcframework'. (in target 'NVECTASDK-product' from project 'NVECTASDK')
/Users/admin/builder/spi-builder-workspace/Frameworks/notifyvisitors.xcframework:1:1: error: While building for watchOS, no library for this platform was found in '/Users/admin/builder/spi-builder-workspace/Frameworks/notifyvisitors.xcframework'. (in target 'NVECTASDK-product' from project 'NVECTASDK')
/Users/admin/builder/spi-builder-workspace/Frameworks/notifyvisitors.xcframework:1:1: error: While building for watchOS, no library for this platform was found in '/Users/admin/builder/spi-builder-workspace/Frameworks/notifyvisitors.xcframework'. (in target 'notifyvisitors-product' from project 'NVECTASDK')
/Users/admin/builder/spi-builder-workspace/Frameworks/notifyvisitorsNudges.xcframework:1:1: error: While building for watchOS, no library for this platform was found in '/Users/admin/builder/spi-builder-workspace/Frameworks/notifyvisitorsNudges.xcframework'. (in target 'notifyvisitorsNudges-product' from project 'NVECTASDK')
/Users/admin/builder/spi-builder-workspace/Frameworks/notifyvisitorsNotificationService.xcframework:1:1: error: While building for watchOS, no library for this platform was found in '/Users/admin/builder/spi-builder-workspace/Frameworks/notifyvisitorsNotificationService.xcframework'. (in target 'notifyvisitorsNotificationService-product' from project 'NVECTASDK')
/Users/admin/builder/spi-builder-workspace/Frameworks/NVECTAAdTrackingSDK.xcframework:1:1: error: While building for watchOS, no library for this platform was found in '/Users/admin/builder/spi-builder-workspace/Frameworks/NVECTAAdTrackingSDK.xcframework'. (in target 'NVECTAAdTrackingSDK-product' from project 'NVECTASDK')
2026-10-09 04:41:49.463 xcodebuild[627:3903] [MT] IDERunDestination: Supported platforms for the buildables in the current scheme is empty.
** BUILD FAILED **
The following build commands failed:
Building workspace NVECTASDK with scheme NVECTASDK-Package
(1 failure)
Command line invocation:
/Applications/Xcode-27.0.0.app/Contents/Developer/usr/bin/xcodebuild -IDEClonedSourcePackagesDirPathOverride=/Users/admin/builder/spi-builder-workspace/.dependencies -resolvePackageDependencies
Resolve Package Graph
Resolved source packages:
NVECTASDK: /Users/admin/builder/spi-builder-workspace
resolved source packages: NVECTASDK
2026-10-09 04:41:51.419 xcodebuild[640:4020] [MT] IDERunDestination: Supported platforms for the buildables in the current scheme is empty.
{
"dependencies" : [
],
"manifest_display_name" : "NVECTASDK",
"name" : "NVECTASDK",
"path" : "/Users/admin/builder/spi-builder-workspace",
"platforms" : [
{
"name" : "ios",
"version" : "13.0"
}
],
"products" : [
{
"name" : "NVECTASDK",
"targets" : [
"NVECTASDK",
"notifyvisitors"
],
"type" : {
"library" : [
"automatic"
]
}
},
{
"name" : "notifyvisitors",
"targets" : [
"notifyvisitors"
],
"type" : {
"library" : [
"automatic"
]
}
},
{
"name" : "notifyvisitorsNudges",
"targets" : [
"notifyvisitorsNudges"
],
"type" : {
"library" : [
"automatic"
]
}
},
{
"name" : "notifyvisitorsNotificationService",
"targets" : [
"notifyvisitorsNotificationService"
],
"type" : {
"library" : [
"automatic"
]
}
},
{
"name" : "NVECTAAdTrackingSDK",
"targets" : [
"NVECTAAdTrackingSDK"
],
"type" : {
"library" : [
"automatic"
]
}
}
],
"targets" : [
{
"c99name" : "notifyvisitorsNudges",
"module_type" : "BinaryTarget",
"name" : "notifyvisitorsNudges",
"path" : "Frameworks/notifyvisitorsNudges.xcframework",
"product_memberships" : [
"notifyvisitorsNudges"
],
"sources" : [
],
"type" : "binary"
},
{
"c99name" : "notifyvisitorsNotificationService",
"module_type" : "BinaryTarget",
"name" : "notifyvisitorsNotificationService",
"path" : "Frameworks/notifyvisitorsNotificationService.xcframework",
"product_memberships" : [
"notifyvisitorsNotificationService"
],
"sources" : [
],
"type" : "binary"
},
{
"c99name" : "notifyvisitors",
"module_type" : "BinaryTarget",
"name" : "notifyvisitors",
"path" : "Frameworks/notifyvisitors.xcframework",
"product_memberships" : [
"NVECTASDK",
"notifyvisitors"
],
"sources" : [
],
"type" : "binary"
},
{
"c99name" : "NVECTASDK",
"module_type" : "BinaryTarget",
"name" : "NVECTASDK",
"path" : "Frameworks/NVECTASDK.xcframework",
"product_memberships" : [
"NVECTASDK"
],
"sources" : [
],
"type" : "binary"
},
{
"c99name" : "NVECTAAdTrackingSDK",
"module_type" : "BinaryTarget",
"name" : "NVECTAAdTrackingSDK",
"path" : "Frameworks/NVECTAAdTrackingSDK.xcframework",
"product_memberships" : [
"NVECTAAdTrackingSDK"
],
"sources" : [
],
"type" : "binary"
}
],
"tools_version" : "6.2"
}
{
"workspace" : {
"name" : "NVECTASDK",
"schemes" : [
"notifyvisitors",
"notifyvisitorsNotificationService",
"notifyvisitorsNudges",
"NVECTAAdTrackingSDK",
"NVECTASDK",
"NVECTASDK-Package"
]
}
}
2026-10-09 04:41:52.699 xcodebuild[698:4394] [MT] IDERunDestination: Supported platforms for the buildables in the current scheme is empty.
Running build ...
env DEVELOPER_DIR=/Applications/Xcode-27.0.0-Release.Candidate.app xcrun xcodebuild -IDEClonedSourcePackagesDirPathOverride=$PWD/.dependencies -skipMacroValidation -skipPackagePluginValidation -derivedDataPath $PWD/.derivedData build -scheme NVECTASDK-Package -destination generic/platform=watchOS
Command line invocation:
/Applications/Xcode-27.0.0.app/Contents/Developer/usr/bin/xcodebuild -IDEClonedSourcePackagesDirPathOverride=/Users/admin/builder/spi-builder-workspace/.dependencies -skipMacroValidation -skipPackagePluginValidation -derivedDataPath /Users/admin/builder/spi-builder-workspace/.derivedData build -scheme NVECTASDK-Package -destination generic/platform=watchOS
Resolve Package Graph
Resolved source packages:
NVECTASDK: /Users/admin/builder/spi-builder-workspace
ComputePackagePrebuildTargetDependencyGraph
Prepare packages
CreateBuildRequest
SendProjectDescription
CreateBuildOperation
ComputeTargetDependencyGraph
note: Building targets in dependency order
note: Target dependency graph (5 targets)
Target 'NVECTAAdTrackingSDK-product' in project 'NVECTASDK' (no dependencies)
Target 'notifyvisitorsNotificationService-product' in project 'NVECTASDK' (no dependencies)
Target 'notifyvisitorsNudges-product' in project 'NVECTASDK' (no dependencies)
Target 'notifyvisitors-product' in project 'NVECTASDK' (no dependencies)
Target 'NVECTASDK-product' in project 'NVECTASDK' (no dependencies)
GatherProvisioningInputs
CreateBuildDescription
/Users/admin/builder/spi-builder-workspace/Frameworks/notifyvisitors.xcframework:1:1: error: While building for watchOS, no library for this platform was found in '/Users/admin/builder/spi-builder-workspace/Frameworks/notifyvisitors.xcframework'. (in target 'notifyvisitors-product' from project 'NVECTASDK')
/Users/admin/builder/spi-builder-workspace/Frameworks/notifyvisitorsNotificationService.xcframework:1:1: error: While building for watchOS, no library for this platform was found in '/Users/admin/builder/spi-builder-workspace/Frameworks/notifyvisitorsNotificationService.xcframework'. (in target 'notifyvisitorsNotificationService-product' from project 'NVECTASDK')
/Users/admin/builder/spi-builder-workspace/Frameworks/NVECTASDK.xcframework:1:1: error: While building for watchOS, no library for this platform was found in '/Users/admin/builder/spi-builder-workspace/Frameworks/NVECTASDK.xcframework'. (in target 'NVECTASDK-product' from project 'NVECTASDK')
/Users/admin/builder/spi-builder-workspace/Frameworks/notifyvisitors.xcframework:1:1: error: While building for watchOS, no library for this platform was found in '/Users/admin/builder/spi-builder-workspace/Frameworks/notifyvisitors.xcframework'. (in target 'NVECTASDK-product' from project 'NVECTASDK')
/Users/admin/builder/spi-builder-workspace/Frameworks/NVECTAAdTrackingSDK.xcframework:1:1: error: While building for watchOS, no library for this platform was found in '/Users/admin/builder/spi-builder-workspace/Frameworks/NVECTAAdTrackingSDK.xcframework'. (in target 'NVECTAAdTrackingSDK-product' from project 'NVECTASDK')
/Users/admin/builder/spi-builder-workspace/Frameworks/notifyvisitorsNudges.xcframework:1:1: error: While building for watchOS, no library for this platform was found in '/Users/admin/builder/spi-builder-workspace/Frameworks/notifyvisitorsNudges.xcframework'. (in target 'notifyvisitorsNudges-product' from project 'NVECTASDK')
2026-10-09 04:41:53.664 xcodebuild[709:4479] [MT] IDERunDestination: Supported platforms for the buildables in the current scheme is empty.
** BUILD FAILED **
The following build commands failed:
Building workspace NVECTASDK with scheme NVECTASDK-Package
(1 failure)
BUILD FAILURE 6.4 watchOS