The Swift Package Index logo.Swift Package Index

Build Information

Failed to build MCPKit, reference 0.6.0 (c038b0), with Swift 6.1 for watchOS using Xcode 16.3 on 11 Sep 2026 23:45:33 UTC.

Build Command

env DEVELOPER_DIR=/Applications/Xcode-16.3.0.app xcrun xcodebuild -IDEClonedSourcePackagesDirPathOverride=$PWD/.dependencies -skipMacroValidation -skipPackagePluginValidation -derivedDataPath $PWD/.derivedData build -scheme MCPKit-Package -destination generic/platform=watchOS

Build Log

SwiftCompile normal armv7k Compiling\ FileFlags.swift,\ FileMode.swift,\ FileType.swift,\ Identifiers.swift /Users/admin/builder/spi-builder-workspace/.dependencies/checkouts/swift-system/Sources/System/FileSystem/FileFlags.swift /Users/admin/builder/spi-builder-workspace/.dependencies/checkouts/swift-system/Sources/System/FileSystem/FileMode.swift /Users/admin/builder/spi-builder-workspace/.dependencies/checkouts/swift-system/Sources/System/FileSystem/FileType.swift /Users/admin/builder/spi-builder-workspace/.dependencies/checkouts/swift-system/Sources/System/FileSystem/Identifiers.swift (in target 'SystemPackage' from project 'swift-system')
SwiftCompile normal armv7k /Users/admin/builder/spi-builder-workspace/.dependencies/checkouts/swift-system/Sources/System/FileSystem/FileFlags.swift (in target 'SystemPackage' from project 'swift-system')
    cd /Users/admin/builder/spi-builder-workspace/.swiftpm/xcode

SwiftCompile normal armv7k /Users/admin/builder/spi-builder-workspace/.dependencies/checkouts/swift-system/Sources/System/FileSystem/FileMode.swift (in target 'SystemPackage' from project 'swift-system')
    cd /Users/admin/builder/spi-builder-workspace/.swiftpm/xcode

SwiftCompile normal armv7k /Users/admin/builder/spi-builder-workspace/.dependencies/checkouts/swift-system/Sources/System/FileSystem/FileType.swift (in target 'SystemPackage' from project 'swift-system')
    cd /Users/admin/builder/spi-builder-workspace/.swiftpm/xcode

SwiftCompile normal armv7k /Users/admin/builder/spi-builder-workspace/.dependencies/checkouts/swift-system/Sources/System/FileSystem/Identifiers.swift (in target 'SystemPackage' from project 'swift-system')
    cd /Users/admin/builder/spi-builder-workspace/.swiftpm/xcode

SwiftDriverJobDiscovery normal armv7k Compiling EventSource.swift (in target 'EventSource' from project 'EventSource')
SwiftCompile normal arm64_32 Compiling\ PlatformString.swift,\ SystemString.swift,\ Util+StringArray.swift /Users/admin/builder/spi-builder-workspace/.dependencies/checkouts/swift-system/Sources/System/PlatformString.swift /Users/admin/builder/spi-builder-workspace/.dependencies/checkouts/swift-system/Sources/System/SystemString.swift /Users/admin/builder/spi-builder-workspace/.dependencies/checkouts/swift-system/Sources/System/Util+StringArray.swift (in target 'SystemPackage' from project 'swift-system')
SwiftCompile normal arm64_32 /Users/admin/builder/spi-builder-workspace/.dependencies/checkouts/swift-system/Sources/System/PlatformString.swift (in target 'SystemPackage' from project 'swift-system')
    cd /Users/admin/builder/spi-builder-workspace/.swiftpm/xcode

SwiftCompile normal arm64_32 /Users/admin/builder/spi-builder-workspace/.dependencies/checkouts/swift-system/Sources/System/SystemString.swift (in target 'SystemPackage' from project 'swift-system')
    cd /Users/admin/builder/spi-builder-workspace/.swiftpm/xcode

SwiftCompile normal arm64_32 /Users/admin/builder/spi-builder-workspace/.dependencies/checkouts/swift-system/Sources/System/Util+StringArray.swift (in target 'SystemPackage' from project 'swift-system')
    cd /Users/admin/builder/spi-builder-workspace/.swiftpm/xcode

SwiftCompile normal arm64_32 Compiling\ Syscalls.swift,\ WindowsSyscallAdapters.swift,\ MachPort.swift /Users/admin/builder/spi-builder-workspace/.dependencies/checkouts/swift-system/Sources/System/Internals/Syscalls.swift /Users/admin/builder/spi-builder-workspace/.dependencies/checkouts/swift-system/Sources/System/Internals/WindowsSyscallAdapters.swift /Users/admin/builder/spi-builder-workspace/.dependencies/checkouts/swift-system/Sources/System/MachPort.swift (in target 'SystemPackage' from project 'swift-system')
SwiftCompile normal arm64_32 /Users/admin/builder/spi-builder-workspace/.dependencies/checkouts/swift-system/Sources/System/Internals/Syscalls.swift (in target 'SystemPackage' from project 'swift-system')
    cd /Users/admin/builder/spi-builder-workspace/.swiftpm/xcode

SwiftCompile normal arm64_32 /Users/admin/builder/spi-builder-workspace/.dependencies/checkouts/swift-system/Sources/System/Internals/WindowsSyscallAdapters.swift (in target 'SystemPackage' from project 'swift-system')
    cd /Users/admin/builder/spi-builder-workspace/.swiftpm/xcode

SwiftCompile normal arm64_32 /Users/admin/builder/spi-builder-workspace/.dependencies/checkouts/swift-system/Sources/System/MachPort.swift (in target 'SystemPackage' from project 'swift-system')
    cd /Users/admin/builder/spi-builder-workspace/.swiftpm/xcode

Copy /Users/admin/builder/spi-builder-workspace/.derivedData/Build/Products/Debug-watchos/Logging.swiftmodule/armv7k-apple-watchos.swiftmodule /Users/admin/builder/spi-builder-workspace/.derivedData/Build/Intermediates.noindex/swift-log.build/Debug-watchos/Logging.build/Objects-normal/armv7k/Logging.swiftmodule (in target 'Logging' from project 'swift-log')
    cd /Users/admin/builder/spi-builder-workspace/.dependencies/checkouts/swift-log
    builtin-copy -exclude .DS_Store -exclude CVS -exclude .svn -exclude .git -exclude .hg -resolve-src-symlinks -rename /Users/admin/builder/spi-builder-workspace/.derivedData/Build/Intermediates.noindex/swift-log.build/Debug-watchos/Logging.build/Objects-normal/armv7k/Logging.swiftmodule /Users/admin/builder/spi-builder-workspace/.derivedData/Build/Products/Debug-watchos/Logging.swiftmodule/armv7k-apple-watchos.swiftmodule
Copy /Users/admin/builder/spi-builder-workspace/.derivedData/Build/Products/Debug-watchos/Logging.swiftmodule/armv7k-apple-watchos.abi.json /Users/admin/builder/spi-builder-workspace/.derivedData/Build/Intermediates.noindex/swift-log.build/Debug-watchos/Logging.build/Objects-normal/armv7k/Logging.abi.json (in target 'Logging' from project 'swift-log')
    cd /Users/admin/builder/spi-builder-workspace/.dependencies/checkouts/swift-log
    builtin-copy -exclude .DS_Store -exclude CVS -exclude .svn -exclude .git -exclude .hg -resolve-src-symlinks -rename /Users/admin/builder/spi-builder-workspace/.derivedData/Build/Intermediates.noindex/swift-log.build/Debug-watchos/Logging.build/Objects-normal/armv7k/Logging.abi.json /Users/admin/builder/spi-builder-workspace/.derivedData/Build/Products/Debug-watchos/Logging.swiftmodule/armv7k-apple-watchos.abi.json
SwiftDriverJobDiscovery normal armv7k Compiling Stat.swift, Backcompat.swift, CInterop.swift, Constants.swift (in target 'SystemPackage' from project 'swift-system')
SwiftCompile normal arm64_32 Compiling\ FilePathParsing.swift,\ FilePathString.swift,\ FilePathSyntax.swift,\ FilePathTemp.swift /Users/admin/builder/spi-builder-workspace/.dependencies/checkouts/swift-system/Sources/System/FilePath/FilePathParsing.swift /Users/admin/builder/spi-builder-workspace/.dependencies/checkouts/swift-system/Sources/System/FilePath/FilePathString.swift /Users/admin/builder/spi-builder-workspace/.dependencies/checkouts/swift-system/Sources/System/FilePath/FilePathSyntax.swift /Users/admin/builder/spi-builder-workspace/.dependencies/checkouts/swift-system/Sources/System/FilePath/FilePathTemp.swift (in target 'SystemPackage' from project 'swift-system')
SwiftCompile normal arm64_32 /Users/admin/builder/spi-builder-workspace/.dependencies/checkouts/swift-system/Sources/System/FilePath/FilePathParsing.swift (in target 'SystemPackage' from project 'swift-system')
    cd /Users/admin/builder/spi-builder-workspace/.swiftpm/xcode

SwiftCompile normal arm64_32 /Users/admin/builder/spi-builder-workspace/.dependencies/checkouts/swift-system/Sources/System/FilePath/FilePathString.swift (in target 'SystemPackage' from project 'swift-system')
    cd /Users/admin/builder/spi-builder-workspace/.swiftpm/xcode

SwiftCompile normal arm64_32 /Users/admin/builder/spi-builder-workspace/.dependencies/checkouts/swift-system/Sources/System/FilePath/FilePathSyntax.swift (in target 'SystemPackage' from project 'swift-system')
    cd /Users/admin/builder/spi-builder-workspace/.swiftpm/xcode

SwiftCompile normal arm64_32 /Users/admin/builder/spi-builder-workspace/.dependencies/checkouts/swift-system/Sources/System/FilePath/FilePathTemp.swift (in target 'SystemPackage' from project 'swift-system')
    cd /Users/admin/builder/spi-builder-workspace/.swiftpm/xcode

SwiftCompile normal arm64 Compiling\ PlatformString.swift,\ SystemString.swift,\ Util+StringArray.swift /Users/admin/builder/spi-builder-workspace/.dependencies/checkouts/swift-system/Sources/System/PlatformString.swift /Users/admin/builder/spi-builder-workspace/.dependencies/checkouts/swift-system/Sources/System/SystemString.swift /Users/admin/builder/spi-builder-workspace/.dependencies/checkouts/swift-system/Sources/System/Util+StringArray.swift (in target 'SystemPackage' from project 'swift-system')
SwiftCompile normal arm64 /Users/admin/builder/spi-builder-workspace/.dependencies/checkouts/swift-system/Sources/System/PlatformString.swift (in target 'SystemPackage' from project 'swift-system')
    cd /Users/admin/builder/spi-builder-workspace/.swiftpm/xcode

SwiftCompile normal arm64 /Users/admin/builder/spi-builder-workspace/.dependencies/checkouts/swift-system/Sources/System/SystemString.swift (in target 'SystemPackage' from project 'swift-system')
    cd /Users/admin/builder/spi-builder-workspace/.swiftpm/xcode

SwiftCompile normal arm64 /Users/admin/builder/spi-builder-workspace/.dependencies/checkouts/swift-system/Sources/System/Util+StringArray.swift (in target 'SystemPackage' from project 'swift-system')
    cd /Users/admin/builder/spi-builder-workspace/.swiftpm/xcode

SwiftDriverJobDiscovery normal arm64_32 Emitting module for Logging (in target 'Logging' from project 'swift-log')
SwiftDriver\ Compilation\ Requirements Logging normal arm64_32 com.apple.xcode.tools.swift.compiler (in target 'Logging' from project 'swift-log')
    cd /Users/admin/builder/spi-builder-workspace/.swiftpm/xcode
    builtin-Swift-Compilation-Requirements -- /Applications/Xcode-16.3.0.app/Contents/Developer/Toolchains/XcodeDefault.xctoolchain/usr/bin/swiftc -module-name Logging -Onone -enforce-exclusivity\=checked @/Users/admin/builder/spi-builder-workspace/.derivedData/Build/Intermediates.noindex/swift-log.build/Debug-watchos/Logging.build/Objects-normal/arm64_32/Logging.SwiftFileList -DSWIFT_PACKAGE -DDEBUG -DXcode -enable-upcoming-feature ExistentialAny -enable-upcoming-feature MemberImportVisibility -enable-upcoming-feature InternalImportsByDefault -plugin-path /Applications/Xcode-16.3.0.app/Contents/Developer/Toolchains/XcodeDefault.xctoolchain/usr/lib/swift/host/plugins/testing -enable-experimental-feature DebugDescriptionMacro -sdk /Applications/Xcode-16.3.0.app/Contents/Developer/Platforms/WatchOS.platform/Developer/SDKs/WatchOS11.4.sdk -target arm64_32-apple-watchos5.0 -g -module-cache-path /Users/admin/builder/spi-builder-workspace/.derivedData/ModuleCache.noindex -Xfrontend -serialize-debugging-options -profile-coverage-mapping -profile-generate -enable-testing -suppress-warnings -index-store-path /Users/admin/builder/spi-builder-workspace/.derivedData/Index.noindex/DataStore -swift-version 6 -I /Users/admin/builder/spi-builder-workspace/.derivedData/Build/Products/Debug-watchos -I /Applications/Xcode-16.3.0.app/Contents/Developer/Platforms/WatchOS.platform/Developer/usr/lib -F /Users/admin/builder/spi-builder-workspace/.derivedData/Build/Products/Debug-watchos -F /Applications/Xcode-16.3.0.app/Contents/Developer/Platforms/WatchOS.platform/Developer/Library/Frameworks -F /Applications/Xcode-16.3.0.app/Contents/Developer/Platforms/WatchOS.platform/Developer/SDKs/WatchOS11.4.sdk/Developer/Library/Frameworks -c -j10 -enable-batch-mode -incremental -Xcc -ivfsstatcache -Xcc /Users/admin/builder/spi-builder-workspace/.derivedData/SDKStatCaches.noindex/watchos11.4-22T246-43efb940ff07ba2497b70ec94253f576.sdkstatcache -output-file-map /Users/admin/builder/spi-builder-workspace/.derivedData/Build/Intermediates.noindex/swift-log.build/Debug-watchos/Logging.build/Objects-normal/arm64_32/Logging-OutputFileMap.json -use-frontend-parseable-output -save-temps -no-color-diagnostics -serialize-diagnostics -emit-dependencies -emit-module -emit-module-path /Users/admin/builder/spi-builder-workspace/.derivedData/Build/Intermediates.noindex/swift-log.build/Debug-watchos/Logging.build/Objects-normal/arm64_32/Logging.swiftmodule -user-module-version 1.15.1 -validate-clang-modules-once -clang-build-session-file /Users/admin/builder/spi-builder-workspace/.derivedData/ModuleCache.noindex/Session.modulevalidation -package-name swift_log -Xcc -I/Users/admin/builder/spi-builder-workspace/.derivedData/Build/Intermediates.noindex/swift-log.build/Debug-watchos/Logging.build/swift-overrides.hmap -emit-const-values -Xfrontend -const-gather-protocols-file -Xfrontend /Users/admin/builder/spi-builder-workspace/.derivedData/Build/Intermediates.noindex/swift-log.build/Debug-watchos/Logging.build/Objects-normal/arm64_32/Logging_const_extract_protocols.json -Xcc -I/Users/admin/builder/spi-builder-workspace/.derivedData/Build/Products/Debug-watchos/include -Xcc -I/Users/admin/builder/spi-builder-workspace/.derivedData/Build/Intermediates.noindex/swift-log.build/Debug-watchos/Logging.build/DerivedSources-normal/arm64_32 -Xcc -I/Users/admin/builder/spi-builder-workspace/.derivedData/Build/Intermediates.noindex/swift-log.build/Debug-watchos/Logging.build/DerivedSources/arm64_32 -Xcc -I/Users/admin/builder/spi-builder-workspace/.derivedData/Build/Intermediates.noindex/swift-log.build/Debug-watchos/Logging.build/DerivedSources -Xcc -DSWIFT_PACKAGE -Xcc -DDEBUG\=1 -emit-objc-header -emit-objc-header-path /Users/admin/builder/spi-builder-workspace/.derivedData/Build/Intermediates.noindex/swift-log.build/Debug-watchos/Logging.build/Objects-normal/arm64_32/Logging-Swift.h -working-directory /Users/admin/builder/spi-builder-workspace/.swiftpm/xcode -experimental-emit-module-separately -disable-cmo
SwiftDriverJobDiscovery normal armv7k Compiling FileFlags.swift, FileMode.swift, FileType.swift, Identifiers.swift (in target 'SystemPackage' from project 'swift-system')
SwiftCompile normal armv7k Compiling\ FilePathParsing.swift,\ FilePathString.swift,\ FilePathSyntax.swift,\ FilePathTemp.swift /Users/admin/builder/spi-builder-workspace/.dependencies/checkouts/swift-system/Sources/System/FilePath/FilePathParsing.swift /Users/admin/builder/spi-builder-workspace/.dependencies/checkouts/swift-system/Sources/System/FilePath/FilePathString.swift /Users/admin/builder/spi-builder-workspace/.dependencies/checkouts/swift-system/Sources/System/FilePath/FilePathSyntax.swift /Users/admin/builder/spi-builder-workspace/.dependencies/checkouts/swift-system/Sources/System/FilePath/FilePathTemp.swift (in target 'SystemPackage' from project 'swift-system')
SwiftCompile normal armv7k /Users/admin/builder/spi-builder-workspace/.dependencies/checkouts/swift-system/Sources/System/FilePath/FilePathParsing.swift (in target 'SystemPackage' from project 'swift-system')
    cd /Users/admin/builder/spi-builder-workspace/.swiftpm/xcode

SwiftCompile normal armv7k /Users/admin/builder/spi-builder-workspace/.dependencies/checkouts/swift-system/Sources/System/FilePath/FilePathString.swift (in target 'SystemPackage' from project 'swift-system')
    cd /Users/admin/builder/spi-builder-workspace/.swiftpm/xcode

SwiftCompile normal armv7k /Users/admin/builder/spi-builder-workspace/.dependencies/checkouts/swift-system/Sources/System/FilePath/FilePathSyntax.swift (in target 'SystemPackage' from project 'swift-system')
    cd /Users/admin/builder/spi-builder-workspace/.swiftpm/xcode

SwiftCompile normal armv7k /Users/admin/builder/spi-builder-workspace/.dependencies/checkouts/swift-system/Sources/System/FilePath/FilePathTemp.swift (in target 'SystemPackage' from project 'swift-system')
    cd /Users/admin/builder/spi-builder-workspace/.swiftpm/xcode

Copy /Users/admin/builder/spi-builder-workspace/.derivedData/Build/Products/Debug-watchos/Logging.swiftmodule/arm64_32-apple-watchos.swiftmodule /Users/admin/builder/spi-builder-workspace/.derivedData/Build/Intermediates.noindex/swift-log.build/Debug-watchos/Logging.build/Objects-normal/arm64_32/Logging.swiftmodule (in target 'Logging' from project 'swift-log')
    cd /Users/admin/builder/spi-builder-workspace/.dependencies/checkouts/swift-log
    builtin-copy -exclude .DS_Store -exclude CVS -exclude .svn -exclude .git -exclude .hg -resolve-src-symlinks -rename /Users/admin/builder/spi-builder-workspace/.derivedData/Build/Intermediates.noindex/swift-log.build/Debug-watchos/Logging.build/Objects-normal/arm64_32/Logging.swiftmodule /Users/admin/builder/spi-builder-workspace/.derivedData/Build/Products/Debug-watchos/Logging.swiftmodule/arm64_32-apple-watchos.swiftmodule
SwiftDriverJobDiscovery normal armv7k Emitting module for SystemPackage (in target 'SystemPackage' from project 'swift-system')
SwiftDriver\ Compilation\ Requirements SystemPackage normal armv7k com.apple.xcode.tools.swift.compiler (in target 'SystemPackage' from project 'swift-system')
    cd /Users/admin/builder/spi-builder-workspace/.swiftpm/xcode
    builtin-Swift-Compilation-Requirements -- /Applications/Xcode-16.3.0.app/Contents/Developer/Toolchains/XcodeDefault.xctoolchain/usr/bin/swiftc -module-name SystemPackage -Onone -enforce-exclusivity\=checked @/Users/admin/builder/spi-builder-workspace/.derivedData/Build/Intermediates.noindex/swift-system.build/Debug-watchos/SystemPackage.build/Objects-normal/armv7k/SystemPackage.SwiftFileList -DSWIFT_PACKAGE -DDEBUG -DSYSTEM_PACKAGE -DENABLE_MOCKING -DSYSTEM_PACKAGE_DARWIN -DXcode -enable-experimental-feature AvailabilityMacro\=System\ 0.0.1:macOS\ 10.10,\ iOS\ 8.0,\ watchOS\ 2.0,\ tvOS\ 9.0,\ visionOS\ 1.0 -enable-experimental-feature AvailabilityMacro\=System\ 0.0.2:macOS\ 10.10,\ iOS\ 8.0,\ watchOS\ 2.0,\ tvOS\ 9.0,\ visionOS\ 1.0 -enable-experimental-feature AvailabilityMacro\=System\ 0.0.3:macOS\ 10.10,\ iOS\ 8.0,\ watchOS\ 2.0,\ tvOS\ 9.0,\ visionOS\ 1.0 -enable-experimental-feature AvailabilityMacro\=System\ 1.1.0:macOS\ 10.10,\ iOS\ 8.0,\ watchOS\ 2.0,\ tvOS\ 9.0,\ visionOS\ 1.0 -enable-experimental-feature AvailabilityMacro\=System\ 1.1.1:macOS\ 10.10,\ iOS\ 8.0,\ watchOS\ 2.0,\ tvOS\ 9.0,\ visionOS\ 1.0 -enable-experimental-feature AvailabilityMacro\=System\ 1.2.0:macOS\ 10.10,\ iOS\ 8.0,\ watchOS\ 2.0,\ tvOS\ 9.0,\ visionOS\ 1.0 -enable-experimental-feature AvailabilityMacro\=System\ 1.2.1:macOS\ 10.10,\ iOS\ 8.0,\ watchOS\ 2.0,\ tvOS\ 9.0,\ visionOS\ 1.0 -enable-experimental-feature AvailabilityMacro\=System\ 1.3.0:macOS\ 10.10,\ iOS\ 8.0,\ watchOS\ 2.0,\ tvOS\ 9.0,\ visionOS\ 1.0 -enable-experimental-feature AvailabilityMacro\=System\ 1.3.1:macOS\ 10.10,\ iOS\ 8.0,\ watchOS\ 2.0,\ tvOS\ 9.0,\ visionOS\ 1.0 -enable-experimental-feature AvailabilityMacro\=System\ 1.3.2:macOS\ 10.10,\ iOS\ 8.0,\ watchOS\ 2.0,\ tvOS\ 9.0,\ visionOS\ 1.0 -enable-experimental-feature AvailabilityMacro\=System\ 1.4.0:macOS\ 10.10,\ iOS\ 8.0,\ watchOS\ 2.0,\ tvOS\ 9.0,\ visionOS\ 1.0 -enable-experimental-feature AvailabilityMacro\=System\ 1.7.0:macOS\ 10.10,\ iOS\ 8.0,\ watchOS\ 2.0,\ tvOS\ 9.0,\ visionOS\ 1.0 -enable-experimental-feature AvailabilityMacro\=System\ 199:macOS\ 10.10,\ iOS\ 8.0,\ watchOS\ 2.0,\ tvOS\ 9.0,\ visionOS\ 1.0 -enable-experimental-feature Lifetimes -plugin-path /Applications/Xcode-16.3.0.app/Contents/Developer/Toolchains/XcodeDefault.xctoolchain/usr/lib/swift/host/plugins/testing -enable-experimental-feature DebugDescriptionMacro -sdk /Applications/Xcode-16.3.0.app/Contents/Developer/Platforms/WatchOS.platform/Developer/SDKs/WatchOS11.4.sdk -target armv7k-apple-watchos5.0 -g -module-cache-path /Users/admin/builder/spi-builder-workspace/.derivedData/ModuleCache.noindex -Xfrontend -serialize-debugging-options -profile-coverage-mapping -profile-generate -enable-testing -suppress-warnings -index-store-path /Users/admin/builder/spi-builder-workspace/.derivedData/Index.noindex/DataStore -swift-version 6 -I /Users/admin/builder/spi-builder-workspace/.derivedData/Build/Products/Debug-watchos -I /Applications/Xcode-16.3.0.app/Contents/Developer/Platforms/WatchOS.platform/Developer/usr/lib -F /Users/admin/builder/spi-builder-workspace/.derivedData/Build/Products/Debug-watchos/PackageFrameworks -F /Users/admin/builder/spi-builder-workspace/.derivedData/Build/Products/Debug-watchos -F /Applications/Xcode-16.3.0.app/Contents/Developer/Platforms/WatchOS.platform/Developer/Library/Frameworks -F /Applications/Xcode-16.3.0.app/Contents/Developer/Platforms/WatchOS.platform/Developer/SDKs/WatchOS11.4.sdk/Developer/Library/Frameworks -c -j10 -enable-batch-mode -incremental -Xcc -ivfsstatcache -Xcc /Users/admin/builder/spi-builder-workspace/.derivedData/SDKStatCaches.noindex/watchos11.4-22T246-43efb940ff07ba2497b70ec94253f576.sdkstatcache -output-file-map /Users/admin/builder/spi-builder-workspace/.derivedData/Build/Intermediates.noindex/swift-system.build/Debug-watchos/SystemPackage.build/Objects-normal/armv7k/SystemPackage-OutputFileMap.json -use-frontend-parseable-output -save-temps -no-color-diagnostics -serialize-diagnostics -emit-dependencies -emit-module -emit-module-path /Users/admin/builder/spi-builder-workspace/.derivedData/Build/Intermediates.noindex/swift-system.build/Debug-watchos/SystemPackage.build/Objects-normal/armv7k/SystemPackage.swiftmodule -user-module-version 1.8.1 -validate-clang-modules-once -clang-build-session-file /Users/admin/builder/spi-builder-workspace/.derivedData/ModuleCache.noindex/Session.modulevalidation -package-name swift_system -Xcc -I/Users/admin/builder/spi-builder-workspace/.derivedData/Build/Intermediates.noindex/swift-system.build/Debug-watchos/SystemPackage.build/swift-overrides.hmap -emit-const-values -Xfrontend -const-gather-protocols-file -Xfrontend /Users/admin/builder/spi-builder-workspace/.derivedData/Build/Intermediates.noindex/swift-system.build/Debug-watchos/SystemPackage.build/Objects-normal/armv7k/SystemPackage_const_extract_protocols.json -Xcc -I/Users/admin/builder/spi-builder-workspace/.dependencies/checkouts/swift-system/Sources/CSystem/include -Xcc -I/Users/admin/builder/spi-builder-workspace/.derivedData/Build/Products/Debug-watchos/include -Xcc -I/Users/admin/builder/spi-builder-workspace/.derivedData/Build/Intermediates.noindex/swift-system.build/Debug-watchos/SystemPackage.build/DerivedSources-normal/armv7k -Xcc -I/Users/admin/builder/spi-builder-workspace/.derivedData/Build/Intermediates.noindex/swift-system.build/Debug-watchos/SystemPackage.build/DerivedSources/armv7k -Xcc -I/Users/admin/builder/spi-builder-workspace/.derivedData/Build/Intermediates.noindex/swift-system.build/Debug-watchos/SystemPackage.build/DerivedSources -Xcc -DSWIFT_PACKAGE -Xcc -DDEBUG\=1 -emit-objc-header -emit-objc-header-path /Users/admin/builder/spi-builder-workspace/.derivedData/Build/Intermediates.noindex/swift-system.build/Debug-watchos/SystemPackage.build/Objects-normal/armv7k/SystemPackage-Swift.h -working-directory /Users/admin/builder/spi-builder-workspace/.swiftpm/xcode -experimental-emit-module-separately -disable-cmo
Copy /Users/admin/builder/spi-builder-workspace/.derivedData/Build/Products/Debug-watchos/Logging.swiftmodule/arm64_32-apple-watchos.abi.json /Users/admin/builder/spi-builder-workspace/.derivedData/Build/Intermediates.noindex/swift-log.build/Debug-watchos/Logging.build/Objects-normal/arm64_32/Logging.abi.json (in target 'Logging' from project 'swift-log')
    cd /Users/admin/builder/spi-builder-workspace/.dependencies/checkouts/swift-log
    builtin-copy -exclude .DS_Store -exclude CVS -exclude .svn -exclude .git -exclude .hg -resolve-src-symlinks -rename /Users/admin/builder/spi-builder-workspace/.derivedData/Build/Intermediates.noindex/swift-log.build/Debug-watchos/Logging.build/Objects-normal/arm64_32/Logging.abi.json /Users/admin/builder/spi-builder-workspace/.derivedData/Build/Products/Debug-watchos/Logging.swiftmodule/arm64_32-apple-watchos.abi.json
SwiftCompile normal armv7k Compiling\ Util.swift,\ UtilConsumers.swift,\ WinSDK+Overlay.swift /Users/admin/builder/spi-builder-workspace/.dependencies/checkouts/swift-system/Sources/System/Util.swift /Users/admin/builder/spi-builder-workspace/.dependencies/checkouts/swift-system/Sources/System/UtilConsumers.swift /Users/admin/builder/spi-builder-workspace/.dependencies/checkouts/swift-system/Sources/System/WinSDK+Overlay.swift (in target 'SystemPackage' from project 'swift-system')
SwiftCompile normal armv7k /Users/admin/builder/spi-builder-workspace/.dependencies/checkouts/swift-system/Sources/System/Util.swift (in target 'SystemPackage' from project 'swift-system')
    cd /Users/admin/builder/spi-builder-workspace/.swiftpm/xcode

SwiftCompile normal armv7k /Users/admin/builder/spi-builder-workspace/.dependencies/checkouts/swift-system/Sources/System/UtilConsumers.swift (in target 'SystemPackage' from project 'swift-system')
    cd /Users/admin/builder/spi-builder-workspace/.swiftpm/xcode

SwiftCompile normal armv7k /Users/admin/builder/spi-builder-workspace/.dependencies/checkouts/swift-system/Sources/System/WinSDK+Overlay.swift (in target 'SystemPackage' from project 'swift-system')
    cd /Users/admin/builder/spi-builder-workspace/.swiftpm/xcode

SwiftDriverJobDiscovery normal arm64_32 Compiling Syscalls.swift, WindowsSyscallAdapters.swift, MachPort.swift (in target 'SystemPackage' from project 'swift-system')
SwiftCompile normal arm64_32 Compiling\ Stat.swift,\ Backcompat.swift,\ CInterop.swift,\ Constants.swift /Users/admin/builder/spi-builder-workspace/.dependencies/checkouts/swift-system/Sources/System/FileSystem/Stat.swift /Users/admin/builder/spi-builder-workspace/.dependencies/checkouts/swift-system/Sources/System/Internals/Backcompat.swift /Users/admin/builder/spi-builder-workspace/.dependencies/checkouts/swift-system/Sources/System/Internals/CInterop.swift /Users/admin/builder/spi-builder-workspace/.dependencies/checkouts/swift-system/Sources/System/Internals/Constants.swift (in target 'SystemPackage' from project 'swift-system')
SwiftCompile normal arm64_32 /Users/admin/builder/spi-builder-workspace/.dependencies/checkouts/swift-system/Sources/System/FileSystem/Stat.swift (in target 'SystemPackage' from project 'swift-system')
    cd /Users/admin/builder/spi-builder-workspace/.swiftpm/xcode

SwiftCompile normal arm64_32 /Users/admin/builder/spi-builder-workspace/.dependencies/checkouts/swift-system/Sources/System/Internals/Backcompat.swift (in target 'SystemPackage' from project 'swift-system')
    cd /Users/admin/builder/spi-builder-workspace/.swiftpm/xcode

SwiftCompile normal arm64_32 /Users/admin/builder/spi-builder-workspace/.dependencies/checkouts/swift-system/Sources/System/Internals/CInterop.swift (in target 'SystemPackage' from project 'swift-system')
    cd /Users/admin/builder/spi-builder-workspace/.swiftpm/xcode

SwiftCompile normal arm64_32 /Users/admin/builder/spi-builder-workspace/.dependencies/checkouts/swift-system/Sources/System/Internals/Constants.swift (in target 'SystemPackage' from project 'swift-system')
    cd /Users/admin/builder/spi-builder-workspace/.swiftpm/xcode

Copy /Users/admin/builder/spi-builder-workspace/.derivedData/Build/Products/Debug-watchos/SystemPackage.swiftmodule/armv7k-apple-watchos.swiftmodule /Users/admin/builder/spi-builder-workspace/.derivedData/Build/Intermediates.noindex/swift-system.build/Debug-watchos/SystemPackage.build/Objects-normal/armv7k/SystemPackage.swiftmodule (in target 'SystemPackage' from project 'swift-system')
    cd /Users/admin/builder/spi-builder-workspace/.dependencies/checkouts/swift-system
    builtin-copy -exclude .DS_Store -exclude CVS -exclude .svn -exclude .git -exclude .hg -resolve-src-symlinks -rename /Users/admin/builder/spi-builder-workspace/.derivedData/Build/Intermediates.noindex/swift-system.build/Debug-watchos/SystemPackage.build/Objects-normal/armv7k/SystemPackage.swiftmodule /Users/admin/builder/spi-builder-workspace/.derivedData/Build/Products/Debug-watchos/SystemPackage.swiftmodule/armv7k-apple-watchos.swiftmodule
SwiftDriverJobDiscovery normal arm64_32 Emitting module for SystemPackage (in target 'SystemPackage' from project 'swift-system')
SwiftDriver\ Compilation\ Requirements SystemPackage normal arm64_32 com.apple.xcode.tools.swift.compiler (in target 'SystemPackage' from project 'swift-system')
    cd /Users/admin/builder/spi-builder-workspace/.swiftpm/xcode
    builtin-Swift-Compilation-Requirements -- /Applications/Xcode-16.3.0.app/Contents/Developer/Toolchains/XcodeDefault.xctoolchain/usr/bin/swiftc -module-name SystemPackage -Onone -enforce-exclusivity\=checked @/Users/admin/builder/spi-builder-workspace/.derivedData/Build/Intermediates.noindex/swift-system.build/Debug-watchos/SystemPackage.build/Objects-normal/arm64_32/SystemPackage.SwiftFileList -DSWIFT_PACKAGE -DDEBUG -DSYSTEM_PACKAGE -DENABLE_MOCKING -DSYSTEM_PACKAGE_DARWIN -DXcode -enable-experimental-feature AvailabilityMacro\=System\ 0.0.1:macOS\ 10.10,\ iOS\ 8.0,\ watchOS\ 2.0,\ tvOS\ 9.0,\ visionOS\ 1.0 -enable-experimental-feature AvailabilityMacro\=System\ 0.0.2:macOS\ 10.10,\ iOS\ 8.0,\ watchOS\ 2.0,\ tvOS\ 9.0,\ visionOS\ 1.0 -enable-experimental-feature AvailabilityMacro\=System\ 0.0.3:macOS\ 10.10,\ iOS\ 8.0,\ watchOS\ 2.0,\ tvOS\ 9.0,\ visionOS\ 1.0 -enable-experimental-feature AvailabilityMacro\=System\ 1.1.0:macOS\ 10.10,\ iOS\ 8.0,\ watchOS\ 2.0,\ tvOS\ 9.0,\ visionOS\ 1.0 -enable-experimental-feature AvailabilityMacro\=System\ 1.1.1:macOS\ 10.10,\ iOS\ 8.0,\ watchOS\ 2.0,\ tvOS\ 9.0,\ visionOS\ 1.0 -enable-experimental-feature AvailabilityMacro\=System\ 1.2.0:macOS\ 10.10,\ iOS\ 8.0,\ watchOS\ 2.0,\ tvOS\ 9.0,\ visionOS\ 1.0 -enable-experimental-feature AvailabilityMacro\=System\ 1.2.1:macOS\ 10.10,\ iOS\ 8.0,\ watchOS\ 2.0,\ tvOS\ 9.0,\ visionOS\ 1.0 -enable-experimental-feature AvailabilityMacro\=System\ 1.3.0:macOS\ 10.10,\ iOS\ 8.0,\ watchOS\ 2.0,\ tvOS\ 9.0,\ visionOS\ 1.0 -enable-experimental-feature AvailabilityMacro\=System\ 1.3.1:macOS\ 10.10,\ iOS\ 8.0,\ watchOS\ 2.0,\ tvOS\ 9.0,\ visionOS\ 1.0 -enable-experimental-feature AvailabilityMacro\=System\ 1.3.2:macOS\ 10.10,\ iOS\ 8.0,\ watchOS\ 2.0,\ tvOS\ 9.0,\ visionOS\ 1.0 -enable-experimental-feature AvailabilityMacro\=System\ 1.4.0:macOS\ 10.10,\ iOS\ 8.0,\ watchOS\ 2.0,\ tvOS\ 9.0,\ visionOS\ 1.0 -enable-experimental-feature AvailabilityMacro\=System\ 1.7.0:macOS\ 10.10,\ iOS\ 8.0,\ watchOS\ 2.0,\ tvOS\ 9.0,\ visionOS\ 1.0 -enable-experimental-feature AvailabilityMacro\=System\ 199:macOS\ 10.10,\ iOS\ 8.0,\ watchOS\ 2.0,\ tvOS\ 9.0,\ visionOS\ 1.0 -enable-experimental-feature Lifetimes -plugin-path /Applications/Xcode-16.3.0.app/Contents/Developer/Toolchains/XcodeDefault.xctoolchain/usr/lib/swift/host/plugins/testing -enable-experimental-feature DebugDescriptionMacro -sdk /Applications/Xcode-16.3.0.app/Contents/Developer/Platforms/WatchOS.platform/Developer/SDKs/WatchOS11.4.sdk -target arm64_32-apple-watchos5.0 -g -module-cache-path /Users/admin/builder/spi-builder-workspace/.derivedData/ModuleCache.noindex -Xfrontend -serialize-debugging-options -profile-coverage-mapping -profile-generate -enable-testing -suppress-warnings -index-store-path /Users/admin/builder/spi-builder-workspace/.derivedData/Index.noindex/DataStore -swift-version 6 -I /Users/admin/builder/spi-builder-workspace/.derivedData/Build/Products/Debug-watchos -I /Applications/Xcode-16.3.0.app/Contents/Developer/Platforms/WatchOS.platform/Developer/usr/lib -F /Users/admin/builder/spi-builder-workspace/.derivedData/Build/Products/Debug-watchos/PackageFrameworks -F /Users/admin/builder/spi-builder-workspace/.derivedData/Build/Products/Debug-watchos -F /Applications/Xcode-16.3.0.app/Contents/Developer/Platforms/WatchOS.platform/Developer/Library/Frameworks -F /Applications/Xcode-16.3.0.app/Contents/Developer/Platforms/WatchOS.platform/Developer/SDKs/WatchOS11.4.sdk/Developer/Library/Frameworks -c -j10 -enable-batch-mode -incremental -Xcc -ivfsstatcache -Xcc /Users/admin/builder/spi-builder-workspace/.derivedData/SDKStatCaches.noindex/watchos11.4-22T246-43efb940ff07ba2497b70ec94253f576.sdkstatcache -output-file-map /Users/admin/builder/spi-builder-workspace/.derivedData/Build/Intermediates.noindex/swift-system.build/Debug-watchos/SystemPackage.build/Objects-normal/arm64_32/SystemPackage-OutputFileMap.json -use-frontend-parseable-output -save-temps -no-color-diagnostics -serialize-diagnostics -emit-dependencies -emit-module -emit-module-path /Users/admin/builder/spi-builder-workspace/.derivedData/Build/Intermediates.noindex/swift-system.build/Debug-watchos/SystemPackage.build/Objects-normal/arm64_32/SystemPackage.swiftmodule -user-module-version 1.8.1 -validate-clang-modules-once -clang-build-session-file /Users/admin/builder/spi-builder-workspace/.derivedData/ModuleCache.noindex/Session.modulevalidation -package-name swift_system -Xcc -I/Users/admin/builder/spi-builder-workspace/.derivedData/Build/Intermediates.noindex/swift-system.build/Debug-watchos/SystemPackage.build/swift-overrides.hmap -emit-const-values -Xfrontend -const-gather-protocols-file -Xfrontend /Users/admin/builder/spi-builder-workspace/.derivedData/Build/Intermediates.noindex/swift-system.build/Debug-watchos/SystemPackage.build/Objects-normal/arm64_32/SystemPackage_const_extract_protocols.json -Xcc -I/Users/admin/builder/spi-builder-workspace/.dependencies/checkouts/swift-system/Sources/CSystem/include -Xcc -I/Users/admin/builder/spi-builder-workspace/.derivedData/Build/Products/Debug-watchos/include -Xcc -I/Users/admin/builder/spi-builder-workspace/.derivedData/Build/Intermediates.noindex/swift-system.build/Debug-watchos/SystemPackage.build/DerivedSources-normal/arm64_32 -Xcc -I/Users/admin/builder/spi-builder-workspace/.derivedData/Build/Intermediates.noindex/swift-system.build/Debug-watchos/SystemPackage.build/DerivedSources/arm64_32 -Xcc -I/Users/admin/builder/spi-builder-workspace/.derivedData/Build/Intermediates.noindex/swift-system.build/Debug-watchos/SystemPackage.build/DerivedSources -Xcc -DSWIFT_PACKAGE -Xcc -DDEBUG\=1 -emit-objc-header -emit-objc-header-path /Users/admin/builder/spi-builder-workspace/.derivedData/Build/Intermediates.noindex/swift-system.build/Debug-watchos/SystemPackage.build/Objects-normal/arm64_32/SystemPackage-Swift.h -working-directory /Users/admin/builder/spi-builder-workspace/.swiftpm/xcode -experimental-emit-module-separately -disable-cmo
Copy /Users/admin/builder/spi-builder-workspace/.derivedData/Build/Products/Debug-watchos/SystemPackage.swiftmodule/armv7k-apple-watchos.abi.json /Users/admin/builder/spi-builder-workspace/.derivedData/Build/Intermediates.noindex/swift-system.build/Debug-watchos/SystemPackage.build/Objects-normal/armv7k/SystemPackage.abi.json (in target 'SystemPackage' from project 'swift-system')
    cd /Users/admin/builder/spi-builder-workspace/.dependencies/checkouts/swift-system
    builtin-copy -exclude .DS_Store -exclude CVS -exclude .svn -exclude .git -exclude .hg -resolve-src-symlinks -rename /Users/admin/builder/spi-builder-workspace/.derivedData/Build/Intermediates.noindex/swift-system.build/Debug-watchos/SystemPackage.build/Objects-normal/armv7k/SystemPackage.abi.json /Users/admin/builder/spi-builder-workspace/.derivedData/Build/Products/Debug-watchos/SystemPackage.swiftmodule/armv7k-apple-watchos.abi.json
Copy /Users/admin/builder/spi-builder-workspace/.derivedData/Build/Products/Debug-watchos/SystemPackage.swiftmodule/arm64_32-apple-watchos.swiftmodule /Users/admin/builder/spi-builder-workspace/.derivedData/Build/Intermediates.noindex/swift-system.build/Debug-watchos/SystemPackage.build/Objects-normal/arm64_32/SystemPackage.swiftmodule (in target 'SystemPackage' from project 'swift-system')
    cd /Users/admin/builder/spi-builder-workspace/.dependencies/checkouts/swift-system
    builtin-copy -exclude .DS_Store -exclude CVS -exclude .svn -exclude .git -exclude .hg -resolve-src-symlinks -rename /Users/admin/builder/spi-builder-workspace/.derivedData/Build/Intermediates.noindex/swift-system.build/Debug-watchos/SystemPackage.build/Objects-normal/arm64_32/SystemPackage.swiftmodule /Users/admin/builder/spi-builder-workspace/.derivedData/Build/Products/Debug-watchos/SystemPackage.swiftmodule/arm64_32-apple-watchos.swiftmodule
Copy /Users/admin/builder/spi-builder-workspace/.derivedData/Build/Products/Debug-watchos/SystemPackage.swiftmodule/arm64_32-apple-watchos.abi.json /Users/admin/builder/spi-builder-workspace/.derivedData/Build/Intermediates.noindex/swift-system.build/Debug-watchos/SystemPackage.build/Objects-normal/arm64_32/SystemPackage.abi.json (in target 'SystemPackage' from project 'swift-system')
    cd /Users/admin/builder/spi-builder-workspace/.dependencies/checkouts/swift-system
    builtin-copy -exclude .DS_Store -exclude CVS -exclude .svn -exclude .git -exclude .hg -resolve-src-symlinks -rename /Users/admin/builder/spi-builder-workspace/.derivedData/Build/Intermediates.noindex/swift-system.build/Debug-watchos/SystemPackage.build/Objects-normal/arm64_32/SystemPackage.abi.json /Users/admin/builder/spi-builder-workspace/.derivedData/Build/Products/Debug-watchos/SystemPackage.swiftmodule/arm64_32-apple-watchos.abi.json
SwiftCompile normal arm64 Compiling\ Stat.swift,\ Backcompat.swift,\ CInterop.swift,\ Constants.swift /Users/admin/builder/spi-builder-workspace/.dependencies/checkouts/swift-system/Sources/System/FileSystem/Stat.swift /Users/admin/builder/spi-builder-workspace/.dependencies/checkouts/swift-system/Sources/System/Internals/Backcompat.swift /Users/admin/builder/spi-builder-workspace/.dependencies/checkouts/swift-system/Sources/System/Internals/CInterop.swift /Users/admin/builder/spi-builder-workspace/.dependencies/checkouts/swift-system/Sources/System/Internals/Constants.swift (in target 'SystemPackage' from project 'swift-system')
SwiftCompile normal arm64 /Users/admin/builder/spi-builder-workspace/.dependencies/checkouts/swift-system/Sources/System/FileSystem/Stat.swift (in target 'SystemPackage' from project 'swift-system')
    cd /Users/admin/builder/spi-builder-workspace/.swiftpm/xcode

SwiftCompile normal arm64 /Users/admin/builder/spi-builder-workspace/.dependencies/checkouts/swift-system/Sources/System/Internals/Backcompat.swift (in target 'SystemPackage' from project 'swift-system')
    cd /Users/admin/builder/spi-builder-workspace/.swiftpm/xcode

SwiftCompile normal arm64 /Users/admin/builder/spi-builder-workspace/.dependencies/checkouts/swift-system/Sources/System/Internals/CInterop.swift (in target 'SystemPackage' from project 'swift-system')
    cd /Users/admin/builder/spi-builder-workspace/.swiftpm/xcode

SwiftCompile normal arm64 /Users/admin/builder/spi-builder-workspace/.dependencies/checkouts/swift-system/Sources/System/Internals/Constants.swift (in target 'SystemPackage' from project 'swift-system')
    cd /Users/admin/builder/spi-builder-workspace/.swiftpm/xcode

SwiftCompile normal armv7k Compiling\ Syscalls.swift,\ WindowsSyscallAdapters.swift,\ MachPort.swift /Users/admin/builder/spi-builder-workspace/.dependencies/checkouts/swift-system/Sources/System/Internals/Syscalls.swift /Users/admin/builder/spi-builder-workspace/.dependencies/checkouts/swift-system/Sources/System/Internals/WindowsSyscallAdapters.swift /Users/admin/builder/spi-builder-workspace/.dependencies/checkouts/swift-system/Sources/System/MachPort.swift (in target 'SystemPackage' from project 'swift-system')
SwiftCompile normal armv7k /Users/admin/builder/spi-builder-workspace/.dependencies/checkouts/swift-system/Sources/System/Internals/Syscalls.swift (in target 'SystemPackage' from project 'swift-system')
    cd /Users/admin/builder/spi-builder-workspace/.swiftpm/xcode

SwiftCompile normal armv7k /Users/admin/builder/spi-builder-workspace/.dependencies/checkouts/swift-system/Sources/System/Internals/WindowsSyscallAdapters.swift (in target 'SystemPackage' from project 'swift-system')
    cd /Users/admin/builder/spi-builder-workspace/.swiftpm/xcode

SwiftCompile normal armv7k /Users/admin/builder/spi-builder-workspace/.dependencies/checkouts/swift-system/Sources/System/MachPort.swift (in target 'SystemPackage' from project 'swift-system')
    cd /Users/admin/builder/spi-builder-workspace/.swiftpm/xcode

SwiftDriverJobDiscovery normal arm64_32 Compiling Errno.swift, ErrnoWindows.swift, FileDescriptor.swift, FileHelpers.swift (in target 'SystemPackage' from project 'swift-system')
SwiftCompile normal arm64_32 Compiling\ FileFlags.swift,\ FileMode.swift,\ FileType.swift,\ Identifiers.swift /Users/admin/builder/spi-builder-workspace/.dependencies/checkouts/swift-system/Sources/System/FileSystem/FileFlags.swift /Users/admin/builder/spi-builder-workspace/.dependencies/checkouts/swift-system/Sources/System/FileSystem/FileMode.swift /Users/admin/builder/spi-builder-workspace/.dependencies/checkouts/swift-system/Sources/System/FileSystem/FileType.swift /Users/admin/builder/spi-builder-workspace/.dependencies/checkouts/swift-system/Sources/System/FileSystem/Identifiers.swift (in target 'SystemPackage' from project 'swift-system')
SwiftCompile normal arm64_32 /Users/admin/builder/spi-builder-workspace/.dependencies/checkouts/swift-system/Sources/System/FileSystem/FileFlags.swift (in target 'SystemPackage' from project 'swift-system')
    cd /Users/admin/builder/spi-builder-workspace/.swiftpm/xcode

SwiftCompile normal arm64_32 /Users/admin/builder/spi-builder-workspace/.dependencies/checkouts/swift-system/Sources/System/FileSystem/FileMode.swift (in target 'SystemPackage' from project 'swift-system')
    cd /Users/admin/builder/spi-builder-workspace/.swiftpm/xcode

SwiftCompile normal arm64_32 /Users/admin/builder/spi-builder-workspace/.dependencies/checkouts/swift-system/Sources/System/FileSystem/FileType.swift (in target 'SystemPackage' from project 'swift-system')
    cd /Users/admin/builder/spi-builder-workspace/.swiftpm/xcode

SwiftCompile normal arm64_32 /Users/admin/builder/spi-builder-workspace/.dependencies/checkouts/swift-system/Sources/System/FileSystem/Identifiers.swift (in target 'SystemPackage' from project 'swift-system')
    cd /Users/admin/builder/spi-builder-workspace/.swiftpm/xcode

SwiftDriverJobDiscovery normal armv7k Compiling PlatformString.swift, SystemString.swift, Util+StringArray.swift (in target 'SystemPackage' from project 'swift-system')
SwiftCompile normal armv7k Compiling\ FilePathTempPosix.swift,\ FilePathTempWindows.swift,\ FilePathWindows.swift,\ FilePermissions.swift /Users/admin/builder/spi-builder-workspace/.dependencies/checkouts/swift-system/Sources/System/FilePath/FilePathTempPosix.swift /Users/admin/builder/spi-builder-workspace/.dependencies/checkouts/swift-system/Sources/System/FilePath/FilePathTempWindows.swift /Users/admin/builder/spi-builder-workspace/.dependencies/checkouts/swift-system/Sources/System/FilePath/FilePathWindows.swift /Users/admin/builder/spi-builder-workspace/.dependencies/checkouts/swift-system/Sources/System/FilePermissions.swift (in target 'SystemPackage' from project 'swift-system')
SwiftCompile normal armv7k /Users/admin/builder/spi-builder-workspace/.dependencies/checkouts/swift-system/Sources/System/FilePath/FilePathTempPosix.swift (in target 'SystemPackage' from project 'swift-system')
    cd /Users/admin/builder/spi-builder-workspace/.swiftpm/xcode

SwiftCompile normal armv7k /Users/admin/builder/spi-builder-workspace/.dependencies/checkouts/swift-system/Sources/System/FilePath/FilePathTempWindows.swift (in target 'SystemPackage' from project 'swift-system')
    cd /Users/admin/builder/spi-builder-workspace/.swiftpm/xcode

SwiftCompile normal armv7k /Users/admin/builder/spi-builder-workspace/.dependencies/checkouts/swift-system/Sources/System/FilePath/FilePathWindows.swift (in target 'SystemPackage' from project 'swift-system')
    cd /Users/admin/builder/spi-builder-workspace/.swiftpm/xcode

SwiftCompile normal armv7k /Users/admin/builder/spi-builder-workspace/.dependencies/checkouts/swift-system/Sources/System/FilePermissions.swift (in target 'SystemPackage' from project 'swift-system')
    cd /Users/admin/builder/spi-builder-workspace/.swiftpm/xcode

SwiftDriverJobDiscovery normal arm64 Emitting module for SystemPackage (in target 'SystemPackage' from project 'swift-system')
SwiftDriver\ Compilation\ Requirements SystemPackage normal arm64 com.apple.xcode.tools.swift.compiler (in target 'SystemPackage' from project 'swift-system')
    cd /Users/admin/builder/spi-builder-workspace/.swiftpm/xcode
    builtin-Swift-Compilation-Requirements -- /Applications/Xcode-16.3.0.app/Contents/Developer/Toolchains/XcodeDefault.xctoolchain/usr/bin/swiftc -module-name SystemPackage -Onone -enforce-exclusivity\=checked @/Users/admin/builder/spi-builder-workspace/.derivedData/Build/Intermediates.noindex/swift-system.build/Debug-watchos/SystemPackage.build/Objects-normal/arm64/SystemPackage.SwiftFileList -DSWIFT_PACKAGE -DDEBUG -DSYSTEM_PACKAGE -DENABLE_MOCKING -DSYSTEM_PACKAGE_DARWIN -DXcode -enable-experimental-feature AvailabilityMacro\=System\ 0.0.1:macOS\ 10.10,\ iOS\ 8.0,\ watchOS\ 2.0,\ tvOS\ 9.0,\ visionOS\ 1.0 -enable-experimental-feature AvailabilityMacro\=System\ 0.0.2:macOS\ 10.10,\ iOS\ 8.0,\ watchOS\ 2.0,\ tvOS\ 9.0,\ visionOS\ 1.0 -enable-experimental-feature AvailabilityMacro\=System\ 0.0.3:macOS\ 10.10,\ iOS\ 8.0,\ watchOS\ 2.0,\ tvOS\ 9.0,\ visionOS\ 1.0 -enable-experimental-feature AvailabilityMacro\=System\ 1.1.0:macOS\ 10.10,\ iOS\ 8.0,\ watchOS\ 2.0,\ tvOS\ 9.0,\ visionOS\ 1.0 -enable-experimental-feature AvailabilityMacro\=System\ 1.1.1:macOS\ 10.10,\ iOS\ 8.0,\ watchOS\ 2.0,\ tvOS\ 9.0,\ visionOS\ 1.0 -enable-experimental-feature AvailabilityMacro\=System\ 1.2.0:macOS\ 10.10,\ iOS\ 8.0,\ watchOS\ 2.0,\ tvOS\ 9.0,\ visionOS\ 1.0 -enable-experimental-feature AvailabilityMacro\=System\ 1.2.1:macOS\ 10.10,\ iOS\ 8.0,\ watchOS\ 2.0,\ tvOS\ 9.0,\ visionOS\ 1.0 -enable-experimental-feature AvailabilityMacro\=System\ 1.3.0:macOS\ 10.10,\ iOS\ 8.0,\ watchOS\ 2.0,\ tvOS\ 9.0,\ visionOS\ 1.0 -enable-experimental-feature AvailabilityMacro\=System\ 1.3.1:macOS\ 10.10,\ iOS\ 8.0,\ watchOS\ 2.0,\ tvOS\ 9.0,\ visionOS\ 1.0 -enable-experimental-feature AvailabilityMacro\=System\ 1.3.2:macOS\ 10.10,\ iOS\ 8.0,\ watchOS\ 2.0,\ tvOS\ 9.0,\ visionOS\ 1.0 -enable-experimental-feature AvailabilityMacro\=System\ 1.4.0:macOS\ 10.10,\ iOS\ 8.0,\ watchOS\ 2.0,\ tvOS\ 9.0,\ visionOS\ 1.0 -enable-experimental-feature AvailabilityMacro\=System\ 1.7.0:macOS\ 10.10,\ iOS\ 8.0,\ watchOS\ 2.0,\ tvOS\ 9.0,\ visionOS\ 1.0 -enable-experimental-feature AvailabilityMacro\=System\ 199:macOS\ 10.10,\ iOS\ 8.0,\ watchOS\ 2.0,\ tvOS\ 9.0,\ visionOS\ 1.0 -enable-experimental-feature Lifetimes -plugin-path /Applications/Xcode-16.3.0.app/Contents/Developer/Toolchains/XcodeDefault.xctoolchain/usr/lib/swift/host/plugins/testing -enable-experimental-feature DebugDescriptionMacro -sdk /Applications/Xcode-16.3.0.app/Contents/Developer/Platforms/WatchOS.platform/Developer/SDKs/WatchOS11.4.sdk -target arm64-apple-watchos5.0 -g -module-cache-path /Users/admin/builder/spi-builder-workspace/.derivedData/ModuleCache.noindex -Xfrontend -serialize-debugging-options -profile-coverage-mapping -profile-generate -enable-testing -suppress-warnings -index-store-path /Users/admin/builder/spi-builder-workspace/.derivedData/Index.noindex/DataStore -swift-version 6 -I /Users/admin/builder/spi-builder-workspace/.derivedData/Build/Products/Debug-watchos -I /Applications/Xcode-16.3.0.app/Contents/Developer/Platforms/WatchOS.platform/Developer/usr/lib -F /Users/admin/builder/spi-builder-workspace/.derivedData/Build/Products/Debug-watchos/PackageFrameworks -F /Users/admin/builder/spi-builder-workspace/.derivedData/Build/Products/Debug-watchos -F /Applications/Xcode-16.3.0.app/Contents/Developer/Platforms/WatchOS.platform/Developer/Library/Frameworks -F /Applications/Xcode-16.3.0.app/Contents/Developer/Platforms/WatchOS.platform/Developer/SDKs/WatchOS11.4.sdk/Developer/Library/Frameworks -c -j10 -enable-batch-mode -incremental -Xcc -ivfsstatcache -Xcc /Users/admin/builder/spi-builder-workspace/.derivedData/SDKStatCaches.noindex/watchos11.4-22T246-43efb940ff07ba2497b70ec94253f576.sdkstatcache -output-file-map /Users/admin/builder/spi-builder-workspace/.derivedData/Build/Intermediates.noindex/swift-system.build/Debug-watchos/SystemPackage.build/Objects-normal/arm64/SystemPackage-OutputFileMap.json -use-frontend-parseable-output -save-temps -no-color-diagnostics -serialize-diagnostics -emit-dependencies -emit-module -emit-module-path /Users/admin/builder/spi-builder-workspace/.derivedData/Build/Intermediates.noindex/swift-system.build/Debug-watchos/SystemPackage.build/Objects-normal/arm64/SystemPackage.swiftmodule -user-module-version 1.8.1 -validate-clang-modules-once -clang-build-session-file /Users/admin/builder/spi-builder-workspace/.derivedData/ModuleCache.noindex/Session.modulevalidation -package-name swift_system -Xcc -I/Users/admin/builder/spi-builder-workspace/.derivedData/Build/Intermediates.noindex/swift-system.build/Debug-watchos/SystemPackage.build/swift-overrides.hmap -emit-const-values -Xfrontend -const-gather-protocols-file -Xfrontend /Users/admin/builder/spi-builder-workspace/.derivedData/Build/Intermediates.noindex/swift-system.build/Debug-watchos/SystemPackage.build/Objects-normal/arm64/SystemPackage_const_extract_protocols.json -Xcc -I/Users/admin/builder/spi-builder-workspace/.dependencies/checkouts/swift-system/Sources/CSystem/include -Xcc -I/Users/admin/builder/spi-builder-workspace/.derivedData/Build/Products/Debug-watchos/include -Xcc -I/Users/admin/builder/spi-builder-workspace/.derivedData/Build/Intermediates.noindex/swift-system.build/Debug-watchos/SystemPackage.build/DerivedSources-normal/arm64 -Xcc -I/Users/admin/builder/spi-builder-workspace/.derivedData/Build/Intermediates.noindex/swift-system.build/Debug-watchos/SystemPackage.build/DerivedSources/arm64 -Xcc -I/Users/admin/builder/spi-builder-workspace/.derivedData/Build/Intermediates.noindex/swift-system.build/Debug-watchos/SystemPackage.build/DerivedSources -Xcc -DSWIFT_PACKAGE -Xcc -DDEBUG\=1 -emit-objc-header -emit-objc-header-path /Users/admin/builder/spi-builder-workspace/.derivedData/Build/Intermediates.noindex/swift-system.build/Debug-watchos/SystemPackage.build/Objects-normal/arm64/SystemPackage-Swift.h -working-directory /Users/admin/builder/spi-builder-workspace/.swiftpm/xcode -experimental-emit-module-separately -disable-cmo
SwiftDriverJobDiscovery normal arm64_32 Compiling PlatformString.swift, SystemString.swift, Util+StringArray.swift (in target 'SystemPackage' from project 'swift-system')
SwiftCompile normal armv7k Compiling\ Exports.swift,\ Mocking.swift,\ RawBuffer.swift /Users/admin/builder/spi-builder-workspace/.dependencies/checkouts/swift-system/Sources/System/Internals/Exports.swift /Users/admin/builder/spi-builder-workspace/.dependencies/checkouts/swift-system/Sources/System/Internals/Mocking.swift /Users/admin/builder/spi-builder-workspace/.dependencies/checkouts/swift-system/Sources/System/Internals/RawBuffer.swift (in target 'SystemPackage' from project 'swift-system')
SwiftCompile normal armv7k /Users/admin/builder/spi-builder-workspace/.dependencies/checkouts/swift-system/Sources/System/Internals/Exports.swift (in target 'SystemPackage' from project 'swift-system')
    cd /Users/admin/builder/spi-builder-workspace/.swiftpm/xcode

SwiftCompile normal armv7k /Users/admin/builder/spi-builder-workspace/.dependencies/checkouts/swift-system/Sources/System/Internals/Mocking.swift (in target 'SystemPackage' from project 'swift-system')
    cd /Users/admin/builder/spi-builder-workspace/.swiftpm/xcode

SwiftCompile normal armv7k /Users/admin/builder/spi-builder-workspace/.dependencies/checkouts/swift-system/Sources/System/Internals/RawBuffer.swift (in target 'SystemPackage' from project 'swift-system')
    cd /Users/admin/builder/spi-builder-workspace/.swiftpm/xcode

Copy /Users/admin/builder/spi-builder-workspace/.derivedData/Build/Products/Debug-watchos/SystemPackage.swiftmodule/arm64-apple-watchos.swiftmodule /Users/admin/builder/spi-builder-workspace/.derivedData/Build/Intermediates.noindex/swift-system.build/Debug-watchos/SystemPackage.build/Objects-normal/arm64/SystemPackage.swiftmodule (in target 'SystemPackage' from project 'swift-system')
    cd /Users/admin/builder/spi-builder-workspace/.dependencies/checkouts/swift-system
    builtin-copy -exclude .DS_Store -exclude CVS -exclude .svn -exclude .git -exclude .hg -resolve-src-symlinks -rename /Users/admin/builder/spi-builder-workspace/.derivedData/Build/Intermediates.noindex/swift-system.build/Debug-watchos/SystemPackage.build/Objects-normal/arm64/SystemPackage.swiftmodule /Users/admin/builder/spi-builder-workspace/.derivedData/Build/Products/Debug-watchos/SystemPackage.swiftmodule/arm64-apple-watchos.swiftmodule
SwiftDriverJobDiscovery normal arm64 Compiling PlatformString.swift, SystemString.swift, Util+StringArray.swift (in target 'SystemPackage' from project 'swift-system')
Copy /Users/admin/builder/spi-builder-workspace/.derivedData/Build/Products/Debug-watchos/SystemPackage.swiftmodule/arm64-apple-watchos.abi.json /Users/admin/builder/spi-builder-workspace/.derivedData/Build/Intermediates.noindex/swift-system.build/Debug-watchos/SystemPackage.build/Objects-normal/arm64/SystemPackage.abi.json (in target 'SystemPackage' from project 'swift-system')
    cd /Users/admin/builder/spi-builder-workspace/.dependencies/checkouts/swift-system
    builtin-copy -exclude .DS_Store -exclude CVS -exclude .svn -exclude .git -exclude .hg -resolve-src-symlinks -rename /Users/admin/builder/spi-builder-workspace/.derivedData/Build/Intermediates.noindex/swift-system.build/Debug-watchos/SystemPackage.build/Objects-normal/arm64/SystemPackage.abi.json /Users/admin/builder/spi-builder-workspace/.derivedData/Build/Products/Debug-watchos/SystemPackage.swiftmodule/arm64-apple-watchos.abi.json
SwiftCompile normal arm64 Compiling\ Exports.swift,\ Mocking.swift,\ RawBuffer.swift /Users/admin/builder/spi-builder-workspace/.dependencies/checkouts/swift-system/Sources/System/Internals/Exports.swift /Users/admin/builder/spi-builder-workspace/.dependencies/checkouts/swift-system/Sources/System/Internals/Mocking.swift /Users/admin/builder/spi-builder-workspace/.dependencies/checkouts/swift-system/Sources/System/Internals/RawBuffer.swift (in target 'SystemPackage' from project 'swift-system')
SwiftCompile normal arm64 /Users/admin/builder/spi-builder-workspace/.dependencies/checkouts/swift-system/Sources/System/Internals/Exports.swift (in target 'SystemPackage' from project 'swift-system')
    cd /Users/admin/builder/spi-builder-workspace/.swiftpm/xcode

SwiftCompile normal arm64 /Users/admin/builder/spi-builder-workspace/.dependencies/checkouts/swift-system/Sources/System/Internals/Mocking.swift (in target 'SystemPackage' from project 'swift-system')
    cd /Users/admin/builder/spi-builder-workspace/.swiftpm/xcode

SwiftCompile normal arm64 /Users/admin/builder/spi-builder-workspace/.dependencies/checkouts/swift-system/Sources/System/Internals/RawBuffer.swift (in target 'SystemPackage' from project 'swift-system')
    cd /Users/admin/builder/spi-builder-workspace/.swiftpm/xcode

SwiftCompile normal arm64 Compiling\ Syscalls.swift,\ WindowsSyscallAdapters.swift,\ MachPort.swift /Users/admin/builder/spi-builder-workspace/.dependencies/checkouts/swift-system/Sources/System/Internals/Syscalls.swift /Users/admin/builder/spi-builder-workspace/.dependencies/checkouts/swift-system/Sources/System/Internals/WindowsSyscallAdapters.swift /Users/admin/builder/spi-builder-workspace/.dependencies/checkouts/swift-system/Sources/System/MachPort.swift (in target 'SystemPackage' from project 'swift-system')
SwiftCompile normal arm64 /Users/admin/builder/spi-builder-workspace/.dependencies/checkouts/swift-system/Sources/System/Internals/Syscalls.swift (in target 'SystemPackage' from project 'swift-system')
    cd /Users/admin/builder/spi-builder-workspace/.swiftpm/xcode

SwiftCompile normal arm64 /Users/admin/builder/spi-builder-workspace/.dependencies/checkouts/swift-system/Sources/System/Internals/WindowsSyscallAdapters.swift (in target 'SystemPackage' from project 'swift-system')
    cd /Users/admin/builder/spi-builder-workspace/.swiftpm/xcode

SwiftCompile normal arm64 /Users/admin/builder/spi-builder-workspace/.dependencies/checkouts/swift-system/Sources/System/MachPort.swift (in target 'SystemPackage' from project 'swift-system')
    cd /Users/admin/builder/spi-builder-workspace/.swiftpm/xcode

SwiftDriverJobDiscovery normal arm64_32 Compiling FilePathParsing.swift, FilePathString.swift, FilePathSyntax.swift, FilePathTemp.swift (in target 'SystemPackage' from project 'swift-system')
SwiftCompile normal arm64 Compiling\ FileFlags.swift,\ FileMode.swift,\ FileType.swift,\ Identifiers.swift /Users/admin/builder/spi-builder-workspace/.dependencies/checkouts/swift-system/Sources/System/FileSystem/FileFlags.swift /Users/admin/builder/spi-builder-workspace/.dependencies/checkouts/swift-system/Sources/System/FileSystem/FileMode.swift /Users/admin/builder/spi-builder-workspace/.dependencies/checkouts/swift-system/Sources/System/FileSystem/FileType.swift /Users/admin/builder/spi-builder-workspace/.dependencies/checkouts/swift-system/Sources/System/FileSystem/Identifiers.swift (in target 'SystemPackage' from project 'swift-system')
SwiftCompile normal arm64 /Users/admin/builder/spi-builder-workspace/.dependencies/checkouts/swift-system/Sources/System/FileSystem/FileFlags.swift (in target 'SystemPackage' from project 'swift-system')
    cd /Users/admin/builder/spi-builder-workspace/.swiftpm/xcode

SwiftCompile normal arm64 /Users/admin/builder/spi-builder-workspace/.dependencies/checkouts/swift-system/Sources/System/FileSystem/FileMode.swift (in target 'SystemPackage' from project 'swift-system')
    cd /Users/admin/builder/spi-builder-workspace/.swiftpm/xcode

SwiftCompile normal arm64 /Users/admin/builder/spi-builder-workspace/.dependencies/checkouts/swift-system/Sources/System/FileSystem/FileType.swift (in target 'SystemPackage' from project 'swift-system')
    cd /Users/admin/builder/spi-builder-workspace/.swiftpm/xcode

SwiftCompile normal arm64 /Users/admin/builder/spi-builder-workspace/.dependencies/checkouts/swift-system/Sources/System/FileSystem/Identifiers.swift (in target 'SystemPackage' from project 'swift-system')
    cd /Users/admin/builder/spi-builder-workspace/.swiftpm/xcode

SwiftDriverJobDiscovery normal armv7k Compiling Util.swift, UtilConsumers.swift, WinSDK+Overlay.swift (in target 'SystemPackage' from project 'swift-system')
SwiftCompile normal arm64_32 Compiling\ Util.swift,\ UtilConsumers.swift,\ WinSDK+Overlay.swift /Users/admin/builder/spi-builder-workspace/.dependencies/checkouts/swift-system/Sources/System/Util.swift /Users/admin/builder/spi-builder-workspace/.dependencies/checkouts/swift-system/Sources/System/UtilConsumers.swift /Users/admin/builder/spi-builder-workspace/.dependencies/checkouts/swift-system/Sources/System/WinSDK+Overlay.swift (in target 'SystemPackage' from project 'swift-system')
SwiftCompile normal arm64_32 /Users/admin/builder/spi-builder-workspace/.dependencies/checkouts/swift-system/Sources/System/Util.swift (in target 'SystemPackage' from project 'swift-system')
    cd /Users/admin/builder/spi-builder-workspace/.swiftpm/xcode

SwiftCompile normal arm64_32 /Users/admin/builder/spi-builder-workspace/.dependencies/checkouts/swift-system/Sources/System/UtilConsumers.swift (in target 'SystemPackage' from project 'swift-system')
    cd /Users/admin/builder/spi-builder-workspace/.swiftpm/xcode

SwiftCompile normal arm64_32 /Users/admin/builder/spi-builder-workspace/.dependencies/checkouts/swift-system/Sources/System/WinSDK+Overlay.swift (in target 'SystemPackage' from project 'swift-system')
    cd /Users/admin/builder/spi-builder-workspace/.swiftpm/xcode

SwiftDriverJobDiscovery normal arm64_32 Compiling FileFlags.swift, FileMode.swift, FileType.swift, Identifiers.swift (in target 'SystemPackage' from project 'swift-system')
SwiftCompile normal arm64_32 Compiling\ Exports.swift,\ Mocking.swift,\ RawBuffer.swift /Users/admin/builder/spi-builder-workspace/.dependencies/checkouts/swift-system/Sources/System/Internals/Exports.swift /Users/admin/builder/spi-builder-workspace/.dependencies/checkouts/swift-system/Sources/System/Internals/Mocking.swift /Users/admin/builder/spi-builder-workspace/.dependencies/checkouts/swift-system/Sources/System/Internals/RawBuffer.swift (in target 'SystemPackage' from project 'swift-system')
SwiftCompile normal arm64_32 /Users/admin/builder/spi-builder-workspace/.dependencies/checkouts/swift-system/Sources/System/Internals/Exports.swift (in target 'SystemPackage' from project 'swift-system')
    cd /Users/admin/builder/spi-builder-workspace/.swiftpm/xcode

SwiftCompile normal arm64_32 /Users/admin/builder/spi-builder-workspace/.dependencies/checkouts/swift-system/Sources/System/Internals/Mocking.swift (in target 'SystemPackage' from project 'swift-system')
    cd /Users/admin/builder/spi-builder-workspace/.swiftpm/xcode

SwiftCompile normal arm64_32 /Users/admin/builder/spi-builder-workspace/.dependencies/checkouts/swift-system/Sources/System/Internals/RawBuffer.swift (in target 'SystemPackage' from project 'swift-system')
    cd /Users/admin/builder/spi-builder-workspace/.swiftpm/xcode

SwiftDriverJobDiscovery normal armv7k Compiling Syscalls.swift, WindowsSyscallAdapters.swift, MachPort.swift (in target 'SystemPackage' from project 'swift-system')
SwiftCompile normal arm64 Compiling\ Errno.swift,\ ErrnoWindows.swift,\ FileDescriptor.swift,\ FileHelpers.swift /Users/admin/builder/spi-builder-workspace/.dependencies/checkouts/swift-system/Sources/System/Errno.swift /Users/admin/builder/spi-builder-workspace/.dependencies/checkouts/swift-system/Sources/System/ErrnoWindows.swift /Users/admin/builder/spi-builder-workspace/.dependencies/checkouts/swift-system/Sources/System/FileDescriptor.swift /Users/admin/builder/spi-builder-workspace/.dependencies/checkouts/swift-system/Sources/System/FileHelpers.swift (in target 'SystemPackage' from project 'swift-system')
SwiftCompile normal arm64 /Users/admin/builder/spi-builder-workspace/.dependencies/checkouts/swift-system/Sources/System/Errno.swift (in target 'SystemPackage' from project 'swift-system')
    cd /Users/admin/builder/spi-builder-workspace/.swiftpm/xcode

SwiftCompile normal arm64 /Users/admin/builder/spi-builder-workspace/.dependencies/checkouts/swift-system/Sources/System/ErrnoWindows.swift (in target 'SystemPackage' from project 'swift-system')
    cd /Users/admin/builder/spi-builder-workspace/.swiftpm/xcode

SwiftCompile normal arm64 /Users/admin/builder/spi-builder-workspace/.dependencies/checkouts/swift-system/Sources/System/FileDescriptor.swift (in target 'SystemPackage' from project 'swift-system')
    cd /Users/admin/builder/spi-builder-workspace/.swiftpm/xcode

SwiftCompile normal arm64 /Users/admin/builder/spi-builder-workspace/.dependencies/checkouts/swift-system/Sources/System/FileHelpers.swift (in target 'SystemPackage' from project 'swift-system')
    cd /Users/admin/builder/spi-builder-workspace/.swiftpm/xcode

SwiftDriverJobDiscovery normal arm64_32 Compiling Stat.swift, Backcompat.swift, CInterop.swift, Constants.swift (in target 'SystemPackage' from project 'swift-system')
SwiftCompile normal arm64_32 Compiling\ FilePathTempPosix.swift,\ FilePathTempWindows.swift,\ FilePathWindows.swift,\ FilePermissions.swift /Users/admin/builder/spi-builder-workspace/.dependencies/checkouts/swift-system/Sources/System/FilePath/FilePathTempPosix.swift /Users/admin/builder/spi-builder-workspace/.dependencies/checkouts/swift-system/Sources/System/FilePath/FilePathTempWindows.swift /Users/admin/builder/spi-builder-workspace/.dependencies/checkouts/swift-system/Sources/System/FilePath/FilePathWindows.swift /Users/admin/builder/spi-builder-workspace/.dependencies/checkouts/swift-system/Sources/System/FilePermissions.swift (in target 'SystemPackage' from project 'swift-system')
SwiftCompile normal arm64_32 /Users/admin/builder/spi-builder-workspace/.dependencies/checkouts/swift-system/Sources/System/FilePath/FilePathTempPosix.swift (in target 'SystemPackage' from project 'swift-system')
    cd /Users/admin/builder/spi-builder-workspace/.swiftpm/xcode

SwiftCompile normal arm64_32 /Users/admin/builder/spi-builder-workspace/.dependencies/checkouts/swift-system/Sources/System/FilePath/FilePathTempWindows.swift (in target 'SystemPackage' from project 'swift-system')
    cd /Users/admin/builder/spi-builder-workspace/.swiftpm/xcode

SwiftCompile normal arm64_32 /Users/admin/builder/spi-builder-workspace/.dependencies/checkouts/swift-system/Sources/System/FilePath/FilePathWindows.swift (in target 'SystemPackage' from project 'swift-system')
    cd /Users/admin/builder/spi-builder-workspace/.swiftpm/xcode

SwiftCompile normal arm64_32 /Users/admin/builder/spi-builder-workspace/.dependencies/checkouts/swift-system/Sources/System/FilePermissions.swift (in target 'SystemPackage' from project 'swift-system')
    cd /Users/admin/builder/spi-builder-workspace/.swiftpm/xcode

SwiftDriverJobDiscovery normal arm64 Compiling Stat.swift, Backcompat.swift, CInterop.swift, Constants.swift (in target 'SystemPackage' from project 'swift-system')
SwiftCompile normal arm64 Compiling\ Util.swift,\ UtilConsumers.swift,\ WinSDK+Overlay.swift /Users/admin/builder/spi-builder-workspace/.dependencies/checkouts/swift-system/Sources/System/Util.swift /Users/admin/builder/spi-builder-workspace/.dependencies/checkouts/swift-system/Sources/System/UtilConsumers.swift /Users/admin/builder/spi-builder-workspace/.dependencies/checkouts/swift-system/Sources/System/WinSDK+Overlay.swift (in target 'SystemPackage' from project 'swift-system')
SwiftCompile normal arm64 /Users/admin/builder/spi-builder-workspace/.dependencies/checkouts/swift-system/Sources/System/Util.swift (in target 'SystemPackage' from project 'swift-system')
    cd /Users/admin/builder/spi-builder-workspace/.swiftpm/xcode

SwiftCompile normal arm64 /Users/admin/builder/spi-builder-workspace/.dependencies/checkouts/swift-system/Sources/System/UtilConsumers.swift (in target 'SystemPackage' from project 'swift-system')
    cd /Users/admin/builder/spi-builder-workspace/.swiftpm/xcode

SwiftCompile normal arm64 /Users/admin/builder/spi-builder-workspace/.dependencies/checkouts/swift-system/Sources/System/WinSDK+Overlay.swift (in target 'SystemPackage' from project 'swift-system')
    cd /Users/admin/builder/spi-builder-workspace/.swiftpm/xcode

SwiftDriverJobDiscovery normal armv7k Compiling Exports.swift, Mocking.swift, RawBuffer.swift (in target 'SystemPackage' from project 'swift-system')
SwiftCompile normal armv7k Compiling\ FileOperations.swift,\ FilePath.swift,\ FilePathComponentView.swift,\ FilePathComponents.swift /Users/admin/builder/spi-builder-workspace/.dependencies/checkouts/swift-system/Sources/System/FileOperations.swift /Users/admin/builder/spi-builder-workspace/.dependencies/checkouts/swift-system/Sources/System/FilePath/FilePath.swift /Users/admin/builder/spi-builder-workspace/.dependencies/checkouts/swift-system/Sources/System/FilePath/FilePathComponentView.swift /Users/admin/builder/spi-builder-workspace/.dependencies/checkouts/swift-system/Sources/System/FilePath/FilePathComponents.swift (in target 'SystemPackage' from project 'swift-system')
SwiftCompile normal armv7k /Users/admin/builder/spi-builder-workspace/.dependencies/checkouts/swift-system/Sources/System/FileOperations.swift (in target 'SystemPackage' from project 'swift-system')
    cd /Users/admin/builder/spi-builder-workspace/.swiftpm/xcode

SwiftCompile normal armv7k /Users/admin/builder/spi-builder-workspace/.dependencies/checkouts/swift-system/Sources/System/FilePath/FilePath.swift (in target 'SystemPackage' from project 'swift-system')
    cd /Users/admin/builder/spi-builder-workspace/.swiftpm/xcode

SwiftCompile normal armv7k /Users/admin/builder/spi-builder-workspace/.dependencies/checkouts/swift-system/Sources/System/FilePath/FilePathComponentView.swift (in target 'SystemPackage' from project 'swift-system')
    cd /Users/admin/builder/spi-builder-workspace/.swiftpm/xcode

SwiftCompile normal armv7k /Users/admin/builder/spi-builder-workspace/.dependencies/checkouts/swift-system/Sources/System/FilePath/FilePathComponents.swift (in target 'SystemPackage' from project 'swift-system')
    cd /Users/admin/builder/spi-builder-workspace/.swiftpm/xcode

SwiftDriverJobDiscovery normal arm64 Compiling Exports.swift, Mocking.swift, RawBuffer.swift (in target 'SystemPackage' from project 'swift-system')
SwiftCompile normal arm64 Compiling\ FileOperations.swift,\ FilePath.swift,\ FilePathComponentView.swift,\ FilePathComponents.swift /Users/admin/builder/spi-builder-workspace/.dependencies/checkouts/swift-system/Sources/System/FileOperations.swift /Users/admin/builder/spi-builder-workspace/.dependencies/checkouts/swift-system/Sources/System/FilePath/FilePath.swift /Users/admin/builder/spi-builder-workspace/.dependencies/checkouts/swift-system/Sources/System/FilePath/FilePathComponentView.swift /Users/admin/builder/spi-builder-workspace/.dependencies/checkouts/swift-system/Sources/System/FilePath/FilePathComponents.swift (in target 'SystemPackage' from project 'swift-system')
SwiftCompile normal arm64 /Users/admin/builder/spi-builder-workspace/.dependencies/checkouts/swift-system/Sources/System/FileOperations.swift (in target 'SystemPackage' from project 'swift-system')
    cd /Users/admin/builder/spi-builder-workspace/.swiftpm/xcode

SwiftCompile normal arm64 /Users/admin/builder/spi-builder-workspace/.dependencies/checkouts/swift-system/Sources/System/FilePath/FilePath.swift (in target 'SystemPackage' from project 'swift-system')
    cd /Users/admin/builder/spi-builder-workspace/.swiftpm/xcode

SwiftCompile normal arm64 /Users/admin/builder/spi-builder-workspace/.dependencies/checkouts/swift-system/Sources/System/FilePath/FilePathComponentView.swift (in target 'SystemPackage' from project 'swift-system')
    cd /Users/admin/builder/spi-builder-workspace/.swiftpm/xcode

SwiftCompile normal arm64 /Users/admin/builder/spi-builder-workspace/.dependencies/checkouts/swift-system/Sources/System/FilePath/FilePathComponents.swift (in target 'SystemPackage' from project 'swift-system')
    cd /Users/admin/builder/spi-builder-workspace/.swiftpm/xcode

SwiftDriverJobDiscovery normal armv7k Compiling FilePathTempPosix.swift, FilePathTempWindows.swift, FilePathWindows.swift, FilePermissions.swift (in target 'SystemPackage' from project 'swift-system')
SwiftCompile normal arm64 Compiling\ FilePathParsing.swift,\ FilePathString.swift,\ FilePathSyntax.swift,\ FilePathTemp.swift /Users/admin/builder/spi-builder-workspace/.dependencies/checkouts/swift-system/Sources/System/FilePath/FilePathParsing.swift /Users/admin/builder/spi-builder-workspace/.dependencies/checkouts/swift-system/Sources/System/FilePath/FilePathString.swift /Users/admin/builder/spi-builder-workspace/.dependencies/checkouts/swift-system/Sources/System/FilePath/FilePathSyntax.swift /Users/admin/builder/spi-builder-workspace/.dependencies/checkouts/swift-system/Sources/System/FilePath/FilePathTemp.swift (in target 'SystemPackage' from project 'swift-system')
SwiftCompile normal arm64 /Users/admin/builder/spi-builder-workspace/.dependencies/checkouts/swift-system/Sources/System/FilePath/FilePathParsing.swift (in target 'SystemPackage' from project 'swift-system')
    cd /Users/admin/builder/spi-builder-workspace/.swiftpm/xcode

SwiftCompile normal arm64 /Users/admin/builder/spi-builder-workspace/.dependencies/checkouts/swift-system/Sources/System/FilePath/FilePathString.swift (in target 'SystemPackage' from project 'swift-system')
    cd /Users/admin/builder/spi-builder-workspace/.swiftpm/xcode

SwiftCompile normal arm64 /Users/admin/builder/spi-builder-workspace/.dependencies/checkouts/swift-system/Sources/System/FilePath/FilePathSyntax.swift (in target 'SystemPackage' from project 'swift-system')
    cd /Users/admin/builder/spi-builder-workspace/.swiftpm/xcode

SwiftCompile normal arm64 /Users/admin/builder/spi-builder-workspace/.dependencies/checkouts/swift-system/Sources/System/FilePath/FilePathTemp.swift (in target 'SystemPackage' from project 'swift-system')
    cd /Users/admin/builder/spi-builder-workspace/.swiftpm/xcode

SwiftDriverJobDiscovery normal arm64 Compiling Syscalls.swift, WindowsSyscallAdapters.swift, MachPort.swift (in target 'SystemPackage' from project 'swift-system')
SwiftCompile normal armv7k Compiling\ Errno.swift,\ ErrnoWindows.swift,\ FileDescriptor.swift,\ FileHelpers.swift /Users/admin/builder/spi-builder-workspace/.dependencies/checkouts/swift-system/Sources/System/Errno.swift /Users/admin/builder/spi-builder-workspace/.dependencies/checkouts/swift-system/Sources/System/ErrnoWindows.swift /Users/admin/builder/spi-builder-workspace/.dependencies/checkouts/swift-system/Sources/System/FileDescriptor.swift /Users/admin/builder/spi-builder-workspace/.dependencies/checkouts/swift-system/Sources/System/FileHelpers.swift (in target 'SystemPackage' from project 'swift-system')
SwiftCompile normal armv7k /Users/admin/builder/spi-builder-workspace/.dependencies/checkouts/swift-system/Sources/System/Errno.swift (in target 'SystemPackage' from project 'swift-system')
    cd /Users/admin/builder/spi-builder-workspace/.swiftpm/xcode

SwiftCompile normal armv7k /Users/admin/builder/spi-builder-workspace/.dependencies/checkouts/swift-system/Sources/System/ErrnoWindows.swift (in target 'SystemPackage' from project 'swift-system')
    cd /Users/admin/builder/spi-builder-workspace/.swiftpm/xcode

SwiftCompile normal armv7k /Users/admin/builder/spi-builder-workspace/.dependencies/checkouts/swift-system/Sources/System/FileDescriptor.swift (in target 'SystemPackage' from project 'swift-system')
    cd /Users/admin/builder/spi-builder-workspace/.swiftpm/xcode

SwiftCompile normal armv7k /Users/admin/builder/spi-builder-workspace/.dependencies/checkouts/swift-system/Sources/System/FileHelpers.swift (in target 'SystemPackage' from project 'swift-system')
    cd /Users/admin/builder/spi-builder-workspace/.swiftpm/xcode

SwiftDriverJobDiscovery normal arm64 Compiling FileFlags.swift, FileMode.swift, FileType.swift, Identifiers.swift (in target 'SystemPackage' from project 'swift-system')
SwiftCompile normal arm64 Compiling\ FilePathTempPosix.swift,\ FilePathTempWindows.swift,\ FilePathWindows.swift,\ FilePermissions.swift /Users/admin/builder/spi-builder-workspace/.dependencies/checkouts/swift-system/Sources/System/FilePath/FilePathTempPosix.swift /Users/admin/builder/spi-builder-workspace/.dependencies/checkouts/swift-system/Sources/System/FilePath/FilePathTempWindows.swift /Users/admin/builder/spi-builder-workspace/.dependencies/checkouts/swift-system/Sources/System/FilePath/FilePathWindows.swift /Users/admin/builder/spi-builder-workspace/.dependencies/checkouts/swift-system/Sources/System/FilePermissions.swift (in target 'SystemPackage' from project 'swift-system')
SwiftCompile normal arm64 /Users/admin/builder/spi-builder-workspace/.dependencies/checkouts/swift-system/Sources/System/FilePath/FilePathTempPosix.swift (in target 'SystemPackage' from project 'swift-system')
    cd /Users/admin/builder/spi-builder-workspace/.swiftpm/xcode

SwiftCompile normal arm64 /Users/admin/builder/spi-builder-workspace/.dependencies/checkouts/swift-system/Sources/System/FilePath/FilePathTempWindows.swift (in target 'SystemPackage' from project 'swift-system')
    cd /Users/admin/builder/spi-builder-workspace/.swiftpm/xcode

SwiftCompile normal arm64 /Users/admin/builder/spi-builder-workspace/.dependencies/checkouts/swift-system/Sources/System/FilePath/FilePathWindows.swift (in target 'SystemPackage' from project 'swift-system')
    cd /Users/admin/builder/spi-builder-workspace/.swiftpm/xcode

SwiftCompile normal arm64 /Users/admin/builder/spi-builder-workspace/.dependencies/checkouts/swift-system/Sources/System/FilePermissions.swift (in target 'SystemPackage' from project 'swift-system')
    cd /Users/admin/builder/spi-builder-workspace/.swiftpm/xcode

SwiftDriverJobDiscovery normal armv7k Compiling FilePathParsing.swift, FilePathString.swift, FilePathSyntax.swift, FilePathTemp.swift (in target 'SystemPackage' from project 'swift-system')
SwiftCompile normal arm64_32 Compiling\ FileOperations.swift,\ FilePath.swift,\ FilePathComponentView.swift,\ FilePathComponents.swift /Users/admin/builder/spi-builder-workspace/.dependencies/checkouts/swift-system/Sources/System/FileOperations.swift /Users/admin/builder/spi-builder-workspace/.dependencies/checkouts/swift-system/Sources/System/FilePath/FilePath.swift /Users/admin/builder/spi-builder-workspace/.dependencies/checkouts/swift-system/Sources/System/FilePath/FilePathComponentView.swift /Users/admin/builder/spi-builder-workspace/.dependencies/checkouts/swift-system/Sources/System/FilePath/FilePathComponents.swift (in target 'SystemPackage' from project 'swift-system')
SwiftCompile normal arm64_32 /Users/admin/builder/spi-builder-workspace/.dependencies/checkouts/swift-system/Sources/System/FileOperations.swift (in target 'SystemPackage' from project 'swift-system')
    cd /Users/admin/builder/spi-builder-workspace/.swiftpm/xcode

SwiftCompile normal arm64_32 /Users/admin/builder/spi-builder-workspace/.dependencies/checkouts/swift-system/Sources/System/FilePath/FilePath.swift (in target 'SystemPackage' from project 'swift-system')
    cd /Users/admin/builder/spi-builder-workspace/.swiftpm/xcode

SwiftCompile normal arm64_32 /Users/admin/builder/spi-builder-workspace/.dependencies/checkouts/swift-system/Sources/System/FilePath/FilePathComponentView.swift (in target 'SystemPackage' from project 'swift-system')
    cd /Users/admin/builder/spi-builder-workspace/.swiftpm/xcode

SwiftCompile normal arm64_32 /Users/admin/builder/spi-builder-workspace/.dependencies/checkouts/swift-system/Sources/System/FilePath/FilePathComponents.swift (in target 'SystemPackage' from project 'swift-system')
    cd /Users/admin/builder/spi-builder-workspace/.swiftpm/xcode

SwiftDriverJobDiscovery normal arm64_32 Compiling Util.swift, UtilConsumers.swift, WinSDK+Overlay.swift (in target 'SystemPackage' from project 'swift-system')
SwiftCompile normal arm64 Compiling\ Logger+With.swift /Users/admin/builder/spi-builder-workspace/.dependencies/checkouts/swift-log/Sources/Logging/Logger+With.swift (in target 'Logging' from project 'swift-log')
unable to find node: pound
unable to find node: pound
SwiftCompile normal arm64 /Users/admin/builder/spi-builder-workspace/.dependencies/checkouts/swift-log/Sources/Logging/Logger+With.swift (in target 'Logging' from project 'swift-log')
    cd /Users/admin/builder/spi-builder-workspace/.swiftpm/xcode

SwiftDriverJobDiscovery normal arm64_32 Compiling Exports.swift, Mocking.swift, RawBuffer.swift (in target 'SystemPackage' from project 'swift-system')
SwiftCompile normal arm64_32 Compiling\ Logger.swift /Users/admin/builder/spi-builder-workspace/.dependencies/checkouts/swift-log/Sources/Logging/Logger.swift (in target 'Logging' from project 'swift-log')
SwiftCompile normal arm64_32 /Users/admin/builder/spi-builder-workspace/.dependencies/checkouts/swift-log/Sources/Logging/Logger.swift (in target 'Logging' from project 'swift-log')
    cd /Users/admin/builder/spi-builder-workspace/.swiftpm/xcode

SwiftDriverJobDiscovery normal arm64 Compiling Util.swift, UtilConsumers.swift, WinSDK+Overlay.swift (in target 'SystemPackage' from project 'swift-system')
SwiftCompile normal arm64_32 Compiling\ Logger+With.swift /Users/admin/builder/spi-builder-workspace/.dependencies/checkouts/swift-log/Sources/Logging/Logger+With.swift (in target 'Logging' from project 'swift-log')
unable to find node: pound
unable to find node: pound
SwiftCompile normal arm64_32 /Users/admin/builder/spi-builder-workspace/.dependencies/checkouts/swift-log/Sources/Logging/Logger+With.swift (in target 'Logging' from project 'swift-log')
    cd /Users/admin/builder/spi-builder-workspace/.swiftpm/xcode

SwiftDriverJobDiscovery normal arm64 Compiling Errno.swift, ErrnoWindows.swift, FileDescriptor.swift, FileHelpers.swift (in target 'SystemPackage' from project 'swift-system')
SwiftCompile normal armv7k Compiling\ LogEvent.swift /Users/admin/builder/spi-builder-workspace/.dependencies/checkouts/swift-log/Sources/Logging/LogEvent.swift (in target 'Logging' from project 'swift-log')
SwiftCompile normal armv7k /Users/admin/builder/spi-builder-workspace/.dependencies/checkouts/swift-log/Sources/Logging/LogEvent.swift (in target 'Logging' from project 'swift-log')
    cd /Users/admin/builder/spi-builder-workspace/.swiftpm/xcode

SwiftDriverJobDiscovery normal arm64_32 Compiling FilePathTempPosix.swift, FilePathTempWindows.swift, FilePathWindows.swift, FilePermissions.swift (in target 'SystemPackage' from project 'swift-system')
SwiftCompile normal arm64 Compiling\ MultiplexLogHandler.swift,\ StreamLogHandler.swift /Users/admin/builder/spi-builder-workspace/.dependencies/checkouts/swift-log/Sources/Logging/Handlers/MultiplexLogHandler.swift /Users/admin/builder/spi-builder-workspace/.dependencies/checkouts/swift-log/Sources/Logging/Handlers/StreamLogHandler.swift (in target 'Logging' from project 'swift-log')
SwiftCompile normal arm64 /Users/admin/builder/spi-builder-workspace/.dependencies/checkouts/swift-log/Sources/Logging/Handlers/MultiplexLogHandler.swift (in target 'Logging' from project 'swift-log')
    cd /Users/admin/builder/spi-builder-workspace/.swiftpm/xcode

SwiftCompile normal arm64 /Users/admin/builder/spi-builder-workspace/.dependencies/checkouts/swift-log/Sources/Logging/Handlers/StreamLogHandler.swift (in target 'Logging' from project 'swift-log')
    cd /Users/admin/builder/spi-builder-workspace/.swiftpm/xcode

SwiftDriverJobDiscovery normal arm64 Compiling Logger+With.swift (in target 'Logging' from project 'swift-log')
SwiftCompile normal armv7k Compiling\ SwiftLogNoOpLogHandler.swift /Users/admin/builder/spi-builder-workspace/.dependencies/checkouts/swift-log/Sources/Logging/Handlers/SwiftLogNoOpLogHandler.swift (in target 'Logging' from project 'swift-log')
SwiftCompile normal armv7k /Users/admin/builder/spi-builder-workspace/.dependencies/checkouts/swift-log/Sources/Logging/Handlers/SwiftLogNoOpLogHandler.swift (in target 'Logging' from project 'swift-log')
    cd /Users/admin/builder/spi-builder-workspace/.swiftpm/xcode

SwiftDriverJobDiscovery normal armv7k Compiling Errno.swift, ErrnoWindows.swift, FileDescriptor.swift, FileHelpers.swift (in target 'SystemPackage' from project 'swift-system')
SwiftCompile normal armv7k Compiling\ LogHandler.swift /Users/admin/builder/spi-builder-workspace/.dependencies/checkouts/swift-log/Sources/Logging/LogHandler.swift (in target 'Logging' from project 'swift-log')
SwiftCompile normal armv7k /Users/admin/builder/spi-builder-workspace/.dependencies/checkouts/swift-log/Sources/Logging/LogHandler.swift (in target 'Logging' from project 'swift-log')
    cd /Users/admin/builder/spi-builder-workspace/.swiftpm/xcode

SwiftDriverJobDiscovery normal arm64_32 Compiling Logger+With.swift (in target 'Logging' from project 'swift-log')
SwiftCompile normal arm64 Compiling\ Locks.swift /Users/admin/builder/spi-builder-workspace/.dependencies/checkouts/swift-log/Sources/Logging/Locks.swift (in target 'Logging' from project 'swift-log')
SwiftCompile normal arm64 /Users/admin/builder/spi-builder-workspace/.dependencies/checkouts/swift-log/Sources/Logging/Locks.swift (in target 'Logging' from project 'swift-log')
    cd /Users/admin/builder/spi-builder-workspace/.swiftpm/xcode

SwiftDriverJobDiscovery normal armv7k Compiling LogEvent.swift (in target 'Logging' from project 'swift-log')
SwiftCompile normal arm64_32 Compiling\ MetadataProvider.swift /Users/admin/builder/spi-builder-workspace/.dependencies/checkouts/swift-log/Sources/Logging/MetadataProvider.swift (in target 'Logging' from project 'swift-log')
SwiftCompile normal arm64_32 /Users/admin/builder/spi-builder-workspace/.dependencies/checkouts/swift-log/Sources/Logging/MetadataProvider.swift (in target 'Logging' from project 'swift-log')
    cd /Users/admin/builder/spi-builder-workspace/.swiftpm/xcode

SwiftDriverJobDiscovery normal arm64 Compiling FilePathTempPosix.swift, FilePathTempWindows.swift, FilePathWindows.swift, FilePermissions.swift (in target 'SystemPackage' from project 'swift-system')
SwiftCompile normal arm64_32 Compiling\ LogEvent.swift /Users/admin/builder/spi-builder-workspace/.dependencies/checkouts/swift-log/Sources/Logging/LogEvent.swift (in target 'Logging' from project 'swift-log')
SwiftCompile normal arm64_32 /Users/admin/builder/spi-builder-workspace/.dependencies/checkouts/swift-log/Sources/Logging/LogEvent.swift (in target 'Logging' from project 'swift-log')
    cd /Users/admin/builder/spi-builder-workspace/.swiftpm/xcode

SwiftDriverJobDiscovery normal armv7k Compiling FileOperations.swift, FilePath.swift, FilePathComponentView.swift, FilePathComponents.swift (in target 'SystemPackage' from project 'swift-system')
SwiftDriverJobDiscovery normal arm64 Compiling FilePathParsing.swift, FilePathString.swift, FilePathSyntax.swift, FilePathTemp.swift (in target 'SystemPackage' from project 'swift-system')
SwiftDriver\ Compilation SystemPackage normal armv7k com.apple.xcode.tools.swift.compiler (in target 'SystemPackage' from project 'swift-system')
    cd /Users/admin/builder/spi-builder-workspace/.swiftpm/xcode
    builtin-Swift-Compilation -- /Applications/Xcode-16.3.0.app/Contents/Developer/Toolchains/XcodeDefault.xctoolchain/usr/bin/swiftc -module-name SystemPackage -Onone -enforce-exclusivity\=checked @/Users/admin/builder/spi-builder-workspace/.derivedData/Build/Intermediates.noindex/swift-system.build/Debug-watchos/SystemPackage.build/Objects-normal/armv7k/SystemPackage.SwiftFileList -DSWIFT_PACKAGE -DDEBUG -DSYSTEM_PACKAGE -DENABLE_MOCKING -DSYSTEM_PACKAGE_DARWIN -DXcode -enable-experimental-feature AvailabilityMacro\=System\ 0.0.1:macOS\ 10.10,\ iOS\ 8.0,\ watchOS\ 2.0,\ tvOS\ 9.0,\ visionOS\ 1.0 -enable-experimental-feature AvailabilityMacro\=System\ 0.0.2:macOS\ 10.10,\ iOS\ 8.0,\ watchOS\ 2.0,\ tvOS\ 9.0,\ visionOS\ 1.0 -enable-experimental-feature AvailabilityMacro\=System\ 0.0.3:macOS\ 10.10,\ iOS\ 8.0,\ watchOS\ 2.0,\ tvOS\ 9.0,\ visionOS\ 1.0 -enable-experimental-feature AvailabilityMacro\=System\ 1.1.0:macOS\ 10.10,\ iOS\ 8.0,\ watchOS\ 2.0,\ tvOS\ 9.0,\ visionOS\ 1.0 -enable-experimental-feature AvailabilityMacro\=System\ 1.1.1:macOS\ 10.10,\ iOS\ 8.0,\ watchOS\ 2.0,\ tvOS\ 9.0,\ visionOS\ 1.0 -enable-experimental-feature AvailabilityMacro\=System\ 1.2.0:macOS\ 10.10,\ iOS\ 8.0,\ watchOS\ 2.0,\ tvOS\ 9.0,\ visionOS\ 1.0 -enable-experimental-feature AvailabilityMacro\=System\ 1.2.1:macOS\ 10.10,\ iOS\ 8.0,\ watchOS\ 2.0,\ tvOS\ 9.0,\ visionOS\ 1.0 -enable-experimental-feature AvailabilityMacro\=System\ 1.3.0:macOS\ 10.10,\ iOS\ 8.0,\ watchOS\ 2.0,\ tvOS\ 9.0,\ visionOS\ 1.0 -enable-experimental-feature AvailabilityMacro\=System\ 1.3.1:macOS\ 10.10,\ iOS\ 8.0,\ watchOS\ 2.0,\ tvOS\ 9.0,\ visionOS\ 1.0 -enable-experimental-feature AvailabilityMacro\=System\ 1.3.2:macOS\ 10.10,\ iOS\ 8.0,\ watchOS\ 2.0,\ tvOS\ 9.0,\ visionOS\ 1.0 -enable-experimental-feature AvailabilityMacro\=System\ 1.4.0:macOS\ 10.10,\ iOS\ 8.0,\ watchOS\ 2.0,\ tvOS\ 9.0,\ visionOS\ 1.0 -enable-experimental-feature AvailabilityMacro\=System\ 1.7.0:macOS\ 10.10,\ iOS\ 8.0,\ watchOS\ 2.0,\ tvOS\ 9.0,\ visionOS\ 1.0 -enable-experimental-feature AvailabilityMacro\=System\ 199:macOS\ 10.10,\ iOS\ 8.0,\ watchOS\ 2.0,\ tvOS\ 9.0,\ visionOS\ 1.0 -enable-experimental-feature Lifetimes -plugin-path /Applications/Xcode-16.3.0.app/Contents/Developer/Toolchains/XcodeDefault.xctoolchain/usr/lib/swift/host/plugins/testing -enable-experimental-feature DebugDescriptionMacro -sdk /Applications/Xcode-16.3.0.app/Contents/Developer/Platforms/WatchOS.platform/Developer/SDKs/WatchOS11.4.sdk -target armv7k-apple-watchos5.0 -g -module-cache-path /Users/admin/builder/spi-builder-workspace/.derivedData/ModuleCache.noindex -Xfrontend -serialize-debugging-options -profile-coverage-mapping -profile-generate -enable-testing -suppress-warnings -index-store-path /Users/admin/builder/spi-builder-workspace/.derivedData/Index.noindex/DataStore -swift-version 6 -I /Users/admin/builder/spi-builder-workspace/.derivedData/Build/Products/Debug-watchos -I /Applications/Xcode-16.3.0.app/Contents/Developer/Platforms/WatchOS.platform/Developer/usr/lib -F /Users/admin/builder/spi-builder-workspace/.derivedData/Build/Products/Debug-watchos/PackageFrameworks -F /Users/admin/builder/spi-builder-workspace/.derivedData/Build/Products/Debug-watchos -F /Applications/Xcode-16.3.0.app/Contents/Developer/Platforms/WatchOS.platform/Developer/Library/Frameworks -F /Applications/Xcode-16.3.0.app/Contents/Developer/Platforms/WatchOS.platform/Developer/SDKs/WatchOS11.4.sdk/Developer/Library/Frameworks -c -j10 -enable-batch-mode -incremental -Xcc -ivfsstatcache -Xcc /Users/admin/builder/spi-builder-workspace/.derivedData/SDKStatCaches.noindex/watchos11.4-22T246-43efb940ff07ba2497b70ec94253f576.sdkstatcache -output-file-map /Users/admin/builder/spi-builder-workspace/.derivedData/Build/Intermediates.noindex/swift-system.build/Debug-watchos/SystemPackage.build/Objects-normal/armv7k/SystemPackage-OutputFileMap.json -use-frontend-parseable-output -save-temps -no-color-diagnostics -serialize-diagnostics -emit-dependencies -emit-module -emit-module-path /Users/admin/builder/spi-builder-workspace/.derivedData/Build/Intermediates.noindex/swift-system.build/Debug-watchos/SystemPackage.build/Objects-normal/armv7k/SystemPackage.swiftmodule -user-module-version 1.8.1 -validate-clang-modules-once -clang-build-session-file /Users/admin/builder/spi-builder-workspace/.derivedData/ModuleCache.noindex/Session.modulevalidation -package-name swift_system -Xcc -I/Users/admin/builder/spi-builder-workspace/.derivedData/Build/Intermediates.noindex/swift-system.build/Debug-watchos/SystemPackage.build/swift-overrides.hmap -emit-const-values -Xfrontend -const-gather-protocols-file -Xfrontend /Users/admin/builder/spi-builder-workspace/.derivedData/Build/Intermediates.noindex/swift-system.build/Debug-watchos/SystemPackage.build/Objects-normal/armv7k/SystemPackage_const_extract_protocols.json -Xcc -I/Users/admin/builder/spi-builder-workspace/.dependencies/checkouts/swift-system/Sources/CSystem/include -Xcc -I/Users/admin/builder/spi-builder-workspace/.derivedData/Build/Products/Debug-watchos/include -Xcc -I/Users/admin/builder/spi-builder-workspace/.derivedData/Build/Intermediates.noindex/swift-system.build/Debug-watchos/SystemPackage.build/DerivedSources-normal/armv7k -Xcc -I/Users/admin/builder/spi-builder-workspace/.derivedData/Build/Intermediates.noindex/swift-system.build/Debug-watchos/SystemPackage.build/DerivedSources/armv7k -Xcc -I/Users/admin/builder/spi-builder-workspace/.derivedData/Build/Intermediates.noindex/swift-system.build/Debug-watchos/SystemPackage.build/DerivedSources -Xcc -DSWIFT_PACKAGE -Xcc -DDEBUG\=1 -emit-objc-header -emit-objc-header-path /Users/admin/builder/spi-builder-workspace/.derivedData/Build/Intermediates.noindex/swift-system.build/Debug-watchos/SystemPackage.build/Objects-normal/armv7k/SystemPackage-Swift.h -working-directory /Users/admin/builder/spi-builder-workspace/.swiftpm/xcode -experimental-emit-module-separately -disable-cmo
SwiftCompile normal armv7k Compiling\ Logger+Attributes.swift /Users/admin/builder/spi-builder-workspace/.dependencies/checkouts/swift-log/Sources/Logging/Logger+Attributes.swift (in target 'Logging' from project 'swift-log')
SwiftCompile normal armv7k /Users/admin/builder/spi-builder-workspace/.dependencies/checkouts/swift-log/Sources/Logging/Logger+Attributes.swift (in target 'Logging' from project 'swift-log')
    cd /Users/admin/builder/spi-builder-workspace/.swiftpm/xcode

SwiftCompile normal arm64 Compiling\ LoggingSystem.swift /Users/admin/builder/spi-builder-workspace/.dependencies/checkouts/swift-log/Sources/Logging/LoggingSystem.swift (in target 'Logging' from project 'swift-log')
SwiftCompile normal arm64 /Users/admin/builder/spi-builder-workspace/.dependencies/checkouts/swift-log/Sources/Logging/LoggingSystem.swift (in target 'Logging' from project 'swift-log')
    cd /Users/admin/builder/spi-builder-workspace/.swiftpm/xcode

SwiftDriverJobDiscovery normal arm64 Compiling FileOperations.swift, FilePath.swift, FilePathComponentView.swift, FilePathComponents.swift (in target 'SystemPackage' from project 'swift-system')
SwiftDriverJobDiscovery normal armv7k Compiling SwiftLogNoOpLogHandler.swift (in target 'Logging' from project 'swift-log')
SwiftDriver\ Compilation SystemPackage normal arm64 com.apple.xcode.tools.swift.compiler (in target 'SystemPackage' from project 'swift-system')
    cd /Users/admin/builder/spi-builder-workspace/.swiftpm/xcode
    builtin-Swift-Compilation -- /Applications/Xcode-16.3.0.app/Contents/Developer/Toolchains/XcodeDefault.xctoolchain/usr/bin/swiftc -module-name SystemPackage -Onone -enforce-exclusivity\=checked @/Users/admin/builder/spi-builder-workspace/.derivedData/Build/Intermediates.noindex/swift-system.build/Debug-watchos/SystemPackage.build/Objects-normal/arm64/SystemPackage.SwiftFileList -DSWIFT_PACKAGE -DDEBUG -DSYSTEM_PACKAGE -DENABLE_MOCKING -DSYSTEM_PACKAGE_DARWIN -DXcode -enable-experimental-feature AvailabilityMacro\=System\ 0.0.1:macOS\ 10.10,\ iOS\ 8.0,\ watchOS\ 2.0,\ tvOS\ 9.0,\ visionOS\ 1.0 -enable-experimental-feature AvailabilityMacro\=System\ 0.0.2:macOS\ 10.10,\ iOS\ 8.0,\ watchOS\ 2.0,\ tvOS\ 9.0,\ visionOS\ 1.0 -enable-experimental-feature AvailabilityMacro\=System\ 0.0.3:macOS\ 10.10,\ iOS\ 8.0,\ watchOS\ 2.0,\ tvOS\ 9.0,\ visionOS\ 1.0 -enable-experimental-feature AvailabilityMacro\=System\ 1.1.0:macOS\ 10.10,\ iOS\ 8.0,\ watchOS\ 2.0,\ tvOS\ 9.0,\ visionOS\ 1.0 -enable-experimental-feature AvailabilityMacro\=System\ 1.1.1:macOS\ 10.10,\ iOS\ 8.0,\ watchOS\ 2.0,\ tvOS\ 9.0,\ visionOS\ 1.0 -enable-experimental-feature AvailabilityMacro\=System\ 1.2.0:macOS\ 10.10,\ iOS\ 8.0,\ watchOS\ 2.0,\ tvOS\ 9.0,\ visionOS\ 1.0 -enable-experimental-feature AvailabilityMacro\=System\ 1.2.1:macOS\ 10.10,\ iOS\ 8.0,\ watchOS\ 2.0,\ tvOS\ 9.0,\ visionOS\ 1.0 -enable-experimental-feature AvailabilityMacro\=System\ 1.3.0:macOS\ 10.10,\ iOS\ 8.0,\ watchOS\ 2.0,\ tvOS\ 9.0,\ visionOS\ 1.0 -enable-experimental-feature AvailabilityMacro\=System\ 1.3.1:macOS\ 10.10,\ iOS\ 8.0,\ watchOS\ 2.0,\ tvOS\ 9.0,\ visionOS\ 1.0 -enable-experimental-feature AvailabilityMacro\=System\ 1.3.2:macOS\ 10.10,\ iOS\ 8.0,\ watchOS\ 2.0,\ tvOS\ 9.0,\ visionOS\ 1.0 -enable-experimental-feature AvailabilityMacro\=System\ 1.4.0:macOS\ 10.10,\ iOS\ 8.0,\ watchOS\ 2.0,\ tvOS\ 9.0,\ visionOS\ 1.0 -enable-experimental-feature AvailabilityMacro\=System\ 1.7.0:macOS\ 10.10,\ iOS\ 8.0,\ watchOS\ 2.0,\ tvOS\ 9.0,\ visionOS\ 1.0 -enable-experimental-feature AvailabilityMacro\=System\ 199:macOS\ 10.10,\ iOS\ 8.0,\ watchOS\ 2.0,\ tvOS\ 9.0,\ visionOS\ 1.0 -enable-experimental-feature Lifetimes -plugin-path /Applications/Xcode-16.3.0.app/Contents/Developer/Toolchains/XcodeDefault.xctoolchain/usr/lib/swift/host/plugins/testing -enable-experimental-feature DebugDescriptionMacro -sdk /Applications/Xcode-16.3.0.app/Contents/Developer/Platforms/WatchOS.platform/Developer/SDKs/WatchOS11.4.sdk -target arm64-apple-watchos5.0 -g -module-cache-path /Users/admin/builder/spi-builder-workspace/.derivedData/ModuleCache.noindex -Xfrontend -serialize-debugging-options -profile-coverage-mapping -profile-generate -enable-testing -suppress-warnings -index-store-path /Users/admin/builder/spi-builder-workspace/.derivedData/Index.noindex/DataStore -swift-version 6 -I /Users/admin/builder/spi-builder-workspace/.derivedData/Build/Products/Debug-watchos -I /Applications/Xcode-16.3.0.app/Contents/Developer/Platforms/WatchOS.platform/Developer/usr/lib -F /Users/admin/builder/spi-builder-workspace/.derivedData/Build/Products/Debug-watchos/PackageFrameworks -F /Users/admin/builder/spi-builder-workspace/.derivedData/Build/Products/Debug-watchos -F /Applications/Xcode-16.3.0.app/Contents/Developer/Platforms/WatchOS.platform/Developer/Library/Frameworks -F /Applications/Xcode-16.3.0.app/Contents/Developer/Platforms/WatchOS.platform/Developer/SDKs/WatchOS11.4.sdk/Developer/Library/Frameworks -c -j10 -enable-batch-mode -incremental -Xcc -ivfsstatcache -Xcc /Users/admin/builder/spi-builder-workspace/.derivedData/SDKStatCaches.noindex/watchos11.4-22T246-43efb940ff07ba2497b70ec94253f576.sdkstatcache -output-file-map /Users/admin/builder/spi-builder-workspace/.derivedData/Build/Intermediates.noindex/swift-system.build/Debug-watchos/SystemPackage.build/Objects-normal/arm64/SystemPackage-OutputFileMap.json -use-frontend-parseable-output -save-temps -no-color-diagnostics -serialize-diagnostics -emit-dependencies -emit-module -emit-module-path /Users/admin/builder/spi-builder-workspace/.derivedData/Build/Intermediates.noindex/swift-system.build/Debug-watchos/SystemPackage.build/Objects-normal/arm64/SystemPackage.swiftmodule -user-module-version 1.8.1 -validate-clang-modules-once -clang-build-session-file /Users/admin/builder/spi-builder-workspace/.derivedData/ModuleCache.noindex/Session.modulevalidation -package-name swift_system -Xcc -I/Users/admin/builder/spi-builder-workspace/.derivedData/Build/Intermediates.noindex/swift-system.build/Debug-watchos/SystemPackage.build/swift-overrides.hmap -emit-const-values -Xfrontend -const-gather-protocols-file -Xfrontend /Users/admin/builder/spi-builder-workspace/.derivedData/Build/Intermediates.noindex/swift-system.build/Debug-watchos/SystemPackage.build/Objects-normal/arm64/SystemPackage_const_extract_protocols.json -Xcc -I/Users/admin/builder/spi-builder-workspace/.dependencies/checkouts/swift-system/Sources/CSystem/include -Xcc -I/Users/admin/builder/spi-builder-workspace/.derivedData/Build/Products/Debug-watchos/include -Xcc -I/Users/admin/builder/spi-builder-workspace/.derivedData/Build/Intermediates.noindex/swift-system.build/Debug-watchos/SystemPackage.build/DerivedSources-normal/arm64 -Xcc -I/Users/admin/builder/spi-builder-workspace/.derivedData/Build/Intermediates.noindex/swift-system.build/Debug-watchos/SystemPackage.build/DerivedSources/arm64 -Xcc -I/Users/admin/builder/spi-builder-workspace/.derivedData/Build/Intermediates.noindex/swift-system.build/Debug-watchos/SystemPackage.build/DerivedSources -Xcc -DSWIFT_PACKAGE -Xcc -DDEBUG\=1 -emit-objc-header -emit-objc-header-path /Users/admin/builder/spi-builder-workspace/.derivedData/Build/Intermediates.noindex/swift-system.build/Debug-watchos/SystemPackage.build/Objects-normal/arm64/SystemPackage-Swift.h -working-directory /Users/admin/builder/spi-builder-workspace/.swiftpm/xcode -experimental-emit-module-separately -disable-cmo
SwiftCompile normal armv7k Compiling\ Logger+With.swift /Users/admin/builder/spi-builder-workspace/.dependencies/checkouts/swift-log/Sources/Logging/Logger+With.swift (in target 'Logging' from project 'swift-log')
unable to find node: pound
unable to find node: pound
SwiftCompile normal armv7k /Users/admin/builder/spi-builder-workspace/.dependencies/checkouts/swift-log/Sources/Logging/Logger+With.swift (in target 'Logging' from project 'swift-log')
    cd /Users/admin/builder/spi-builder-workspace/.swiftpm/xcode

SwiftCompile normal arm64_32 Compiling\ Logger+Attributes.swift /Users/admin/builder/spi-builder-workspace/.dependencies/checkouts/swift-log/Sources/Logging/Logger+Attributes.swift (in target 'Logging' from project 'swift-log')
SwiftCompile normal arm64_32 /Users/admin/builder/spi-builder-workspace/.dependencies/checkouts/swift-log/Sources/Logging/Logger+Attributes.swift (in target 'Logging' from project 'swift-log')
    cd /Users/admin/builder/spi-builder-workspace/.swiftpm/xcode

SwiftDriverJobDiscovery normal armv7k Compiling LogHandler.swift (in target 'Logging' from project 'swift-log')
SwiftCompile normal arm64 Compiling\ Logger.swift /Users/admin/builder/spi-builder-workspace/.dependencies/checkouts/swift-log/Sources/Logging/Logger.swift (in target 'Logging' from project 'swift-log')
SwiftCompile normal arm64 /Users/admin/builder/spi-builder-workspace/.dependencies/checkouts/swift-log/Sources/Logging/Logger.swift (in target 'Logging' from project 'swift-log')
    cd /Users/admin/builder/spi-builder-workspace/.swiftpm/xcode

SwiftDriverJobDiscovery normal arm64_32 Compiling Logger.swift (in target 'Logging' from project 'swift-log')
SwiftCompile normal arm64 Compiling\ LogHandler.swift /Users/admin/builder/spi-builder-workspace/.dependencies/checkouts/swift-log/Sources/Logging/LogHandler.swift (in target 'Logging' from project 'swift-log')
SwiftCompile normal arm64 /Users/admin/builder/spi-builder-workspace/.dependencies/checkouts/swift-log/Sources/Logging/LogHandler.swift (in target 'Logging' from project 'swift-log')
    cd /Users/admin/builder/spi-builder-workspace/.swiftpm/xcode

SwiftDriverJobDiscovery normal arm64_32 Compiling MetadataProvider.swift (in target 'Logging' from project 'swift-log')
SwiftCompile normal arm64_32 Compiling\ SwiftLogNoOpLogHandler.swift /Users/admin/builder/spi-builder-workspace/.dependencies/checkouts/swift-log/Sources/Logging/Handlers/SwiftLogNoOpLogHandler.swift (in target 'Logging' from project 'swift-log')
SwiftCompile normal arm64_32 /Users/admin/builder/spi-builder-workspace/.dependencies/checkouts/swift-log/Sources/Logging/Handlers/SwiftLogNoOpLogHandler.swift (in target 'Logging' from project 'swift-log')
    cd /Users/admin/builder/spi-builder-workspace/.swiftpm/xcode

SwiftDriverJobDiscovery normal arm64_32 Compiling LogEvent.swift (in target 'Logging' from project 'swift-log')
SwiftCompile normal arm64 Compiling\ MetadataProvider.swift /Users/admin/builder/spi-builder-workspace/.dependencies/checkouts/swift-log/Sources/Logging/MetadataProvider.swift (in target 'Logging' from project 'swift-log')
SwiftCompile normal arm64 /Users/admin/builder/spi-builder-workspace/.dependencies/checkouts/swift-log/Sources/Logging/MetadataProvider.swift (in target 'Logging' from project 'swift-log')
    cd /Users/admin/builder/spi-builder-workspace/.swiftpm/xcode

SwiftDriverJobDiscovery normal arm64_32 Compiling FileOperations.swift, FilePath.swift, FilePathComponentView.swift, FilePathComponents.swift (in target 'SystemPackage' from project 'swift-system')
SwiftDriverJobDiscovery normal arm64 Compiling Locks.swift (in target 'Logging' from project 'swift-log')
SwiftDriver\ Compilation SystemPackage normal arm64_32 com.apple.xcode.tools.swift.compiler (in target 'SystemPackage' from project 'swift-system')
    cd /Users/admin/builder/spi-builder-workspace/.swiftpm/xcode
    builtin-Swift-Compilation -- /Applications/Xcode-16.3.0.app/Contents/Developer/Toolchains/XcodeDefault.xctoolchain/usr/bin/swiftc -module-name SystemPackage -Onone -enforce-exclusivity\=checked @/Users/admin/builder/spi-builder-workspace/.derivedData/Build/Intermediates.noindex/swift-system.build/Debug-watchos/SystemPackage.build/Objects-normal/arm64_32/SystemPackage.SwiftFileList -DSWIFT_PACKAGE -DDEBUG -DSYSTEM_PACKAGE -DENABLE_MOCKING -DSYSTEM_PACKAGE_DARWIN -DXcode -enable-experimental-feature AvailabilityMacro\=System\ 0.0.1:macOS\ 10.10,\ iOS\ 8.0,\ watchOS\ 2.0,\ tvOS\ 9.0,\ visionOS\ 1.0 -enable-experimental-feature AvailabilityMacro\=System\ 0.0.2:macOS\ 10.10,\ iOS\ 8.0,\ watchOS\ 2.0,\ tvOS\ 9.0,\ visionOS\ 1.0 -enable-experimental-feature AvailabilityMacro\=System\ 0.0.3:macOS\ 10.10,\ iOS\ 8.0,\ watchOS\ 2.0,\ tvOS\ 9.0,\ visionOS\ 1.0 -enable-experimental-feature AvailabilityMacro\=System\ 1.1.0:macOS\ 10.10,\ iOS\ 8.0,\ watchOS\ 2.0,\ tvOS\ 9.0,\ visionOS\ 1.0 -enable-experimental-feature AvailabilityMacro\=System\ 1.1.1:macOS\ 10.10,\ iOS\ 8.0,\ watchOS\ 2.0,\ tvOS\ 9.0,\ visionOS\ 1.0 -enable-experimental-feature AvailabilityMacro\=System\ 1.2.0:macOS\ 10.10,\ iOS\ 8.0,\ watchOS\ 2.0,\ tvOS\ 9.0,\ visionOS\ 1.0 -enable-experimental-feature AvailabilityMacro\=System\ 1.2.1:macOS\ 10.10,\ iOS\ 8.0,\ watchOS\ 2.0,\ tvOS\ 9.0,\ visionOS\ 1.0 -enable-experimental-feature AvailabilityMacro\=System\ 1.3.0:macOS\ 10.10,\ iOS\ 8.0,\ watchOS\ 2.0,\ tvOS\ 9.0,\ visionOS\ 1.0 -enable-experimental-feature AvailabilityMacro\=System\ 1.3.1:macOS\ 10.10,\ iOS\ 8.0,\ watchOS\ 2.0,\ tvOS\ 9.0,\ visionOS\ 1.0 -enable-experimental-feature AvailabilityMacro\=System\ 1.3.2:macOS\ 10.10,\ iOS\ 8.0,\ watchOS\ 2.0,\ tvOS\ 9.0,\ visionOS\ 1.0 -enable-experimental-feature AvailabilityMacro\=System\ 1.4.0:macOS\ 10.10,\ iOS\ 8.0,\ watchOS\ 2.0,\ tvOS\ 9.0,\ visionOS\ 1.0 -enable-experimental-feature AvailabilityMacro\=System\ 1.7.0:macOS\ 10.10,\ iOS\ 8.0,\ watchOS\ 2.0,\ tvOS\ 9.0,\ visionOS\ 1.0 -enable-experimental-feature AvailabilityMacro\=System\ 199:macOS\ 10.10,\ iOS\ 8.0,\ watchOS\ 2.0,\ tvOS\ 9.0,\ visionOS\ 1.0 -enable-experimental-feature Lifetimes -plugin-path /Applications/Xcode-16.3.0.app/Contents/Developer/Toolchains/XcodeDefault.xctoolchain/usr/lib/swift/host/plugins/testing -enable-experimental-feature DebugDescriptionMacro -sdk /Applications/Xcode-16.3.0.app/Contents/Developer/Platforms/WatchOS.platform/Developer/SDKs/WatchOS11.4.sdk -target arm64_32-apple-watchos5.0 -g -module-cache-path /Users/admin/builder/spi-builder-workspace/.derivedData/ModuleCache.noindex -Xfrontend -serialize-debugging-options -profile-coverage-mapping -profile-generate -enable-testing -suppress-warnings -index-store-path /Users/admin/builder/spi-builder-workspace/.derivedData/Index.noindex/DataStore -swift-version 6 -I /Users/admin/builder/spi-builder-workspace/.derivedData/Build/Products/Debug-watchos -I /Applications/Xcode-16.3.0.app/Contents/Developer/Platforms/WatchOS.platform/Developer/usr/lib -F /Users/admin/builder/spi-builder-workspace/.derivedData/Build/Products/Debug-watchos/PackageFrameworks -F /Users/admin/builder/spi-builder-workspace/.derivedData/Build/Products/Debug-watchos -F /Applications/Xcode-16.3.0.app/Contents/Developer/Platforms/WatchOS.platform/Developer/Library/Frameworks -F /Applications/Xcode-16.3.0.app/Contents/Developer/Platforms/WatchOS.platform/Developer/SDKs/WatchOS11.4.sdk/Developer/Library/Frameworks -c -j10 -enable-batch-mode -incremental -Xcc -ivfsstatcache -Xcc /Users/admin/builder/spi-builder-workspace/.derivedData/SDKStatCaches.noindex/watchos11.4-22T246-43efb940ff07ba2497b70ec94253f576.sdkstatcache -output-file-map /Users/admin/builder/spi-builder-workspace/.derivedData/Build/Intermediates.noindex/swift-system.build/Debug-watchos/SystemPackage.build/Objects-normal/arm64_32/SystemPackage-OutputFileMap.json -use-frontend-parseable-output -save-temps -no-color-diagnostics -serialize-diagnostics -emit-dependencies -emit-module -emit-module-path /Users/admin/builder/spi-builder-workspace/.derivedData/Build/Intermediates.noindex/swift-system.build/Debug-watchos/SystemPackage.build/Objects-normal/arm64_32/SystemPackage.swiftmodule -user-module-version 1.8.1 -validate-clang-modules-once -clang-build-session-file /Users/admin/builder/spi-builder-workspace/.derivedData/ModuleCache.noindex/Session.modulevalidation -package-name swift_system -Xcc -I/Users/admin/builder/spi-builder-workspace/.derivedData/Build/Intermediates.noindex/swift-system.build/Debug-watchos/SystemPackage.build/swift-overrides.hmap -emit-const-values -Xfrontend -const-gather-protocols-file -Xfrontend /Users/admin/builder/spi-builder-workspace/.derivedData/Build/Intermediates.noindex/swift-system.build/Debug-watchos/SystemPackage.build/Objects-normal/arm64_32/SystemPackage_const_extract_protocols.json -Xcc -I/Users/admin/builder/spi-builder-workspace/.dependencies/checkouts/swift-system/Sources/CSystem/include -Xcc -I/Users/admin/builder/spi-builder-workspace/.derivedData/Build/Products/Debug-watchos/include -Xcc -I/Users/admin/builder/spi-builder-workspace/.derivedData/Build/Intermediates.noindex/swift-system.build/Debug-watchos/SystemPackage.build/DerivedSources-normal/arm64_32 -Xcc -I/Users/admin/builder/spi-builder-workspace/.derivedData/Build/Intermediates.noindex/swift-system.build/Debug-watchos/SystemPackage.build/DerivedSources/arm64_32 -Xcc -I/Users/admin/builder/spi-builder-workspace/.derivedData/Build/Intermediates.noindex/swift-system.build/Debug-watchos/SystemPackage.build/DerivedSources -Xcc -DSWIFT_PACKAGE -Xcc -DDEBUG\=1 -emit-objc-header -emit-objc-header-path /Users/admin/builder/spi-builder-workspace/.derivedData/Build/Intermediates.noindex/swift-system.build/Debug-watchos/SystemPackage.build/Objects-normal/arm64_32/SystemPackage-Swift.h -working-directory /Users/admin/builder/spi-builder-workspace/.swiftpm/xcode -experimental-emit-module-separately -disable-cmo
SwiftCompile normal armv7k Compiling\ Logger.swift /Users/admin/builder/spi-builder-workspace/.dependencies/checkouts/swift-log/Sources/Logging/Logger.swift (in target 'Logging' from project 'swift-log')
SwiftCompile normal armv7k /Users/admin/builder/spi-builder-workspace/.dependencies/checkouts/swift-log/Sources/Logging/Logger.swift (in target 'Logging' from project 'swift-log')
    cd /Users/admin/builder/spi-builder-workspace/.swiftpm/xcode

SwiftCompile normal arm64_32 Compiling\ LoggingSystem.swift /Users/admin/builder/spi-builder-workspace/.dependencies/checkouts/swift-log/Sources/Logging/LoggingSystem.swift (in target 'Logging' from project 'swift-log')
SwiftCompile normal arm64_32 /Users/admin/builder/spi-builder-workspace/.dependencies/checkouts/swift-log/Sources/Logging/LoggingSystem.swift (in target 'Logging' from project 'swift-log')
    cd /Users/admin/builder/spi-builder-workspace/.swiftpm/xcode

SwiftDriverJobDiscovery normal arm64 Compiling LoggingSystem.swift (in target 'Logging' from project 'swift-log')
SwiftCompile normal arm64 Compiling\ Logger+Attributes.swift /Users/admin/builder/spi-builder-workspace/.dependencies/checkouts/swift-log/Sources/Logging/Logger+Attributes.swift (in target 'Logging' from project 'swift-log')
SwiftCompile normal arm64 /Users/admin/builder/spi-builder-workspace/.dependencies/checkouts/swift-log/Sources/Logging/Logger+Attributes.swift (in target 'Logging' from project 'swift-log')
    cd /Users/admin/builder/spi-builder-workspace/.swiftpm/xcode

SwiftDriverJobDiscovery normal arm64 Compiling LogHandler.swift (in target 'Logging' from project 'swift-log')
SwiftCompile normal armv7k Compiling\ MultiplexLogHandler.swift,\ StreamLogHandler.swift /Users/admin/builder/spi-builder-workspace/.dependencies/checkouts/swift-log/Sources/Logging/Handlers/MultiplexLogHandler.swift /Users/admin/builder/spi-builder-workspace/.dependencies/checkouts/swift-log/Sources/Logging/Handlers/StreamLogHandler.swift (in target 'Logging' from project 'swift-log')
SwiftCompile normal armv7k /Users/admin/builder/spi-builder-workspace/.dependencies/checkouts/swift-log/Sources/Logging/Handlers/MultiplexLogHandler.swift (in target 'Logging' from project 'swift-log')
    cd /Users/admin/builder/spi-builder-workspace/.swiftpm/xcode

SwiftCompile normal armv7k /Users/admin/builder/spi-builder-workspace/.dependencies/checkouts/swift-log/Sources/Logging/Handlers/StreamLogHandler.swift (in target 'Logging' from project 'swift-log')
    cd /Users/admin/builder/spi-builder-workspace/.swiftpm/xcode

SwiftDriverJobDiscovery normal armv7k Compiling Logger+With.swift (in target 'Logging' from project 'swift-log')
SwiftCompile normal arm64_32 Compiling\ LogHandler.swift /Users/admin/builder/spi-builder-workspace/.dependencies/checkouts/swift-log/Sources/Logging/LogHandler.swift (in target 'Logging' from project 'swift-log')
SwiftCompile normal arm64_32 /Users/admin/builder/spi-builder-workspace/.dependencies/checkouts/swift-log/Sources/Logging/LogHandler.swift (in target 'Logging' from project 'swift-log')
    cd /Users/admin/builder/spi-builder-workspace/.swiftpm/xcode

SwiftDriverJobDiscovery normal arm64_32 Compiling SwiftLogNoOpLogHandler.swift (in target 'Logging' from project 'swift-log')
SwiftCompile normal armv7k Compiling\ MetadataProvider.swift /Users/admin/builder/spi-builder-workspace/.dependencies/checkouts/swift-log/Sources/Logging/MetadataProvider.swift (in target 'Logging' from project 'swift-log')
SwiftCompile normal armv7k /Users/admin/builder/spi-builder-workspace/.dependencies/checkouts/swift-log/Sources/Logging/MetadataProvider.swift (in target 'Logging' from project 'swift-log')
    cd /Users/admin/builder/spi-builder-workspace/.swiftpm/xcode

SwiftDriverJobDiscovery normal arm64 Compiling MetadataProvider.swift (in target 'Logging' from project 'swift-log')
SwiftCompile normal arm64_32 Compiling\ MultiplexLogHandler.swift,\ StreamLogHandler.swift /Users/admin/builder/spi-builder-workspace/.dependencies/checkouts/swift-log/Sources/Logging/Handlers/MultiplexLogHandler.swift /Users/admin/builder/spi-builder-workspace/.dependencies/checkouts/swift-log/Sources/Logging/Handlers/StreamLogHandler.swift (in target 'Logging' from project 'swift-log')
SwiftCompile normal arm64_32 /Users/admin/builder/spi-builder-workspace/.dependencies/checkouts/swift-log/Sources/Logging/Handlers/MultiplexLogHandler.swift (in target 'Logging' from project 'swift-log')
    cd /Users/admin/builder/spi-builder-workspace/.swiftpm/xcode

SwiftCompile normal arm64_32 /Users/admin/builder/spi-builder-workspace/.dependencies/checkouts/swift-log/Sources/Logging/Handlers/StreamLogHandler.swift (in target 'Logging' from project 'swift-log')
    cd /Users/admin/builder/spi-builder-workspace/.swiftpm/xcode

SwiftDriverJobDiscovery normal arm64 Compiling MultiplexLogHandler.swift, StreamLogHandler.swift (in target 'Logging' from project 'swift-log')
SwiftCompile normal armv7k Compiling\ LoggingSystem.swift /Users/admin/builder/spi-builder-workspace/.dependencies/checkouts/swift-log/Sources/Logging/LoggingSystem.swift (in target 'Logging' from project 'swift-log')
SwiftCompile normal armv7k /Users/admin/builder/spi-builder-workspace/.dependencies/checkouts/swift-log/Sources/Logging/LoggingSystem.swift (in target 'Logging' from project 'swift-log')
    cd /Users/admin/builder/spi-builder-workspace/.swiftpm/xcode

SwiftDriverJobDiscovery normal armv7k Compiling Logger+Attributes.swift (in target 'Logging' from project 'swift-log')
SwiftCompile normal arm64 Compiling\ SwiftLogNoOpLogHandler.swift /Users/admin/builder/spi-builder-workspace/.dependencies/checkouts/swift-log/Sources/Logging/Handlers/SwiftLogNoOpLogHandler.swift (in target 'Logging' from project 'swift-log')
SwiftCompile normal arm64 /Users/admin/builder/spi-builder-workspace/.dependencies/checkouts/swift-log/Sources/Logging/Handlers/SwiftLogNoOpLogHandler.swift (in target 'Logging' from project 'swift-log')
    cd /Users/admin/builder/spi-builder-workspace/.swiftpm/xcode

SwiftDriverJobDiscovery normal arm64_32 Compiling Logger+Attributes.swift (in target 'Logging' from project 'swift-log')
SwiftCompile normal arm64 Compiling\ LogEvent.swift /Users/admin/builder/spi-builder-workspace/.dependencies/checkouts/swift-log/Sources/Logging/LogEvent.swift (in target 'Logging' from project 'swift-log')
SwiftCompile normal arm64 /Users/admin/builder/spi-builder-workspace/.dependencies/checkouts/swift-log/Sources/Logging/LogEvent.swift (in target 'Logging' from project 'swift-log')
    cd /Users/admin/builder/spi-builder-workspace/.swiftpm/xcode

SwiftDriverJobDiscovery normal arm64_32 Compiling LogHandler.swift (in target 'Logging' from project 'swift-log')
SwiftCompile normal armv7k Compiling\ Locks.swift /Users/admin/builder/spi-builder-workspace/.dependencies/checkouts/swift-log/Sources/Logging/Locks.swift (in target 'Logging' from project 'swift-log')
SwiftCompile normal armv7k /Users/admin/builder/spi-builder-workspace/.dependencies/checkouts/swift-log/Sources/Logging/Locks.swift (in target 'Logging' from project 'swift-log')
    cd /Users/admin/builder/spi-builder-workspace/.swiftpm/xcode

SwiftDriverJobDiscovery normal armv7k Compiling MetadataProvider.swift (in target 'Logging' from project 'swift-log')
SwiftCompile normal arm64_32 Compiling\ Locks.swift /Users/admin/builder/spi-builder-workspace/.dependencies/checkouts/swift-log/Sources/Logging/Locks.swift (in target 'Logging' from project 'swift-log')
SwiftCompile normal arm64_32 /Users/admin/builder/spi-builder-workspace/.dependencies/checkouts/swift-log/Sources/Logging/Locks.swift (in target 'Logging' from project 'swift-log')
    cd /Users/admin/builder/spi-builder-workspace/.swiftpm/xcode

SwiftDriverJobDiscovery normal arm64_32 Compiling LoggingSystem.swift (in target 'Logging' from project 'swift-log')
SwiftCompile normal armv7k Compiling\ AsyncEventsSequence.swift /Users/admin/builder/spi-builder-workspace/.dependencies/checkouts/eventsource/Sources/EventSource/AsyncEventsSequence.swift (in target 'EventSource' from project 'EventSource')
SwiftCompile normal armv7k /Users/admin/builder/spi-builder-workspace/.dependencies/checkouts/eventsource/Sources/EventSource/AsyncEventsSequence.swift (in target 'EventSource' from project 'EventSource')
    cd /Users/admin/builder/spi-builder-workspace/.swiftpm/xcode

SwiftDriverJobDiscovery normal arm64 Compiling Logger.swift (in target 'Logging' from project 'swift-log')
SwiftDriver MCP normal arm64 com.apple.xcode.tools.swift.compiler (in target 'MCP' from project 'mcp-swift-sdk')
    cd /Users/admin/builder/spi-builder-workspace/.swiftpm/xcode
    builtin-SwiftDriver -- /Applications/Xcode-16.3.0.app/Contents/Developer/Toolchains/XcodeDefault.xctoolchain/usr/bin/swiftc -module-name MCP -Onone -enforce-exclusivity\=checked @/Users/admin/builder/spi-builder-workspace/.derivedData/Build/Intermediates.noindex/mcp-swift-sdk.build/Debug-watchos/MCP.build/Objects-normal/arm64/MCP.SwiftFileList -DSWIFT_PACKAGE -DDEBUG -DXcode -enable-upcoming-feature StrictConcurrency -plugin-path /Applications/Xcode-16.3.0.app/Contents/Developer/Toolchains/XcodeDefault.xctoolchain/usr/lib/swift/host/plugins/testing -enable-experimental-feature DebugDescriptionMacro -sdk /Applications/Xcode-16.3.0.app/Contents/Developer/Platforms/WatchOS.platform/Developer/SDKs/WatchOS11.4.sdk -target arm64-apple-watchos9.0 -g -module-cache-path /Users/admin/builder/spi-builder-workspace/.derivedData/ModuleCache.noindex -Xfrontend -serialize-debugging-options -profile-coverage-mapping -profile-generate -enable-testing -suppress-warnings -index-store-path /Users/admin/builder/spi-builder-workspace/.derivedData/Index.noindex/DataStore -swift-version 6 -I /Users/admin/builder/spi-builder-workspace/.derivedData/Build/Products/Debug-watchos -I /Applications/Xcode-16.3.0.app/Contents/Developer/Platforms/WatchOS.platform/Developer/usr/lib -F /Users/admin/builder/spi-builder-workspace/.derivedData/Build/Products/Debug-watchos/PackageFrameworks -F /Users/admin/builder/spi-builder-workspace/.derivedData/Build/Products/Debug-watchos/PackageFrameworks -F /Users/admin/builder/spi-builder-workspace/.derivedData/Build/Products/Debug-watchos/PackageFrameworks -F /Users/admin/builder/spi-builder-workspace/.derivedData/Build/Products/Debug-watchos/PackageFrameworks -F /Users/admin/builder/spi-builder-workspace/.derivedData/Build/Products/Debug-watchos -F /Applications/Xcode-16.3.0.app/Contents/Developer/Platforms/WatchOS.platform/Developer/Library/Frameworks -F /Applications/Xcode-16.3.0.app/Contents/Developer/Platforms/WatchOS.platform/Developer/SDKs/WatchOS11.4.sdk/Developer/Library/Frameworks -c -j10 -enable-batch-mode -incremental -Xcc -ivfsstatcache -Xcc /Users/admin/builder/spi-builder-workspace/.derivedData/SDKStatCaches.noindex/watchos11.4-22T246-43efb940ff07ba2497b70ec94253f576.sdkstatcache -output-file-map /Users/admin/builder/spi-builder-workspace/.derivedData/Build/Intermediates.noindex/mcp-swift-sdk.build/Debug-watchos/MCP.build/Objects-normal/arm64/MCP-OutputFileMap.json -use-frontend-parseable-output -save-temps -no-color-diagnostics -serialize-diagnostics -emit-dependencies -emit-module -emit-module-path /Users/admin/builder/spi-builder-workspace/.derivedData/Build/Intermediates.noindex/mcp-swift-sdk.build/Debug-watchos/MCP.build/Objects-normal/arm64/MCP.swiftmodule -user-module-version 0.12.1 -validate-clang-modules-once -clang-build-session-file /Users/admin/builder/spi-builder-workspace/.derivedData/ModuleCache.noindex/Session.modulevalidation -package-name swift_sdk -Xcc -I/Users/admin/builder/spi-builder-workspace/.derivedData/Build/Intermediates.noindex/mcp-swift-sdk.build/Debug-watchos/MCP.build/swift-overrides.hmap -emit-const-values -Xfrontend -const-gather-protocols-file -Xfrontend /Users/admin/builder/spi-builder-workspace/.derivedData/Build/Intermediates.noindex/mcp-swift-sdk.build/Debug-watchos/MCP.build/Objects-normal/arm64/MCP_const_extract_protocols.json -Xcc -I/Users/admin/builder/spi-builder-workspace/.dependencies/checkouts/swift-system/Sources/CSystem/include -Xcc -I/Users/admin/builder/spi-builder-workspace/.derivedData/Build/Products/Debug-watchos/include -Xcc -I/Users/admin/builder/spi-builder-workspace/.derivedData/Build/Intermediates.noindex/mcp-swift-sdk.build/Debug-watchos/MCP.build/DerivedSources-normal/arm64 -Xcc -I/Users/admin/builder/spi-builder-workspace/.derivedData/Build/Intermediates.noindex/mcp-swift-sdk.build/Debug-watchos/MCP.build/DerivedSources/arm64 -Xcc -I/Users/admin/builder/spi-builder-workspace/.derivedData/Build/Intermediates.noindex/mcp-swift-sdk.build/Debug-watchos/MCP.build/DerivedSources -Xcc -DSWIFT_PACKAGE -Xcc -DDEBUG\=1 -emit-objc-header -emit-objc-header-path /Users/admin/builder/spi-builder-workspace/.derivedData/Build/Intermediates.noindex/mcp-swift-sdk.build/Debug-watchos/MCP.build/Objects-normal/arm64/MCP-Swift.h -working-directory /Users/admin/builder/spi-builder-workspace/.swiftpm/xcode -experimental-emit-module-separately -disable-cmo
SwiftDriverJobDiscovery normal arm64 Compiling Logger+Attributes.swift (in target 'Logging' from project 'swift-log')
SwiftDriver MCP normal arm64_32 com.apple.xcode.tools.swift.compiler (in target 'MCP' from project 'mcp-swift-sdk')
    cd /Users/admin/builder/spi-builder-workspace/.swiftpm/xcode
    builtin-SwiftDriver -- /Applications/Xcode-16.3.0.app/Contents/Developer/Toolchains/XcodeDefault.xctoolchain/usr/bin/swiftc -module-name MCP -Onone -enforce-exclusivity\=checked @/Users/admin/builder/spi-builder-workspace/.derivedData/Build/Intermediates.noindex/mcp-swift-sdk.build/Debug-watchos/MCP.build/Objects-normal/arm64_32/MCP.SwiftFileList -DSWIFT_PACKAGE -DDEBUG -DXcode -enable-upcoming-feature StrictConcurrency -plugin-path /Applications/Xcode-16.3.0.app/Contents/Developer/Toolchains/XcodeDefault.xctoolchain/usr/lib/swift/host/plugins/testing -enable-experimental-feature DebugDescriptionMacro -sdk /Applications/Xcode-16.3.0.app/Contents/Developer/Platforms/WatchOS.platform/Developer/SDKs/WatchOS11.4.sdk -target arm64_32-apple-watchos9.0 -g -module-cache-path /Users/admin/builder/spi-builder-workspace/.derivedData/ModuleCache.noindex -Xfrontend -serialize-debugging-options -profile-coverage-mapping -profile-generate -enable-testing -suppress-warnings -index-store-path /Users/admin/builder/spi-builder-workspace/.derivedData/Index.noindex/DataStore -swift-version 6 -I /Users/admin/builder/spi-builder-workspace/.derivedData/Build/Products/Debug-watchos -I /Applications/Xcode-16.3.0.app/Contents/Developer/Platforms/WatchOS.platform/Developer/usr/lib -F /Users/admin/builder/spi-builder-workspace/.derivedData/Build/Products/Debug-watchos/PackageFrameworks -F /Users/admin/builder/spi-builder-workspace/.derivedData/Build/Products/Debug-watchos/PackageFrameworks -F /Users/admin/builder/spi-builder-workspace/.derivedData/Build/Products/Debug-watchos/PackageFrameworks -F /Users/admin/builder/spi-builder-workspace/.derivedData/Build/Products/Debug-watchos/PackageFrameworks -F /Users/admin/builder/spi-builder-workspace/.derivedData/Build/Products/Debug-watchos -F /Applications/Xcode-16.3.0.app/Contents/Developer/Platforms/WatchOS.platform/Developer/Library/Frameworks -F /Applications/Xcode-16.3.0.app/Contents/Developer/Platforms/WatchOS.platform/Developer/SDKs/WatchOS11.4.sdk/Developer/Library/Frameworks -c -j10 -enable-batch-mode -incremental -Xcc -ivfsstatcache -Xcc /Users/admin/builder/spi-builder-workspace/.derivedData/SDKStatCaches.noindex/watchos11.4-22T246-43efb940ff07ba2497b70ec94253f576.sdkstatcache -output-file-map /Users/admin/builder/spi-builder-workspace/.derivedData/Build/Intermediates.noindex/mcp-swift-sdk.build/Debug-watchos/MCP.build/Objects-normal/arm64_32/MCP-OutputFileMap.json -use-frontend-parseable-output -save-temps -no-color-diagnostics -serialize-diagnostics -emit-dependencies -emit-module -emit-module-path /Users/admin/builder/spi-builder-workspace/.derivedData/Build/Intermediates.noindex/mcp-swift-sdk.build/Debug-watchos/MCP.build/Objects-normal/arm64_32/MCP.swiftmodule -user-module-version 0.12.1 -validate-clang-modules-once -clang-build-session-file /Users/admin/builder/spi-builder-workspace/.derivedData/ModuleCache.noindex/Session.modulevalidation -package-name swift_sdk -Xcc -I/Users/admin/builder/spi-builder-workspace/.derivedData/Build/Intermediates.noindex/mcp-swift-sdk.build/Debug-watchos/MCP.build/swift-overrides.hmap -emit-const-values -Xfrontend -const-gather-protocols-file -Xfrontend /Users/admin/builder/spi-builder-workspace/.derivedData/Build/Intermediates.noindex/mcp-swift-sdk.build/Debug-watchos/MCP.build/Objects-normal/arm64_32/MCP_const_extract_protocols.json -Xcc -I/Users/admin/builder/spi-builder-workspace/.dependencies/checkouts/swift-system/Sources/CSystem/include -Xcc -I/Users/admin/builder/spi-builder-workspace/.derivedData/Build/Products/Debug-watchos/include -Xcc -I/Users/admin/builder/spi-builder-workspace/.derivedData/Build/Intermediates.noindex/mcp-swift-sdk.build/Debug-watchos/MCP.build/DerivedSources-normal/arm64_32 -Xcc -I/Users/admin/builder/spi-builder-workspace/.derivedData/Build/Intermediates.noindex/mcp-swift-sdk.build/Debug-watchos/MCP.build/DerivedSources/arm64_32 -Xcc -I/Users/admin/builder/spi-builder-workspace/.derivedData/Build/Intermediates.noindex/mcp-swift-sdk.build/Debug-watchos/MCP.build/DerivedSources -Xcc -DSWIFT_PACKAGE -Xcc -DDEBUG\=1 -emit-objc-header -emit-objc-header-path /Users/admin/builder/spi-builder-workspace/.derivedData/Build/Intermediates.noindex/mcp-swift-sdk.build/Debug-watchos/MCP.build/Objects-normal/arm64_32/MCP-Swift.h -working-directory /Users/admin/builder/spi-builder-workspace/.swiftpm/xcode -experimental-emit-module-separately -disable-cmo
SwiftDriverJobDiscovery normal armv7k Compiling LoggingSystem.swift (in target 'Logging' from project 'swift-log')
SwiftCompile normal armv7k Compiling\ EventSource+AsyncHTTPClient.swift /Users/admin/builder/spi-builder-workspace/.dependencies/checkouts/eventsource/Sources/EventSource/EventSource+AsyncHTTPClient.swift (in target 'EventSource' from project 'EventSource')
SwiftCompile normal armv7k /Users/admin/builder/spi-builder-workspace/.dependencies/checkouts/eventsource/Sources/EventSource/EventSource+AsyncHTTPClient.swift (in target 'EventSource' from project 'EventSource')
    cd /Users/admin/builder/spi-builder-workspace/.swiftpm/xcode

SwiftDriverJobDiscovery normal arm64 Compiling SwiftLogNoOpLogHandler.swift (in target 'Logging' from project 'swift-log')
SwiftCompile normal arm64 Compiling\ AsyncSequence+Events.swift /Users/admin/builder/spi-builder-workspace/.dependencies/checkouts/eventsource/Sources/EventSource/AsyncSequence+Events.swift (in target 'EventSource' from project 'EventSource')
SwiftCompile normal arm64 /Users/admin/builder/spi-builder-workspace/.dependencies/checkouts/eventsource/Sources/EventSource/AsyncSequence+Events.swift (in target 'EventSource' from project 'EventSource')
    cd /Users/admin/builder/spi-builder-workspace/.swiftpm/xcode

SwiftDriverJobDiscovery normal arm64 Compiling LogEvent.swift (in target 'Logging' from project 'swift-log')
SwiftDriver\ Compilation Logging normal arm64 com.apple.xcode.tools.swift.compiler (in target 'Logging' from project 'swift-log')
    cd /Users/admin/builder/spi-builder-workspace/.swiftpm/xcode
    builtin-Swift-Compilation -- /Applications/Xcode-16.3.0.app/Contents/Developer/Toolchains/XcodeDefault.xctoolchain/usr/bin/swiftc -module-name Logging -Onone -enforce-exclusivity\=checked @/Users/admin/builder/spi-builder-workspace/.derivedData/Build/Intermediates.noindex/swift-log.build/Debug-watchos/Logging.build/Objects-normal/arm64/Logging.SwiftFileList -DSWIFT_PACKAGE -DDEBUG -DXcode -enable-upcoming-feature ExistentialAny -enable-upcoming-feature MemberImportVisibility -enable-upcoming-feature InternalImportsByDefault -plugin-path /Applications/Xcode-16.3.0.app/Contents/Developer/Toolchains/XcodeDefault.xctoolchain/usr/lib/swift/host/plugins/testing -enable-experimental-feature DebugDescriptionMacro -sdk /Applications/Xcode-16.3.0.app/Contents/Developer/Platforms/WatchOS.platform/Developer/SDKs/WatchOS11.4.sdk -target arm64-apple-watchos5.0 -g -module-cache-path /Users/admin/builder/spi-builder-workspace/.derivedData/ModuleCache.noindex -Xfrontend -serialize-debugging-options -profile-coverage-mapping -profile-generate -enable-testing -suppress-warnings -index-store-path /Users/admin/builder/spi-builder-workspace/.derivedData/Index.noindex/DataStore -swift-version 6 -I /Users/admin/builder/spi-builder-workspace/.derivedData/Build/Products/Debug-watchos -I /Applications/Xcode-16.3.0.app/Contents/Developer/Platforms/WatchOS.platform/Developer/usr/lib -F /Users/admin/builder/spi-builder-workspace/.derivedData/Build/Products/Debug-watchos -F /Applications/Xcode-16.3.0.app/Contents/Developer/Platforms/WatchOS.platform/Developer/Library/Frameworks -F /Applications/Xcode-16.3.0.app/Contents/Developer/Platforms/WatchOS.platform/Developer/SDKs/WatchOS11.4.sdk/Developer/Library/Frameworks -c -j10 -enable-batch-mode -incremental -Xcc -ivfsstatcache -Xcc /Users/admin/builder/spi-builder-workspace/.derivedData/SDKStatCaches.noindex/watchos11.4-22T246-43efb940ff07ba2497b70ec94253f576.sdkstatcache -output-file-map /Users/admin/builder/spi-builder-workspace/.derivedData/Build/Intermediates.noindex/swift-log.build/Debug-watchos/Logging.build/Objects-normal/arm64/Logging-OutputFileMap.json -use-frontend-parseable-output -save-temps -no-color-diagnostics -serialize-diagnostics -emit-dependencies -emit-module -emit-module-path /Users/admin/builder/spi-builder-workspace/.derivedData/Build/Intermediates.noindex/swift-log.build/Debug-watchos/Logging.build/Objects-normal/arm64/Logging.swiftmodule -user-module-version 1.15.1 -validate-clang-modules-once -clang-build-session-file /Users/admin/builder/spi-builder-workspace/.derivedData/ModuleCache.noindex/Session.modulevalidation -package-name swift_log -Xcc -I/Users/admin/builder/spi-builder-workspace/.derivedData/Build/Intermediates.noindex/swift-log.build/Debug-watchos/Logging.build/swift-overrides.hmap -emit-const-values -Xfrontend -const-gather-protocols-file -Xfrontend /Users/admin/builder/spi-builder-workspace/.derivedData/Build/Intermediates.noindex/swift-log.build/Debug-watchos/Logging.build/Objects-normal/arm64/Logging_const_extract_protocols.json -Xcc -I/Users/admin/builder/spi-builder-workspace/.derivedData/Build/Products/Debug-watchos/include -Xcc -I/Users/admin/builder/spi-builder-workspace/.derivedData/Build/Intermediates.noindex/swift-log.build/Debug-watchos/Logging.build/DerivedSources-normal/arm64 -Xcc -I/Users/admin/builder/spi-builder-workspace/.derivedData/Build/Intermediates.noindex/swift-log.build/Debug-watchos/Logging.build/DerivedSources/arm64 -Xcc -I/Users/admin/builder/spi-builder-workspace/.derivedData/Build/Intermediates.noindex/swift-log.build/Debug-watchos/Logging.build/DerivedSources -Xcc -DSWIFT_PACKAGE -Xcc -DDEBUG\=1 -emit-objc-header -emit-objc-header-path /Users/admin/builder/spi-builder-workspace/.derivedData/Build/Intermediates.noindex/swift-log.build/Debug-watchos/Logging.build/Objects-normal/arm64/Logging-Swift.h -working-directory /Users/admin/builder/spi-builder-workspace/.swiftpm/xcode -experimental-emit-module-separately -disable-cmo
SwiftCompile normal armv7k Compiling\ AsyncSequence+Events.swift /Users/admin/builder/spi-builder-workspace/.dependencies/checkouts/eventsource/Sources/EventSource/AsyncSequence+Events.swift (in target 'EventSource' from project 'EventSource')
SwiftCompile normal armv7k /Users/admin/builder/spi-builder-workspace/.dependencies/checkouts/eventsource/Sources/EventSource/AsyncSequence+Events.swift (in target 'EventSource' from project 'EventSource')
    cd /Users/admin/builder/spi-builder-workspace/.swiftpm/xcode

SwiftCompile normal arm64_32 Compiling\ AsyncSequence+Events.swift /Users/admin/builder/spi-builder-workspace/.dependencies/checkouts/eventsource/Sources/EventSource/AsyncSequence+Events.swift (in target 'EventSource' from project 'EventSource')
SwiftCompile normal arm64_32 /Users/admin/builder/spi-builder-workspace/.dependencies/checkouts/eventsource/Sources/EventSource/AsyncSequence+Events.swift (in target 'EventSource' from project 'EventSource')
    cd /Users/admin/builder/spi-builder-workspace/.swiftpm/xcode

SwiftEmitModule normal arm64 Emitting\ module\ for\ MCP (in target 'MCP' from project 'mcp-swift-sdk')
EmitSwiftModule normal arm64 (in target 'MCP' from project 'mcp-swift-sdk')
    cd /Users/admin/builder/spi-builder-workspace/.swiftpm/xcode

SwiftDriverJobDiscovery normal armv7k Compiling AsyncEventsSequence.swift (in target 'EventSource' from project 'EventSource')
SwiftEmitModule normal arm64_32 Emitting\ module\ for\ MCP (in target 'MCP' from project 'mcp-swift-sdk')
EmitSwiftModule normal arm64_32 (in target 'MCP' from project 'mcp-swift-sdk')
    cd /Users/admin/builder/spi-builder-workspace/.swiftpm/xcode

SwiftDriverJobDiscovery normal armv7k Compiling Logger.swift (in target 'Logging' from project 'swift-log')
SwiftCompile normal arm64 Compiling\ Versioning.swift,\ Client.swift,\ Elicitation.swift,\ Roots.swift /Users/admin/builder/spi-builder-workspace/.dependencies/checkouts/swift-sdk/Sources/MCP/Base/Versioning.swift /Users/admin/builder/spi-builder-workspace/.dependencies/checkouts/swift-sdk/Sources/MCP/Client/Client.swift /Users/admin/builder/spi-builder-workspace/.dependencies/checkouts/swift-sdk/Sources/MCP/Client/Elicitation.swift /Users/admin/builder/spi-builder-workspace/.dependencies/checkouts/swift-sdk/Sources/MCP/Client/Roots.swift (in target 'MCP' from project 'mcp-swift-sdk')
SwiftCompile normal arm64 /Users/admin/builder/spi-builder-workspace/.dependencies/checkouts/swift-sdk/Sources/MCP/Base/Versioning.swift (in target 'MCP' from project 'mcp-swift-sdk')
    cd /Users/admin/builder/spi-builder-workspace/.swiftpm/xcode

SwiftCompile normal arm64 /Users/admin/builder/spi-builder-workspace/.dependencies/checkouts/swift-sdk/Sources/MCP/Client/Client.swift (in target 'MCP' from project 'mcp-swift-sdk')
    cd /Users/admin/builder/spi-builder-workspace/.swiftpm/xcode

SwiftCompile normal arm64 /Users/admin/builder/spi-builder-workspace/.dependencies/checkouts/swift-sdk/Sources/MCP/Client/Elicitation.swift (in target 'MCP' from project 'mcp-swift-sdk')
    cd /Users/admin/builder/spi-builder-workspace/.swiftpm/xcode

SwiftCompile normal arm64 /Users/admin/builder/spi-builder-workspace/.dependencies/checkouts/swift-sdk/Sources/MCP/Client/Roots.swift (in target 'MCP' from project 'mcp-swift-sdk')
    cd /Users/admin/builder/spi-builder-workspace/.swiftpm/xcode

SwiftDriverJobDiscovery normal arm64_32 Compiling Locks.swift (in target 'Logging' from project 'swift-log')
SwiftCompile normal arm64_32 Compiling\ Prompts.swift,\ Resources.swift,\ Server.swift,\ Tools.swift /Users/admin/builder/spi-builder-workspace/.dependencies/checkouts/swift-sdk/Sources/MCP/Server/Prompts.swift /Users/admin/builder/spi-builder-workspace/.dependencies/checkouts/swift-sdk/Sources/MCP/Server/Resources.swift /Users/admin/builder/spi-builder-workspace/.dependencies/checkouts/swift-sdk/Sources/MCP/Server/Server.swift /Users/admin/builder/spi-builder-workspace/.dependencies/checkouts/swift-sdk/Sources/MCP/Server/Tools.swift (in target 'MCP' from project 'mcp-swift-sdk')
SwiftCompile normal arm64_32 /Users/admin/builder/spi-builder-workspace/.dependencies/checkouts/swift-sdk/Sources/MCP/Server/Prompts.swift (in target 'MCP' from project 'mcp-swift-sdk')
    cd /Users/admin/builder/spi-builder-workspace/.swiftpm/xcode

SwiftCompile normal arm64_32 /Users/admin/builder/spi-builder-workspace/.dependencies/checkouts/swift-sdk/Sources/MCP/Server/Resources.swift (in target 'MCP' from project 'mcp-swift-sdk')
    cd /Users/admin/builder/spi-builder-workspace/.swiftpm/xcode

SwiftCompile normal arm64_32 /Users/admin/builder/spi-builder-workspace/.dependencies/checkouts/swift-sdk/Sources/MCP/Server/Server.swift (in target 'MCP' from project 'mcp-swift-sdk')
    cd /Users/admin/builder/spi-builder-workspace/.swiftpm/xcode

SwiftCompile normal arm64_32 /Users/admin/builder/spi-builder-workspace/.dependencies/checkouts/swift-sdk/Sources/MCP/Server/Tools.swift (in target 'MCP' from project 'mcp-swift-sdk')
    cd /Users/admin/builder/spi-builder-workspace/.swiftpm/xcode

SwiftCompile normal arm64 Compiling\ Cancellation.swift,\ Ping.swift,\ Progress.swift,\ RequestContext.swift,\ Value.swift /Users/admin/builder/spi-builder-workspace/.dependencies/checkouts/swift-sdk/Sources/MCP/Base/Utilities/Cancellation.swift /Users/admin/builder/spi-builder-workspace/.dependencies/checkouts/swift-sdk/Sources/MCP/Base/Utilities/Ping.swift /Users/admin/builder/spi-builder-workspace/.dependencies/checkouts/swift-sdk/Sources/MCP/Base/Utilities/Progress.swift /Users/admin/builder/spi-builder-workspace/.dependencies/checkouts/swift-sdk/Sources/MCP/Base/Utilities/RequestContext.swift /Users/admin/builder/spi-builder-workspace/.dependencies/checkouts/swift-sdk/Sources/MCP/Base/Value.swift (in target 'MCP' from project 'mcp-swift-sdk')
SwiftCompile normal arm64 /Users/admin/builder/spi-builder-workspace/.dependencies/checkouts/swift-sdk/Sources/MCP/Base/Utilities/Cancellation.swift (in target 'MCP' from project 'mcp-swift-sdk')
    cd /Users/admin/builder/spi-builder-workspace/.swiftpm/xcode

SwiftCompile normal arm64 /Users/admin/builder/spi-builder-workspace/.dependencies/checkouts/swift-sdk/Sources/MCP/Base/Utilities/Ping.swift (in target 'MCP' from project 'mcp-swift-sdk')
    cd /Users/admin/builder/spi-builder-workspace/.swiftpm/xcode

SwiftCompile normal arm64 /Users/admin/builder/spi-builder-workspace/.dependencies/checkouts/swift-sdk/Sources/MCP/Base/Utilities/Progress.swift (in target 'MCP' from project 'mcp-swift-sdk')
    cd /Users/admin/builder/spi-builder-workspace/.swiftpm/xcode

SwiftCompile normal arm64 /Users/admin/builder/spi-builder-workspace/.dependencies/checkouts/swift-sdk/Sources/MCP/Base/Utilities/RequestContext.swift (in target 'MCP' from project 'mcp-swift-sdk')
    cd /Users/admin/builder/spi-builder-workspace/.swiftpm/xcode

SwiftCompile normal arm64 /Users/admin/builder/spi-builder-workspace/.dependencies/checkouts/swift-sdk/Sources/MCP/Base/Value.swift (in target 'MCP' from project 'mcp-swift-sdk')
    cd /Users/admin/builder/spi-builder-workspace/.swiftpm/xcode

SwiftDriverJobDiscovery normal armv7k Compiling Locks.swift (in target 'Logging' from project 'swift-log')
SwiftDriverJobDiscovery normal armv7k Compiling EventSource+AsyncHTTPClient.swift (in target 'EventSource' from project 'EventSource')
SwiftCompile normal arm64_32 Compiling\ Versioning.swift,\ Client.swift,\ Elicitation.swift,\ Roots.swift /Users/admin/builder/spi-builder-workspace/.dependencies/checkouts/swift-sdk/Sources/MCP/Base/Versioning.swift /Users/admin/builder/spi-builder-workspace/.dependencies/checkouts/swift-sdk/Sources/MCP/Client/Client.swift /Users/admin/builder/spi-builder-workspace/.dependencies/checkouts/swift-sdk/Sources/MCP/Client/Elicitation.swift /Users/admin/builder/spi-builder-workspace/.dependencies/checkouts/swift-sdk/Sources/MCP/Client/Roots.swift (in target 'MCP' from project 'mcp-swift-sdk')
SwiftCompile normal arm64_32 /Users/admin/builder/spi-builder-workspace/.dependencies/checkouts/swift-sdk/Sources/MCP/Base/Versioning.swift (in target 'MCP' from project 'mcp-swift-sdk')
    cd /Users/admin/builder/spi-builder-workspace/.swiftpm/xcode

SwiftCompile normal arm64_32 /Users/admin/builder/spi-builder-workspace/.dependencies/checkouts/swift-sdk/Sources/MCP/Client/Client.swift (in target 'MCP' from project 'mcp-swift-sdk')
    cd /Users/admin/builder/spi-builder-workspace/.swiftpm/xcode

SwiftCompile normal arm64_32 /Users/admin/builder/spi-builder-workspace/.dependencies/checkouts/swift-sdk/Sources/MCP/Client/Elicitation.swift (in target 'MCP' from project 'mcp-swift-sdk')
    cd /Users/admin/builder/spi-builder-workspace/.swiftpm/xcode

SwiftCompile normal arm64_32 /Users/admin/builder/spi-builder-workspace/.dependencies/checkouts/swift-sdk/Sources/MCP/Client/Roots.swift (in target 'MCP' from project 'mcp-swift-sdk')
    cd /Users/admin/builder/spi-builder-workspace/.swiftpm/xcode

SwiftDriverJobDiscovery normal arm64 Compiling AsyncSequence+Events.swift (in target 'EventSource' from project 'EventSource')
SwiftCompile normal arm64_32 Compiling\ ID.swift,\ Icon.swift,\ Lifecycle.swift,\ Messages.swift,\ PendingRequest.swift /Users/admin/builder/spi-builder-workspace/.dependencies/checkouts/swift-sdk/Sources/MCP/Base/ID.swift /Users/admin/builder/spi-builder-workspace/.dependencies/checkouts/swift-sdk/Sources/MCP/Base/Icon.swift /Users/admin/builder/spi-builder-workspace/.dependencies/checkouts/swift-sdk/Sources/MCP/Base/Lifecycle.swift /Users/admin/builder/spi-builder-workspace/.dependencies/checkouts/swift-sdk/Sources/MCP/Base/Messages.swift /Users/admin/builder/spi-builder-workspace/.dependencies/checkouts/swift-sdk/Sources/MCP/Base/PendingRequest.swift (in target 'MCP' from project 'mcp-swift-sdk')
SwiftCompile normal arm64_32 /Users/admin/builder/spi-builder-workspace/.dependencies/checkouts/swift-sdk/Sources/MCP/Base/ID.swift (in target 'MCP' from project 'mcp-swift-sdk')
    cd /Users/admin/builder/spi-builder-workspace/.swiftpm/xcode

SwiftCompile normal arm64_32 /Users/admin/builder/spi-builder-workspace/.dependencies/checkouts/swift-sdk/Sources/MCP/Base/Icon.swift (in target 'MCP' from project 'mcp-swift-sdk')
    cd /Users/admin/builder/spi-builder-workspace/.swiftpm/xcode

SwiftCompile normal arm64_32 /Users/admin/builder/spi-builder-workspace/.dependencies/checkouts/swift-sdk/Sources/MCP/Base/Lifecycle.swift (in target 'MCP' from project 'mcp-swift-sdk')
    cd /Users/admin/builder/spi-builder-workspace/.swiftpm/xcode

SwiftCompile normal arm64_32 /Users/admin/builder/spi-builder-workspace/.dependencies/checkouts/swift-sdk/Sources/MCP/Base/Messages.swift (in target 'MCP' from project 'mcp-swift-sdk')
    cd /Users/admin/builder/spi-builder-workspace/.swiftpm/xcode

SwiftCompile normal arm64_32 /Users/admin/builder/spi-builder-workspace/.dependencies/checkouts/swift-sdk/Sources/MCP/Base/PendingRequest.swift (in target 'MCP' from project 'mcp-swift-sdk')
    cd /Users/admin/builder/spi-builder-workspace/.swiftpm/xcode

SwiftDriverJobDiscovery normal armv7k Compiling AsyncSequence+Events.swift (in target 'EventSource' from project 'EventSource')
SwiftCompile normal arm64_32 Compiling\ Cancellation.swift,\ Ping.swift,\ Progress.swift,\ RequestContext.swift,\ Value.swift /Users/admin/builder/spi-builder-workspace/.dependencies/checkouts/swift-sdk/Sources/MCP/Base/Utilities/Cancellation.swift /Users/admin/builder/spi-builder-workspace/.dependencies/checkouts/swift-sdk/Sources/MCP/Base/Utilities/Ping.swift /Users/admin/builder/spi-builder-workspace/.dependencies/checkouts/swift-sdk/Sources/MCP/Base/Utilities/Progress.swift /Users/admin/builder/spi-builder-workspace/.dependencies/checkouts/swift-sdk/Sources/MCP/Base/Utilities/RequestContext.swift /Users/admin/builder/spi-builder-workspace/.dependencies/checkouts/swift-sdk/Sources/MCP/Base/Value.swift (in target 'MCP' from project 'mcp-swift-sdk')
SwiftCompile normal arm64_32 /Users/admin/builder/spi-builder-workspace/.dependencies/checkouts/swift-sdk/Sources/MCP/Base/Utilities/Cancellation.swift (in target 'MCP' from project 'mcp-swift-sdk')
    cd /Users/admin/builder/spi-builder-workspace/.swiftpm/xcode

SwiftCompile normal arm64_32 /Users/admin/builder/spi-builder-workspace/.dependencies/checkouts/swift-sdk/Sources/MCP/Base/Utilities/Ping.swift (in target 'MCP' from project 'mcp-swift-sdk')
    cd /Users/admin/builder/spi-builder-workspace/.swiftpm/xcode

SwiftCompile normal arm64_32 /Users/admin/builder/spi-builder-workspace/.dependencies/checkouts/swift-sdk/Sources/MCP/Base/Utilities/Progress.swift (in target 'MCP' from project 'mcp-swift-sdk')
    cd /Users/admin/builder/spi-builder-workspace/.swiftpm/xcode

SwiftCompile normal arm64_32 /Users/admin/builder/spi-builder-workspace/.dependencies/checkouts/swift-sdk/Sources/MCP/Base/Utilities/RequestContext.swift (in target 'MCP' from project 'mcp-swift-sdk')
    cd /Users/admin/builder/spi-builder-workspace/.swiftpm/xcode

SwiftCompile normal arm64_32 /Users/admin/builder/spi-builder-workspace/.dependencies/checkouts/swift-sdk/Sources/MCP/Base/Value.swift (in target 'MCP' from project 'mcp-swift-sdk')
    cd /Users/admin/builder/spi-builder-workspace/.swiftpm/xcode

SwiftDriverJobDiscovery normal arm64_32 Compiling AsyncSequence+Events.swift (in target 'EventSource' from project 'EventSource')
SwiftCompile normal arm64 Compiling\ Sampling.swift,\ Data+Extensions.swift,\ Completion.swift,\ Logging.swift /Users/admin/builder/spi-builder-workspace/.dependencies/checkouts/swift-sdk/Sources/MCP/Client/Sampling.swift /Users/admin/builder/spi-builder-workspace/.dependencies/checkouts/swift-sdk/Sources/MCP/Extensions/Data+Extensions.swift /Users/admin/builder/spi-builder-workspace/.dependencies/checkouts/swift-sdk/Sources/MCP/Server/Completion.swift /Users/admin/builder/spi-builder-workspace/.dependencies/checkouts/swift-sdk/Sources/MCP/Server/Logging.swift (in target 'MCP' from project 'mcp-swift-sdk')
SwiftCompile normal arm64 /Users/admin/builder/spi-builder-workspace/.dependencies/checkouts/swift-sdk/Sources/MCP/Client/Sampling.swift (in target 'MCP' from project 'mcp-swift-sdk')
    cd /Users/admin/builder/spi-builder-workspace/.swiftpm/xcode

SwiftCompile normal arm64 /Users/admin/builder/spi-builder-workspace/.dependencies/checkouts/swift-sdk/Sources/MCP/Extensions/Data+Extensions.swift (in target 'MCP' from project 'mcp-swift-sdk')
    cd /Users/admin/builder/spi-builder-workspace/.swiftpm/xcode

SwiftCompile normal arm64 /Users/admin/builder/spi-builder-workspace/.dependencies/checkouts/swift-sdk/Sources/MCP/Server/Completion.swift (in target 'MCP' from project 'mcp-swift-sdk')
    cd /Users/admin/builder/spi-builder-workspace/.swiftpm/xcode

SwiftCompile normal arm64 /Users/admin/builder/spi-builder-workspace/.dependencies/checkouts/swift-sdk/Sources/MCP/Server/Logging.swift (in target 'MCP' from project 'mcp-swift-sdk')
    cd /Users/admin/builder/spi-builder-workspace/.swiftpm/xcode

SwiftDriverJobDiscovery normal armv7k Compiling MultiplexLogHandler.swift, StreamLogHandler.swift (in target 'Logging' from project 'swift-log')
SwiftCompile normal arm64 Compiling\ OAuthURLValidator.swift,\ OAuthWWWAuthenticateParser.swift,\ PKCE.swift,\ TokenStorage.swift,\ Error.swift /Users/admin/builder/spi-builder-workspace/.dependencies/checkouts/swift-sdk/Sources/MCP/Base/Authorization/OAuthURLValidator.swift /Users/admin/builder/spi-builder-workspace/.dependencies/checkouts/swift-sdk/Sources/MCP/Base/Authorization/OAuthWWWAuthenticateParser.swift /Users/admin/builder/spi-builder-workspace/.dependencies/checkouts/swift-sdk/Sources/MCP/Base/Authorization/PKCE.swift /Users/admin/builder/spi-builder-workspace/.dependencies/checkouts/swift-sdk/Sources/MCP/Base/Authorization/TokenStorage.swift /Users/admin/builder/spi-builder-workspace/.dependencies/checkouts/swift-sdk/Sources/MCP/Base/Error.swift (in target 'MCP' from project 'mcp-swift-sdk')
SwiftCompile normal arm64 /Users/admin/builder/spi-builder-workspace/.dependencies/checkouts/swift-sdk/Sources/MCP/Base/Authorization/OAuthURLValidator.swift (in target 'MCP' from project 'mcp-swift-sdk')
    cd /Users/admin/builder/spi-builder-workspace/.swiftpm/xcode

SwiftCompile normal arm64 /Users/admin/builder/spi-builder-workspace/.dependencies/checkouts/swift-sdk/Sources/MCP/Base/Authorization/OAuthWWWAuthenticateParser.swift (in target 'MCP' from project 'mcp-swift-sdk')
    cd /Users/admin/builder/spi-builder-workspace/.swiftpm/xcode

SwiftCompile normal arm64 /Users/admin/builder/spi-builder-workspace/.dependencies/checkouts/swift-sdk/Sources/MCP/Base/Authorization/PKCE.swift (in target 'MCP' from project 'mcp-swift-sdk')
    cd /Users/admin/builder/spi-builder-workspace/.swiftpm/xcode

SwiftCompile normal arm64 /Users/admin/builder/spi-builder-workspace/.dependencies/checkouts/swift-sdk/Sources/MCP/Base/Authorization/TokenStorage.swift (in target 'MCP' from project 'mcp-swift-sdk')
    cd /Users/admin/builder/spi-builder-workspace/.swiftpm/xcode

SwiftCompile normal arm64 /Users/admin/builder/spi-builder-workspace/.dependencies/checkouts/swift-sdk/Sources/MCP/Base/Error.swift (in target 'MCP' from project 'mcp-swift-sdk')
    cd /Users/admin/builder/spi-builder-workspace/.swiftpm/xcode

SwiftDriverJobDiscovery normal arm64_32 Compiling MultiplexLogHandler.swift, StreamLogHandler.swift (in target 'Logging' from project 'swift-log')
SwiftCompile normal arm64 Compiling\ ID.swift,\ Icon.swift,\ Lifecycle.swift,\ Messages.swift,\ PendingRequest.swift /Users/admin/builder/spi-builder-workspace/.dependencies/checkouts/swift-sdk/Sources/MCP/Base/ID.swift /Users/admin/builder/spi-builder-workspace/.dependencies/checkouts/swift-sdk/Sources/MCP/Base/Icon.swift /Users/admin/builder/spi-builder-workspace/.dependencies/checkouts/swift-sdk/Sources/MCP/Base/Lifecycle.swift /Users/admin/builder/spi-builder-workspace/.dependencies/checkouts/swift-sdk/Sources/MCP/Base/Messages.swift /Users/admin/builder/spi-builder-workspace/.dependencies/checkouts/swift-sdk/Sources/MCP/Base/PendingRequest.swift (in target 'MCP' from project 'mcp-swift-sdk')
SwiftCompile normal arm64 /Users/admin/builder/spi-builder-workspace/.dependencies/checkouts/swift-sdk/Sources/MCP/Base/ID.swift (in target 'MCP' from project 'mcp-swift-sdk')
    cd /Users/admin/builder/spi-builder-workspace/.swiftpm/xcode

SwiftCompile normal arm64 /Users/admin/builder/spi-builder-workspace/.dependencies/checkouts/swift-sdk/Sources/MCP/Base/Icon.swift (in target 'MCP' from project 'mcp-swift-sdk')
    cd /Users/admin/builder/spi-builder-workspace/.swiftpm/xcode

SwiftCompile normal arm64 /Users/admin/builder/spi-builder-workspace/.dependencies/checkouts/swift-sdk/Sources/MCP/Base/Lifecycle.swift (in target 'MCP' from project 'mcp-swift-sdk')
    cd /Users/admin/builder/spi-builder-workspace/.swiftpm/xcode

SwiftCompile normal arm64 /Users/admin/builder/spi-builder-workspace/.dependencies/checkouts/swift-sdk/Sources/MCP/Base/Messages.swift (in target 'MCP' from project 'mcp-swift-sdk')
    cd /Users/admin/builder/spi-builder-workspace/.swiftpm/xcode

SwiftCompile normal arm64 /Users/admin/builder/spi-builder-workspace/.dependencies/checkouts/swift-sdk/Sources/MCP/Base/PendingRequest.swift (in target 'MCP' from project 'mcp-swift-sdk')
    cd /Users/admin/builder/spi-builder-workspace/.swiftpm/xcode

SwiftDriverJobDiscovery normal arm64 Compiling Cancellation.swift, Ping.swift, Progress.swift, RequestContext.swift, Value.swift (in target 'MCP' from project 'mcp-swift-sdk')
SwiftCompile normal arm64 Compiling\ OAuthDiscovery.swift,\ OAuthDiscoveryClient.swift,\ OAuthErrors.swift,\ OAuthModels.swift,\ OAuthTokenEndpointClient.swift /Users/admin/builder/spi-builder-workspace/.dependencies/checkouts/swift-sdk/Sources/MCP/Base/Authorization/OAuthDiscovery.swift /Users/admin/builder/spi-builder-workspace/.dependencies/checkouts/swift-sdk/Sources/MCP/Base/Authorization/OAuthDiscoveryClient.swift /Users/admin/builder/spi-builder-workspace/.dependencies/checkouts/swift-sdk/Sources/MCP/Base/Authorization/OAuthErrors.swift /Users/admin/builder/spi-builder-workspace/.dependencies/checkouts/swift-sdk/Sources/MCP/Base/Authorization/OAuthModels.swift /Users/admin/builder/spi-builder-workspace/.dependencies/checkouts/swift-sdk/Sources/MCP/Base/Authorization/OAuthTokenEndpointClient.swift (in target 'MCP' from project 'mcp-swift-sdk')
SwiftCompile normal arm64 /Users/admin/builder/spi-builder-workspace/.dependencies/checkouts/swift-sdk/Sources/MCP/Base/Authorization/OAuthDiscovery.swift (in target 'MCP' from project 'mcp-swift-sdk')
    cd /Users/admin/builder/spi-builder-workspace/.swiftpm/xcode

SwiftCompile normal arm64 /Users/admin/builder/spi-builder-workspace/.dependencies/checkouts/swift-sdk/Sources/MCP/Base/Authorization/OAuthDiscoveryClient.swift (in target 'MCP' from project 'mcp-swift-sdk')
    cd /Users/admin/builder/spi-builder-workspace/.swiftpm/xcode

SwiftCompile normal arm64 /Users/admin/builder/spi-builder-workspace/.dependencies/checkouts/swift-sdk/Sources/MCP/Base/Authorization/OAuthErrors.swift (in target 'MCP' from project 'mcp-swift-sdk')
    cd /Users/admin/builder/spi-builder-workspace/.swiftpm/xcode

SwiftCompile normal arm64 /Users/admin/builder/spi-builder-workspace/.dependencies/checkouts/swift-sdk/Sources/MCP/Base/Authorization/OAuthModels.swift (in target 'MCP' from project 'mcp-swift-sdk')
    cd /Users/admin/builder/spi-builder-workspace/.swiftpm/xcode

SwiftCompile normal arm64 /Users/admin/builder/spi-builder-workspace/.dependencies/checkouts/swift-sdk/Sources/MCP/Base/Authorization/OAuthTokenEndpointClient.swift (in target 'MCP' from project 'mcp-swift-sdk')
    cd /Users/admin/builder/spi-builder-workspace/.swiftpm/xcode

SwiftDriverJobDiscovery normal arm64_32 Compiling Cancellation.swift, Ping.swift, Progress.swift, RequestContext.swift, Value.swift (in target 'MCP' from project 'mcp-swift-sdk')
SwiftCompile normal arm64_32 Compiling\ Sampling.swift,\ Data+Extensions.swift,\ Completion.swift,\ Logging.swift /Users/admin/builder/spi-builder-workspace/.dependencies/checkouts/swift-sdk/Sources/MCP/Client/Sampling.swift /Users/admin/builder/spi-builder-workspace/.dependencies/checkouts/swift-sdk/Sources/MCP/Extensions/Data+Extensions.swift /Users/admin/builder/spi-builder-workspace/.dependencies/checkouts/swift-sdk/Sources/MCP/Server/Completion.swift /Users/admin/builder/spi-builder-workspace/.dependencies/checkouts/swift-sdk/Sources/MCP/Server/Logging.swift (in target 'MCP' from project 'mcp-swift-sdk')
SwiftCompile normal arm64_32 /Users/admin/builder/spi-builder-workspace/.dependencies/checkouts/swift-sdk/Sources/MCP/Client/Sampling.swift (in target 'MCP' from project 'mcp-swift-sdk')
    cd /Users/admin/builder/spi-builder-workspace/.swiftpm/xcode

SwiftCompile normal arm64_32 /Users/admin/builder/spi-builder-workspace/.dependencies/checkouts/swift-sdk/Sources/MCP/Extensions/Data+Extensions.swift (in target 'MCP' from project 'mcp-swift-sdk')
    cd /Users/admin/builder/spi-builder-workspace/.swiftpm/xcode

SwiftCompile normal arm64_32 /Users/admin/builder/spi-builder-workspace/.dependencies/checkouts/swift-sdk/Sources/MCP/Server/Completion.swift (in target 'MCP' from project 'mcp-swift-sdk')
    cd /Users/admin/builder/spi-builder-workspace/.swiftpm/xcode

SwiftCompile normal arm64_32 /Users/admin/builder/spi-builder-workspace/.dependencies/checkouts/swift-sdk/Sources/MCP/Server/Logging.swift (in target 'MCP' from project 'mcp-swift-sdk')
    cd /Users/admin/builder/spi-builder-workspace/.swiftpm/xcode

SwiftDriverJobDiscovery normal arm64_32 Compiling ID.swift, Icon.swift, Lifecycle.swift, Messages.swift, PendingRequest.swift (in target 'MCP' from project 'mcp-swift-sdk')
SwiftCompile normal arm64 Compiling\ Prompts.swift,\ Resources.swift,\ Server.swift,\ Tools.swift /Users/admin/builder/spi-builder-workspace/.dependencies/checkouts/swift-sdk/Sources/MCP/Server/Prompts.swift /Users/admin/builder/spi-builder-workspace/.dependencies/checkouts/swift-sdk/Sources/MCP/Server/Resources.swift /Users/admin/builder/spi-builder-workspace/.dependencies/checkouts/swift-sdk/Sources/MCP/Server/Server.swift /Users/admin/builder/spi-builder-workspace/.dependencies/checkouts/swift-sdk/Sources/MCP/Server/Tools.swift (in target 'MCP' from project 'mcp-swift-sdk')
SwiftCompile normal arm64 /Users/admin/builder/spi-builder-workspace/.dependencies/checkouts/swift-sdk/Sources/MCP/Server/Prompts.swift (in target 'MCP' from project 'mcp-swift-sdk')
    cd /Users/admin/builder/spi-builder-workspace/.swiftpm/xcode

SwiftCompile normal arm64 /Users/admin/builder/spi-builder-workspace/.dependencies/checkouts/swift-sdk/Sources/MCP/Server/Resources.swift (in target 'MCP' from project 'mcp-swift-sdk')
    cd /Users/admin/builder/spi-builder-workspace/.swiftpm/xcode

SwiftCompile normal arm64 /Users/admin/builder/spi-builder-workspace/.dependencies/checkouts/swift-sdk/Sources/MCP/Server/Server.swift (in target 'MCP' from project 'mcp-swift-sdk')
    cd /Users/admin/builder/spi-builder-workspace/.swiftpm/xcode

SwiftCompile normal arm64 /Users/admin/builder/spi-builder-workspace/.dependencies/checkouts/swift-sdk/Sources/MCP/Server/Tools.swift (in target 'MCP' from project 'mcp-swift-sdk')
    cd /Users/admin/builder/spi-builder-workspace/.swiftpm/xcode

SwiftDriverJobDiscovery normal arm64 Compiling OAuthURLValidator.swift, OAuthWWWAuthenticateParser.swift, PKCE.swift, TokenStorage.swift, Error.swift (in target 'MCP' from project 'mcp-swift-sdk')
SwiftCompile normal arm64 Compiling\ Transport.swift,\ HTTPClientTransport.swift,\ HTTPRequestValidation.swift,\ HTTPServerTypes.swift,\ StatefulHTTPServerTransport.swift /Users/admin/builder/spi-builder-workspace/.dependencies/checkouts/swift-sdk/Sources/MCP/Base/Transport.swift /Users/admin/builder/spi-builder-workspace/.dependencies/checkouts/swift-sdk/Sources/MCP/Base/Transports/HTTPClientTransport.swift /Users/admin/builder/spi-builder-workspace/.dependencies/checkouts/swift-sdk/Sources/MCP/Base/Transports/HTTPServer/HTTPRequestValidation.swift /Users/admin/builder/spi-builder-workspace/.dependencies/checkouts/swift-sdk/Sources/MCP/Base/Transports/HTTPServer/HTTPServerTypes.swift /Users/admin/builder/spi-builder-workspace/.dependencies/checkouts/swift-sdk/Sources/MCP/Base/Transports/HTTPServer/StatefulHTTPServerTransport.swift (in target 'MCP' from project 'mcp-swift-sdk')
SwiftCompile normal arm64 /Users/admin/builder/spi-builder-workspace/.dependencies/checkouts/swift-sdk/Sources/MCP/Base/Transport.swift (in target 'MCP' from project 'mcp-swift-sdk')
    cd /Users/admin/builder/spi-builder-workspace/.swiftpm/xcode

SwiftCompile normal arm64 /Users/admin/builder/spi-builder-workspace/.dependencies/checkouts/swift-sdk/Sources/MCP/Base/Transports/HTTPClientTransport.swift (in target 'MCP' from project 'mcp-swift-sdk')
    cd /Users/admin/builder/spi-builder-workspace/.swiftpm/xcode

SwiftCompile normal arm64 /Users/admin/builder/spi-builder-workspace/.dependencies/checkouts/swift-sdk/Sources/MCP/Base/Transports/HTTPServer/HTTPRequestValidation.swift (in target 'MCP' from project 'mcp-swift-sdk')
    cd /Users/admin/builder/spi-builder-workspace/.swiftpm/xcode

SwiftCompile normal arm64 /Users/admin/builder/spi-builder-workspace/.dependencies/checkouts/swift-sdk/Sources/MCP/Base/Transports/HTTPServer/HTTPServerTypes.swift (in target 'MCP' from project 'mcp-swift-sdk')
    cd /Users/admin/builder/spi-builder-workspace/.swiftpm/xcode

SwiftCompile normal arm64 /Users/admin/builder/spi-builder-workspace/.dependencies/checkouts/swift-sdk/Sources/MCP/Base/Transports/HTTPServer/StatefulHTTPServerTransport.swift (in target 'MCP' from project 'mcp-swift-sdk')
    cd /Users/admin/builder/spi-builder-workspace/.swiftpm/xcode

SwiftDriverJobDiscovery normal arm64_32 Emitting module for MCP (in target 'MCP' from project 'mcp-swift-sdk')
SwiftDriver\ Compilation\ Requirements MCP normal arm64_32 com.apple.xcode.tools.swift.compiler (in target 'MCP' from project 'mcp-swift-sdk')
    cd /Users/admin/builder/spi-builder-workspace/.swiftpm/xcode
    builtin-Swift-Compilation-Requirements -- /Applications/Xcode-16.3.0.app/Contents/Developer/Toolchains/XcodeDefault.xctoolchain/usr/bin/swiftc -module-name MCP -Onone -enforce-exclusivity\=checked @/Users/admin/builder/spi-builder-workspace/.derivedData/Build/Intermediates.noindex/mcp-swift-sdk.build/Debug-watchos/MCP.build/Objects-normal/arm64_32/MCP.SwiftFileList -DSWIFT_PACKAGE -DDEBUG -DXcode -enable-upcoming-feature StrictConcurrency -plugin-path /Applications/Xcode-16.3.0.app/Contents/Developer/Toolchains/XcodeDefault.xctoolchain/usr/lib/swift/host/plugins/testing -enable-experimental-feature DebugDescriptionMacro -sdk /Applications/Xcode-16.3.0.app/Contents/Developer/Platforms/WatchOS.platform/Developer/SDKs/WatchOS11.4.sdk -target arm64_32-apple-watchos9.0 -g -module-cache-path /Users/admin/builder/spi-builder-workspace/.derivedData/ModuleCache.noindex -Xfrontend -serialize-debugging-options -profile-coverage-mapping -profile-generate -enable-testing -suppress-warnings -index-store-path /Users/admin/builder/spi-builder-workspace/.derivedData/Index.noindex/DataStore -swift-version 6 -I /Users/admin/builder/spi-builder-workspace/.derivedData/Build/Products/Debug-watchos -I /Applications/Xcode-16.3.0.app/Contents/Developer/Platforms/WatchOS.platform/Developer/usr/lib -F /Users/admin/builder/spi-builder-workspace/.derivedData/Build/Products/Debug-watchos/PackageFrameworks -F /Users/admin/builder/spi-builder-workspace/.derivedData/Build/Products/Debug-watchos/PackageFrameworks -F /Users/admin/builder/spi-builder-workspace/.derivedData/Build/Products/Debug-watchos/PackageFrameworks -F /Users/admin/builder/spi-builder-workspace/.derivedData/Build/Products/Debug-watchos/PackageFrameworks -F /Users/admin/builder/spi-builder-workspace/.derivedData/Build/Products/Debug-watchos -F /Applications/Xcode-16.3.0.app/Contents/Developer/Platforms/WatchOS.platform/Developer/Library/Frameworks -F /Applications/Xcode-16.3.0.app/Contents/Developer/Platforms/WatchOS.platform/Developer/SDKs/WatchOS11.4.sdk/Developer/Library/Frameworks -c -j10 -enable-batch-mode -incremental -Xcc -ivfsstatcache -Xcc /Users/admin/builder/spi-builder-workspace/.derivedData/SDKStatCaches.noindex/watchos11.4-22T246-43efb940ff07ba2497b70ec94253f576.sdkstatcache -output-file-map /Users/admin/builder/spi-builder-workspace/.derivedData/Build/Intermediates.noindex/mcp-swift-sdk.build/Debug-watchos/MCP.build/Objects-normal/arm64_32/MCP-OutputFileMap.json -use-frontend-parseable-output -save-temps -no-color-diagnostics -serialize-diagnostics -emit-dependencies -emit-module -emit-module-path /Users/admin/builder/spi-builder-workspace/.derivedData/Build/Intermediates.noindex/mcp-swift-sdk.build/Debug-watchos/MCP.build/Objects-normal/arm64_32/MCP.swiftmodule -user-module-version 0.12.1 -validate-clang-modules-once -clang-build-session-file /Users/admin/builder/spi-builder-workspace/.derivedData/ModuleCache.noindex/Session.modulevalidation -package-name swift_sdk -Xcc -I/Users/admin/builder/spi-builder-workspace/.derivedData/Build/Intermediates.noindex/mcp-swift-sdk.build/Debug-watchos/MCP.build/swift-overrides.hmap -emit-const-values -Xfrontend -const-gather-protocols-file -Xfrontend /Users/admin/builder/spi-builder-workspace/.derivedData/Build/Intermediates.noindex/mcp-swift-sdk.build/Debug-watchos/MCP.build/Objects-normal/arm64_32/MCP_const_extract_protocols.json -Xcc -I/Users/admin/builder/spi-builder-workspace/.dependencies/checkouts/swift-system/Sources/CSystem/include -Xcc -I/Users/admin/builder/spi-builder-workspace/.derivedData/Build/Products/Debug-watchos/include -Xcc -I/Users/admin/builder/spi-builder-workspace/.derivedData/Build/Intermediates.noindex/mcp-swift-sdk.build/Debug-watchos/MCP.build/DerivedSources-normal/arm64_32 -Xcc -I/Users/admin/builder/spi-builder-workspace/.derivedData/Build/Intermediates.noindex/mcp-swift-sdk.build/Debug-watchos/MCP.build/DerivedSources/arm64_32 -Xcc -I/Users/admin/builder/spi-builder-workspace/.derivedData/Build/Intermediates.noindex/mcp-swift-sdk.build/Debug-watchos/MCP.build/DerivedSources -Xcc -DSWIFT_PACKAGE -Xcc -DDEBUG\=1 -emit-objc-header -emit-objc-header-path /Users/admin/builder/spi-builder-workspace/.derivedData/Build/Intermediates.noindex/mcp-swift-sdk.build/Debug-watchos/MCP.build/Objects-normal/arm64_32/MCP-Swift.h -working-directory /Users/admin/builder/spi-builder-workspace/.swiftpm/xcode -experimental-emit-module-separately -disable-cmo
SwiftDriverJobDiscovery normal arm64 Emitting module for MCP (in target 'MCP' from project 'mcp-swift-sdk')
SwiftDriver\ Compilation\ Requirements MCP normal arm64 com.apple.xcode.tools.swift.compiler (in target 'MCP' from project 'mcp-swift-sdk')
    cd /Users/admin/builder/spi-builder-workspace/.swiftpm/xcode
    builtin-Swift-Compilation-Requirements -- /Applications/Xcode-16.3.0.app/Contents/Developer/Toolchains/XcodeDefault.xctoolchain/usr/bin/swiftc -module-name MCP -Onone -enforce-exclusivity\=checked @/Users/admin/builder/spi-builder-workspace/.derivedData/Build/Intermediates.noindex/mcp-swift-sdk.build/Debug-watchos/MCP.build/Objects-normal/arm64/MCP.SwiftFileList -DSWIFT_PACKAGE -DDEBUG -DXcode -enable-upcoming-feature StrictConcurrency -plugin-path /Applications/Xcode-16.3.0.app/Contents/Developer/Toolchains/XcodeDefault.xctoolchain/usr/lib/swift/host/plugins/testing -enable-experimental-feature DebugDescriptionMacro -sdk /Applications/Xcode-16.3.0.app/Contents/Developer/Platforms/WatchOS.platform/Developer/SDKs/WatchOS11.4.sdk -target arm64-apple-watchos9.0 -g -module-cache-path /Users/admin/builder/spi-builder-workspace/.derivedData/ModuleCache.noindex -Xfrontend -serialize-debugging-options -profile-coverage-mapping -profile-generate -enable-testing -suppress-warnings -index-store-path /Users/admin/builder/spi-builder-workspace/.derivedData/Index.noindex/DataStore -swift-version 6 -I /Users/admin/builder/spi-builder-workspace/.derivedData/Build/Products/Debug-watchos -I /Applications/Xcode-16.3.0.app/Contents/Developer/Platforms/WatchOS.platform/Developer/usr/lib -F /Users/admin/builder/spi-builder-workspace/.derivedData/Build/Products/Debug-watchos/PackageFrameworks -F /Users/admin/builder/spi-builder-workspace/.derivedData/Build/Products/Debug-watchos/PackageFrameworks -F /Users/admin/builder/spi-builder-workspace/.derivedData/Build/Products/Debug-watchos/PackageFrameworks -F /Users/admin/builder/spi-builder-workspace/.derivedData/Build/Products/Debug-watchos/PackageFrameworks -F /Users/admin/builder/spi-builder-workspace/.derivedData/Build/Products/Debug-watchos -F /Applications/Xcode-16.3.0.app/Contents/Developer/Platforms/WatchOS.platform/Developer/Library/Frameworks -F /Applications/Xcode-16.3.0.app/Contents/Developer/Platforms/WatchOS.platform/Developer/SDKs/WatchOS11.4.sdk/Developer/Library/Frameworks -c -j10 -enable-batch-mode -incremental -Xcc -ivfsstatcache -Xcc /Users/admin/builder/spi-builder-workspace/.derivedData/SDKStatCaches.noindex/watchos11.4-22T246-43efb940ff07ba2497b70ec94253f576.sdkstatcache -output-file-map /Users/admin/builder/spi-builder-workspace/.derivedData/Build/Intermediates.noindex/mcp-swift-sdk.build/Debug-watchos/MCP.build/Objects-normal/arm64/MCP-OutputFileMap.json -use-frontend-parseable-output -save-temps -no-color-diagnostics -serialize-diagnostics -emit-dependencies -emit-module -emit-module-path /Users/admin/builder/spi-builder-workspace/.derivedData/Build/Intermediates.noindex/mcp-swift-sdk.build/Debug-watchos/MCP.build/Objects-normal/arm64/MCP.swiftmodule -user-module-version 0.12.1 -validate-clang-modules-once -clang-build-session-file /Users/admin/builder/spi-builder-workspace/.derivedData/ModuleCache.noindex/Session.modulevalidation -package-name swift_sdk -Xcc -I/Users/admin/builder/spi-builder-workspace/.derivedData/Build/Intermediates.noindex/mcp-swift-sdk.build/Debug-watchos/MCP.build/swift-overrides.hmap -emit-const-values -Xfrontend -const-gather-protocols-file -Xfrontend /Users/admin/builder/spi-builder-workspace/.derivedData/Build/Intermediates.noindex/mcp-swift-sdk.build/Debug-watchos/MCP.build/Objects-normal/arm64/MCP_const_extract_protocols.json -Xcc -I/Users/admin/builder/spi-builder-workspace/.dependencies/checkouts/swift-system/Sources/CSystem/include -Xcc -I/Users/admin/builder/spi-builder-workspace/.derivedData/Build/Products/Debug-watchos/include -Xcc -I/Users/admin/builder/spi-builder-workspace/.derivedData/Build/Intermediates.noindex/mcp-swift-sdk.build/Debug-watchos/MCP.build/DerivedSources-normal/arm64 -Xcc -I/Users/admin/builder/spi-builder-workspace/.derivedData/Build/Intermediates.noindex/mcp-swift-sdk.build/Debug-watchos/MCP.build/DerivedSources/arm64 -Xcc -I/Users/admin/builder/spi-builder-workspace/.derivedData/Build/Intermediates.noindex/mcp-swift-sdk.build/Debug-watchos/MCP.build/DerivedSources -Xcc -DSWIFT_PACKAGE -Xcc -DDEBUG\=1 -emit-objc-header -emit-objc-header-path /Users/admin/builder/spi-builder-workspace/.derivedData/Build/Intermediates.noindex/mcp-swift-sdk.build/Debug-watchos/MCP.build/Objects-normal/arm64/MCP-Swift.h -working-directory /Users/admin/builder/spi-builder-workspace/.swiftpm/xcode -experimental-emit-module-separately -disable-cmo
Copy /Users/admin/builder/spi-builder-workspace/.derivedData/Build/Products/Debug-watchos/MCP.swiftmodule/arm64_32-apple-watchos.abi.json /Users/admin/builder/spi-builder-workspace/.derivedData/Build/Intermediates.noindex/mcp-swift-sdk.build/Debug-watchos/MCP.build/Objects-normal/arm64_32/MCP.abi.json (in target 'MCP' from project 'mcp-swift-sdk')
    cd /Users/admin/builder/spi-builder-workspace/.dependencies/checkouts/swift-sdk
    builtin-copy -exclude .DS_Store -exclude CVS -exclude .svn -exclude .git -exclude .hg -resolve-src-symlinks -rename /Users/admin/builder/spi-builder-workspace/.derivedData/Build/Intermediates.noindex/mcp-swift-sdk.build/Debug-watchos/MCP.build/Objects-normal/arm64_32/MCP.abi.json /Users/admin/builder/spi-builder-workspace/.derivedData/Build/Products/Debug-watchos/MCP.swiftmodule/arm64_32-apple-watchos.abi.json
Copy /Users/admin/builder/spi-builder-workspace/.derivedData/Build/Products/Debug-watchos/MCP.swiftmodule/arm64-apple-watchos.abi.json /Users/admin/builder/spi-builder-workspace/.derivedData/Build/Intermediates.noindex/mcp-swift-sdk.build/Debug-watchos/MCP.build/Objects-normal/arm64/MCP.abi.json (in target 'MCP' from project 'mcp-swift-sdk')
    cd /Users/admin/builder/spi-builder-workspace/.dependencies/checkouts/swift-sdk
    builtin-copy -exclude .DS_Store -exclude CVS -exclude .svn -exclude .git -exclude .hg -resolve-src-symlinks -rename /Users/admin/builder/spi-builder-workspace/.derivedData/Build/Intermediates.noindex/mcp-swift-sdk.build/Debug-watchos/MCP.build/Objects-normal/arm64/MCP.abi.json /Users/admin/builder/spi-builder-workspace/.derivedData/Build/Products/Debug-watchos/MCP.swiftmodule/arm64-apple-watchos.abi.json
SwiftCompile normal arm64_32 Compiling\ OAuthDiscovery.swift,\ OAuthDiscoveryClient.swift,\ OAuthErrors.swift,\ OAuthModels.swift,\ OAuthTokenEndpointClient.swift /Users/admin/builder/spi-builder-workspace/.dependencies/checkouts/swift-sdk/Sources/MCP/Base/Authorization/OAuthDiscovery.swift /Users/admin/builder/spi-builder-workspace/.dependencies/checkouts/swift-sdk/Sources/MCP/Base/Authorization/OAuthDiscoveryClient.swift /Users/admin/builder/spi-builder-workspace/.dependencies/checkouts/swift-sdk/Sources/MCP/Base/Authorization/OAuthErrors.swift /Users/admin/builder/spi-builder-workspace/.dependencies/checkouts/swift-sdk/Sources/MCP/Base/Authorization/OAuthModels.swift /Users/admin/builder/spi-builder-workspace/.dependencies/checkouts/swift-sdk/Sources/MCP/Base/Authorization/OAuthTokenEndpointClient.swift (in target 'MCP' from project 'mcp-swift-sdk')
SwiftCompile normal arm64_32 /Users/admin/builder/spi-builder-workspace/.dependencies/checkouts/swift-sdk/Sources/MCP/Base/Authorization/OAuthDiscovery.swift (in target 'MCP' from project 'mcp-swift-sdk')
    cd /Users/admin/builder/spi-builder-workspace/.swiftpm/xcode

SwiftCompile normal arm64_32 /Users/admin/builder/spi-builder-workspace/.dependencies/checkouts/swift-sdk/Sources/MCP/Base/Authorization/OAuthDiscoveryClient.swift (in target 'MCP' from project 'mcp-swift-sdk')
    cd /Users/admin/builder/spi-builder-workspace/.swiftpm/xcode

SwiftCompile normal arm64_32 /Users/admin/builder/spi-builder-workspace/.dependencies/checkouts/swift-sdk/Sources/MCP/Base/Authorization/OAuthErrors.swift (in target 'MCP' from project 'mcp-swift-sdk')
    cd /Users/admin/builder/spi-builder-workspace/.swiftpm/xcode

SwiftCompile normal arm64_32 /Users/admin/builder/spi-builder-workspace/.dependencies/checkouts/swift-sdk/Sources/MCP/Base/Authorization/OAuthModels.swift (in target 'MCP' from project 'mcp-swift-sdk')
    cd /Users/admin/builder/spi-builder-workspace/.swiftpm/xcode

SwiftCompile normal arm64_32 /Users/admin/builder/spi-builder-workspace/.dependencies/checkouts/swift-sdk/Sources/MCP/Base/Authorization/OAuthTokenEndpointClient.swift (in target 'MCP' from project 'mcp-swift-sdk')
    cd /Users/admin/builder/spi-builder-workspace/.swiftpm/xcode

SwiftCompile normal arm64_32 Compiling\ OAuthURLValidator.swift,\ OAuthWWWAuthenticateParser.swift,\ PKCE.swift,\ TokenStorage.swift,\ Error.swift /Users/admin/builder/spi-builder-workspace/.dependencies/checkouts/swift-sdk/Sources/MCP/Base/Authorization/OAuthURLValidator.swift /Users/admin/builder/spi-builder-workspace/.dependencies/checkouts/swift-sdk/Sources/MCP/Base/Authorization/OAuthWWWAuthenticateParser.swift /Users/admin/builder/spi-builder-workspace/.dependencies/checkouts/swift-sdk/Sources/MCP/Base/Authorization/PKCE.swift /Users/admin/builder/spi-builder-workspace/.dependencies/checkouts/swift-sdk/Sources/MCP/Base/Authorization/TokenStorage.swift /Users/admin/builder/spi-builder-workspace/.dependencies/checkouts/swift-sdk/Sources/MCP/Base/Error.swift (in target 'MCP' from project 'mcp-swift-sdk')
SwiftCompile normal arm64_32 /Users/admin/builder/spi-builder-workspace/.dependencies/checkouts/swift-sdk/Sources/MCP/Base/Authorization/OAuthURLValidator.swift (in target 'MCP' from project 'mcp-swift-sdk')
    cd /Users/admin/builder/spi-builder-workspace/.swiftpm/xcode

SwiftCompile normal arm64_32 /Users/admin/builder/spi-builder-workspace/.dependencies/checkouts/swift-sdk/Sources/MCP/Base/Authorization/OAuthWWWAuthenticateParser.swift (in target 'MCP' from project 'mcp-swift-sdk')
    cd /Users/admin/builder/spi-builder-workspace/.swiftpm/xcode

SwiftCompile normal arm64_32 /Users/admin/builder/spi-builder-workspace/.dependencies/checkouts/swift-sdk/Sources/MCP/Base/Authorization/PKCE.swift (in target 'MCP' from project 'mcp-swift-sdk')
    cd /Users/admin/builder/spi-builder-workspace/.swiftpm/xcode

SwiftCompile normal arm64_32 /Users/admin/builder/spi-builder-workspace/.dependencies/checkouts/swift-sdk/Sources/MCP/Base/Authorization/TokenStorage.swift (in target 'MCP' from project 'mcp-swift-sdk')
    cd /Users/admin/builder/spi-builder-workspace/.swiftpm/xcode

SwiftCompile normal arm64_32 /Users/admin/builder/spi-builder-workspace/.dependencies/checkouts/swift-sdk/Sources/MCP/Base/Error.swift (in target 'MCP' from project 'mcp-swift-sdk')
    cd /Users/admin/builder/spi-builder-workspace/.swiftpm/xcode

SwiftDriverJobDiscovery normal arm64 Compiling ID.swift, Icon.swift, Lifecycle.swift, Messages.swift, PendingRequest.swift (in target 'MCP' from project 'mcp-swift-sdk')
SwiftDriver MCPKit normal arm64_32 com.apple.xcode.tools.swift.compiler (in target 'MCPKit' from project 'MCPKit')
    cd /Users/admin/builder/spi-builder-workspace/.swiftpm/xcode
    builtin-SwiftDriver -- /Applications/Xcode-16.3.0.app/Contents/Developer/Toolchains/XcodeDefault.xctoolchain/usr/bin/swiftc -module-name MCPKit -Onone -enforce-exclusivity\=checked @/Users/admin/builder/spi-builder-workspace/.derivedData/Build/Intermediates.noindex/MCPKit.build/Debug-watchos/MCPKit.build/Objects-normal/arm64_32/MCPKit.SwiftFileList -DSWIFT_PACKAGE -DDEBUG -DXcode -plugin-path /Applications/Xcode-16.3.0.app/Contents/Developer/Toolchains/XcodeDefault.xctoolchain/usr/lib/swift/host/plugins/testing -enable-experimental-feature DebugDescriptionMacro -sdk /Applications/Xcode-16.3.0.app/Contents/Developer/Platforms/WatchOS.platform/Developer/SDKs/WatchOS11.4.sdk -target arm64_32-apple-watchos9.0 -g -module-cache-path /Users/admin/builder/spi-builder-workspace/.derivedData/ModuleCache.noindex -Xfrontend -serialize-debugging-options -profile-coverage-mapping -profile-generate -enable-testing -index-store-path /Users/admin/builder/spi-builder-workspace/.derivedData/Index.noindex/DataStore -swift-version 6 -I /Users/admin/builder/spi-builder-workspace/.derivedData/Build/Products/Debug-watchos -I /Applications/Xcode-16.3.0.app/Contents/Developer/Platforms/WatchOS.platform/Developer/usr/lib -F /Users/admin/builder/spi-builder-workspace/.derivedData/Build/Products/Debug-watchos/PackageFrameworks -F /Users/admin/builder/spi-builder-workspace/.derivedData/Build/Products/Debug-watchos/PackageFrameworks -F /Users/admin/builder/spi-builder-workspace/.derivedData/Build/Products/Debug-watchos/PackageFrameworks -F /Users/admin/builder/spi-builder-workspace/.derivedData/Build/Products/Debug-watchos/PackageFrameworks -F /Users/admin/builder/spi-builder-workspace/.derivedData/Build/Products/Debug-watchos/PackageFrameworks -F /Users/admin/builder/spi-builder-workspace/.derivedData/Build/Products/Debug-watchos -F /Applications/Xcode-16.3.0.app/Contents/Developer/Platforms/WatchOS.platform/Developer/Library/Frameworks -F /Applications/Xcode-16.3.0.app/Contents/Developer/Platforms/WatchOS.platform/Developer/SDKs/WatchOS11.4.sdk/Developer/Library/Frameworks -c -j10 -enable-batch-mode -incremental -Xcc -ivfsstatcache -Xcc /Users/admin/builder/spi-builder-workspace/.derivedData/SDKStatCaches.noindex/watchos11.4-22T246-43efb940ff07ba2497b70ec94253f576.sdkstatcache -output-file-map /Users/admin/builder/spi-builder-workspace/.derivedData/Build/Intermediates.noindex/MCPKit.build/Debug-watchos/MCPKit.build/Objects-normal/arm64_32/MCPKit-OutputFileMap.json -use-frontend-parseable-output -save-temps -no-color-diagnostics -serialize-diagnostics -emit-dependencies -emit-module -emit-module-path /Users/admin/builder/spi-builder-workspace/.derivedData/Build/Intermediates.noindex/MCPKit.build/Debug-watchos/MCPKit.build/Objects-normal/arm64_32/MCPKit.swiftmodule -validate-clang-modules-once -clang-build-session-file /Users/admin/builder/spi-builder-workspace/.derivedData/ModuleCache.noindex/Session.modulevalidation -package-name spi_builder_workspace -Xcc -I/Users/admin/builder/spi-builder-workspace/.derivedData/Build/Intermediates.noindex/MCPKit.build/Debug-watchos/MCPKit.build/swift-overrides.hmap -emit-const-values -Xfrontend -const-gather-protocols-file -Xfrontend /Users/admin/builder/spi-builder-workspace/.derivedData/Build/Intermediates.noindex/MCPKit.build/Debug-watchos/MCPKit.build/Objects-normal/arm64_32/MCPKit_const_extract_protocols.json -Xcc -I/Users/admin/builder/spi-builder-workspace/.dependencies/checkouts/swift-system/Sources/CSystem/include -Xcc -I/Users/admin/builder/spi-builder-workspace/.derivedData/Build/Products/Debug-watchos/include -Xcc -I/Users/admin/builder/spi-builder-workspace/.derivedData/Build/Intermediates.noindex/MCPKit.build/Debug-watchos/MCPKit.build/DerivedSources-normal/arm64_32 -Xcc -I/Users/admin/builder/spi-builder-workspace/.derivedData/Build/Intermediates.noindex/MCPKit.build/Debug-watchos/MCPKit.build/DerivedSources/arm64_32 -Xcc -I/Users/admin/builder/spi-builder-workspace/.derivedData/Build/Intermediates.noindex/MCPKit.build/Debug-watchos/MCPKit.build/DerivedSources -Xcc -DSWIFT_PACKAGE -Xcc -DDEBUG\=1 -emit-objc-header -emit-objc-header-path /Users/admin/builder/spi-builder-workspace/.derivedData/Build/Intermediates.noindex/MCPKit.build/Debug-watchos/MCPKit.build/Objects-normal/arm64_32/MCPKit-Swift.h -working-directory /Users/admin/builder/spi-builder-workspace/.swiftpm/xcode -experimental-emit-module-separately -disable-cmo
SwiftDriverJobDiscovery normal arm64_32 Compiling Versioning.swift, Client.swift, Elicitation.swift, Roots.swift (in target 'MCP' from project 'mcp-swift-sdk')
SwiftDriver MCPKit normal arm64 com.apple.xcode.tools.swift.compiler (in target 'MCPKit' from project 'MCPKit')
    cd /Users/admin/builder/spi-builder-workspace/.swiftpm/xcode
    builtin-SwiftDriver -- /Applications/Xcode-16.3.0.app/Contents/Developer/Toolchains/XcodeDefault.xctoolchain/usr/bin/swiftc -module-name MCPKit -Onone -enforce-exclusivity\=checked @/Users/admin/builder/spi-builder-workspace/.derivedData/Build/Intermediates.noindex/MCPKit.build/Debug-watchos/MCPKit.build/Objects-normal/arm64/MCPKit.SwiftFileList -DSWIFT_PACKAGE -DDEBUG -DXcode -plugin-path /Applications/Xcode-16.3.0.app/Contents/Developer/Toolchains/XcodeDefault.xctoolchain/usr/lib/swift/host/plugins/testing -enable-experimental-feature DebugDescriptionMacro -sdk /Applications/Xcode-16.3.0.app/Contents/Developer/Platforms/WatchOS.platform/Developer/SDKs/WatchOS11.4.sdk -target arm64-apple-watchos9.0 -g -module-cache-path /Users/admin/builder/spi-builder-workspace/.derivedData/ModuleCache.noindex -Xfrontend -serialize-debugging-options -profile-coverage-mapping -profile-generate -enable-testing -index-store-path /Users/admin/builder/spi-builder-workspace/.derivedData/Index.noindex/DataStore -swift-version 6 -I /Users/admin/builder/spi-builder-workspace/.derivedData/Build/Products/Debug-watchos -I /Applications/Xcode-16.3.0.app/Contents/Developer/Platforms/WatchOS.platform/Developer/usr/lib -F /Users/admin/builder/spi-builder-workspace/.derivedData/Build/Products/Debug-watchos/PackageFrameworks -F /Users/admin/builder/spi-builder-workspace/.derivedData/Build/Products/Debug-watchos/PackageFrameworks -F /Users/admin/builder/spi-builder-workspace/.derivedData/Build/Products/Debug-watchos/PackageFrameworks -F /Users/admin/builder/spi-builder-workspace/.derivedData/Build/Products/Debug-watchos/PackageFrameworks -F /Users/admin/builder/spi-builder-workspace/.derivedData/Build/Products/Debug-watchos/PackageFrameworks -F /Users/admin/builder/spi-builder-workspace/.derivedData/Build/Products/Debug-watchos -F /Applications/Xcode-16.3.0.app/Contents/Developer/Platforms/WatchOS.platform/Developer/Library/Frameworks -F /Applications/Xcode-16.3.0.app/Contents/Developer/Platforms/WatchOS.platform/Developer/SDKs/WatchOS11.4.sdk/Developer/Library/Frameworks -c -j10 -enable-batch-mode -incremental -Xcc -ivfsstatcache -Xcc /Users/admin/builder/spi-builder-workspace/.derivedData/SDKStatCaches.noindex/watchos11.4-22T246-43efb940ff07ba2497b70ec94253f576.sdkstatcache -output-file-map /Users/admin/builder/spi-builder-workspace/.derivedData/Build/Intermediates.noindex/MCPKit.build/Debug-watchos/MCPKit.build/Objects-normal/arm64/MCPKit-OutputFileMap.json -use-frontend-parseable-output -save-temps -no-color-diagnostics -serialize-diagnostics -emit-dependencies -emit-module -emit-module-path /Users/admin/builder/spi-builder-workspace/.derivedData/Build/Intermediates.noindex/MCPKit.build/Debug-watchos/MCPKit.build/Objects-normal/arm64/MCPKit.swiftmodule -validate-clang-modules-once -clang-build-session-file /Users/admin/builder/spi-builder-workspace/.derivedData/ModuleCache.noindex/Session.modulevalidation -package-name spi_builder_workspace -Xcc -I/Users/admin/builder/spi-builder-workspace/.derivedData/Build/Intermediates.noindex/MCPKit.build/Debug-watchos/MCPKit.build/swift-overrides.hmap -emit-const-values -Xfrontend -const-gather-protocols-file -Xfrontend /Users/admin/builder/spi-builder-workspace/.derivedData/Build/Intermediates.noindex/MCPKit.build/Debug-watchos/MCPKit.build/Objects-normal/arm64/MCPKit_const_extract_protocols.json -Xcc -I/Users/admin/builder/spi-builder-workspace/.dependencies/checkouts/swift-system/Sources/CSystem/include -Xcc -I/Users/admin/builder/spi-builder-workspace/.derivedData/Build/Products/Debug-watchos/include -Xcc -I/Users/admin/builder/spi-builder-workspace/.derivedData/Build/Intermediates.noindex/MCPKit.build/Debug-watchos/MCPKit.build/DerivedSources-normal/arm64 -Xcc -I/Users/admin/builder/spi-builder-workspace/.derivedData/Build/Intermediates.noindex/MCPKit.build/Debug-watchos/MCPKit.build/DerivedSources/arm64 -Xcc -I/Users/admin/builder/spi-builder-workspace/.derivedData/Build/Intermediates.noindex/MCPKit.build/Debug-watchos/MCPKit.build/DerivedSources -Xcc -DSWIFT_PACKAGE -Xcc -DDEBUG\=1 -emit-objc-header -emit-objc-header-path /Users/admin/builder/spi-builder-workspace/.derivedData/Build/Intermediates.noindex/MCPKit.build/Debug-watchos/MCPKit.build/Objects-normal/arm64/MCPKit-Swift.h -working-directory /Users/admin/builder/spi-builder-workspace/.swiftpm/xcode -experimental-emit-module-separately -disable-cmo
SwiftEmitModule normal arm64_32 Emitting\ module\ for\ MCPKit (in target 'MCPKit' from project 'MCPKit')
EmitSwiftModule normal arm64_32 (in target 'MCPKit' from project 'MCPKit')
    cd /Users/admin/builder/spi-builder-workspace/.swiftpm/xcode

/Users/admin/builder/spi-builder-workspace/Sources/MCPKit/StdioBootstrap.swift:30:5: warning: 'public' modifier is redundant for static property declared in a public extension
    public static let stdioDefaultCapabilities = Server.Capabilities(
    ^~~~~~~

SwiftEmitModule normal arm64 Emitting\ module\ for\ MCPKit (in target 'MCPKit' from project 'MCPKit')
EmitSwiftModule normal arm64 (in target 'MCPKit' from project 'MCPKit')
    cd /Users/admin/builder/spi-builder-workspace/.swiftpm/xcode

/Users/admin/builder/spi-builder-workspace/Sources/MCPKit/StdioBootstrap.swift:30:5: warning: 'public' modifier is redundant for static property declared in a public extension
    public static let stdioDefaultCapabilities = Server.Capabilities(
    ^~~~~~~

SwiftDriverJobDiscovery normal arm64 Compiling OAuthDiscovery.swift, OAuthDiscoveryClient.swift, OAuthErrors.swift, OAuthModels.swift, OAuthTokenEndpointClient.swift (in target 'MCP' from project 'mcp-swift-sdk')
SwiftCompile normal arm64 Compiling\ ToolSchema.swift /Users/admin/builder/spi-builder-workspace/Sources/MCPKit/ToolSchema.swift (in target 'MCPKit' from project 'MCPKit')
SwiftCompile normal arm64 /Users/admin/builder/spi-builder-workspace/Sources/MCPKit/ToolSchema.swift (in target 'MCPKit' from project 'MCPKit')
    cd /Users/admin/builder/spi-builder-workspace/.swiftpm/xcode

SwiftDriverJobDiscovery normal arm64 Compiling Versioning.swift, Client.swift, Elicitation.swift, Roots.swift (in target 'MCP' from project 'mcp-swift-sdk')
SwiftCompile normal arm64 Compiling\ MCPServer.swift /Users/admin/builder/spi-builder-workspace/Sources/MCPKit/MCPServer.swift (in target 'MCPKit' from project 'MCPKit')
Failed frontend command:
/Applications/Xcode-16.3.0.app/Contents/Developer/Toolchains/XcodeDefault.xctoolchain/usr/bin/swift-frontend -frontend -c /Users/admin/builder/spi-builder-workspace/Sources/MCPKit/Arguments.swift /Users/admin/builder/spi-builder-workspace/Sources/MCPKit/JSONLLog.swift -primary-file /Users/admin/builder/spi-builder-workspace/Sources/MCPKit/MCPServer.swift /Users/admin/builder/spi-builder-workspace/Sources/MCPKit/MCPToolProvider.swift /Users/admin/builder/spi-builder-workspace/Sources/MCPKit/Prompts.swift /Users/admin/builder/spi-builder-workspace/Sources/MCPKit/Results.swift /Users/admin/builder/spi-builder-workspace/Sources/MCPKit/StdioBootstrap.swift /Users/admin/builder/spi-builder-workspace/Sources/MCPKit/ToolSchema.swift -emit-dependencies-path /Users/admin/builder/spi-builder-workspace/.derivedData/Build/Intermediates.noindex/MCPKit.build/Debug-watchos/MCPKit.build/Objects-normal/arm64/MCPServer.d -emit-const-values-path /Users/admin/builder/spi-builder-workspace/.derivedData/Build/Intermediates.noindex/MCPKit.build/Debug-watchos/MCPKit.build/Objects-normal/arm64/MCPServer.swiftconstvalues -emit-reference-dependencies-path /Users/admin/builder/spi-builder-workspace/.derivedData/Build/Intermediates.noindex/MCPKit.build/Debug-watchos/MCPKit.build/Objects-normal/arm64/MCPServer.swiftdeps -serialize-diagnostics-path /Users/admin/builder/spi-builder-workspace/.derivedData/Build/Intermediates.noindex/MCPKit.build/Debug-watchos/MCPKit.build/Objects-normal/arm64/MCPServer.dia -target arm64-apple-watchos9.0 -Xllvm -aarch64-use-tbi -enable-objc-interop -stack-check -sdk /Applications/Xcode-16.3.0.app/Contents/Developer/Platforms/WatchOS.platform/Developer/SDKs/WatchOS11.4.sdk -I /Users/admin/builder/spi-builder-workspace/.derivedData/Build/Products/Debug-watchos -I /Applications/Xcode-16.3.0.app/Contents/Developer/Platforms/WatchOS.platform/Developer/usr/lib -F /Users/admin/builder/spi-builder-workspace/.derivedData/Build/Products/Debug-watchos/PackageFrameworks -F /Users/admin/builder/spi-builder-workspace/.derivedData/Build/Products/Debug-watchos/PackageFrameworks -F /Users/admin/builder/spi-builder-workspace/.derivedData/Build/Products/Debug-watchos/PackageFrameworks -F /Users/admin/builder/spi-builder-workspace/.derivedData/Build/Products/Debug-watchos/PackageFrameworks -F /Users/admin/builder/spi-builder-workspace/.derivedData/Build/Products/Debug-watchos/PackageFrameworks -F /Users/admin/builder/spi-builder-workspace/.derivedData/Build/Products/Debug-watchos -F /Applications/Xcode-16.3.0.app/Contents/Developer/Platforms/WatchOS.platform/Developer/Library/Frameworks -F /Applications/Xcode-16.3.0.app/Contents/Developer/Platforms/WatchOS.platform/Developer/SDKs/WatchOS11.4.sdk/Developer/Library/Frameworks -no-color-diagnostics -enable-testing -g -debug-info-format\=dwarf -dwarf-version\=4 -module-cache-path /Users/admin/builder/spi-builder-workspace/.derivedData/ModuleCache.noindex -profile-generate -profile-coverage-mapping -swift-version 6 -enforce-exclusivity\=checked -Onone -D SWIFT_PACKAGE -D DEBUG -D Xcode -serialize-debugging-options -const-gather-protocols-file /Users/admin/builder/spi-builder-workspace/.derivedData/Build/Intermediates.noindex/MCPKit.build/Debug-watchos/MCPKit.build/Objects-normal/arm64/MCPKit_const_extract_protocols.json -enable-experimental-feature DebugDescriptionMacro -empty-abi-descriptor -plugin-path /Applications/Xcode-16.3.0.app/Contents/Developer/Toolchains/XcodeDefault.xctoolchain/usr/lib/swift/host/plugins/testing -validate-clang-modules-once -clang-build-session-file /Users/admin/builder/spi-builder-workspace/.derivedData/ModuleCache.noindex/Session.modulevalidation -Xcc -working-directory -Xcc /Users/admin/builder/spi-builder-workspace/.swiftpm/xcode -resource-dir /Applications/Xcode-16.3.0.app/Contents/Developer/Toolchains/XcodeDefault.xctoolchain/usr/lib/swift -enable-anonymous-context-mangled-names -file-compilation-dir /Users/admin/builder/spi-builder-workspace/.swiftpm/xcode -Xcc -ivfsstatcache -Xcc /Users/admin/builder/spi-builder-workspace/.derivedData/SDKStatCaches.noindex/watchos11.4-22T246-43efb940ff07ba2497b70ec94253f576.sdkstatcache -Xcc -I/Users/admin/builder/spi-builder-workspace/.derivedData/Build/Intermediates.noindex/MCPKit.build/Debug-watchos/MCPKit.build/swift-overrides.hmap -Xcc -I/Users/admin/builder/spi-builder-workspace/.dependencies/checkouts/swift-system/Sources/CSystem/include -Xcc -I/Users/admin/builder/spi-builder-workspace/.derivedData/Build/Products/Debug-watchos/include -Xcc -I/Users/admin/builder/spi-builder-workspace/.derivedData/Build/Intermediates.noindex/MCPKit.build/Debug-watchos/MCPKit.build/DerivedSources-normal/arm64 -Xcc -I/Users/admin/builder/spi-builder-workspace/.derivedData/Build/Intermediates.noindex/MCPKit.build/Debug-watchos/MCPKit.build/DerivedSources/arm64 -Xcc -I/Users/admin/builder/spi-builder-workspace/.derivedData/Build/Intermediates.noindex/MCPKit.build/Debug-watchos/MCPKit.build/DerivedSources -Xcc -DSWIFT_PACKAGE -Xcc -DDEBUG\=1 -module-name MCPKit -package-name spi_builder_workspace -frontend-parseable-output -disable-clang-spi -target-sdk-version 11.4 -target-sdk-name watchos11.4 -external-plugin-path /Applications/Xcode-16.3.0.app/Contents/Developer/Platforms/WatchOS.platform/Developer/usr/lib/swift/host/plugins\#/Applications/Xcode-16.3.0.app/Contents/Developer/Platforms/WatchOS.platform/Developer/usr/bin/swift-plugin-server -external-plugin-path /Applications/Xcode-16.3.0.app/Contents/Developer/Platforms/WatchOS.platform/Developer/usr/local/lib/swift/host/plugins\#/Applications/Xcode-16.3.0.app/Contents/Developer/Platforms/WatchOS.platform/Developer/usr/bin/swift-plugin-server -in-process-plugin-server-path /Applications/Xcode-16.3.0.app/Contents/Developer/Toolchains/XcodeDefault.xctoolchain/usr/lib/swift/host/libSwiftInProcPluginServer.dylib -plugin-path /Applications/Xcode-16.3.0.app/Contents/Developer/Toolchains/XcodeDefault.xctoolchain/usr/lib/swift/host/plugins -plugin-path /Applications/Xcode-16.3.0.app/Contents/Developer/Toolchains/XcodeDefault.xctoolchain/usr/local/lib/swift/host/plugins -o /Users/admin/builder/spi-builder-workspace/.derivedData/Build/Intermediates.noindex/MCPKit.build/Debug-watchos/MCPKit.build/Objects-normal/arm64/MCPServer.o -index-unit-output-path /MCPKit.build/Debug-watchos/MCPKit.build/Objects-normal/arm64/MCPServer.o -index-store-path /Users/admin/builder/spi-builder-workspace/.derivedData/Index.noindex/DataStore -index-system-modules
SwiftCompile normal arm64 /Users/admin/builder/spi-builder-workspace/Sources/MCPKit/MCPServer.swift (in target 'MCPKit' from project 'MCPKit')
    cd /Users/admin/builder/spi-builder-workspace/.swiftpm/xcode

/Users/admin/builder/spi-builder-workspace/Sources/MCPKit/MCPServer.swift:91:28: error: value of type 'Logger' has no member 'isEnabled'
            if callToolLog.isEnabled(type: .debug) {
               ~~~~~~~~~~~ ^~~~~~~~~
/Users/admin/builder/spi-builder-workspace/Sources/MCPKit/MCPServer.swift:91:45: error: cannot infer contextual base in reference to member 'debug'
            if callToolLog.isEnabled(type: .debug) {
                                           ~^~~~~
SwiftDriverJobDiscovery normal arm64 Emitting module for MCPKit (in target 'MCPKit' from project 'MCPKit')
SwiftCompile normal arm64 Compiling\ JSONLLog.swift /Users/admin/builder/spi-builder-workspace/Sources/MCPKit/JSONLLog.swift (in target 'MCPKit' from project 'MCPKit')
SwiftCompile normal arm64 /Users/admin/builder/spi-builder-workspace/Sources/MCPKit/JSONLLog.swift (in target 'MCPKit' from project 'MCPKit')
    cd /Users/admin/builder/spi-builder-workspace/.swiftpm/xcode

SwiftDriverJobDiscovery normal arm64_32 Emitting module for MCPKit (in target 'MCPKit' from project 'MCPKit')
SwiftDriver\ Compilation\ Requirements MCPKit normal arm64_32 com.apple.xcode.tools.swift.compiler (in target 'MCPKit' from project 'MCPKit')
    cd /Users/admin/builder/spi-builder-workspace/.swiftpm/xcode
    builtin-Swift-Compilation-Requirements -- /Applications/Xcode-16.3.0.app/Contents/Developer/Toolchains/XcodeDefault.xctoolchain/usr/bin/swiftc -module-name MCPKit -Onone -enforce-exclusivity\=checked @/Users/admin/builder/spi-builder-workspace/.derivedData/Build/Intermediates.noindex/MCPKit.build/Debug-watchos/MCPKit.build/Objects-normal/arm64_32/MCPKit.SwiftFileList -DSWIFT_PACKAGE -DDEBUG -DXcode -plugin-path /Applications/Xcode-16.3.0.app/Contents/Developer/Toolchains/XcodeDefault.xctoolchain/usr/lib/swift/host/plugins/testing -enable-experimental-feature DebugDescriptionMacro -sdk /Applications/Xcode-16.3.0.app/Contents/Developer/Platforms/WatchOS.platform/Developer/SDKs/WatchOS11.4.sdk -target arm64_32-apple-watchos9.0 -g -module-cache-path /Users/admin/builder/spi-builder-workspace/.derivedData/ModuleCache.noindex -Xfrontend -serialize-debugging-options -profile-coverage-mapping -profile-generate -enable-testing -index-store-path /Users/admin/builder/spi-builder-workspace/.derivedData/Index.noindex/DataStore -swift-version 6 -I /Users/admin/builder/spi-builder-workspace/.derivedData/Build/Products/Debug-watchos -I /Applications/Xcode-16.3.0.app/Contents/Developer/Platforms/WatchOS.platform/Developer/usr/lib -F /Users/admin/builder/spi-builder-workspace/.derivedData/Build/Products/Debug-watchos/PackageFrameworks -F /Users/admin/builder/spi-builder-workspace/.derivedData/Build/Products/Debug-watchos/PackageFrameworks -F /Users/admin/builder/spi-builder-workspace/.derivedData/Build/Products/Debug-watchos/PackageFrameworks -F /Users/admin/builder/spi-builder-workspace/.derivedData/Build/Products/Debug-watchos/PackageFrameworks -F /Users/admin/builder/spi-builder-workspace/.derivedData/Build/Products/Debug-watchos/PackageFrameworks -F /Users/admin/builder/spi-builder-workspace/.derivedData/Build/Products/Debug-watchos -F /Applications/Xcode-16.3.0.app/Contents/Developer/Platforms/WatchOS.platform/Developer/Library/Frameworks -F /Applications/Xcode-16.3.0.app/Contents/Developer/Platforms/WatchOS.platform/Developer/SDKs/WatchOS11.4.sdk/Developer/Library/Frameworks -c -j10 -enable-batch-mode -incremental -Xcc -ivfsstatcache -Xcc /Users/admin/builder/spi-builder-workspace/.derivedData/SDKStatCaches.noindex/watchos11.4-22T246-43efb940ff07ba2497b70ec94253f576.sdkstatcache -output-file-map /Users/admin/builder/spi-builder-workspace/.derivedData/Build/Intermediates.noindex/MCPKit.build/Debug-watchos/MCPKit.build/Objects-normal/arm64_32/MCPKit-OutputFileMap.json -use-frontend-parseable-output -save-temps -no-color-diagnostics -serialize-diagnostics -emit-dependencies -emit-module -emit-module-path /Users/admin/builder/spi-builder-workspace/.derivedData/Build/Intermediates.noindex/MCPKit.build/Debug-watchos/MCPKit.build/Objects-normal/arm64_32/MCPKit.swiftmodule -validate-clang-modules-once -clang-build-session-file /Users/admin/builder/spi-builder-workspace/.derivedData/ModuleCache.noindex/Session.modulevalidation -package-name spi_builder_workspace -Xcc -I/Users/admin/builder/spi-builder-workspace/.derivedData/Build/Intermediates.noindex/MCPKit.build/Debug-watchos/MCPKit.build/swift-overrides.hmap -emit-const-values -Xfrontend -const-gather-protocols-file -Xfrontend /Users/admin/builder/spi-builder-workspace/.derivedData/Build/Intermediates.noindex/MCPKit.build/Debug-watchos/MCPKit.build/Objects-normal/arm64_32/MCPKit_const_extract_protocols.json -Xcc -I/Users/admin/builder/spi-builder-workspace/.dependencies/checkouts/swift-system/Sources/CSystem/include -Xcc -I/Users/admin/builder/spi-builder-workspace/.derivedData/Build/Products/Debug-watchos/include -Xcc -I/Users/admin/builder/spi-builder-workspace/.derivedData/Build/Intermediates.noindex/MCPKit.build/Debug-watchos/MCPKit.build/DerivedSources-normal/arm64_32 -Xcc -I/Users/admin/builder/spi-builder-workspace/.derivedData/Build/Intermediates.noindex/MCPKit.build/Debug-watchos/MCPKit.build/DerivedSources/arm64_32 -Xcc -I/Users/admin/builder/spi-builder-workspace/.derivedData/Build/Intermediates.noindex/MCPKit.build/Debug-watchos/MCPKit.build/DerivedSources -Xcc -DSWIFT_PACKAGE -Xcc -DDEBUG\=1 -emit-objc-header -emit-objc-header-path /Users/admin/builder/spi-builder-workspace/.derivedData/Build/Intermediates.noindex/MCPKit.build/Debug-watchos/MCPKit.build/Objects-normal/arm64_32/MCPKit-Swift.h -working-directory /Users/admin/builder/spi-builder-workspace/.swiftpm/xcode -experimental-emit-module-separately -disable-cmo
** BUILD FAILED **
The following build commands failed:
	SwiftCompile normal arm64 Compiling\ MCPServer.swift /Users/admin/builder/spi-builder-workspace/Sources/MCPKit/MCPServer.swift (in target 'MCPKit' from project 'MCPKit')
	SwiftCompile normal arm64 /Users/admin/builder/spi-builder-workspace/Sources/MCPKit/MCPServer.swift (in target 'MCPKit' from project 'MCPKit')
	Building workspace spi-builder-workspace with scheme MCPKit-Package
(3 failures)
BUILD FAILURE 6.1 watchOS