Build Information
Failed to build Ocha, reference master (50ef2f), with Swift 6.4 for tvOS using Xcode 27.0 on 16 Sep 2026 00:09:34 UTC.
Build Command
env DEVELOPER_DIR=/Applications/Xcode-27.0.0-Release.Candidate.app xcrun xcodebuild -IDEClonedSourcePackagesDirPathOverride=$PWD/.dependencies -skipMacroValidation -skipPackagePluginValidation -derivedDataPath $PWD/.derivedData build -scheme Ocha-Package -destination generic/platform=tvOSBuild Log
SwiftDriver Ocha normal arm64 com.apple.xcode.tools.swift.compiler (in target 'Ocha' from project 'Ocha')
cd /Users/admin/builder/spi-builder-workspace/.swiftpm/xcode
builtin-SwiftDriver -- /Applications/Xcode-27.0.0-Release.Candidate.app/Contents/Developer/Toolchains/XcodeDefault.xctoolchain/usr/bin/swiftc -parse-as-library -module-name Ocha -Onone @/Users/admin/builder/spi-builder-workspace/.derivedData/Build/Intermediates.noindex/Ocha.build/Debug-appletvos/Ocha-t.build/Objects-normal/arm64/Ocha.SwiftFileList -DSWIFT_PACKAGE -DDEBUG -DSWIFT_MODULE_RESOURCE_BUNDLE_UNAVAILABLE -DXcode -plugin-path /Applications/Xcode-27.0.0-Release.Candidate.app/Contents/Developer/Toolchains/XcodeDefault.xctoolchain/usr/lib/swift/host/plugins/testing -enable-experimental-feature DebugDescriptionMacro -sdk /Applications/Xcode-27.0.0-Release.Candidate.app/Contents/Developer/Platforms/AppleTVOS.platform/Developer/SDKs/AppleTVOS27.0.sdk -target arm64-apple-tvos15.0 -g -module-cache-path /Users/admin/builder/spi-builder-workspace/.derivedData/ModuleCache.noindex -Xfrontend -serialize-debugging-options -profile-coverage-mapping -profile-generate -enable-testing -index-store-path /Users/admin/builder/spi-builder-workspace/.derivedData/Index.noindex/DataStore -Xcc -D_LIBCPP_HARDENING_MODE\=_LIBCPP_HARDENING_MODE_DEBUG -swift-version 5 -I /Users/admin/builder/spi-builder-workspace/.derivedData/Build/Products/Debug-appletvos -Isystem /Applications/Xcode-27.0.0-Release.Candidate.app/Contents/Developer/Platforms/AppleTVOS.platform/Developer/usr/lib -F /Users/admin/builder/spi-builder-workspace/.derivedData/Build/Products/Debug-appletvos -F /Applications/Xcode-27.0.0-Release.Candidate.app/Contents/Developer/Platforms/AppleTVOS.platform/Developer/Library/Frameworks -F /Applications/Xcode-27.0.0-Release.Candidate.app/Contents/Developer/Platforms/AppleTVOS.platform/Developer/SDKs/AppleTVOS27.0.sdk/Developer/Library/Frameworks -c -j10 -enable-batch-mode -incremental -Xcc -ivfsstatcache -Xcc /Users/admin/builder/spi-builder-workspace/.derivedData/SDKStatCaches.noindex/appletvos27.0-24J360-e829b21a6f8c9b70876ba0858053c044b32bfd8d43560033f8d89884cdb90028.sdkstatcache -output-file-map /Users/admin/builder/spi-builder-workspace/.derivedData/Build/Intermediates.noindex/Ocha.build/Debug-appletvos/Ocha-t.build/Objects-normal/arm64/Ocha-OutputFileMap.json -save-temps -no-color-diagnostics -explicit-module-build -module-cache-path /Users/admin/builder/spi-builder-workspace/.derivedData/Build/Intermediates.noindex/SwiftExplicitPrecompiledModules -clang-scanner-module-cache-path /Users/admin/builder/spi-builder-workspace/.derivedData/ModuleCache.noindex -sdk-module-cache-path /Users/admin/builder/spi-builder-workspace/.derivedData/SDKExplicitPrecompiledModules -emit-dependencies -emit-module -emit-module-path /Users/admin/builder/spi-builder-workspace/.derivedData/Build/Intermediates.noindex/Ocha.build/Debug-appletvos/Ocha-t.build/Objects-normal/arm64/Ocha.swiftmodule -serialize-diagnostics -dependency-scan-serialize-diagnostics-path /Users/admin/builder/spi-builder-workspace/.derivedData/Build/Intermediates.noindex/Ocha.build/Debug-appletvos/Ocha-t.build/Objects-normal/arm64/Ocha-dependency-scan.dia -validate-clang-modules-once -clang-build-session-file /Users/admin/builder/spi-builder-workspace/.derivedData/ModuleCache.noindex/Session.modulevalidation -Xcc -fmodules-prune-interval\=86400 -Xcc -fmodules-prune-after\=345600 -emit-const-values -const-gather-protocols-list /Users/admin/builder/spi-builder-workspace/.derivedData/Build/Intermediates.noindex/Ocha.build/Debug-appletvos/Ocha-t.build/Objects-normal/arm64/Ocha_const_extract_protocols.json -Xcc -I/Users/admin/builder/spi-builder-workspace/.derivedData/Build/Products/Debug-appletvos/include -Xcc -I/Users/admin/builder/spi-builder-workspace/.derivedData/Build/Intermediates.noindex/Ocha.build/Debug-appletvos/Ocha-t.build/DerivedSources-normal/arm64 -Xcc -I/Users/admin/builder/spi-builder-workspace/.derivedData/Build/Intermediates.noindex/Ocha.build/Debug-appletvos/Ocha-t.build/DerivedSources/arm64 -Xcc -I/Users/admin/builder/spi-builder-workspace/.derivedData/Build/Intermediates.noindex/Ocha.build/Debug-appletvos/Ocha-t.build/DerivedSources -Xcc -DSWIFT_PACKAGE -Xcc -DDEBUG\=1 -emit-objc-header -emit-objc-header-path /Users/admin/builder/spi-builder-workspace/.derivedData/Build/Intermediates.noindex/Ocha.build/Debug-appletvos/Ocha-t.build/Objects-normal/arm64/Ocha-Swift.h -working-directory /Users/admin/builder/spi-builder-workspace/.swiftpm/xcode -experimental-emit-module-separately -disable-cmo
SwiftCompile normal arm64 Compiling\ PathKit.swift /Users/admin/builder/spi-builder-workspace/.dependencies/checkouts/PathKit/Sources/PathKit.swift (in target 'PathKit' from project 'PathKit')
SwiftCompile normal arm64 /Users/admin/builder/spi-builder-workspace/.dependencies/checkouts/PathKit/Sources/PathKit.swift (in target 'PathKit' from project 'PathKit')
cd /Users/admin/builder/spi-builder-workspace/.swiftpm/xcode
builtin-SwiftPerFileCompile PathKit.swift
SwiftEmitModule normal arm64 Emitting\ module\ for\ PathKit (in target 'PathKit' from project 'PathKit')
SwiftCompile normal arm64 (in target 'PathKit' from project 'PathKit')
cd /Users/admin/builder/spi-builder-workspace/.swiftpm/xcode
SwiftEmitModule normal arm64 Emitting\ module\ for\ SwiftShell (in target 'SwiftShell' from project 'SwiftShell')
SwiftCompile normal arm64 (in target 'SwiftShell' from project 'SwiftShell')
cd /Users/admin/builder/spi-builder-workspace/.swiftpm/xcode
SwiftCompile normal arm64 Compiling\ Lazy-split.swift /Users/admin/builder/spi-builder-workspace/.dependencies/checkouts/SwiftShell/Sources/SwiftShell/Stream/Lazy-split.swift (in target 'SwiftShell' from project 'SwiftShell')
SwiftCompile normal arm64 /Users/admin/builder/spi-builder-workspace/.dependencies/checkouts/SwiftShell/Sources/SwiftShell/Stream/Lazy-split.swift (in target 'SwiftShell' from project 'SwiftShell')
cd /Users/admin/builder/spi-builder-workspace/.swiftpm/xcode
builtin-SwiftPerFileCompile Lazy-split.swift
SwiftCompile normal arm64 Compiling\ Files.swift /Users/admin/builder/spi-builder-workspace/.dependencies/checkouts/SwiftShell/Sources/SwiftShell/Files.swift (in target 'SwiftShell' from project 'SwiftShell')
SwiftCompile normal arm64 /Users/admin/builder/spi-builder-workspace/.dependencies/checkouts/SwiftShell/Sources/SwiftShell/Files.swift (in target 'SwiftShell' from project 'SwiftShell')
cd /Users/admin/builder/spi-builder-workspace/.swiftpm/xcode
builtin-SwiftPerFileCompile Files.swift
SwiftCompile normal arm64 Compiling\ Context.swift /Users/admin/builder/spi-builder-workspace/.dependencies/checkouts/SwiftShell/Sources/SwiftShell/Context.swift (in target 'SwiftShell' from project 'SwiftShell')
SwiftCompile normal arm64 /Users/admin/builder/spi-builder-workspace/.dependencies/checkouts/SwiftShell/Sources/SwiftShell/Context.swift (in target 'SwiftShell' from project 'SwiftShell')
cd /Users/admin/builder/spi-builder-workspace/.swiftpm/xcode
builtin-SwiftPerFileCompile Context.swift
SwiftCompile normal arm64 Compiling\ FileHandle.swift /Users/admin/builder/spi-builder-workspace/.dependencies/checkouts/SwiftShell/Sources/SwiftShell/FileHandle.swift (in target 'SwiftShell' from project 'SwiftShell')
SwiftCompile normal arm64 /Users/admin/builder/spi-builder-workspace/.dependencies/checkouts/SwiftShell/Sources/SwiftShell/FileHandle.swift (in target 'SwiftShell' from project 'SwiftShell')
cd /Users/admin/builder/spi-builder-workspace/.swiftpm/xcode
builtin-SwiftPerFileCompile FileHandle.swift
SwiftCompile normal arm64 Compiling\ Process.swift /Users/admin/builder/spi-builder-workspace/.dependencies/checkouts/SwiftShell/Sources/SwiftShell/Process.swift (in target 'SwiftShell' from project 'SwiftShell')
SwiftCompile normal arm64 /Users/admin/builder/spi-builder-workspace/.dependencies/checkouts/SwiftShell/Sources/SwiftShell/Process.swift (in target 'SwiftShell' from project 'SwiftShell')
cd /Users/admin/builder/spi-builder-workspace/.swiftpm/xcode
builtin-SwiftPerFileCompile Process.swift
PrecompileModule /Users/admin/builder/spi-builder-workspace/.derivedData/Build/Intermediates.noindex/ExplicitPrecompiledModules/_Builtin_stdarg-3UP8BCULBU9UHYIDQVTKKABS1.scan
cd /
builtin-precompileModule /Users/admin/builder/spi-builder-workspace/.derivedData/Build/Intermediates.noindex/ExplicitPrecompiledModules/_Builtin_stdarg-3UP8BCULBU9UHYIDQVTKKABS1.scan
SwiftExplicitDependencyGeneratePcm arm64 /Users/admin/builder/spi-builder-workspace/.derivedData/SDKExplicitPrecompiledModules/_AvailabilityInternal-BV2EDDP0MI5QJDDPEEV4D9D3V.pcm
SwiftExplicitDependencyGeneratePcm arm64 /Users/admin/builder/spi-builder-workspace/.derivedData/SDKExplicitPrecompiledModules/_SwiftConcurrencyShims-BY5PD8KF1L5KF6F4Q69HE3TJ4.pcm
SwiftExplicitDependencyGeneratePcm arm64 /Users/admin/builder/spi-builder-workspace/.derivedData/SDKExplicitPrecompiledModules/ptrcheck-2AZ6B5IBYD3RRRTFWN2ONASY3.pcm
SwiftExplicitDependencyGeneratePcm arm64 /Users/admin/builder/spi-builder-workspace/.derivedData/SDKExplicitPrecompiledModules/ptrauth-8X2KEPL7CTRPS40TUB9APHPK6.pcm
SwiftExplicitDependencyGeneratePcm arm64 /Users/admin/builder/spi-builder-workspace/.derivedData/SDKExplicitPrecompiledModules/_Builtin_stddef-9ZJZ6FDEZNKTZU8YLPMFT9RAQ.pcm
SwiftExplicitDependencyGeneratePcm arm64 /Users/admin/builder/spi-builder-workspace/.derivedData/SDKExplicitPrecompiledModules/SwiftShims-8N4EXJ4RUJTR8K9OO3CMOH1EP.pcm
SwiftExplicitDependencyGeneratePcm arm64 /Users/admin/builder/spi-builder-workspace/.derivedData/SDKExplicitPrecompiledModules/_Builtin_stdbool-AHRDH5EKLY6D04C5E42F3VCQI.pcm
SwiftExplicitDependencyGeneratePcm arm64 /Users/admin/builder/spi-builder-workspace/.derivedData/SDKExplicitPrecompiledModules/_Builtin_stdarg-BO2OCAUYVAXDRVQWQ8ISKGNUQ.pcm
SwiftExplicitDependencyGeneratePcm arm64 /Users/admin/builder/spi-builder-workspace/.derivedData/SDKExplicitPrecompiledModules/_Builtin_float-8ZJAYZ85YBOAOP52Y9H6IUNP3.pcm
PrecompileModule /Users/admin/builder/spi-builder-workspace/.derivedData/Build/Intermediates.noindex/ExplicitPrecompiledModules/_AvailabilityInternal-CW2SBG4JT764YV819NZUXXE0Q.scan
cd /
builtin-precompileModule /Users/admin/builder/spi-builder-workspace/.derivedData/Build/Intermediates.noindex/ExplicitPrecompiledModules/_AvailabilityInternal-CW2SBG4JT764YV819NZUXXE0Q.scan
PrecompileModule /Users/admin/builder/spi-builder-workspace/.derivedData/Build/Intermediates.noindex/ExplicitPrecompiledModules/_Builtin_float-6WISZJI1C2NLYTAWO2RQR7CRM.scan
cd /
builtin-precompileModule /Users/admin/builder/spi-builder-workspace/.derivedData/Build/Intermediates.noindex/ExplicitPrecompiledModules/_Builtin_float-6WISZJI1C2NLYTAWO2RQR7CRM.scan
SwiftExplicitDependencyGeneratePcm arm64 /Users/admin/builder/spi-builder-workspace/.derivedData/SDKExplicitPrecompiledModules/_DarwinFoundation1-JOTYMOA1YZCIJ2NON6FQ848O.pcm
PrecompileModule /Users/admin/builder/spi-builder-workspace/.derivedData/Build/Intermediates.noindex/ExplicitPrecompiledModules/ptrcheck-9DCB9D8GC4JWD2WLJQUXTJYC5.scan
cd /
builtin-precompileModule /Users/admin/builder/spi-builder-workspace/.derivedData/Build/Intermediates.noindex/ExplicitPrecompiledModules/ptrcheck-9DCB9D8GC4JWD2WLJQUXTJYC5.scan
PrecompileModule /Users/admin/builder/spi-builder-workspace/.derivedData/Build/Intermediates.noindex/ExplicitPrecompiledModules/_Builtin_stddef-754GV68DDIN9SGWCQMYTDQHQT.scan
cd /
builtin-precompileModule /Users/admin/builder/spi-builder-workspace/.derivedData/Build/Intermediates.noindex/ExplicitPrecompiledModules/_Builtin_stddef-754GV68DDIN9SGWCQMYTDQHQT.scan
PrecompileModule /Users/admin/builder/spi-builder-workspace/.derivedData/Build/Intermediates.noindex/ExplicitPrecompiledModules/_DarwinFoundation1-1ARC7K8X6876WEUNAPCQB4QQW.scan
cd /
builtin-precompileModule /Users/admin/builder/spi-builder-workspace/.derivedData/Build/Intermediates.noindex/ExplicitPrecompiledModules/_DarwinFoundation1-1ARC7K8X6876WEUNAPCQB4QQW.scan
SwiftCompile normal arm64 Compiling\ Command.swift /Users/admin/builder/spi-builder-workspace/.dependencies/checkouts/SwiftShell/Sources/SwiftShell/Command.swift (in target 'SwiftShell' from project 'SwiftShell')
SwiftCompile normal arm64 /Users/admin/builder/spi-builder-workspace/.dependencies/checkouts/SwiftShell/Sources/SwiftShell/Command.swift (in target 'SwiftShell' from project 'SwiftShell')
cd /Users/admin/builder/spi-builder-workspace/.swiftpm/xcode
builtin-SwiftPerFileCompile Command.swift
SwiftExplicitDependencyGeneratePcm arm64 /Users/admin/builder/spi-builder-workspace/.derivedData/SDKExplicitPrecompiledModules/_Builtin_limits-7JU2HP127LIT1X9E2V3D8WZ1.pcm
SwiftExplicitDependencyGeneratePcm arm64 /Users/admin/builder/spi-builder-workspace/.derivedData/SDKExplicitPrecompiledModules/_DarwinFoundation2-AOGAN1O02NKXRJN5V73AV3V3M.pcm
PrecompileModule /Users/admin/builder/spi-builder-workspace/.derivedData/Build/Intermediates.noindex/ExplicitPrecompiledModules/_DarwinFoundation2-8EYC9V7XBYMAMSQ1R5X8HA5BP.scan
cd /
builtin-precompileModule /Users/admin/builder/spi-builder-workspace/.derivedData/Build/Intermediates.noindex/ExplicitPrecompiledModules/_DarwinFoundation2-8EYC9V7XBYMAMSQ1R5X8HA5BP.scan
SwiftExplicitDependencyGeneratePcm arm64 /Users/admin/builder/spi-builder-workspace/.derivedData/SDKExplicitPrecompiledModules/sys_types-8GCAV1YMG5UUGHUID3CA20TCH.pcm
SwiftExplicitDependencyGeneratePcm arm64 /Users/admin/builder/spi-builder-workspace/.derivedData/SDKExplicitPrecompiledModules/_Builtin_stdint-6NFTB6IBKS143IVPGT1EKB7HO.pcm
SwiftDriverJobDiscovery normal arm64 Emitting module for PathKit (in target 'PathKit' from project 'PathKit')
SwiftDriver\ Compilation\ Requirements PathKit normal arm64 com.apple.xcode.tools.swift.compiler (in target 'PathKit' from project 'PathKit')
cd /Users/admin/builder/spi-builder-workspace/.swiftpm/xcode
builtin-Swift-Compilation-Requirements -- /Applications/Xcode-27.0.0-Release.Candidate.app/Contents/Developer/Toolchains/XcodeDefault.xctoolchain/usr/bin/swiftc -parse-as-library -module-name PathKit -Onone @/Users/admin/builder/spi-builder-workspace/.derivedData/Build/Intermediates.noindex/PathKit.build/Debug-appletvos/PathKit-t.build/Objects-normal/arm64/PathKit.SwiftFileList -DSWIFT_PACKAGE -DDEBUG -DSWIFT_MODULE_RESOURCE_BUNDLE_UNAVAILABLE -DXcode -plugin-path /Applications/Xcode-27.0.0-Release.Candidate.app/Contents/Developer/Toolchains/XcodeDefault.xctoolchain/usr/lib/swift/host/plugins/testing -enable-experimental-feature DebugDescriptionMacro -sdk /Applications/Xcode-27.0.0-Release.Candidate.app/Contents/Developer/Platforms/AppleTVOS.platform/Developer/SDKs/AppleTVOS27.0.sdk -target arm64-apple-tvos15.0 -g -module-cache-path /Users/admin/builder/spi-builder-workspace/.derivedData/ModuleCache.noindex -Xfrontend -serialize-debugging-options -profile-coverage-mapping -profile-generate -enable-testing -suppress-warnings -index-store-path /Users/admin/builder/spi-builder-workspace/.derivedData/Index.noindex/DataStore -Xcc -D_LIBCPP_HARDENING_MODE\=_LIBCPP_HARDENING_MODE_DEBUG -swift-version 4.2 -I /Users/admin/builder/spi-builder-workspace/.derivedData/Build/Products/Debug-appletvos -Isystem /Applications/Xcode-27.0.0-Release.Candidate.app/Contents/Developer/Platforms/AppleTVOS.platform/Developer/usr/lib -F /Users/admin/builder/spi-builder-workspace/.derivedData/Build/Products/Debug-appletvos -F /Applications/Xcode-27.0.0-Release.Candidate.app/Contents/Developer/Platforms/AppleTVOS.platform/Developer/Library/Frameworks -F /Applications/Xcode-27.0.0-Release.Candidate.app/Contents/Developer/Platforms/AppleTVOS.platform/Developer/SDKs/AppleTVOS27.0.sdk/Developer/Library/Frameworks -c -j10 -enable-batch-mode -incremental -Xcc -ivfsstatcache -Xcc /Users/admin/builder/spi-builder-workspace/.derivedData/SDKStatCaches.noindex/appletvos27.0-24J360-e829b21a6f8c9b70876ba0858053c044b32bfd8d43560033f8d89884cdb90028.sdkstatcache -output-file-map /Users/admin/builder/spi-builder-workspace/.derivedData/Build/Intermediates.noindex/PathKit.build/Debug-appletvos/PathKit-t.build/Objects-normal/arm64/PathKit-OutputFileMap.json -save-temps -no-color-diagnostics -emit-dependencies -emit-module -emit-module-path /Users/admin/builder/spi-builder-workspace/.derivedData/Build/Intermediates.noindex/PathKit.build/Debug-appletvos/PathKit-t.build/Objects-normal/arm64/PathKit.swiftmodule -serialize-diagnostics -validate-clang-modules-once -clang-build-session-file /Users/admin/builder/spi-builder-workspace/.derivedData/ModuleCache.noindex/Session.modulevalidation -Xcc -fmodules-prune-interval\=86400 -Xcc -fmodules-prune-after\=345600 -emit-const-values -const-gather-protocols-list /Users/admin/builder/spi-builder-workspace/.derivedData/Build/Intermediates.noindex/PathKit.build/Debug-appletvos/PathKit-t.build/Objects-normal/arm64/PathKit_const_extract_protocols.json -Xcc -I/Users/admin/builder/spi-builder-workspace/.derivedData/Build/Products/Debug-appletvos/include -Xcc -I/Users/admin/builder/spi-builder-workspace/.derivedData/Build/Intermediates.noindex/PathKit.build/Debug-appletvos/PathKit-t.build/DerivedSources-normal/arm64 -Xcc -I/Users/admin/builder/spi-builder-workspace/.derivedData/Build/Intermediates.noindex/PathKit.build/Debug-appletvos/PathKit-t.build/DerivedSources/arm64 -Xcc -I/Users/admin/builder/spi-builder-workspace/.derivedData/Build/Intermediates.noindex/PathKit.build/Debug-appletvos/PathKit-t.build/DerivedSources -Xcc -DSWIFT_PACKAGE -Xcc -DDEBUG\=1 -emit-objc-header -emit-objc-header-path /Users/admin/builder/spi-builder-workspace/.derivedData/Build/Intermediates.noindex/PathKit.build/Debug-appletvos/PathKit-t.build/Objects-normal/arm64/PathKit-Swift.h -working-directory /Users/admin/builder/spi-builder-workspace/.swiftpm/xcode -experimental-emit-module-separately -disable-cmo
SwiftExplicitDependencyGeneratePcm arm64 /Users/admin/builder/spi-builder-workspace/.derivedData/SDKExplicitPrecompiledModules/string_h-6EVHP7A717OUS5DMC78F79HWO.pcm
SwiftMergeGeneratedHeaders /Users/admin/builder/spi-builder-workspace/.derivedData/Build/Intermediates.noindex/GeneratedModuleMaps-appletvos/PathKit-Swift.h /Users/admin/builder/spi-builder-workspace/.derivedData/Build/Intermediates.noindex/PathKit.build/Debug-appletvos/PathKit-t.build/Objects-normal/arm64/PathKit-Swift.h (in target 'PathKit' from project 'PathKit')
cd /Users/admin/builder/spi-builder-workspace/.dependencies/checkouts/PathKit
builtin-swiftHeaderTool -arch arm64 /Users/admin/builder/spi-builder-workspace/.derivedData/Build/Intermediates.noindex/PathKit.build/Debug-appletvos/PathKit-t.build/Objects-normal/arm64/PathKit-Swift.h -o /Users/admin/builder/spi-builder-workspace/.derivedData/Build/Intermediates.noindex/GeneratedModuleMaps-appletvos/PathKit-Swift.h
Copy /Users/admin/builder/spi-builder-workspace/.derivedData/Build/Products/Debug-appletvos/PathKit.swiftmodule/arm64-apple-tvos.swiftmodule /Users/admin/builder/spi-builder-workspace/.derivedData/Build/Intermediates.noindex/PathKit.build/Debug-appletvos/PathKit-t.build/Objects-normal/arm64/PathKit.swiftmodule (in target 'PathKit' from project 'PathKit')
cd /Users/admin/builder/spi-builder-workspace/.dependencies/checkouts/PathKit
builtin-copy -exclude .DS_Store -exclude CVS -exclude .svn -exclude .git -exclude .hg -resolve-src-symlinks -rename /Users/admin/builder/spi-builder-workspace/.derivedData/Build/Intermediates.noindex/PathKit.build/Debug-appletvos/PathKit-t.build/Objects-normal/arm64/PathKit.swiftmodule /Users/admin/builder/spi-builder-workspace/.derivedData/Build/Products/Debug-appletvos/PathKit.swiftmodule/arm64-apple-tvos.swiftmodule
Copy /Users/admin/builder/spi-builder-workspace/.derivedData/Build/Products/Debug-appletvos/PathKit.swiftmodule/arm64-apple-tvos.swiftdoc /Users/admin/builder/spi-builder-workspace/.derivedData/Build/Intermediates.noindex/PathKit.build/Debug-appletvos/PathKit-t.build/Objects-normal/arm64/PathKit.swiftdoc (in target 'PathKit' from project 'PathKit')
cd /Users/admin/builder/spi-builder-workspace/.dependencies/checkouts/PathKit
builtin-copy -exclude .DS_Store -exclude CVS -exclude .svn -exclude .git -exclude .hg -resolve-src-symlinks -rename /Users/admin/builder/spi-builder-workspace/.derivedData/Build/Intermediates.noindex/PathKit.build/Debug-appletvos/PathKit-t.build/Objects-normal/arm64/PathKit.swiftdoc /Users/admin/builder/spi-builder-workspace/.derivedData/Build/Products/Debug-appletvos/PathKit.swiftmodule/arm64-apple-tvos.swiftdoc
Copy /Users/admin/builder/spi-builder-workspace/.derivedData/Build/Products/Debug-appletvos/PathKit.swiftmodule/arm64-apple-tvos.abi.json /Users/admin/builder/spi-builder-workspace/.derivedData/Build/Intermediates.noindex/PathKit.build/Debug-appletvos/PathKit-t.build/Objects-normal/arm64/PathKit.abi.json (in target 'PathKit' from project 'PathKit')
cd /Users/admin/builder/spi-builder-workspace/.dependencies/checkouts/PathKit
builtin-copy -exclude .DS_Store -exclude CVS -exclude .svn -exclude .git -exclude .hg -resolve-src-symlinks -rename /Users/admin/builder/spi-builder-workspace/.derivedData/Build/Intermediates.noindex/PathKit.build/Debug-appletvos/PathKit-t.build/Objects-normal/arm64/PathKit.abi.json /Users/admin/builder/spi-builder-workspace/.derivedData/Build/Products/Debug-appletvos/PathKit.swiftmodule/arm64-apple-tvos.abi.json
Copy /Users/admin/builder/spi-builder-workspace/.derivedData/Build/Products/Debug-appletvos/PathKit.swiftmodule/Project/arm64-apple-tvos.swiftsourceinfo /Users/admin/builder/spi-builder-workspace/.derivedData/Build/Intermediates.noindex/PathKit.build/Debug-appletvos/PathKit-t.build/Objects-normal/arm64/PathKit.swiftsourceinfo (in target 'PathKit' from project 'PathKit')
cd /Users/admin/builder/spi-builder-workspace/.dependencies/checkouts/PathKit
builtin-copy -exclude .DS_Store -exclude CVS -exclude .svn -exclude .git -exclude .hg -resolve-src-symlinks -rename /Users/admin/builder/spi-builder-workspace/.derivedData/Build/Intermediates.noindex/PathKit.build/Debug-appletvos/PathKit-t.build/Objects-normal/arm64/PathKit.swiftsourceinfo /Users/admin/builder/spi-builder-workspace/.derivedData/Build/Products/Debug-appletvos/PathKit.swiftmodule/Project/arm64-apple-tvos.swiftsourceinfo
SwiftExplicitDependencyGeneratePcm arm64 /Users/admin/builder/spi-builder-workspace/.derivedData/Build/Intermediates.noindex/SwiftExplicitPrecompiledModules/_CSwiftSyntax-78WBKYZQHDS53N1FZDY9MARZP.pcm
SwiftExplicitDependencyGeneratePcm arm64 /Users/admin/builder/spi-builder-workspace/.derivedData/SDKExplicitPrecompiledModules/_DarwinFoundation3-8SR3855WDFHQPR6G9GHOI2C07.pcm
PrecompileModule /Users/admin/builder/spi-builder-workspace/.derivedData/Build/Intermediates.noindex/ExplicitPrecompiledModules/_Builtin_stdint-E3QH1TB87G05R3Q7F6AUKI0GV.scan
cd /
builtin-precompileModule /Users/admin/builder/spi-builder-workspace/.derivedData/Build/Intermediates.noindex/ExplicitPrecompiledModules/_Builtin_stdint-E3QH1TB87G05R3Q7F6AUKI0GV.scan
SwiftDriverJobDiscovery normal arm64 Emitting module for SwiftShell (in target 'SwiftShell' from project 'SwiftShell')
SwiftCompile normal arm64 Compiling\ Array.swift /Users/admin/builder/spi-builder-workspace/.dependencies/checkouts/SwiftShell/Sources/SwiftShell/General/Array.swift (in target 'SwiftShell' from project 'SwiftShell')
SwiftCompile normal arm64 /Users/admin/builder/spi-builder-workspace/.dependencies/checkouts/SwiftShell/Sources/SwiftShell/General/Array.swift (in target 'SwiftShell' from project 'SwiftShell')
cd /Users/admin/builder/spi-builder-workspace/.swiftpm/xcode
builtin-SwiftPerFileCompile Array.swift
SwiftDriver\ Compilation\ Requirements SwiftShell normal arm64 com.apple.xcode.tools.swift.compiler (in target 'SwiftShell' from project 'SwiftShell')
cd /Users/admin/builder/spi-builder-workspace/.swiftpm/xcode
builtin-Swift-Compilation-Requirements -- /Applications/Xcode-27.0.0-Release.Candidate.app/Contents/Developer/Toolchains/XcodeDefault.xctoolchain/usr/bin/swiftc -parse-as-library -module-name SwiftShell -Onone @/Users/admin/builder/spi-builder-workspace/.derivedData/Build/Intermediates.noindex/SwiftShell.build/Debug-appletvos/SwiftShell-t.build/Objects-normal/arm64/SwiftShell.SwiftFileList -DSWIFT_PACKAGE -DDEBUG -DSWIFT_MODULE_RESOURCE_BUNDLE_UNAVAILABLE -DXcode -plugin-path /Applications/Xcode-27.0.0-Release.Candidate.app/Contents/Developer/Toolchains/XcodeDefault.xctoolchain/usr/lib/swift/host/plugins/testing -enable-experimental-feature DebugDescriptionMacro -sdk /Applications/Xcode-27.0.0-Release.Candidate.app/Contents/Developer/Platforms/AppleTVOS.platform/Developer/SDKs/AppleTVOS27.0.sdk -target arm64-apple-tvos15.0 -g -module-cache-path /Users/admin/builder/spi-builder-workspace/.derivedData/ModuleCache.noindex -Xfrontend -serialize-debugging-options -profile-coverage-mapping -profile-generate -enable-testing -suppress-warnings -index-store-path /Users/admin/builder/spi-builder-workspace/.derivedData/Index.noindex/DataStore -Xcc -D_LIBCPP_HARDENING_MODE\=_LIBCPP_HARDENING_MODE_DEBUG -swift-version 4 -I /Users/admin/builder/spi-builder-workspace/.derivedData/Build/Products/Debug-appletvos -Isystem /Applications/Xcode-27.0.0-Release.Candidate.app/Contents/Developer/Platforms/AppleTVOS.platform/Developer/usr/lib -F /Users/admin/builder/spi-builder-workspace/.derivedData/Build/Products/Debug-appletvos -F /Applications/Xcode-27.0.0-Release.Candidate.app/Contents/Developer/Platforms/AppleTVOS.platform/Developer/Library/Frameworks -F /Applications/Xcode-27.0.0-Release.Candidate.app/Contents/Developer/Platforms/AppleTVOS.platform/Developer/SDKs/AppleTVOS27.0.sdk/Developer/Library/Frameworks -c -j10 -enable-batch-mode -incremental -Xcc -ivfsstatcache -Xcc /Users/admin/builder/spi-builder-workspace/.derivedData/SDKStatCaches.noindex/appletvos27.0-24J360-e829b21a6f8c9b70876ba0858053c044b32bfd8d43560033f8d89884cdb90028.sdkstatcache -output-file-map /Users/admin/builder/spi-builder-workspace/.derivedData/Build/Intermediates.noindex/SwiftShell.build/Debug-appletvos/SwiftShell-t.build/Objects-normal/arm64/SwiftShell-OutputFileMap.json -save-temps -no-color-diagnostics -emit-dependencies -emit-module -emit-module-path /Users/admin/builder/spi-builder-workspace/.derivedData/Build/Intermediates.noindex/SwiftShell.build/Debug-appletvos/SwiftShell-t.build/Objects-normal/arm64/SwiftShell.swiftmodule -serialize-diagnostics -validate-clang-modules-once -clang-build-session-file /Users/admin/builder/spi-builder-workspace/.derivedData/ModuleCache.noindex/Session.modulevalidation -Xcc -fmodules-prune-interval\=86400 -Xcc -fmodules-prune-after\=345600 -emit-const-values -const-gather-protocols-list /Users/admin/builder/spi-builder-workspace/.derivedData/Build/Intermediates.noindex/SwiftShell.build/Debug-appletvos/SwiftShell-t.build/Objects-normal/arm64/SwiftShell_const_extract_protocols.json -Xcc -I/Users/admin/builder/spi-builder-workspace/.derivedData/Build/Products/Debug-appletvos/include -Xcc -I/Users/admin/builder/spi-builder-workspace/.derivedData/Build/Intermediates.noindex/SwiftShell.build/Debug-appletvos/SwiftShell-t.build/DerivedSources-normal/arm64 -Xcc -I/Users/admin/builder/spi-builder-workspace/.derivedData/Build/Intermediates.noindex/SwiftShell.build/Debug-appletvos/SwiftShell-t.build/DerivedSources/arm64 -Xcc -I/Users/admin/builder/spi-builder-workspace/.derivedData/Build/Intermediates.noindex/SwiftShell.build/Debug-appletvos/SwiftShell-t.build/DerivedSources -Xcc -DSWIFT_PACKAGE -Xcc -DDEBUG\=1 -emit-objc-header -emit-objc-header-path /Users/admin/builder/spi-builder-workspace/.derivedData/Build/Intermediates.noindex/SwiftShell.build/Debug-appletvos/SwiftShell-t.build/Objects-normal/arm64/SwiftShell-Swift.h -working-directory /Users/admin/builder/spi-builder-workspace/.swiftpm/xcode -experimental-emit-module-separately -disable-cmo
CompileC /Users/admin/builder/spi-builder-workspace/.derivedData/Build/Intermediates.noindex/SwiftSyntax.build/Debug-appletvos/_CSwiftSyntax-t.build/Objects-normal/arm64/atomic-counter.o /Users/admin/builder/spi-builder-workspace/.dependencies/checkouts/swift-syntax/Sources/_CSwiftSyntax/src/atomic-counter.c normal arm64 c com.apple.compilers.llvm.clang.1_0.compiler (in target '_CSwiftSyntax' from project 'SwiftSyntax')
cd /Users/admin/builder/spi-builder-workspace/.swiftpm/xcode
Using response file: /Users/admin/builder/spi-builder-workspace/.derivedData/Build/Intermediates.noindex/SwiftSyntax.build/Debug-appletvos/_CSwiftSyntax-t.build/Objects-normal/arm64/7187679823f38a2a940e0043cdf9d637-common-args.resp
/Applications/Xcode-27.0.0-Release.Candidate.app/Contents/Developer/Toolchains/XcodeDefault.xctoolchain/usr/bin/clang -x c -ivfsstatcache /Users/admin/builder/spi-builder-workspace/.derivedData/SDKStatCaches.noindex/appletvos27.0-24J360-e829b21a6f8c9b70876ba0858053c044b32bfd8d43560033f8d89884cdb90028.sdkstatcache -target arm64-apple-tvos15.0 -fmessage-length\=0 -fdiagnostics-show-note-include-stack -fmacro-backtrace-limit\=0 -fno-color-diagnostics -fmodules-prune-interval\=86400 -fmodules-prune-after\=345600 -fbuild-session-file\=/Users/admin/builder/spi-builder-workspace/.derivedData/ModuleCache.noindex/Session.modulevalidation -fmodules-validate-once-per-build-session -Wnon-modular-include-in-framework-module -Werror\=non-modular-include-in-framework-module -Wno-trigraphs -Wno-missing-field-initializers -Wno-missing-prototypes -Wno-return-type -Wno-missing-braces -Wparentheses -Wswitch -Wno-unused-function -Wno-unused-label -Wno-unused-parameter -Wno-unused-variable -Wunused-value -Wno-empty-body -Wno-uninitialized -Wno-unknown-pragmas -w -Wno-shadow -Wno-four-char-constants -Wno-conversion -Wno-constant-conversion -Wno-int-conversion -Wno-bool-conversion -Wno-enum-conversion -Wno-float-conversion -Wno-non-literal-null-conversion -Wno-objc-literal-conversion -Wshorten-64-to-32 -Wpointer-sign -Wno-newline-eof -Wno-implicit-fallthrough -isysroot /Applications/Xcode-27.0.0-Release.Candidate.app/Contents/Developer/Platforms/AppleTVOS.platform/Developer/SDKs/AppleTVOS27.0.sdk -fstrict-aliasing -Wdeprecated-declarations -Wno-sign-conversion -Wno-infinite-recursion -Wno-comma -Wno-block-capture-autoreleasing -Wno-strict-prototypes -Wno-semicolon-before-method-body -index-store-path /Users/admin/builder/spi-builder-workspace/.derivedData/Index.noindex/DataStore @/Users/admin/builder/spi-builder-workspace/.derivedData/Build/Intermediates.noindex/SwiftSyntax.build/Debug-appletvos/_CSwiftSyntax-t.build/Objects-normal/arm64/7187679823f38a2a940e0043cdf9d637-common-args.resp -MMD -MT dependencies -MF /Users/admin/builder/spi-builder-workspace/.derivedData/Build/Intermediates.noindex/SwiftSyntax.build/Debug-appletvos/_CSwiftSyntax-t.build/Objects-normal/arm64/atomic-counter.d --serialize-diagnostics /Users/admin/builder/spi-builder-workspace/.derivedData/Build/Intermediates.noindex/SwiftSyntax.build/Debug-appletvos/_CSwiftSyntax-t.build/Objects-normal/arm64/atomic-counter.dia -c /Users/admin/builder/spi-builder-workspace/.dependencies/checkouts/swift-syntax/Sources/_CSwiftSyntax/src/atomic-counter.c -o /Users/admin/builder/spi-builder-workspace/.derivedData/Build/Intermediates.noindex/SwiftSyntax.build/Debug-appletvos/_CSwiftSyntax-t.build/Objects-normal/arm64/atomic-counter.o -index-unit-output-path /SwiftSyntax.build/Debug-appletvos/_CSwiftSyntax-t.build/Objects-normal/arm64/atomic-counter.o
SwiftMergeGeneratedHeaders /Users/admin/builder/spi-builder-workspace/.derivedData/Build/Intermediates.noindex/GeneratedModuleMaps-appletvos/SwiftShell-Swift.h /Users/admin/builder/spi-builder-workspace/.derivedData/Build/Intermediates.noindex/SwiftShell.build/Debug-appletvos/SwiftShell-t.build/Objects-normal/arm64/SwiftShell-Swift.h (in target 'SwiftShell' from project 'SwiftShell')
cd /Users/admin/builder/spi-builder-workspace/.dependencies/checkouts/SwiftShell
builtin-swiftHeaderTool -arch arm64 /Users/admin/builder/spi-builder-workspace/.derivedData/Build/Intermediates.noindex/SwiftShell.build/Debug-appletvos/SwiftShell-t.build/Objects-normal/arm64/SwiftShell-Swift.h -o /Users/admin/builder/spi-builder-workspace/.derivedData/Build/Intermediates.noindex/GeneratedModuleMaps-appletvos/SwiftShell-Swift.h
Ld /Users/admin/builder/spi-builder-workspace/.derivedData/Build/Products/Debug-appletvos/_CSwiftSyntax.o normal (in target '_CSwiftSyntax' from project 'SwiftSyntax')
cd /Users/admin/builder/spi-builder-workspace/.dependencies/checkouts/swift-syntax
/Applications/Xcode-27.0.0-Release.Candidate.app/Contents/Developer/Toolchains/XcodeDefault.xctoolchain/usr/bin/clang -Xlinker -reproducible -target arm64-apple-tvos15.0 -r -isysroot /Applications/Xcode-27.0.0-Release.Candidate.app/Contents/Developer/Platforms/AppleTVOS.platform/Developer/SDKs/AppleTVOS27.0.sdk -O0 -w -Xlinker -no_warn_duplicate_libraries -F/Users/admin/builder/spi-builder-workspace/.derivedData/Build/Intermediates.noindex/EagerLinkingTBDs/Debug-appletvos -F/Users/admin/builder/spi-builder-workspace/.derivedData/Build/Products/Debug-appletvos -iframework /Applications/Xcode-27.0.0-Release.Candidate.app/Contents/Developer/Platforms/AppleTVOS.platform/Developer/Library/Frameworks -iframework /Applications/Xcode-27.0.0-Release.Candidate.app/Contents/Developer/Platforms/AppleTVOS.platform/Developer/SDKs/AppleTVOS27.0.sdk/Developer/Library/Frameworks -filelist /Users/admin/builder/spi-builder-workspace/.derivedData/Build/Intermediates.noindex/SwiftSyntax.build/Debug-appletvos/_CSwiftSyntax-t.build/Objects-normal/arm64/_CSwiftSyntax.LinkFileList -nostdlib -Xlinker -object_path_lto -Xlinker /Users/admin/builder/spi-builder-workspace/.derivedData/Build/Intermediates.noindex/SwiftSyntax.build/Debug-appletvos/_CSwiftSyntax-t.build/Objects-normal/arm64/_CSwiftSyntax_lto.o -Xlinker -no_deduplicate -Xlinker -debug_variant -Xlinker -dependency_info -Xlinker /Users/admin/builder/spi-builder-workspace/.derivedData/Build/Intermediates.noindex/SwiftSyntax.build/Debug-appletvos/_CSwiftSyntax-t.build/Objects-normal/arm64/_CSwiftSyntax_dependency_info.dat -o /Users/admin/builder/spi-builder-workspace/.derivedData/Build/Products/Debug-appletvos/_CSwiftSyntax.o
Copy /Users/admin/builder/spi-builder-workspace/.derivedData/Build/Products/Debug-appletvos/SwiftShell.swiftmodule/arm64-apple-tvos.swiftmodule /Users/admin/builder/spi-builder-workspace/.derivedData/Build/Intermediates.noindex/SwiftShell.build/Debug-appletvos/SwiftShell-t.build/Objects-normal/arm64/SwiftShell.swiftmodule (in target 'SwiftShell' from project 'SwiftShell')
cd /Users/admin/builder/spi-builder-workspace/.dependencies/checkouts/SwiftShell
builtin-copy -exclude .DS_Store -exclude CVS -exclude .svn -exclude .git -exclude .hg -resolve-src-symlinks -rename /Users/admin/builder/spi-builder-workspace/.derivedData/Build/Intermediates.noindex/SwiftShell.build/Debug-appletvos/SwiftShell-t.build/Objects-normal/arm64/SwiftShell.swiftmodule /Users/admin/builder/spi-builder-workspace/.derivedData/Build/Products/Debug-appletvos/SwiftShell.swiftmodule/arm64-apple-tvos.swiftmodule
Copy /Users/admin/builder/spi-builder-workspace/.derivedData/Build/Products/Debug-appletvos/SwiftShell.swiftmodule/arm64-apple-tvos.swiftdoc /Users/admin/builder/spi-builder-workspace/.derivedData/Build/Intermediates.noindex/SwiftShell.build/Debug-appletvos/SwiftShell-t.build/Objects-normal/arm64/SwiftShell.swiftdoc (in target 'SwiftShell' from project 'SwiftShell')
cd /Users/admin/builder/spi-builder-workspace/.dependencies/checkouts/SwiftShell
builtin-copy -exclude .DS_Store -exclude CVS -exclude .svn -exclude .git -exclude .hg -resolve-src-symlinks -rename /Users/admin/builder/spi-builder-workspace/.derivedData/Build/Intermediates.noindex/SwiftShell.build/Debug-appletvos/SwiftShell-t.build/Objects-normal/arm64/SwiftShell.swiftdoc /Users/admin/builder/spi-builder-workspace/.derivedData/Build/Products/Debug-appletvos/SwiftShell.swiftmodule/arm64-apple-tvos.swiftdoc
Copy /Users/admin/builder/spi-builder-workspace/.derivedData/Build/Products/Debug-appletvos/SwiftShell.swiftmodule/arm64-apple-tvos.abi.json /Users/admin/builder/spi-builder-workspace/.derivedData/Build/Intermediates.noindex/SwiftShell.build/Debug-appletvos/SwiftShell-t.build/Objects-normal/arm64/SwiftShell.abi.json (in target 'SwiftShell' from project 'SwiftShell')
cd /Users/admin/builder/spi-builder-workspace/.dependencies/checkouts/SwiftShell
builtin-copy -exclude .DS_Store -exclude CVS -exclude .svn -exclude .git -exclude .hg -resolve-src-symlinks -rename /Users/admin/builder/spi-builder-workspace/.derivedData/Build/Intermediates.noindex/SwiftShell.build/Debug-appletvos/SwiftShell-t.build/Objects-normal/arm64/SwiftShell.abi.json /Users/admin/builder/spi-builder-workspace/.derivedData/Build/Products/Debug-appletvos/SwiftShell.swiftmodule/arm64-apple-tvos.abi.json
Copy /Users/admin/builder/spi-builder-workspace/.derivedData/Build/Products/Debug-appletvos/SwiftShell.swiftmodule/Project/arm64-apple-tvos.swiftsourceinfo /Users/admin/builder/spi-builder-workspace/.derivedData/Build/Intermediates.noindex/SwiftShell.build/Debug-appletvos/SwiftShell-t.build/Objects-normal/arm64/SwiftShell.swiftsourceinfo (in target 'SwiftShell' from project 'SwiftShell')
cd /Users/admin/builder/spi-builder-workspace/.dependencies/checkouts/SwiftShell
builtin-copy -exclude .DS_Store -exclude CVS -exclude .svn -exclude .git -exclude .hg -resolve-src-symlinks -rename /Users/admin/builder/spi-builder-workspace/.derivedData/Build/Intermediates.noindex/SwiftShell.build/Debug-appletvos/SwiftShell-t.build/Objects-normal/arm64/SwiftShell.swiftsourceinfo /Users/admin/builder/spi-builder-workspace/.derivedData/Build/Products/Debug-appletvos/SwiftShell.swiftmodule/Project/arm64-apple-tvos.swiftsourceinfo
SwiftExplicitDependencyGeneratePcm arm64 /Users/admin/builder/spi-builder-workspace/.derivedData/SDKExplicitPrecompiledModules/_Builtin_inttypes-6X1IQ3QK9KEVKXOK9Y79EW7J3.pcm
SwiftCompile normal arm64 Compiling\ Bash.swift /Users/admin/builder/spi-builder-workspace/.dependencies/checkouts/SwiftShell/Sources/SwiftShell/Bash.swift (in target 'SwiftShell' from project 'SwiftShell')
SwiftCompile normal arm64 /Users/admin/builder/spi-builder-workspace/.dependencies/checkouts/SwiftShell/Sources/SwiftShell/Bash.swift (in target 'SwiftShell' from project 'SwiftShell')
cd /Users/admin/builder/spi-builder-workspace/.swiftpm/xcode
builtin-SwiftPerFileCompile Bash.swift
SwiftExplicitDependencyGeneratePcm arm64 /Users/admin/builder/spi-builder-workspace/.derivedData/SDKExplicitPrecompiledModules/Darwin-DBSQAVBBPC3D2OMU5ZI2RXMST.pcm
SwiftDriverJobDiscovery normal arm64 Compiling Bash.swift (in target 'SwiftShell' from project 'SwiftShell')
SwiftCompile normal arm64 Compiling\ Stream.swift /Users/admin/builder/spi-builder-workspace/.dependencies/checkouts/SwiftShell/Sources/SwiftShell/Stream/Stream.swift (in target 'SwiftShell' from project 'SwiftShell')
SwiftCompile normal arm64 /Users/admin/builder/spi-builder-workspace/.dependencies/checkouts/SwiftShell/Sources/SwiftShell/Stream/Stream.swift (in target 'SwiftShell' from project 'SwiftShell')
cd /Users/admin/builder/spi-builder-workspace/.swiftpm/xcode
builtin-SwiftPerFileCompile Stream.swift
SwiftCompile normal arm64 Compiling\ String.swift /Users/admin/builder/spi-builder-workspace/.dependencies/checkouts/SwiftShell/Sources/SwiftShell/String.swift (in target 'SwiftShell' from project 'SwiftShell')
SwiftCompile normal arm64 /Users/admin/builder/spi-builder-workspace/.dependencies/checkouts/SwiftShell/Sources/SwiftShell/String.swift (in target 'SwiftShell' from project 'SwiftShell')
cd /Users/admin/builder/spi-builder-workspace/.swiftpm/xcode
builtin-SwiftPerFileCompile String.swift
SwiftDriverJobDiscovery normal arm64 Compiling Files.swift (in target 'SwiftShell' from project 'SwiftShell')
SwiftDriverJobDiscovery normal arm64 Compiling Process.swift (in target 'SwiftShell' from project 'SwiftShell')
SwiftDriverJobDiscovery normal arm64 Compiling Context.swift (in target 'SwiftShell' from project 'SwiftShell')
SwiftDriverJobDiscovery normal arm64 Compiling Command.swift (in target 'SwiftShell' from project 'SwiftShell')
SwiftDriverJobDiscovery normal arm64 Compiling Lazy-split.swift (in target 'SwiftShell' from project 'SwiftShell')
SwiftDriverJobDiscovery normal arm64 Compiling String.swift (in target 'SwiftShell' from project 'SwiftShell')
SwiftExplicitDependencyGeneratePcm arm64 /Users/admin/builder/spi-builder-workspace/.derivedData/SDKExplicitPrecompiledModules/ObjectiveC-5250FDCE56N8508OR6XUYDKZM.pcm
SwiftDriverJobDiscovery normal arm64 Compiling Array.swift (in target 'SwiftShell' from project 'SwiftShell')
SwiftExplicitDependencyGeneratePcm arm64 /Users/admin/builder/spi-builder-workspace/.derivedData/SDKExplicitPrecompiledModules/os_object-E2DGZ0SX0TULQHULZRPO6OKNW.pcm
SwiftExplicitDependencyGeneratePcm arm64 /Users/admin/builder/spi-builder-workspace/.derivedData/SDKExplicitPrecompiledModules/os_workgroup-DBUFF7811DKMX7VPBOJPGGF1U.pcm
SwiftExplicitDependencyGeneratePcm arm64 /Users/admin/builder/spi-builder-workspace/.derivedData/SDKExplicitPrecompiledModules/Dispatch-1QL58A0V50C39KVAIC6C38SHL.pcm
SwiftExplicitDependencyGeneratePcm arm64 /Users/admin/builder/spi-builder-workspace/.derivedData/SDKExplicitPrecompiledModules/CoreFoundation-7TPJ7ENDC4L1A1ESHYI9TXS0D.pcm
SwiftExplicitDependencyGeneratePcm arm64 /Users/admin/builder/spi-builder-workspace/.derivedData/SDKExplicitPrecompiledModules/XPC-6O2DJFT3QUJ7QKTD3SNUB6PCR.pcm
SwiftExplicitDependencyGeneratePcm arm64 /Users/admin/builder/spi-builder-workspace/.derivedData/SDKExplicitPrecompiledModules/Security-8VMXEKVDA3MHUH9AOTP905DID.pcm
SwiftExplicitDependencyGeneratePcm arm64 /Users/admin/builder/spi-builder-workspace/.derivedData/SDKExplicitPrecompiledModules/CFNetwork-2CUR2VK9S3S3WPFXPNXNUWYGN.pcm
SwiftDriverJobDiscovery normal arm64 Compiling FileHandle.swift (in target 'SwiftShell' from project 'SwiftShell')
SwiftDriverJobDiscovery normal arm64 Compiling Stream.swift (in target 'SwiftShell' from project 'SwiftShell')
SwiftDriver\ Compilation SwiftShell normal arm64 com.apple.xcode.tools.swift.compiler (in target 'SwiftShell' from project 'SwiftShell')
cd /Users/admin/builder/spi-builder-workspace/.swiftpm/xcode
builtin-Swift-Compilation -- /Applications/Xcode-27.0.0-Release.Candidate.app/Contents/Developer/Toolchains/XcodeDefault.xctoolchain/usr/bin/swiftc -parse-as-library -module-name SwiftShell -Onone @/Users/admin/builder/spi-builder-workspace/.derivedData/Build/Intermediates.noindex/SwiftShell.build/Debug-appletvos/SwiftShell-t.build/Objects-normal/arm64/SwiftShell.SwiftFileList -DSWIFT_PACKAGE -DDEBUG -DSWIFT_MODULE_RESOURCE_BUNDLE_UNAVAILABLE -DXcode -plugin-path /Applications/Xcode-27.0.0-Release.Candidate.app/Contents/Developer/Toolchains/XcodeDefault.xctoolchain/usr/lib/swift/host/plugins/testing -enable-experimental-feature DebugDescriptionMacro -sdk /Applications/Xcode-27.0.0-Release.Candidate.app/Contents/Developer/Platforms/AppleTVOS.platform/Developer/SDKs/AppleTVOS27.0.sdk -target arm64-apple-tvos15.0 -g -module-cache-path /Users/admin/builder/spi-builder-workspace/.derivedData/ModuleCache.noindex -Xfrontend -serialize-debugging-options -profile-coverage-mapping -profile-generate -enable-testing -suppress-warnings -index-store-path /Users/admin/builder/spi-builder-workspace/.derivedData/Index.noindex/DataStore -Xcc -D_LIBCPP_HARDENING_MODE\=_LIBCPP_HARDENING_MODE_DEBUG -swift-version 4 -I /Users/admin/builder/spi-builder-workspace/.derivedData/Build/Products/Debug-appletvos -Isystem /Applications/Xcode-27.0.0-Release.Candidate.app/Contents/Developer/Platforms/AppleTVOS.platform/Developer/usr/lib -F /Users/admin/builder/spi-builder-workspace/.derivedData/Build/Products/Debug-appletvos -F /Applications/Xcode-27.0.0-Release.Candidate.app/Contents/Developer/Platforms/AppleTVOS.platform/Developer/Library/Frameworks -F /Applications/Xcode-27.0.0-Release.Candidate.app/Contents/Developer/Platforms/AppleTVOS.platform/Developer/SDKs/AppleTVOS27.0.sdk/Developer/Library/Frameworks -c -j10 -enable-batch-mode -incremental -Xcc -ivfsstatcache -Xcc /Users/admin/builder/spi-builder-workspace/.derivedData/SDKStatCaches.noindex/appletvos27.0-24J360-e829b21a6f8c9b70876ba0858053c044b32bfd8d43560033f8d89884cdb90028.sdkstatcache -output-file-map /Users/admin/builder/spi-builder-workspace/.derivedData/Build/Intermediates.noindex/SwiftShell.build/Debug-appletvos/SwiftShell-t.build/Objects-normal/arm64/SwiftShell-OutputFileMap.json -save-temps -no-color-diagnostics -emit-dependencies -emit-module -emit-module-path /Users/admin/builder/spi-builder-workspace/.derivedData/Build/Intermediates.noindex/SwiftShell.build/Debug-appletvos/SwiftShell-t.build/Objects-normal/arm64/SwiftShell.swiftmodule -serialize-diagnostics -validate-clang-modules-once -clang-build-session-file /Users/admin/builder/spi-builder-workspace/.derivedData/ModuleCache.noindex/Session.modulevalidation -Xcc -fmodules-prune-interval\=86400 -Xcc -fmodules-prune-after\=345600 -emit-const-values -const-gather-protocols-list /Users/admin/builder/spi-builder-workspace/.derivedData/Build/Intermediates.noindex/SwiftShell.build/Debug-appletvos/SwiftShell-t.build/Objects-normal/arm64/SwiftShell_const_extract_protocols.json -Xcc -I/Users/admin/builder/spi-builder-workspace/.derivedData/Build/Products/Debug-appletvos/include -Xcc -I/Users/admin/builder/spi-builder-workspace/.derivedData/Build/Intermediates.noindex/SwiftShell.build/Debug-appletvos/SwiftShell-t.build/DerivedSources-normal/arm64 -Xcc -I/Users/admin/builder/spi-builder-workspace/.derivedData/Build/Intermediates.noindex/SwiftShell.build/Debug-appletvos/SwiftShell-t.build/DerivedSources/arm64 -Xcc -I/Users/admin/builder/spi-builder-workspace/.derivedData/Build/Intermediates.noindex/SwiftShell.build/Debug-appletvos/SwiftShell-t.build/DerivedSources -Xcc -DSWIFT_PACKAGE -Xcc -DDEBUG\=1 -emit-objc-header -emit-objc-header-path /Users/admin/builder/spi-builder-workspace/.derivedData/Build/Intermediates.noindex/SwiftShell.build/Debug-appletvos/SwiftShell-t.build/Objects-normal/arm64/SwiftShell-Swift.h -working-directory /Users/admin/builder/spi-builder-workspace/.swiftpm/xcode -experimental-emit-module-separately -disable-cmo
Ld /Users/admin/builder/spi-builder-workspace/.derivedData/Build/Products/Debug-appletvos/SwiftShell.o normal (in target 'SwiftShell' from project 'SwiftShell')
cd /Users/admin/builder/spi-builder-workspace/.dependencies/checkouts/SwiftShell
/Applications/Xcode-27.0.0-Release.Candidate.app/Contents/Developer/Toolchains/XcodeDefault.xctoolchain/usr/bin/clang -Xlinker -reproducible -target arm64-apple-tvos15.0 -r -isysroot /Applications/Xcode-27.0.0-Release.Candidate.app/Contents/Developer/Platforms/AppleTVOS.platform/Developer/SDKs/AppleTVOS27.0.sdk -O0 -w -Xlinker -no_warn_duplicate_libraries -F/Users/admin/builder/spi-builder-workspace/.derivedData/Build/Intermediates.noindex/EagerLinkingTBDs/Debug-appletvos -F/Users/admin/builder/spi-builder-workspace/.derivedData/Build/Products/Debug-appletvos -iframework /Applications/Xcode-27.0.0-Release.Candidate.app/Contents/Developer/Platforms/AppleTVOS.platform/Developer/Library/Frameworks -iframework /Applications/Xcode-27.0.0-Release.Candidate.app/Contents/Developer/Platforms/AppleTVOS.platform/Developer/SDKs/AppleTVOS27.0.sdk/Developer/Library/Frameworks -filelist /Users/admin/builder/spi-builder-workspace/.derivedData/Build/Intermediates.noindex/SwiftShell.build/Debug-appletvos/SwiftShell-t.build/Objects-normal/arm64/SwiftShell.LinkFileList -nostdlib -Xlinker -object_path_lto -Xlinker /Users/admin/builder/spi-builder-workspace/.derivedData/Build/Intermediates.noindex/SwiftShell.build/Debug-appletvos/SwiftShell-t.build/Objects-normal/arm64/SwiftShell_lto.o -Xlinker -no_deduplicate -Xlinker -debug_variant -Xlinker -dependency_info -Xlinker /Users/admin/builder/spi-builder-workspace/.derivedData/Build/Intermediates.noindex/SwiftShell.build/Debug-appletvos/SwiftShell-t.build/Objects-normal/arm64/SwiftShell_dependency_info.dat -fobjc-link-runtime -L/Applications/Xcode-27.0.0-Release.Candidate.app/Contents/Developer/Toolchains/XcodeDefault.xctoolchain/usr/lib/swift/appletvos -L/usr/lib/swift -Xlinker -add_ast_path -Xlinker /Users/admin/builder/spi-builder-workspace/.derivedData/Build/Intermediates.noindex/SwiftShell.build/Debug-appletvos/SwiftShell-t.build/Objects-normal/arm64/SwiftShell.swiftmodule -o /Users/admin/builder/spi-builder-workspace/.derivedData/Build/Products/Debug-appletvos/SwiftShell.o
SwiftExplicitDependencyGeneratePcm arm64 /Users/admin/builder/spi-builder-workspace/.derivedData/SDKExplicitPrecompiledModules/Foundation-BSSIP64DIGUKMAYJOG1WPQ78X.pcm
ExtractAppIntentsMetadata (in target 'SwiftShell' from project 'SwiftShell')
cd /Users/admin/builder/spi-builder-workspace/.dependencies/checkouts/SwiftShell
/Applications/Xcode-27.0.0-Release.Candidate.app/Contents/Developer/Toolchains/XcodeDefault.xctoolchain/usr/bin/appintentsmetadataprocessor --toolchain-dir /var/run/com.apple.security.cryptexd/mnt/com.apple.MobileAsset.MetalToolchain-v27.1.266.1.L2zR8v/Metal.xctoolchain --module-name SwiftShell --sdk-root /Applications/Xcode-27.0.0-Release.Candidate.app/Contents/Developer/Platforms/AppleTVOS.platform/Developer/SDKs/AppleTVOS27.0.sdk --xcode-version 27A266a --platform-family tvOS --deployment-target 15.0 --bundle-identifier swiftshell.SwiftShell --output /Users/admin/builder/spi-builder-workspace/.derivedData/Build/Products/Debug-appletvos/SwiftShell.appintents --target-triple arm64-apple-tvos15.0 --binary-file /Users/admin/builder/spi-builder-workspace/.derivedData/Build/Products/Debug-appletvos/SwiftShell.o --dependency-file /Users/admin/builder/spi-builder-workspace/.derivedData/Build/Intermediates.noindex/SwiftShell.build/Debug-appletvos/SwiftShell-t.build/Objects-normal/arm64/SwiftShell_dependency_info.dat --stringsdata-file /Users/admin/builder/spi-builder-workspace/.derivedData/Build/Intermediates.noindex/SwiftShell.build/Debug-appletvos/SwiftShell-t.build/Objects-normal/arm64/ExtractedAppShortcutsMetadata.stringsdata --source-file-list /Users/admin/builder/spi-builder-workspace/.derivedData/Build/Intermediates.noindex/SwiftShell.build/Debug-appletvos/SwiftShell-t.build/Objects-normal/arm64/SwiftShell.SwiftFileList --metadata-file-list /Users/admin/builder/spi-builder-workspace/.derivedData/Build/Intermediates.noindex/SwiftShell.build/Debug-appletvos/SwiftShell-t.build/SwiftShell.DependencyMetadataFileList --static-metadata-file-list /Users/admin/builder/spi-builder-workspace/.derivedData/Build/Intermediates.noindex/SwiftShell.build/Debug-appletvos/SwiftShell-t.build/SwiftShell.DependencyStaticMetadataFileList --swift-const-vals-list /Users/admin/builder/spi-builder-workspace/.derivedData/Build/Intermediates.noindex/SwiftShell.build/Debug-appletvos/SwiftShell-t.build/Objects-normal/arm64/SwiftShell.SwiftConstValuesFileList --force --compile-time-extraction --deployment-aware-processing --no-app-shortcuts-localization
2026-09-15 20:09:29.068 appintentsmetadataprocessor[996:5777] Starting appintentsmetadataprocessor export
2026-09-15 20:09:29.164 appintentsmetadataprocessor[996:5777] Extracted no relevant App Intents symbols, skipping writing output
SwiftDriverJobDiscovery normal arm64 Compiling PathKit.swift (in target 'PathKit' from project 'PathKit')
SwiftDriver\ Compilation PathKit normal arm64 com.apple.xcode.tools.swift.compiler (in target 'PathKit' from project 'PathKit')
cd /Users/admin/builder/spi-builder-workspace/.swiftpm/xcode
builtin-Swift-Compilation -- /Applications/Xcode-27.0.0-Release.Candidate.app/Contents/Developer/Toolchains/XcodeDefault.xctoolchain/usr/bin/swiftc -parse-as-library -module-name PathKit -Onone @/Users/admin/builder/spi-builder-workspace/.derivedData/Build/Intermediates.noindex/PathKit.build/Debug-appletvos/PathKit-t.build/Objects-normal/arm64/PathKit.SwiftFileList -DSWIFT_PACKAGE -DDEBUG -DSWIFT_MODULE_RESOURCE_BUNDLE_UNAVAILABLE -DXcode -plugin-path /Applications/Xcode-27.0.0-Release.Candidate.app/Contents/Developer/Toolchains/XcodeDefault.xctoolchain/usr/lib/swift/host/plugins/testing -enable-experimental-feature DebugDescriptionMacro -sdk /Applications/Xcode-27.0.0-Release.Candidate.app/Contents/Developer/Platforms/AppleTVOS.platform/Developer/SDKs/AppleTVOS27.0.sdk -target arm64-apple-tvos15.0 -g -module-cache-path /Users/admin/builder/spi-builder-workspace/.derivedData/ModuleCache.noindex -Xfrontend -serialize-debugging-options -profile-coverage-mapping -profile-generate -enable-testing -suppress-warnings -index-store-path /Users/admin/builder/spi-builder-workspace/.derivedData/Index.noindex/DataStore -Xcc -D_LIBCPP_HARDENING_MODE\=_LIBCPP_HARDENING_MODE_DEBUG -swift-version 4.2 -I /Users/admin/builder/spi-builder-workspace/.derivedData/Build/Products/Debug-appletvos -Isystem /Applications/Xcode-27.0.0-Release.Candidate.app/Contents/Developer/Platforms/AppleTVOS.platform/Developer/usr/lib -F /Users/admin/builder/spi-builder-workspace/.derivedData/Build/Products/Debug-appletvos -F /Applications/Xcode-27.0.0-Release.Candidate.app/Contents/Developer/Platforms/AppleTVOS.platform/Developer/Library/Frameworks -F /Applications/Xcode-27.0.0-Release.Candidate.app/Contents/Developer/Platforms/AppleTVOS.platform/Developer/SDKs/AppleTVOS27.0.sdk/Developer/Library/Frameworks -c -j10 -enable-batch-mode -incremental -Xcc -ivfsstatcache -Xcc /Users/admin/builder/spi-builder-workspace/.derivedData/SDKStatCaches.noindex/appletvos27.0-24J360-e829b21a6f8c9b70876ba0858053c044b32bfd8d43560033f8d89884cdb90028.sdkstatcache -output-file-map /Users/admin/builder/spi-builder-workspace/.derivedData/Build/Intermediates.noindex/PathKit.build/Debug-appletvos/PathKit-t.build/Objects-normal/arm64/PathKit-OutputFileMap.json -save-temps -no-color-diagnostics -emit-dependencies -emit-module -emit-module-path /Users/admin/builder/spi-builder-workspace/.derivedData/Build/Intermediates.noindex/PathKit.build/Debug-appletvos/PathKit-t.build/Objects-normal/arm64/PathKit.swiftmodule -serialize-diagnostics -validate-clang-modules-once -clang-build-session-file /Users/admin/builder/spi-builder-workspace/.derivedData/ModuleCache.noindex/Session.modulevalidation -Xcc -fmodules-prune-interval\=86400 -Xcc -fmodules-prune-after\=345600 -emit-const-values -const-gather-protocols-list /Users/admin/builder/spi-builder-workspace/.derivedData/Build/Intermediates.noindex/PathKit.build/Debug-appletvos/PathKit-t.build/Objects-normal/arm64/PathKit_const_extract_protocols.json -Xcc -I/Users/admin/builder/spi-builder-workspace/.derivedData/Build/Products/Debug-appletvos/include -Xcc -I/Users/admin/builder/spi-builder-workspace/.derivedData/Build/Intermediates.noindex/PathKit.build/Debug-appletvos/PathKit-t.build/DerivedSources-normal/arm64 -Xcc -I/Users/admin/builder/spi-builder-workspace/.derivedData/Build/Intermediates.noindex/PathKit.build/Debug-appletvos/PathKit-t.build/DerivedSources/arm64 -Xcc -I/Users/admin/builder/spi-builder-workspace/.derivedData/Build/Intermediates.noindex/PathKit.build/Debug-appletvos/PathKit-t.build/DerivedSources -Xcc -DSWIFT_PACKAGE -Xcc -DDEBUG\=1 -emit-objc-header -emit-objc-header-path /Users/admin/builder/spi-builder-workspace/.derivedData/Build/Intermediates.noindex/PathKit.build/Debug-appletvos/PathKit-t.build/Objects-normal/arm64/PathKit-Swift.h -working-directory /Users/admin/builder/spi-builder-workspace/.swiftpm/xcode -experimental-emit-module-separately -disable-cmo
Ld /Users/admin/builder/spi-builder-workspace/.derivedData/Build/Products/Debug-appletvos/PathKit.o normal (in target 'PathKit' from project 'PathKit')
cd /Users/admin/builder/spi-builder-workspace/.dependencies/checkouts/PathKit
/Applications/Xcode-27.0.0-Release.Candidate.app/Contents/Developer/Toolchains/XcodeDefault.xctoolchain/usr/bin/clang -Xlinker -reproducible -target arm64-apple-tvos15.0 -r -isysroot /Applications/Xcode-27.0.0-Release.Candidate.app/Contents/Developer/Platforms/AppleTVOS.platform/Developer/SDKs/AppleTVOS27.0.sdk -O0 -w -Xlinker -no_warn_duplicate_libraries -F/Users/admin/builder/spi-builder-workspace/.derivedData/Build/Intermediates.noindex/EagerLinkingTBDs/Debug-appletvos -F/Users/admin/builder/spi-builder-workspace/.derivedData/Build/Products/Debug-appletvos -iframework /Applications/Xcode-27.0.0-Release.Candidate.app/Contents/Developer/Platforms/AppleTVOS.platform/Developer/Library/Frameworks -iframework /Applications/Xcode-27.0.0-Release.Candidate.app/Contents/Developer/Platforms/AppleTVOS.platform/Developer/SDKs/AppleTVOS27.0.sdk/Developer/Library/Frameworks -filelist /Users/admin/builder/spi-builder-workspace/.derivedData/Build/Intermediates.noindex/PathKit.build/Debug-appletvos/PathKit-t.build/Objects-normal/arm64/PathKit.LinkFileList -nostdlib -Xlinker -object_path_lto -Xlinker /Users/admin/builder/spi-builder-workspace/.derivedData/Build/Intermediates.noindex/PathKit.build/Debug-appletvos/PathKit-t.build/Objects-normal/arm64/PathKit_lto.o -Xlinker -no_deduplicate -Xlinker -debug_variant -Xlinker -dependency_info -Xlinker /Users/admin/builder/spi-builder-workspace/.derivedData/Build/Intermediates.noindex/PathKit.build/Debug-appletvos/PathKit-t.build/Objects-normal/arm64/PathKit_dependency_info.dat -fobjc-link-runtime -L/Applications/Xcode-27.0.0-Release.Candidate.app/Contents/Developer/Toolchains/XcodeDefault.xctoolchain/usr/lib/swift/appletvos -L/usr/lib/swift -Xlinker -add_ast_path -Xlinker /Users/admin/builder/spi-builder-workspace/.derivedData/Build/Intermediates.noindex/PathKit.build/Debug-appletvos/PathKit-t.build/Objects-normal/arm64/PathKit.swiftmodule -o /Users/admin/builder/spi-builder-workspace/.derivedData/Build/Products/Debug-appletvos/PathKit.o
ExtractAppIntentsMetadata (in target 'PathKit' from project 'PathKit')
cd /Users/admin/builder/spi-builder-workspace/.dependencies/checkouts/PathKit
/Applications/Xcode-27.0.0-Release.Candidate.app/Contents/Developer/Toolchains/XcodeDefault.xctoolchain/usr/bin/appintentsmetadataprocessor --toolchain-dir /var/run/com.apple.security.cryptexd/mnt/com.apple.MobileAsset.MetalToolchain-v27.1.266.1.L2zR8v/Metal.xctoolchain --module-name PathKit --sdk-root /Applications/Xcode-27.0.0-Release.Candidate.app/Contents/Developer/Platforms/AppleTVOS.platform/Developer/SDKs/AppleTVOS27.0.sdk --xcode-version 27A266a --platform-family tvOS --deployment-target 15.0 --bundle-identifier pathkit.PathKit --output /Users/admin/builder/spi-builder-workspace/.derivedData/Build/Products/Debug-appletvos/PathKit.appintents --target-triple arm64-apple-tvos15.0 --binary-file /Users/admin/builder/spi-builder-workspace/.derivedData/Build/Products/Debug-appletvos/PathKit.o --dependency-file /Users/admin/builder/spi-builder-workspace/.derivedData/Build/Intermediates.noindex/PathKit.build/Debug-appletvos/PathKit-t.build/Objects-normal/arm64/PathKit_dependency_info.dat --stringsdata-file /Users/admin/builder/spi-builder-workspace/.derivedData/Build/Intermediates.noindex/PathKit.build/Debug-appletvos/PathKit-t.build/Objects-normal/arm64/ExtractedAppShortcutsMetadata.stringsdata --source-file-list /Users/admin/builder/spi-builder-workspace/.derivedData/Build/Intermediates.noindex/PathKit.build/Debug-appletvos/PathKit-t.build/Objects-normal/arm64/PathKit.SwiftFileList --metadata-file-list /Users/admin/builder/spi-builder-workspace/.derivedData/Build/Intermediates.noindex/PathKit.build/Debug-appletvos/PathKit-t.build/PathKit.DependencyMetadataFileList --static-metadata-file-list /Users/admin/builder/spi-builder-workspace/.derivedData/Build/Intermediates.noindex/PathKit.build/Debug-appletvos/PathKit-t.build/PathKit.DependencyStaticMetadataFileList --swift-const-vals-list /Users/admin/builder/spi-builder-workspace/.derivedData/Build/Intermediates.noindex/PathKit.build/Debug-appletvos/PathKit-t.build/Objects-normal/arm64/PathKit.SwiftConstValuesFileList --force --compile-time-extraction --deployment-aware-processing --no-app-shortcuts-localization
2026-09-15 20:09:29.097 appintentsmetadataprocessor[999:5791] Starting appintentsmetadataprocessor export
2026-09-15 20:09:29.164 appintentsmetadataprocessor[999:5791] Extracted no relevant App Intents symbols, skipping writing output
SwiftEmitModule normal arm64 Emitting\ module\ for\ SwiftSyntax (in target 'SwiftSyntax' from project 'SwiftSyntax')
SwiftCompile normal arm64 (in target 'SwiftSyntax' from project 'SwiftSyntax')
cd /Users/admin/builder/spi-builder-workspace/.swiftpm/xcode
SwiftCompile normal arm64 Compiling\ SyntaxDeclNodes.swift,\ SyntaxExprNodes.swift,\ SyntaxNodes.swift /Users/admin/builder/spi-builder-workspace/.dependencies/checkouts/swift-syntax/Sources/SwiftSyntax/gyb_generated/syntax_nodes/SyntaxDeclNodes.swift /Users/admin/builder/spi-builder-workspace/.dependencies/checkouts/swift-syntax/Sources/SwiftSyntax/gyb_generated/syntax_nodes/SyntaxExprNodes.swift /Users/admin/builder/spi-builder-workspace/.dependencies/checkouts/swift-syntax/Sources/SwiftSyntax/gyb_generated/syntax_nodes/SyntaxNodes.swift (in target 'SwiftSyntax' from project 'SwiftSyntax')
SwiftCompile normal arm64 /Users/admin/builder/spi-builder-workspace/.dependencies/checkouts/swift-syntax/Sources/SwiftSyntax/gyb_generated/syntax_nodes/SyntaxDeclNodes.swift (in target 'SwiftSyntax' from project 'SwiftSyntax')
cd /Users/admin/builder/spi-builder-workspace/.swiftpm/xcode
builtin-SwiftPerFileCompile SyntaxDeclNodes.swift
SwiftCompile normal arm64 /Users/admin/builder/spi-builder-workspace/.dependencies/checkouts/swift-syntax/Sources/SwiftSyntax/gyb_generated/syntax_nodes/SyntaxExprNodes.swift (in target 'SwiftSyntax' from project 'SwiftSyntax')
cd /Users/admin/builder/spi-builder-workspace/.swiftpm/xcode
builtin-SwiftPerFileCompile SyntaxExprNodes.swift
SwiftCompile normal arm64 /Users/admin/builder/spi-builder-workspace/.dependencies/checkouts/swift-syntax/Sources/SwiftSyntax/gyb_generated/syntax_nodes/SyntaxNodes.swift (in target 'SwiftSyntax' from project 'SwiftSyntax')
cd /Users/admin/builder/spi-builder-workspace/.swiftpm/xcode
builtin-SwiftPerFileCompile SyntaxNodes.swift
SwiftCompile normal arm64 Compiling\ SyntaxPatternNodes.swift,\ SyntaxStmtNodes.swift,\ SyntaxTypeNodes.swift /Users/admin/builder/spi-builder-workspace/.dependencies/checkouts/swift-syntax/Sources/SwiftSyntax/gyb_generated/syntax_nodes/SyntaxPatternNodes.swift /Users/admin/builder/spi-builder-workspace/.dependencies/checkouts/swift-syntax/Sources/SwiftSyntax/gyb_generated/syntax_nodes/SyntaxStmtNodes.swift /Users/admin/builder/spi-builder-workspace/.dependencies/checkouts/swift-syntax/Sources/SwiftSyntax/gyb_generated/syntax_nodes/SyntaxTypeNodes.swift (in target 'SwiftSyntax' from project 'SwiftSyntax')
SwiftCompile normal arm64 /Users/admin/builder/spi-builder-workspace/.dependencies/checkouts/swift-syntax/Sources/SwiftSyntax/gyb_generated/syntax_nodes/SyntaxPatternNodes.swift (in target 'SwiftSyntax' from project 'SwiftSyntax')
cd /Users/admin/builder/spi-builder-workspace/.swiftpm/xcode
builtin-SwiftPerFileCompile SyntaxPatternNodes.swift
SwiftCompile normal arm64 /Users/admin/builder/spi-builder-workspace/.dependencies/checkouts/swift-syntax/Sources/SwiftSyntax/gyb_generated/syntax_nodes/SyntaxStmtNodes.swift (in target 'SwiftSyntax' from project 'SwiftSyntax')
cd /Users/admin/builder/spi-builder-workspace/.swiftpm/xcode
builtin-SwiftPerFileCompile SyntaxStmtNodes.swift
SwiftCompile normal arm64 /Users/admin/builder/spi-builder-workspace/.dependencies/checkouts/swift-syntax/Sources/SwiftSyntax/gyb_generated/syntax_nodes/SyntaxTypeNodes.swift (in target 'SwiftSyntax' from project 'SwiftSyntax')
cd /Users/admin/builder/spi-builder-workspace/.swiftpm/xcode
builtin-SwiftPerFileCompile SyntaxTypeNodes.swift
SwiftCompile normal arm64 Compiling\ SyntaxKind.swift,\ SyntaxRewriter.swift,\ SyntaxTraits.swift /Users/admin/builder/spi-builder-workspace/.dependencies/checkouts/swift-syntax/Sources/SwiftSyntax/gyb_generated/SyntaxKind.swift /Users/admin/builder/spi-builder-workspace/.dependencies/checkouts/swift-syntax/Sources/SwiftSyntax/gyb_generated/SyntaxRewriter.swift /Users/admin/builder/spi-builder-workspace/.dependencies/checkouts/swift-syntax/Sources/SwiftSyntax/gyb_generated/SyntaxTraits.swift (in target 'SwiftSyntax' from project 'SwiftSyntax')
SwiftCompile normal arm64 /Users/admin/builder/spi-builder-workspace/.dependencies/checkouts/swift-syntax/Sources/SwiftSyntax/gyb_generated/SyntaxKind.swift (in target 'SwiftSyntax' from project 'SwiftSyntax')
cd /Users/admin/builder/spi-builder-workspace/.swiftpm/xcode
builtin-SwiftPerFileCompile SyntaxKind.swift
SwiftCompile normal arm64 /Users/admin/builder/spi-builder-workspace/.dependencies/checkouts/swift-syntax/Sources/SwiftSyntax/gyb_generated/SyntaxRewriter.swift (in target 'SwiftSyntax' from project 'SwiftSyntax')
cd /Users/admin/builder/spi-builder-workspace/.swiftpm/xcode
builtin-SwiftPerFileCompile SyntaxRewriter.swift
SwiftCompile normal arm64 /Users/admin/builder/spi-builder-workspace/.dependencies/checkouts/swift-syntax/Sources/SwiftSyntax/gyb_generated/SyntaxTraits.swift (in target 'SwiftSyntax' from project 'SwiftSyntax')
cd /Users/admin/builder/spi-builder-workspace/.swiftpm/xcode
builtin-SwiftPerFileCompile SyntaxTraits.swift
SwiftCompile normal arm64 Compiling\ SyntaxVisitor.swift,\ TokenKind.swift,\ Trivia.swift /Users/admin/builder/spi-builder-workspace/.dependencies/checkouts/swift-syntax/Sources/SwiftSyntax/gyb_generated/SyntaxVisitor.swift /Users/admin/builder/spi-builder-workspace/.dependencies/checkouts/swift-syntax/Sources/SwiftSyntax/gyb_generated/TokenKind.swift /Users/admin/builder/spi-builder-workspace/.dependencies/checkouts/swift-syntax/Sources/SwiftSyntax/gyb_generated/Trivia.swift (in target 'SwiftSyntax' from project 'SwiftSyntax')
SwiftCompile normal arm64 /Users/admin/builder/spi-builder-workspace/.dependencies/checkouts/swift-syntax/Sources/SwiftSyntax/gyb_generated/SyntaxVisitor.swift (in target 'SwiftSyntax' from project 'SwiftSyntax')
cd /Users/admin/builder/spi-builder-workspace/.swiftpm/xcode
builtin-SwiftPerFileCompile SyntaxVisitor.swift
SwiftCompile normal arm64 /Users/admin/builder/spi-builder-workspace/.dependencies/checkouts/swift-syntax/Sources/SwiftSyntax/gyb_generated/TokenKind.swift (in target 'SwiftSyntax' from project 'SwiftSyntax')
cd /Users/admin/builder/spi-builder-workspace/.swiftpm/xcode
builtin-SwiftPerFileCompile TokenKind.swift
SwiftCompile normal arm64 /Users/admin/builder/spi-builder-workspace/.dependencies/checkouts/swift-syntax/Sources/SwiftSyntax/gyb_generated/Trivia.swift (in target 'SwiftSyntax' from project 'SwiftSyntax')
cd /Users/admin/builder/spi-builder-workspace/.swiftpm/xcode
builtin-SwiftPerFileCompile Trivia.swift
SwiftEmitModule normal arm64 Emitting\ module\ for\ Ocha (in target 'Ocha' from project 'Ocha')
/Users/admin/builder/spi-builder-workspace/Sources/Ocha/EventSet.swift:17:49: error: cannot find 'kFSEventStreamEventFlagNone' in scope
15 | }
16 |
17 | public static let none = EventSet(rawValue: kFSEventStreamEventFlagNone) // 0
| `- error: cannot find 'kFSEventStreamEventFlagNone' in scope
18 | public static let mustScanSubDirs = EventSet(rawValue: kFSEventStreamEventFlagMustScanSubDirs) // 1
19 | public static let userDropped = EventSet(rawValue: kFSEventStreamEventFlagUserDropped) // 2
/Users/admin/builder/spi-builder-workspace/Sources/Ocha/EventSet.swift:18:60: error: cannot find 'kFSEventStreamEventFlagMustScanSubDirs' in scope
16 |
17 | public static let none = EventSet(rawValue: kFSEventStreamEventFlagNone) // 0
18 | public static let mustScanSubDirs = EventSet(rawValue: kFSEventStreamEventFlagMustScanSubDirs) // 1
| `- error: cannot find 'kFSEventStreamEventFlagMustScanSubDirs' in scope
19 | public static let userDropped = EventSet(rawValue: kFSEventStreamEventFlagUserDropped) // 2
20 | public static let kernelDropped = EventSet(rawValue: kFSEventStreamEventFlagKernelDropped) // 4
/Users/admin/builder/spi-builder-workspace/Sources/Ocha/EventSet.swift:19:56: error: cannot find 'kFSEventStreamEventFlagUserDropped' in scope
17 | public static let none = EventSet(rawValue: kFSEventStreamEventFlagNone) // 0
18 | public static let mustScanSubDirs = EventSet(rawValue: kFSEventStreamEventFlagMustScanSubDirs) // 1
19 | public static let userDropped = EventSet(rawValue: kFSEventStreamEventFlagUserDropped) // 2
| `- error: cannot find 'kFSEventStreamEventFlagUserDropped' in scope
20 | public static let kernelDropped = EventSet(rawValue: kFSEventStreamEventFlagKernelDropped) // 4
21 | public static let eventIdsWrapped = EventSet(rawValue: kFSEventStreamEventFlagEventIdsWrapped) // 8
/Users/admin/builder/spi-builder-workspace/Sources/Ocha/EventSet.swift:20:58: error: cannot find 'kFSEventStreamEventFlagKernelDropped' in scope
18 | public static let mustScanSubDirs = EventSet(rawValue: kFSEventStreamEventFlagMustScanSubDirs) // 1
19 | public static let userDropped = EventSet(rawValue: kFSEventStreamEventFlagUserDropped) // 2
20 | public static let kernelDropped = EventSet(rawValue: kFSEventStreamEventFlagKernelDropped) // 4
| `- error: cannot find 'kFSEventStreamEventFlagKernelDropped' in scope
21 | public static let eventIdsWrapped = EventSet(rawValue: kFSEventStreamEventFlagEventIdsWrapped) // 8
22 | public static let historyDone = EventSet(rawValue: kFSEventStreamEventFlagHistoryDone) // 16
/Users/admin/builder/spi-builder-workspace/Sources/Ocha/EventSet.swift:21:60: error: cannot find 'kFSEventStreamEventFlagEventIdsWrapped' in scope
19 | public static let userDropped = EventSet(rawValue: kFSEventStreamEventFlagUserDropped) // 2
20 | public static let kernelDropped = EventSet(rawValue: kFSEventStreamEventFlagKernelDropped) // 4
21 | public static let eventIdsWrapped = EventSet(rawValue: kFSEventStreamEventFlagEventIdsWrapped) // 8
| `- error: cannot find 'kFSEventStreamEventFlagEventIdsWrapped' in scope
22 | public static let historyDone = EventSet(rawValue: kFSEventStreamEventFlagHistoryDone) // 16
23 | public static let rootChanged = EventSet(rawValue: kFSEventStreamEventFlagRootChanged) // 32
/Users/admin/builder/spi-builder-workspace/Sources/Ocha/EventSet.swift:22:56: error: cannot find 'kFSEventStreamEventFlagHistoryDone' in scope
20 | public static let kernelDropped = EventSet(rawValue: kFSEventStreamEventFlagKernelDropped) // 4
21 | public static let eventIdsWrapped = EventSet(rawValue: kFSEventStreamEventFlagEventIdsWrapped) // 8
22 | public static let historyDone = EventSet(rawValue: kFSEventStreamEventFlagHistoryDone) // 16
| `- error: cannot find 'kFSEventStreamEventFlagHistoryDone' in scope
23 | public static let rootChanged = EventSet(rawValue: kFSEventStreamEventFlagRootChanged) // 32
24 | public static let mount = EventSet(rawValue: kFSEventStreamEventFlagMount) // 64
/Users/admin/builder/spi-builder-workspace/Sources/Ocha/EventSet.swift:23:56: error: cannot find 'kFSEventStreamEventFlagRootChanged' in scope
21 | public static let eventIdsWrapped = EventSet(rawValue: kFSEventStreamEventFlagEventIdsWrapped) // 8
22 | public static let historyDone = EventSet(rawValue: kFSEventStreamEventFlagHistoryDone) // 16
23 | public static let rootChanged = EventSet(rawValue: kFSEventStreamEventFlagRootChanged) // 32
| `- error: cannot find 'kFSEventStreamEventFlagRootChanged' in scope
24 | public static let mount = EventSet(rawValue: kFSEventStreamEventFlagMount) // 64
25 | public static let unmount = EventSet(rawValue: kFSEventStreamEventFlagUnmount) // 128
/Users/admin/builder/spi-builder-workspace/Sources/Ocha/EventSet.swift:24:50: error: cannot find 'kFSEventStreamEventFlagMount' in scope
22 | public static let historyDone = EventSet(rawValue: kFSEventStreamEventFlagHistoryDone) // 16
23 | public static let rootChanged = EventSet(rawValue: kFSEventStreamEventFlagRootChanged) // 32
24 | public static let mount = EventSet(rawValue: kFSEventStreamEventFlagMount) // 64
| `- error: cannot find 'kFSEventStreamEventFlagMount' in scope
25 | public static let unmount = EventSet(rawValue: kFSEventStreamEventFlagUnmount) // 128
26 | public static let itemCreated = EventSet(rawValue: kFSEventStreamEventFlagItemCreated) // 256
/Users/admin/builder/spi-builder-workspace/Sources/Ocha/EventSet.swift:25:52: error: cannot find 'kFSEventStreamEventFlagUnmount' in scope
23 | public static let rootChanged = EventSet(rawValue: kFSEventStreamEventFlagRootChanged) // 32
24 | public static let mount = EventSet(rawValue: kFSEventStreamEventFlagMount) // 64
25 | public static let unmount = EventSet(rawValue: kFSEventStreamEventFlagUnmount) // 128
| `- error: cannot find 'kFSEventStreamEventFlagUnmount' in scope
26 | public static let itemCreated = EventSet(rawValue: kFSEventStreamEventFlagItemCreated) // 256
27 | public static let itemRemoved = EventSet(rawValue: kFSEventStreamEventFlagItemRemoved) // 512
/Users/admin/builder/spi-builder-workspace/Sources/Ocha/EventSet.swift:26:56: error: cannot find 'kFSEventStreamEventFlagItemCreated' in scope
24 | public static let mount = EventSet(rawValue: kFSEventStreamEventFlagMount) // 64
25 | public static let unmount = EventSet(rawValue: kFSEventStreamEventFlagUnmount) // 128
26 | public static let itemCreated = EventSet(rawValue: kFSEventStreamEventFlagItemCreated) // 256
| `- error: cannot find 'kFSEventStreamEventFlagItemCreated' in scope
27 | public static let itemRemoved = EventSet(rawValue: kFSEventStreamEventFlagItemRemoved) // 512
28 | public static let itemInodeMetaMod = EventSet(rawValue: kFSEventStreamEventFlagItemInodeMetaMod) // 1024
/Users/admin/builder/spi-builder-workspace/Sources/Ocha/EventSet.swift:27:56: error: cannot find 'kFSEventStreamEventFlagItemRemoved' in scope
25 | public static let unmount = EventSet(rawValue: kFSEventStreamEventFlagUnmount) // 128
26 | public static let itemCreated = EventSet(rawValue: kFSEventStreamEventFlagItemCreated) // 256
27 | public static let itemRemoved = EventSet(rawValue: kFSEventStreamEventFlagItemRemoved) // 512
| `- error: cannot find 'kFSEventStreamEventFlagItemRemoved' in scope
28 | public static let itemInodeMetaMod = EventSet(rawValue: kFSEventStreamEventFlagItemInodeMetaMod) // 1024
29 | public static let itemRenamed = EventSet(rawValue: kFSEventStreamEventFlagItemRenamed) // 2048
/Users/admin/builder/spi-builder-workspace/Sources/Ocha/EventSet.swift:28:61: error: cannot find 'kFSEventStreamEventFlagItemInodeMetaMod' in scope
26 | public static let itemCreated = EventSet(rawValue: kFSEventStreamEventFlagItemCreated) // 256
27 | public static let itemRemoved = EventSet(rawValue: kFSEventStreamEventFlagItemRemoved) // 512
28 | public static let itemInodeMetaMod = EventSet(rawValue: kFSEventStreamEventFlagItemInodeMetaMod) // 1024
| `- error: cannot find 'kFSEventStreamEventFlagItemInodeMetaMod' in scope
29 | public static let itemRenamed = EventSet(rawValue: kFSEventStreamEventFlagItemRenamed) // 2048
30 | public static let itemModified = EventSet(rawValue: kFSEventStreamEventFlagItemModified) // 4096
/Users/admin/builder/spi-builder-workspace/Sources/Ocha/EventSet.swift:29:56: error: cannot find 'kFSEventStreamEventFlagItemRenamed' in scope
27 | public static let itemRemoved = EventSet(rawValue: kFSEventStreamEventFlagItemRemoved) // 512
28 | public static let itemInodeMetaMod = EventSet(rawValue: kFSEventStreamEventFlagItemInodeMetaMod) // 1024
29 | public static let itemRenamed = EventSet(rawValue: kFSEventStreamEventFlagItemRenamed) // 2048
| `- error: cannot find 'kFSEventStreamEventFlagItemRenamed' in scope
30 | public static let itemModified = EventSet(rawValue: kFSEventStreamEventFlagItemModified) // 4096
31 | public static let itemFinderInfoMod = EventSet(rawValue: kFSEventStreamEventFlagItemFinderInfoMod) // 8192
/Users/admin/builder/spi-builder-workspace/Sources/Ocha/EventSet.swift:30:57: error: cannot find 'kFSEventStreamEventFlagItemModified' in scope
28 | public static let itemInodeMetaMod = EventSet(rawValue: kFSEventStreamEventFlagItemInodeMetaMod) // 1024
29 | public static let itemRenamed = EventSet(rawValue: kFSEventStreamEventFlagItemRenamed) // 2048
30 | public static let itemModified = EventSet(rawValue: kFSEventStreamEventFlagItemModified) // 4096
| `- error: cannot find 'kFSEventStreamEventFlagItemModified' in scope
31 | public static let itemFinderInfoMod = EventSet(rawValue: kFSEventStreamEventFlagItemFinderInfoMod) // 8192
32 | public static let itemChangeOwner = EventSet(rawValue: kFSEventStreamEventFlagItemChangeOwner) // 16384
/Users/admin/builder/spi-builder-workspace/Sources/Ocha/EventSet.swift:31:62: error: cannot find 'kFSEventStreamEventFlagItemFinderInfoMod' in scope
29 | public static let itemRenamed = EventSet(rawValue: kFSEventStreamEventFlagItemRenamed) // 2048
30 | public static let itemModified = EventSet(rawValue: kFSEventStreamEventFlagItemModified) // 4096
31 | public static let itemFinderInfoMod = EventSet(rawValue: kFSEventStreamEventFlagItemFinderInfoMod) // 8192
| `- error: cannot find 'kFSEventStreamEventFlagItemFinderInfoMod' in scope
32 | public static let itemChangeOwner = EventSet(rawValue: kFSEventStreamEventFlagItemChangeOwner) // 16384
33 | public static let itemXattrMod = EventSet(rawValue: kFSEventStreamEventFlagItemXattrMod) // 32768
/Users/admin/builder/spi-builder-workspace/Sources/Ocha/EventSet.swift:32:60: error: cannot find 'kFSEventStreamEventFlagItemChangeOwner' in scope
30 | public static let itemModified = EventSet(rawValue: kFSEventStreamEventFlagItemModified) // 4096
31 | public static let itemFinderInfoMod = EventSet(rawValue: kFSEventStreamEventFlagItemFinderInfoMod) // 8192
32 | public static let itemChangeOwner = EventSet(rawValue: kFSEventStreamEventFlagItemChangeOwner) // 16384
| `- error: cannot find 'kFSEventStreamEventFlagItemChangeOwner' in scope
33 | public static let itemXattrMod = EventSet(rawValue: kFSEventStreamEventFlagItemXattrMod) // 32768
34 | public static let itemIsFile = EventSet(rawValue: kFSEventStreamEventFlagItemIsFile) // 65536
/Users/admin/builder/spi-builder-workspace/Sources/Ocha/EventSet.swift:33:57: error: cannot find 'kFSEventStreamEventFlagItemXattrMod' in scope
31 | public static let itemFinderInfoMod = EventSet(rawValue: kFSEventStreamEventFlagItemFinderInfoMod) // 8192
32 | public static let itemChangeOwner = EventSet(rawValue: kFSEventStreamEventFlagItemChangeOwner) // 16384
33 | public static let itemXattrMod = EventSet(rawValue: kFSEventStreamEventFlagItemXattrMod) // 32768
| `- error: cannot find 'kFSEventStreamEventFlagItemXattrMod' in scope
34 | public static let itemIsFile = EventSet(rawValue: kFSEventStreamEventFlagItemIsFile) // 65536
35 | public static let itemIsDir = EventSet(rawValue: kFSEventStreamEventFlagItemIsDir) // 131072
/Users/admin/builder/spi-builder-workspace/Sources/Ocha/EventSet.swift:34:55: error: cannot find 'kFSEventStreamEventFlagItemIsFile' in scope
32 | public static let itemChangeOwner = EventSet(rawValue: kFSEventStreamEventFlagItemChangeOwner) // 16384
33 | public static let itemXattrMod = EventSet(rawValue: kFSEventStreamEventFlagItemXattrMod) // 32768
34 | public static let itemIsFile = EventSet(rawValue: kFSEventStreamEventFlagItemIsFile) // 65536
| `- error: cannot find 'kFSEventStreamEventFlagItemIsFile' in scope
35 | public static let itemIsDir = EventSet(rawValue: kFSEventStreamEventFlagItemIsDir) // 131072
36 | public static let itemIsSymlink = EventSet(rawValue: kFSEventStreamEventFlagItemIsSymlink) // 262144
/Users/admin/builder/spi-builder-workspace/Sources/Ocha/EventSet.swift:35:54: error: cannot find 'kFSEventStreamEventFlagItemIsDir' in scope
33 | public static let itemXattrMod = EventSet(rawValue: kFSEventStreamEventFlagItemXattrMod) // 32768
34 | public static let itemIsFile = EventSet(rawValue: kFSEventStreamEventFlagItemIsFile) // 65536
35 | public static let itemIsDir = EventSet(rawValue: kFSEventStreamEventFlagItemIsDir) // 131072
| `- error: cannot find 'kFSEventStreamEventFlagItemIsDir' in scope
36 | public static let itemIsSymlink = EventSet(rawValue: kFSEventStreamEventFlagItemIsSymlink) // 262144
37 | public static let ownEvent = EventSet(rawValue: kFSEventStreamEventFlagOwnEvent) // 524288
/Users/admin/builder/spi-builder-workspace/Sources/Ocha/EventSet.swift:36:58: error: cannot find 'kFSEventStreamEventFlagItemIsSymlink' in scope
34 | public static let itemIsFile = EventSet(rawValue: kFSEventStreamEventFlagItemIsFile) // 65536
35 | public static let itemIsDir = EventSet(rawValue: kFSEventStreamEventFlagItemIsDir) // 131072
36 | public static let itemIsSymlink = EventSet(rawValue: kFSEventStreamEventFlagItemIsSymlink) // 262144
| `- error: cannot find 'kFSEventStreamEventFlagItemIsSymlink' in scope
37 | public static let ownEvent = EventSet(rawValue: kFSEventStreamEventFlagOwnEvent) // 524288
38 | public static let itemIsHardlink = EventSet(rawValue: kFSEventStreamEventFlagItemIsHardlink) // 1048576
/Users/admin/builder/spi-builder-workspace/Sources/Ocha/EventSet.swift:37:53: error: cannot find 'kFSEventStreamEventFlagOwnEvent' in scope
35 | public static let itemIsDir = EventSet(rawValue: kFSEventStreamEventFlagItemIsDir) // 131072
36 | public static let itemIsSymlink = EventSet(rawValue: kFSEventStreamEventFlagItemIsSymlink) // 262144
37 | public static let ownEvent = EventSet(rawValue: kFSEventStreamEventFlagOwnEvent) // 524288
| `- error: cannot find 'kFSEventStreamEventFlagOwnEvent' in scope
38 | public static let itemIsHardlink = EventSet(rawValue: kFSEventStreamEventFlagItemIsHardlink) // 1048576
39 | public static let itemIsLastHardlink = EventSet(rawValue: kFSEventStreamEventFlagItemIsLastHardlink) // 2097152
/Users/admin/builder/spi-builder-workspace/Sources/Ocha/EventSet.swift:38:59: error: cannot find 'kFSEventStreamEventFlagItemIsHardlink' in scope
36 | public static let itemIsSymlink = EventSet(rawValue: kFSEventStreamEventFlagItemIsSymlink) // 262144
37 | public static let ownEvent = EventSet(rawValue: kFSEventStreamEventFlagOwnEvent) // 524288
38 | public static let itemIsHardlink = EventSet(rawValue: kFSEventStreamEventFlagItemIsHardlink) // 1048576
| `- error: cannot find 'kFSEventStreamEventFlagItemIsHardlink' in scope
39 | public static let itemIsLastHardlink = EventSet(rawValue: kFSEventStreamEventFlagItemIsLastHardlink) // 2097152
40 | @available(OSX 10.13, *)
/Users/admin/builder/spi-builder-workspace/Sources/Ocha/EventSet.swift:39:63: error: cannot find 'kFSEventStreamEventFlagItemIsLastHardlink' in scope
37 | public static let ownEvent = EventSet(rawValue: kFSEventStreamEventFlagOwnEvent) // 524288
38 | public static let itemIsHardlink = EventSet(rawValue: kFSEventStreamEventFlagItemIsHardlink) // 1048576
39 | public static let itemIsLastHardlink = EventSet(rawValue: kFSEventStreamEventFlagItemIsLastHardlink) // 2097152
| `- error: cannot find 'kFSEventStreamEventFlagItemIsLastHardlink' in scope
40 | @available(OSX 10.13, *)
41 | public static let itemCloned = EventSet(rawValue: kFSEventStreamEventFlagItemCloned) // 4194304
/Users/admin/builder/spi-builder-workspace/Sources/Ocha/EventSet.swift:41:55: error: cannot find 'kFSEventStreamEventFlagItemCloned' in scope
39 | public static let itemIsLastHardlink = EventSet(rawValue: kFSEventStreamEventFlagItemIsLastHardlink) // 2097152
40 | @available(OSX 10.13, *)
41 | public static let itemCloned = EventSet(rawValue: kFSEventStreamEventFlagItemCloned) // 4194304
| `- error: cannot find 'kFSEventStreamEventFlagItemCloned' in scope
42 |
43 | public static let xcodeFileAddedFirstEventSet: EventSet = [.itemCreated, .itemRenamed, .itemModified, .itemXattrMod, .itemIsFile]
/Users/admin/builder/spi-builder-workspace/Sources/Ocha/Watcher.swift:14:32: error: cannot find 'FSEventStreamContext' in scope
12 | return UnsafeMutableRawPointer(mutating: Unmanaged.passUnretained(self).toOpaque())
13 | }
14 | private lazy var context = FSEventStreamContext(version: 0, info: pointer, retain: nil, release: nil, copyDescription: nil)
| `- error: cannot find 'FSEventStreamContext' in scope
15 | private lazy var stream: FSEventStreamRef = {
16 | let stream = FSEventStreamCreate(
/Users/admin/builder/spi-builder-workspace/Sources/Ocha/Watcher.swift:15:30: error: cannot find type 'FSEventStreamRef' in scope
13 | }
14 | private lazy var context = FSEventStreamContext(version: 0, info: pointer, retain: nil, release: nil, copyDescription: nil)
15 | private lazy var stream: FSEventStreamRef = {
| `- error: cannot find type 'FSEventStreamRef' in scope
16 | let stream = FSEventStreamCreate(
17 | kCFAllocatorDefault,
/Users/admin/builder/spi-builder-workspace/Sources/Ocha/Watcher.swift:16:22: error: cannot find 'FSEventStreamCreate' in scope
14 | private lazy var context = FSEventStreamContext(version: 0, info: pointer, retain: nil, release: nil, copyDescription: nil)
15 | private lazy var stream: FSEventStreamRef = {
16 | let stream = FSEventStreamCreate(
| `- error: cannot find 'FSEventStreamCreate' in scope
17 | kCFAllocatorDefault,
18 | _callback,
/Users/admin/builder/spi-builder-workspace/Sources/Ocha/Watcher.swift:21:13: error: cannot find 'FSEventStreamEventId' in scope
19 | &context,
20 | paths as CFArray,
21 | FSEventStreamEventId(kFSEventStreamEventIdSinceNow),
| `- error: cannot find 'FSEventStreamEventId' in scope
22 | 0,
23 | UInt32(kFSEventStreamCreateFlagUseCFTypes | kFSEventStreamCreateFlagFileEvents)
/Users/admin/builder/spi-builder-workspace/Sources/Ocha/Watcher.swift:21:34: error: cannot find 'kFSEventStreamEventIdSinceNow' in scope
19 | &context,
20 | paths as CFArray,
21 | FSEventStreamEventId(kFSEventStreamEventIdSinceNow),
| `- error: cannot find 'kFSEventStreamEventIdSinceNow' in scope
22 | 0,
23 | UInt32(kFSEventStreamCreateFlagUseCFTypes | kFSEventStreamCreateFlagFileEvents)
/Users/admin/builder/spi-builder-workspace/Sources/Ocha/Watcher.swift:23:20: error: cannot find 'kFSEventStreamCreateFlagUseCFTypes' in scope
21 | FSEventStreamEventId(kFSEventStreamEventIdSinceNow),
22 | 0,
23 | UInt32(kFSEventStreamCreateFlagUseCFTypes | kFSEventStreamCreateFlagFileEvents)
| `- error: cannot find 'kFSEventStreamCreateFlagUseCFTypes' in scope
24 | )!
25 | return stream
/Users/admin/builder/spi-builder-workspace/Sources/Ocha/Watcher.swift:23:57: error: cannot find 'kFSEventStreamCreateFlagFileEvents' in scope
21 | FSEventStreamEventId(kFSEventStreamEventIdSinceNow),
22 | 0,
23 | UInt32(kFSEventStreamCreateFlagUseCFTypes | kFSEventStreamCreateFlagFileEvents)
| `- error: cannot find 'kFSEventStreamCreateFlagFileEvents' in scope
24 | )!
25 | return stream
/Users/admin/builder/spi-builder-workspace/Sources/Ocha/Watcher.swift:35:28: error: cannot find type 'FSEventStreamCallback' in scope
33 | }
34 |
35 | private var _callback: FSEventStreamCallback = { (stream, contextInfo, numEvents, eventPaths, eventFlags, eventIds) in
| `- error: cannot find type 'FSEventStreamCallback' in scope
36 | let watcher = unsafeBitCast(contextInfo, to: Watcher.self)
37 | guard let paths = unsafeBitCast(eventPaths, to: NSArray.self) as? [String] else {
/Users/admin/builder/spi-builder-workspace/Sources/Ocha/Watcher.swift:15:49: error: failed to produce diagnostic for expression; please submit a bug report (https://swift.org/contributing/#reporting-bugs)
13 | }
14 | private lazy var context = FSEventStreamContext(version: 0, info: pointer, retain: nil, release: nil, copyDescription: nil)
15 | private lazy var stream: FSEventStreamRef = {
| `- error: failed to produce diagnostic for expression; please submit a bug report (https://swift.org/contributing/#reporting-bugs)
16 | let stream = FSEventStreamCreate(
17 | kCFAllocatorDefault,
Failed frontend command:
/Applications/Xcode-27.0.0-Release.Candidate.app/Contents/Developer/Toolchains/XcodeDefault.xctoolchain/usr/bin/swift-frontend -frontend -emit-module -experimental-skip-non-inlinable-function-bodies-without-types /Users/admin/builder/spi-builder-workspace/Sources/Ocha/Event.swift /Users/admin/builder/spi-builder-workspace/Sources/Ocha/EventSet.swift /Users/admin/builder/spi-builder-workspace/Sources/Ocha/Watcher.swift /Users/admin/builder/spi-builder-workspace/Sources/Ocha/WatchingPathable.swift -target arm64-apple-tvos15.0 -disable-cross-import-overlay-search -load-resolved-plugin /Applications/Xcode-27.0.0-Release.Candidate.app/Contents/Developer/Platforms/AppleTVOS.platform/Developer/usr/lib/swift/host/plugins/libFoundationMacros.dylib\#/Applications/Xcode-27.0.0-Release.Candidate.app/Contents/Developer/Platforms/AppleTVOS.platform/Developer/usr/bin/swift-plugin-server\#FoundationMacros -load-resolved-plugin /Applications/Xcode-27.0.0-Release.Candidate.app/Contents/Developer/Platforms/AppleTVOS.platform/Developer/usr/lib/swift/host/plugins/libObservationMacros.dylib\#/Applications/Xcode-27.0.0-Release.Candidate.app/Contents/Developer/Platforms/AppleTVOS.platform/Developer/usr/bin/swift-plugin-server\#ObservationMacros -load-resolved-plugin /Applications/Xcode-27.0.0-Release.Candidate.app/Contents/Developer/Platforms/AppleTVOS.platform/Developer/usr/lib/swift/host/plugins/libSwiftMacros.dylib\#/Applications/Xcode-27.0.0-Release.Candidate.app/Contents/Developer/Platforms/AppleTVOS.platform/Developer/usr/bin/swift-plugin-server\#SwiftMacros -disable-implicit-swift-modules -Xcc -fno-implicit-modules -Xcc -fno-implicit-module-maps -explicit-swift-module-map-file /Users/admin/builder/spi-builder-workspace/.derivedData/Build/Intermediates.noindex/Ocha.build/Debug-appletvos/Ocha-t.build/Objects-normal/arm64/Ocha-dependencies-1.json -Xllvm -aarch64-use-tbi -enable-objc-interop -stack-check -sdk /Applications/Xcode-27.0.0-Release.Candidate.app/Contents/Developer/Platforms/AppleTVOS.platform/Developer/SDKs/AppleTVOS27.0.sdk -I /Users/admin/builder/spi-builder-workspace/.derivedData/Build/Products/Debug-appletvos -Isystem /Applications/Xcode-27.0.0-Release.Candidate.app/Contents/Developer/Platforms/AppleTVOS.platform/Developer/usr/lib -F /Users/admin/builder/spi-builder-workspace/.derivedData/Build/Products/Debug-appletvos -F /Applications/Xcode-27.0.0-Release.Candidate.app/Contents/Developer/Platforms/AppleTVOS.platform/Developer/Library/Frameworks -F /Applications/Xcode-27.0.0-Release.Candidate.app/Contents/Developer/Platforms/AppleTVOS.platform/Developer/SDKs/AppleTVOS27.0.sdk/Developer/Library/Frameworks -module-cache-path /Users/admin/builder/spi-builder-workspace/.derivedData/Build/Intermediates.noindex/SwiftExplicitPrecompiledModules -no-color-diagnostics -Xcc -fno-color-diagnostics -enable-testing -g -debug-info-format\=dwarf -dwarf-version\=4 -profile-generate -profile-coverage-mapping -swift-version 5 -Onone -D SWIFT_PACKAGE -D DEBUG -D SWIFT_MODULE_RESOURCE_BUNDLE_UNAVAILABLE -D Xcode -serialize-debugging-options -enable-experimental-feature DebugDescriptionMacro -empty-abi-descriptor -validate-clang-modules-once -clang-build-session-file /Users/admin/builder/spi-builder-workspace/.derivedData/ModuleCache.noindex/Session.modulevalidation -Xcc -working-directory -Xcc /Users/admin/builder/spi-builder-workspace/.swiftpm/xcode -enable-anonymous-context-mangled-names -file-compilation-dir /Users/admin/builder/spi-builder-workspace/.swiftpm/xcode -Xcc -D_LIBCPP_HARDENING_MODE\=_LIBCPP_HARDENING_MODE_DEBUG -Xcc -ivfsstatcache -Xcc /Users/admin/builder/spi-builder-workspace/.derivedData/SDKStatCaches.noindex/appletvos27.0-24J360-e829b21a6f8c9b70876ba0858053c044b32bfd8d43560033f8d89884cdb90028.sdkstatcache -Xcc -fmodules-prune-interval\=86400 -Xcc -fmodules-prune-after\=345600 -Xcc -I/Users/admin/builder/spi-builder-workspace/.derivedData/Build/Products/Debug-appletvos/include -Xcc -I/Users/admin/builder/spi-builder-workspace/.derivedData/Build/Intermediates.noindex/Ocha.build/Debug-appletvos/Ocha-t.build/DerivedSources-normal/arm64 -Xcc -I/Users/admin/builder/spi-builder-workspace/.derivedData/Build/Intermediates.noindex/Ocha.build/Debug-appletvos/Ocha-t.build/DerivedSources/arm64 -Xcc -I/Users/admin/builder/spi-builder-workspace/.derivedData/Build/Intermediates.noindex/Ocha.build/Debug-appletvos/Ocha-t.build/DerivedSources -Xcc -DSWIFT_PACKAGE -Xcc -DDEBUG\=1 -no-auto-bridging-header-chaining -module-name Ocha -const-gather-protocols-file /Users/admin/builder/spi-builder-workspace/.derivedData/Build/Intermediates.noindex/Ocha.build/Debug-appletvos/Ocha-t.build/Objects-normal/arm64/Ocha_const_extract_protocols.json -disable-clang-spi -clang-target arm64-apple-tvos27.0 -target-sdk-version 27.0 -target-sdk-name appletvos27.0 -in-process-plugin-server-path /Applications/Xcode-27.0.0-Release.Candidate.app/Contents/Developer/Toolchains/XcodeDefault.xctoolchain/usr/lib/swift/host/libSwiftInProcPluginServer.dylib -emit-module-doc-path /Users/admin/builder/spi-builder-workspace/.derivedData/Build/Intermediates.noindex/Ocha.build/Debug-appletvos/Ocha-t.build/Objects-normal/arm64/Ocha.swiftdoc -emit-module-source-info-path /Users/admin/builder/spi-builder-workspace/.derivedData/Build/Intermediates.noindex/Ocha.build/Debug-appletvos/Ocha-t.build/Objects-normal/arm64/Ocha.swiftsourceinfo -emit-objc-header-path /Users/admin/builder/spi-builder-workspace/.derivedData/Build/Intermediates.noindex/Ocha.build/Debug-appletvos/Ocha-t.build/Objects-normal/arm64/Ocha-Swift.h -serialize-diagnostics-path /Users/admin/builder/spi-builder-workspace/.derivedData/Build/Intermediates.noindex/Ocha.build/Debug-appletvos/Ocha-t.build/Objects-normal/arm64/Ocha-primary-emit-module.dia -emit-dependencies-path /Users/admin/builder/spi-builder-workspace/.derivedData/Build/Intermediates.noindex/Ocha.build/Debug-appletvos/Ocha-t.build/Objects-normal/arm64/Ocha-primary-emit-module.d -parse-as-library -o /Users/admin/builder/spi-builder-workspace/.derivedData/Build/Intermediates.noindex/Ocha.build/Debug-appletvos/Ocha-t.build/Objects-normal/arm64/Ocha.swiftmodule -emit-abi-descriptor-path /Users/admin/builder/spi-builder-workspace/.derivedData/Build/Intermediates.noindex/Ocha.build/Debug-appletvos/Ocha-t.build/Objects-normal/arm64/Ocha.abi.json
SwiftCompile normal arm64 (in target 'Ocha' from project 'Ocha')
cd /Users/admin/builder/spi-builder-workspace/.swiftpm/xcode
SwiftCompile normal arm64 Compiling\ AbsolutePosition.swift,\ AtomicCounter.swift,\ CNodes.swift,\ IncrementalParseTransition.swift /Users/admin/builder/spi-builder-workspace/.dependencies/checkouts/swift-syntax/Sources/SwiftSyntax/AbsolutePosition.swift /Users/admin/builder/spi-builder-workspace/.dependencies/checkouts/swift-syntax/Sources/SwiftSyntax/AtomicCounter.swift /Users/admin/builder/spi-builder-workspace/.dependencies/checkouts/swift-syntax/Sources/SwiftSyntax/CNodes.swift /Users/admin/builder/spi-builder-workspace/.dependencies/checkouts/swift-syntax/Sources/SwiftSyntax/IncrementalParseTransition.swift (in target 'SwiftSyntax' from project 'SwiftSyntax')
SwiftCompile normal arm64 /Users/admin/builder/spi-builder-workspace/.dependencies/checkouts/swift-syntax/Sources/SwiftSyntax/AbsolutePosition.swift (in target 'SwiftSyntax' from project 'SwiftSyntax')
cd /Users/admin/builder/spi-builder-workspace/.swiftpm/xcode
builtin-SwiftPerFileCompile AbsolutePosition.swift
SwiftCompile normal arm64 /Users/admin/builder/spi-builder-workspace/.dependencies/checkouts/swift-syntax/Sources/SwiftSyntax/AtomicCounter.swift (in target 'SwiftSyntax' from project 'SwiftSyntax')
cd /Users/admin/builder/spi-builder-workspace/.swiftpm/xcode
builtin-SwiftPerFileCompile AtomicCounter.swift
SwiftCompile normal arm64 /Users/admin/builder/spi-builder-workspace/.dependencies/checkouts/swift-syntax/Sources/SwiftSyntax/CNodes.swift (in target 'SwiftSyntax' from project 'SwiftSyntax')
cd /Users/admin/builder/spi-builder-workspace/.swiftpm/xcode
builtin-SwiftPerFileCompile CNodes.swift
SwiftCompile normal arm64 /Users/admin/builder/spi-builder-workspace/.dependencies/checkouts/swift-syntax/Sources/SwiftSyntax/IncrementalParseTransition.swift (in target 'SwiftSyntax' from project 'SwiftSyntax')
cd /Users/admin/builder/spi-builder-workspace/.swiftpm/xcode
builtin-SwiftPerFileCompile IncrementalParseTransition.swift
SwiftCompile normal arm64 Compiling\ Misc.swift,\ SyntaxAnyVisitor.swift,\ SyntaxBaseNodes.swift,\ SyntaxBuilders.swift /Users/admin/builder/spi-builder-workspace/.dependencies/checkouts/swift-syntax/Sources/SwiftSyntax/gyb_generated/Misc.swift /Users/admin/builder/spi-builder-workspace/.dependencies/checkouts/swift-syntax/Sources/SwiftSyntax/gyb_generated/SyntaxAnyVisitor.swift /Users/admin/builder/spi-builder-workspace/.dependencies/checkouts/swift-syntax/Sources/SwiftSyntax/gyb_generated/SyntaxBaseNodes.swift /Users/admin/builder/spi-builder-workspace/.dependencies/checkouts/swift-syntax/Sources/SwiftSyntax/gyb_generated/SyntaxBuilders.swift (in target 'SwiftSyntax' from project 'SwiftSyntax')
SwiftCompile normal arm64 /Users/admin/builder/spi-builder-workspace/.dependencies/checkouts/swift-syntax/Sources/SwiftSyntax/gyb_generated/Misc.swift (in target 'SwiftSyntax' from project 'SwiftSyntax')
cd /Users/admin/builder/spi-builder-workspace/.swiftpm/xcode
builtin-SwiftPerFileCompile Misc.swift
SwiftCompile normal arm64 /Users/admin/builder/spi-builder-workspace/.dependencies/checkouts/swift-syntax/Sources/SwiftSyntax/gyb_generated/SyntaxAnyVisitor.swift (in target 'SwiftSyntax' from project 'SwiftSyntax')
cd /Users/admin/builder/spi-builder-workspace/.swiftpm/xcode
builtin-SwiftPerFileCompile SyntaxAnyVisitor.swift
SwiftCompile normal arm64 /Users/admin/builder/spi-builder-workspace/.dependencies/checkouts/swift-syntax/Sources/SwiftSyntax/gyb_generated/SyntaxBaseNodes.swift (in target 'SwiftSyntax' from project 'SwiftSyntax')
cd /Users/admin/builder/spi-builder-workspace/.swiftpm/xcode
builtin-SwiftPerFileCompile SyntaxBaseNodes.swift
SwiftCompile normal arm64 /Users/admin/builder/spi-builder-workspace/.dependencies/checkouts/swift-syntax/Sources/SwiftSyntax/gyb_generated/SyntaxBuilders.swift (in target 'SwiftSyntax' from project 'SwiftSyntax')
cd /Users/admin/builder/spi-builder-workspace/.swiftpm/xcode
builtin-SwiftPerFileCompile SyntaxBuilders.swift
SwiftCompile normal arm64 Compiling\ Syntax.swift,\ SyntaxChildren.swift,\ SyntaxClassifier.swift,\ SyntaxData.swift /Users/admin/builder/spi-builder-workspace/.dependencies/checkouts/swift-syntax/Sources/SwiftSyntax/Syntax.swift /Users/admin/builder/spi-builder-workspace/.dependencies/checkouts/swift-syntax/Sources/SwiftSyntax/SyntaxChildren.swift /Users/admin/builder/spi-builder-workspace/.dependencies/checkouts/swift-syntax/Sources/SwiftSyntax/SyntaxClassifier.swift /Users/admin/builder/spi-builder-workspace/.dependencies/checkouts/swift-syntax/Sources/SwiftSyntax/SyntaxData.swift (in target 'SwiftSyntax' from project 'SwiftSyntax')
SwiftCompile normal arm64 /Users/admin/builder/spi-builder-workspace/.dependencies/checkouts/swift-syntax/Sources/SwiftSyntax/Syntax.swift (in target 'SwiftSyntax' from project 'SwiftSyntax')
cd /Users/admin/builder/spi-builder-workspace/.swiftpm/xcode
builtin-SwiftPerFileCompile Syntax.swift
SwiftCompile normal arm64 /Users/admin/builder/spi-builder-workspace/.dependencies/checkouts/swift-syntax/Sources/SwiftSyntax/SyntaxChildren.swift (in target 'SwiftSyntax' from project 'SwiftSyntax')
cd /Users/admin/builder/spi-builder-workspace/.swiftpm/xcode
builtin-SwiftPerFileCompile SyntaxChildren.swift
SwiftCompile normal arm64 /Users/admin/builder/spi-builder-workspace/.dependencies/checkouts/swift-syntax/Sources/SwiftSyntax/SyntaxClassifier.swift (in target 'SwiftSyntax' from project 'SwiftSyntax')
cd /Users/admin/builder/spi-builder-workspace/.swiftpm/xcode
builtin-SwiftPerFileCompile SyntaxClassifier.swift
SwiftCompile normal arm64 /Users/admin/builder/spi-builder-workspace/.dependencies/checkouts/swift-syntax/Sources/SwiftSyntax/SyntaxData.swift (in target 'SwiftSyntax' from project 'SwiftSyntax')
cd /Users/admin/builder/spi-builder-workspace/.swiftpm/xcode
builtin-SwiftPerFileCompile SyntaxData.swift
SwiftCompile normal arm64 Compiling\ RawSyntax.swift,\ SourceLength.swift,\ SourceLocation.swift,\ SourcePresence.swift /Users/admin/builder/spi-builder-workspace/.dependencies/checkouts/swift-syntax/Sources/SwiftSyntax/RawSyntax.swift /Users/admin/builder/spi-builder-workspace/.dependencies/checkouts/swift-syntax/Sources/SwiftSyntax/SourceLength.swift /Users/admin/builder/spi-builder-workspace/.dependencies/checkouts/swift-syntax/Sources/SwiftSyntax/SourceLocation.swift /Users/admin/builder/spi-builder-workspace/.dependencies/checkouts/swift-syntax/Sources/SwiftSyntax/SourcePresence.swift (in target 'SwiftSyntax' from project 'SwiftSyntax')
SwiftCompile normal arm64 /Users/admin/builder/spi-builder-workspace/.dependencies/checkouts/swift-syntax/Sources/SwiftSyntax/RawSyntax.swift (in target 'SwiftSyntax' from project 'SwiftSyntax')
cd /Users/admin/builder/spi-builder-workspace/.swiftpm/xcode
builtin-SwiftPerFileCompile RawSyntax.swift
SwiftCompile normal arm64 /Users/admin/builder/spi-builder-workspace/.dependencies/checkouts/swift-syntax/Sources/SwiftSyntax/SourceLength.swift (in target 'SwiftSyntax' from project 'SwiftSyntax')
cd /Users/admin/builder/spi-builder-workspace/.swiftpm/xcode
builtin-SwiftPerFileCompile SourceLength.swift
SwiftCompile normal arm64 /Users/admin/builder/spi-builder-workspace/.dependencies/checkouts/swift-syntax/Sources/SwiftSyntax/SourceLocation.swift (in target 'SwiftSyntax' from project 'SwiftSyntax')
cd /Users/admin/builder/spi-builder-workspace/.swiftpm/xcode
builtin-SwiftPerFileCompile SourceLocation.swift
SwiftCompile normal arm64 /Users/admin/builder/spi-builder-workspace/.dependencies/checkouts/swift-syntax/Sources/SwiftSyntax/SourcePresence.swift (in target 'SwiftSyntax' from project 'SwiftSyntax')
cd /Users/admin/builder/spi-builder-workspace/.swiftpm/xcode
builtin-SwiftPerFileCompile SourcePresence.swift
SwiftCompile normal arm64 Compiling\ SyntaxOtherNodes.swift,\ SyntaxVerifier.swift,\ Utils.swift,\ _SyntaxParserInterop.swift /Users/admin/builder/spi-builder-workspace/.dependencies/checkouts/swift-syntax/Sources/SwiftSyntax/SyntaxOtherNodes.swift /Users/admin/builder/spi-builder-workspace/.dependencies/checkouts/swift-syntax/Sources/SwiftSyntax/SyntaxVerifier.swift /Users/admin/builder/spi-builder-workspace/.dependencies/checkouts/swift-syntax/Sources/SwiftSyntax/Utils.swift /Users/admin/builder/spi-builder-workspace/.dependencies/checkouts/swift-syntax/Sources/SwiftSyntax/_SyntaxParserInterop.swift (in target 'SwiftSyntax' from project 'SwiftSyntax')
SwiftCompile normal arm64 /Users/admin/builder/spi-builder-workspace/.dependencies/checkouts/swift-syntax/Sources/SwiftSyntax/SyntaxOtherNodes.swift (in target 'SwiftSyntax' from project 'SwiftSyntax')
cd /Users/admin/builder/spi-builder-workspace/.swiftpm/xcode
builtin-SwiftPerFileCompile SyntaxOtherNodes.swift
SwiftCompile normal arm64 /Users/admin/builder/spi-builder-workspace/.dependencies/checkouts/swift-syntax/Sources/SwiftSyntax/SyntaxVerifier.swift (in target 'SwiftSyntax' from project 'SwiftSyntax')
cd /Users/admin/builder/spi-builder-workspace/.swiftpm/xcode
builtin-SwiftPerFileCompile SyntaxVerifier.swift
SwiftCompile normal arm64 /Users/admin/builder/spi-builder-workspace/.dependencies/checkouts/swift-syntax/Sources/SwiftSyntax/Utils.swift (in target 'SwiftSyntax' from project 'SwiftSyntax')
cd /Users/admin/builder/spi-builder-workspace/.swiftpm/xcode
builtin-SwiftPerFileCompile Utils.swift
SwiftCompile normal arm64 /Users/admin/builder/spi-builder-workspace/.dependencies/checkouts/swift-syntax/Sources/SwiftSyntax/_SyntaxParserInterop.swift (in target 'SwiftSyntax' from project 'SwiftSyntax')
cd /Users/admin/builder/spi-builder-workspace/.swiftpm/xcode
builtin-SwiftPerFileCompile _SyntaxParserInterop.swift
PruneExplicitPrecompiledModules /Users/admin/builder/spi-builder-workspace/.derivedData/Build/Intermediates.noindex/ExplicitPrecompiledModules
PruneExplicitPrecompiledModules /Users/admin/builder/spi-builder-workspace/.derivedData/Build/Intermediates.noindex/SwiftExplicitPrecompiledModules
PruneExplicitPrecompiledModules /Users/admin/builder/spi-builder-workspace/.derivedData/SDKExplicitPrecompiledModules
2026-09-15 20:09:24.147 xcodebuild[884:5180] [MT] IDERunDestination: Supported platforms for the buildables in the current scheme is empty.
** BUILD FAILED **
The following build commands failed:
SwiftEmitModule normal arm64 Emitting\ module\ for\ Ocha (in target 'Ocha' from project 'Ocha')
SwiftCompile normal arm64 (in target 'Ocha' from project 'Ocha')
Building workspace Ocha with scheme Ocha-Package
(3 failures)
Command line invocation:
/Applications/Xcode-27.0.0-Release.Candidate.app/Contents/Developer/usr/bin/xcodebuild -IDEClonedSourcePackagesDirPathOverride=/Users/admin/builder/spi-builder-workspace/.dependencies -resolvePackageDependencies
Resolve Package Graph
the target name ragnarok has different case on the filesystem and the Package.swift manifest file
Resolved source packages:
Spectre: https://github.com/kylef/Spectre.git @ 0.9.2
SwiftSyntax: https://github.com/apple/swift-syntax.git @ 0.50700.1
SwiftShell: https://github.com/kareman/SwiftShell.git @ 4.1.2
Ocha: /Users/admin/builder/spi-builder-workspace
Ragnarok: https://github.com/bannzai/Ragnarok.git @ 1.0.2
PathKit: https://github.com/kylef/PathKit.git @ 0.9.2
resolved source packages: Spectre, SwiftSyntax, SwiftShell, Ocha, Ragnarok, PathKit
2026-09-15 20:09:30.728 xcodebuild[1010:5835] [MT] IDERunDestination: Supported platforms for the buildables in the current scheme is empty.
{
"dependencies" : [
{
"identity" : "swiftshell",
"requirement" : {
"range" : [
{
"lower_bound" : "4.1.2",
"upper_bound" : "5.0.0"
}
]
},
"type" : "sourceControl",
"url" : "https://github.com/kareman/SwiftShell.git"
},
{
"identity" : "pathkit",
"requirement" : {
"range" : [
{
"lower_bound" : "0.9.2",
"upper_bound" : "1.0.0"
}
]
},
"type" : "sourceControl",
"url" : "https://github.com/kylef/PathKit.git"
},
{
"identity" : "ragnarok",
"requirement" : {
"range" : [
{
"lower_bound" : "1.0.2",
"upper_bound" : "2.0.0"
}
]
},
"type" : "sourceControl",
"url" : "https://github.com/bannzai/Ragnarok.git"
}
],
"manifest_display_name" : "Ocha",
"name" : "Ocha",
"path" : "/Users/admin/builder/spi-builder-workspace",
"platforms" : [
],
"products" : [
{
"name" : "Ocha",
"targets" : [
"Ocha"
],
"type" : {
"library" : [
"automatic"
]
}
},
{
"name" : "RagnarokExample",
"targets" : [
"RagnarokExample"
],
"type" : {
"executable" : null
}
},
{
"name" : "GitCommitExample",
"targets" : [
"GitCommitExample"
],
"type" : {
"executable" : null
}
},
{
"name" : "Playground",
"targets" : [
"Playground"
],
"type" : {
"executable" : null
}
}
],
"targets" : [
{
"c99name" : "RagnarokExample",
"module_type" : "SwiftTarget",
"name" : "RagnarokExample",
"path" : "Sources/RagnarokExample",
"product_dependencies" : [
"SwiftShell",
"PathKit",
"RagnarokCore"
],
"product_memberships" : [
"RagnarokExample"
],
"sources" : [
"main.swift"
],
"target_dependencies" : [
"Ocha"
],
"type" : "executable"
},
{
"c99name" : "Playground",
"module_type" : "SwiftTarget",
"name" : "Playground",
"path" : "Sources/Playground",
"product_dependencies" : [
"SwiftShell",
"PathKit"
],
"product_memberships" : [
"Playground"
],
"sources" : [
"main.swift"
],
"target_dependencies" : [
"Ocha"
],
"type" : "executable"
},
{
"c99name" : "OchaTests",
"module_type" : "SwiftTarget",
"name" : "OchaTests",
"path" : "Tests/OchaTests",
"sources" : [
"EventTests.swift",
"TestData/TestFile.swift",
"Utility.swift",
"WatcherTests.swift",
"XCTestManifests.swift"
],
"target_dependencies" : [
"Ocha"
],
"type" : "test"
},
{
"c99name" : "Ocha",
"module_type" : "SwiftTarget",
"name" : "Ocha",
"path" : "Sources/Ocha",
"product_memberships" : [
"Ocha",
"RagnarokExample",
"GitCommitExample",
"Playground"
],
"sources" : [
"Event.swift",
"EventSet.swift",
"Watcher.swift",
"WatchingPathable.swift"
],
"type" : "library"
},
{
"c99name" : "GitCommitExample",
"module_type" : "SwiftTarget",
"name" : "GitCommitExample",
"path" : "Sources/GitCommitExample",
"product_dependencies" : [
"SwiftShell",
"PathKit"
],
"product_memberships" : [
"GitCommitExample"
],
"sources" : [
"main.swift"
],
"target_dependencies" : [
"Ocha"
],
"type" : "executable"
}
],
"tools_version" : "5.0"
}
{
"workspace" : {
"name" : "Ocha",
"schemes" : [
"GitCommitExample",
"Ocha",
"Ocha-Package",
"Playground",
"RagnarokExample"
]
}
}
2026-09-15 20:09:32.206 xcodebuild[1019:5909] [MT] IDERunDestination: Supported platforms for the buildables in the current scheme is empty.
Running build ...
env DEVELOPER_DIR=/Applications/Xcode-27.0.0-Release.Candidate.app xcrun xcodebuild -IDEClonedSourcePackagesDirPathOverride=$PWD/.dependencies -skipMacroValidation -skipPackagePluginValidation -derivedDataPath $PWD/.derivedData build -scheme Ocha-Package -destination generic/platform=tvOS
Command line invocation:
/Applications/Xcode-27.0.0-Release.Candidate.app/Contents/Developer/usr/bin/xcodebuild -IDEClonedSourcePackagesDirPathOverride=/Users/admin/builder/spi-builder-workspace/.dependencies -skipMacroValidation -skipPackagePluginValidation -derivedDataPath /Users/admin/builder/spi-builder-workspace/.derivedData build -scheme Ocha-Package -destination generic/platform=tvOS
Resolve Package Graph
the target name ragnarok has different case on the filesystem and the Package.swift manifest file
Resolved source packages:
SwiftSyntax: https://github.com/apple/swift-syntax.git @ 0.50700.1
Spectre: https://github.com/kylef/Spectre.git @ 0.9.2
SwiftShell: https://github.com/kareman/SwiftShell.git @ 4.1.2
Ragnarok: https://github.com/bannzai/Ragnarok.git @ 1.0.2
PathKit: https://github.com/kylef/PathKit.git @ 0.9.2
Ocha: /Users/admin/builder/spi-builder-workspace
ComputePackagePrebuildTargetDependencyGraph
Prepare packages
CreateBuildRequest
SendProjectDescription
CreateBuildOperation
ComputeTargetDependencyGraph
note: Building targets in dependency order
note: Target dependency graph (14 targets)
Target 'Playground-product' in project 'Ocha'
➜ Explicit dependency on target 'Ocha' in project 'Ocha'
➜ Explicit dependency on target 'SwiftShell-product' in project 'SwiftShell'
➜ Explicit dependency on target 'PathKit-product' in project 'PathKit'
Target 'GitCommitExample-product' in project 'Ocha'
➜ Explicit dependency on target 'Ocha' in project 'Ocha'
➜ Explicit dependency on target 'SwiftShell-product' in project 'SwiftShell'
➜ Explicit dependency on target 'PathKit-product' in project 'PathKit'
Target 'RagnarokExample-product' in project 'Ocha'
➜ Explicit dependency on target 'Ocha' in project 'Ocha'
➜ Explicit dependency on target 'SwiftShell-product' in project 'SwiftShell'
➜ Explicit dependency on target 'PathKit-product' in project 'PathKit'
➜ Explicit dependency on target 'RagnarokCore-product' in project 'Ragnarok'
Target 'RagnarokCore-product' in project 'Ragnarok'
➜ Explicit dependency on target 'RagnarokCore' in project 'Ragnarok'
➜ Explicit dependency on target 'SwiftSyntax-product' in project 'SwiftSyntax'
Target 'RagnarokCore' in project 'Ragnarok'
➜ Explicit dependency on target 'SwiftSyntax-product' in project 'SwiftSyntax'
Target 'SwiftSyntax-product' in project 'SwiftSyntax'
➜ Explicit dependency on target 'SwiftSyntax' in project 'SwiftSyntax'
➜ Explicit dependency on target '_CSwiftSyntax' in project 'SwiftSyntax'
Target 'SwiftSyntax' in project 'SwiftSyntax'
➜ Explicit dependency on target '_CSwiftSyntax' in project 'SwiftSyntax'
Target '_CSwiftSyntax' in project 'SwiftSyntax' (no dependencies)
Target 'PathKit-product' in project 'PathKit'
➜ Explicit dependency on target 'PathKit' in project 'PathKit'
Target 'PathKit' in project 'PathKit' (no dependencies)
Target 'SwiftShell-product' in project 'SwiftShell'
➜ Explicit dependency on target 'SwiftShell' in project 'SwiftShell'
Target 'SwiftShell' in project 'SwiftShell' (no dependencies)
Target 'Ocha-product' in project 'Ocha'
➜ Explicit dependency on target 'Ocha' in project 'Ocha'
Target 'Ocha' in project 'Ocha' (no dependencies)
GatherProvisioningInputs
CreateBuildDescription
ClangStatCache /Applications/Xcode-27.0.0-Release.Candidate.app/Contents/Developer/Toolchains/XcodeDefault.xctoolchain/usr/bin/clang-stat-cache /Applications/Xcode-27.0.0-Release.Candidate.app/Contents/Developer/Platforms/AppleTVOS.platform/Developer/SDKs/AppleTVOS27.0.sdk /Users/admin/builder/spi-builder-workspace/.derivedData/SDKStatCaches.noindex/appletvos27.0-24J360-e829b21a6f8c9b70876ba0858053c044b32bfd8d43560033f8d89884cdb90028.sdkstatcache
cd /Users/admin/builder/spi-builder-workspace/.swiftpm/xcode
/Applications/Xcode-27.0.0-Release.Candidate.app/Contents/Developer/Toolchains/XcodeDefault.xctoolchain/usr/bin/clang-stat-cache /Applications/Xcode-27.0.0-Release.Candidate.app/Contents/Developer/Platforms/AppleTVOS.platform/Developer/SDKs/AppleTVOS27.0.sdk -o /Users/admin/builder/spi-builder-workspace/.derivedData/SDKStatCaches.noindex/appletvos27.0-24J360-e829b21a6f8c9b70876ba0858053c044b32bfd8d43560033f8d89884cdb90028.sdkstatcache
SwiftDriver Ocha normal arm64 com.apple.xcode.tools.swift.compiler (in target 'Ocha' from project 'Ocha')
cd /Users/admin/builder/spi-builder-workspace/.swiftpm/xcode
builtin-SwiftDriver -- /Applications/Xcode-27.0.0-Release.Candidate.app/Contents/Developer/Toolchains/XcodeDefault.xctoolchain/usr/bin/swiftc -parse-as-library -module-name Ocha -Onone @/Users/admin/builder/spi-builder-workspace/.derivedData/Build/Intermediates.noindex/Ocha.build/Debug-appletvos/Ocha-t.build/Objects-normal/arm64/Ocha.SwiftFileList -DSWIFT_PACKAGE -DDEBUG -DSWIFT_MODULE_RESOURCE_BUNDLE_UNAVAILABLE -DXcode -plugin-path /Applications/Xcode-27.0.0-Release.Candidate.app/Contents/Developer/Toolchains/XcodeDefault.xctoolchain/usr/lib/swift/host/plugins/testing -enable-experimental-feature DebugDescriptionMacro -sdk /Applications/Xcode-27.0.0-Release.Candidate.app/Contents/Developer/Platforms/AppleTVOS.platform/Developer/SDKs/AppleTVOS27.0.sdk -target arm64-apple-tvos15.0 -g -module-cache-path /Users/admin/builder/spi-builder-workspace/.derivedData/ModuleCache.noindex -Xfrontend -serialize-debugging-options -profile-coverage-mapping -profile-generate -enable-testing -index-store-path /Users/admin/builder/spi-builder-workspace/.derivedData/Index.noindex/DataStore -Xcc -D_LIBCPP_HARDENING_MODE\=_LIBCPP_HARDENING_MODE_DEBUG -swift-version 5 -I /Users/admin/builder/spi-builder-workspace/.derivedData/Build/Products/Debug-appletvos -Isystem /Applications/Xcode-27.0.0-Release.Candidate.app/Contents/Developer/Platforms/AppleTVOS.platform/Developer/usr/lib -F /Users/admin/builder/spi-builder-workspace/.derivedData/Build/Products/Debug-appletvos -F /Applications/Xcode-27.0.0-Release.Candidate.app/Contents/Developer/Platforms/AppleTVOS.platform/Developer/Library/Frameworks -F /Applications/Xcode-27.0.0-Release.Candidate.app/Contents/Developer/Platforms/AppleTVOS.platform/Developer/SDKs/AppleTVOS27.0.sdk/Developer/Library/Frameworks -c -j10 -enable-batch-mode -incremental -Xcc -ivfsstatcache -Xcc /Users/admin/builder/spi-builder-workspace/.derivedData/SDKStatCaches.noindex/appletvos27.0-24J360-e829b21a6f8c9b70876ba0858053c044b32bfd8d43560033f8d89884cdb90028.sdkstatcache -output-file-map /Users/admin/builder/spi-builder-workspace/.derivedData/Build/Intermediates.noindex/Ocha.build/Debug-appletvos/Ocha-t.build/Objects-normal/arm64/Ocha-OutputFileMap.json -save-temps -no-color-diagnostics -explicit-module-build -module-cache-path /Users/admin/builder/spi-builder-workspace/.derivedData/Build/Intermediates.noindex/SwiftExplicitPrecompiledModules -clang-scanner-module-cache-path /Users/admin/builder/spi-builder-workspace/.derivedData/ModuleCache.noindex -sdk-module-cache-path /Users/admin/builder/spi-builder-workspace/.derivedData/SDKExplicitPrecompiledModules -emit-dependencies -emit-module -emit-module-path /Users/admin/builder/spi-builder-workspace/.derivedData/Build/Intermediates.noindex/Ocha.build/Debug-appletvos/Ocha-t.build/Objects-normal/arm64/Ocha.swiftmodule -serialize-diagnostics -dependency-scan-serialize-diagnostics-path /Users/admin/builder/spi-builder-workspace/.derivedData/Build/Intermediates.noindex/Ocha.build/Debug-appletvos/Ocha-t.build/Objects-normal/arm64/Ocha-dependency-scan.dia -validate-clang-modules-once -clang-build-session-file /Users/admin/builder/spi-builder-workspace/.derivedData/ModuleCache.noindex/Session.modulevalidation -Xcc -fmodules-prune-interval\=86400 -Xcc -fmodules-prune-after\=345600 -emit-const-values -const-gather-protocols-list /Users/admin/builder/spi-builder-workspace/.derivedData/Build/Intermediates.noindex/Ocha.build/Debug-appletvos/Ocha-t.build/Objects-normal/arm64/Ocha_const_extract_protocols.json -Xcc -I/Users/admin/builder/spi-builder-workspace/.derivedData/Build/Products/Debug-appletvos/include -Xcc -I/Users/admin/builder/spi-builder-workspace/.derivedData/Build/Intermediates.noindex/Ocha.build/Debug-appletvos/Ocha-t.build/DerivedSources-normal/arm64 -Xcc -I/Users/admin/builder/spi-builder-workspace/.derivedData/Build/Intermediates.noindex/Ocha.build/Debug-appletvos/Ocha-t.build/DerivedSources/arm64 -Xcc -I/Users/admin/builder/spi-builder-workspace/.derivedData/Build/Intermediates.noindex/Ocha.build/Debug-appletvos/Ocha-t.build/DerivedSources -Xcc -DSWIFT_PACKAGE -Xcc -DDEBUG\=1 -emit-objc-header -emit-objc-header-path /Users/admin/builder/spi-builder-workspace/.derivedData/Build/Intermediates.noindex/Ocha.build/Debug-appletvos/Ocha-t.build/Objects-normal/arm64/Ocha-Swift.h -working-directory /Users/admin/builder/spi-builder-workspace/.swiftpm/xcode -experimental-emit-module-separately -disable-cmo
SwiftDriver SwiftSyntax normal arm64 com.apple.xcode.tools.swift.compiler (in target 'SwiftSyntax' from project 'SwiftSyntax')
cd /Users/admin/builder/spi-builder-workspace/.swiftpm/xcode
builtin-SwiftDriver -- /Applications/Xcode-27.0.0-Release.Candidate.app/Contents/Developer/Toolchains/XcodeDefault.xctoolchain/usr/bin/swiftc -parse-as-library -module-name SwiftSyntax -Onone @/Users/admin/builder/spi-builder-workspace/.derivedData/Build/Intermediates.noindex/SwiftSyntax.build/Debug-appletvos/SwiftSyntax-t.build/Objects-normal/arm64/SwiftSyntax.SwiftFileList -DSWIFT_PACKAGE -DDEBUG -DSWIFT_MODULE_RESOURCE_BUNDLE_UNAVAILABLE -Xcc -fmodule-map-file\=/Users/admin/builder/spi-builder-workspace/.derivedData/Build/Intermediates.noindex/GeneratedModuleMaps-appletvos/_CSwiftSyntax.modulemap -DXcode -plugin-path /Applications/Xcode-27.0.0-Release.Candidate.app/Contents/Developer/Toolchains/XcodeDefault.xctoolchain/usr/lib/swift/host/plugins/testing -enable-experimental-feature DebugDescriptionMacro -sdk /Applications/Xcode-27.0.0-Release.Candidate.app/Contents/Developer/Platforms/AppleTVOS.platform/Developer/SDKs/AppleTVOS27.0.sdk -target arm64-apple-tvos15.0 -g -module-cache-path /Users/admin/builder/spi-builder-workspace/.derivedData/ModuleCache.noindex -Xfrontend -serialize-debugging-options -profile-coverage-mapping -profile-generate -enable-testing -suppress-warnings -index-store-path /Users/admin/builder/spi-builder-workspace/.derivedData/Index.noindex/DataStore -Xcc -D_LIBCPP_HARDENING_MODE\=_LIBCPP_HARDENING_MODE_DEBUG -swift-version 5 -I /Users/admin/builder/spi-builder-workspace/.derivedData/Build/Products/Debug-appletvos -Isystem /Applications/Xcode-27.0.0-Release.Candidate.app/Contents/Developer/Platforms/AppleTVOS.platform/Developer/usr/lib -F /Users/admin/builder/spi-builder-workspace/.derivedData/Build/Products/Debug-appletvos/PackageFrameworks -F /Users/admin/builder/spi-builder-workspace/.derivedData/Build/Products/Debug-appletvos -F /Applications/Xcode-27.0.0-Release.Candidate.app/Contents/Developer/Platforms/AppleTVOS.platform/Developer/Library/Frameworks -F /Applications/Xcode-27.0.0-Release.Candidate.app/Contents/Developer/Platforms/AppleTVOS.platform/Developer/SDKs/AppleTVOS27.0.sdk/Developer/Library/Frameworks -c -j10 -enable-batch-mode -incremental -Xcc -ivfsstatcache -Xcc /Users/admin/builder/spi-builder-workspace/.derivedData/SDKStatCaches.noindex/appletvos27.0-24J360-e829b21a6f8c9b70876ba0858053c044b32bfd8d43560033f8d89884cdb90028.sdkstatcache -output-file-map /Users/admin/builder/spi-builder-workspace/.derivedData/Build/Intermediates.noindex/SwiftSyntax.build/Debug-appletvos/SwiftSyntax-t.build/Objects-normal/arm64/SwiftSyntax-OutputFileMap.json -save-temps -no-color-diagnostics -explicit-module-build -module-cache-path /Users/admin/builder/spi-builder-workspace/.derivedData/Build/Intermediates.noindex/SwiftExplicitPrecompiledModules -clang-scanner-module-cache-path /Users/admin/builder/spi-builder-workspace/.derivedData/ModuleCache.noindex -sdk-module-cache-path /Users/admin/builder/spi-builder-workspace/.derivedData/SDKExplicitPrecompiledModules -emit-dependencies -emit-module -emit-module-path /Users/admin/builder/spi-builder-workspace/.derivedData/Build/Intermediates.noindex/SwiftSyntax.build/Debug-appletvos/SwiftSyntax-t.build/Objects-normal/arm64/SwiftSyntax.swiftmodule -serialize-diagnostics -dependency-scan-serialize-diagnostics-path /Users/admin/builder/spi-builder-workspace/.derivedData/Build/Intermediates.noindex/SwiftSyntax.build/Debug-appletvos/SwiftSyntax-t.build/Objects-normal/arm64/SwiftSyntax-dependency-scan.dia -validate-clang-modules-once -clang-build-session-file /Users/admin/builder/spi-builder-workspace/.derivedData/ModuleCache.noindex/Session.modulevalidation -Xcc -fmodules-prune-interval\=86400 -Xcc -fmodules-prune-after\=345600 -emit-const-values -const-gather-protocols-list /Users/admin/builder/spi-builder-workspace/.derivedData/Build/Intermediates.noindex/SwiftSyntax.build/Debug-appletvos/SwiftSyntax-t.build/Objects-normal/arm64/SwiftSyntax_const_extract_protocols.json -Xcc -I/Users/admin/builder/spi-builder-workspace/.dependencies/checkouts/swift-syntax/Sources/_CSwiftSyntax/include -Xcc -I/Users/admin/builder/spi-builder-workspace/.derivedData/Build/Products/Debug-appletvos/include -Xcc -I/Users/admin/builder/spi-builder-workspace/.derivedData/Build/Intermediates.noindex/SwiftSyntax.build/Debug-appletvos/SwiftSyntax-t.build/DerivedSources-normal/arm64 -Xcc -I/Users/admin/builder/spi-builder-workspace/.derivedData/Build/Intermediates.noindex/SwiftSyntax.build/Debug-appletvos/SwiftSyntax-t.build/DerivedSources/arm64 -Xcc -I/Users/admin/builder/spi-builder-workspace/.derivedData/Build/Intermediates.noindex/SwiftSyntax.build/Debug-appletvos/SwiftSyntax-t.build/DerivedSources -Xcc -DSWIFT_PACKAGE -Xcc -DDEBUG\=1 -emit-objc-header -emit-objc-header-path /Users/admin/builder/spi-builder-workspace/.derivedData/Build/Intermediates.noindex/SwiftSyntax.build/Debug-appletvos/SwiftSyntax-t.build/Objects-normal/arm64/SwiftSyntax-Swift.h -working-directory /Users/admin/builder/spi-builder-workspace/.swiftpm/xcode -experimental-emit-module-separately -disable-cmo
SwiftCompile normal arm64 Compiling\ WatchingPathable.swift /Users/admin/builder/spi-builder-workspace/Sources/Ocha/WatchingPathable.swift (in target 'Ocha' from project 'Ocha')
SwiftCompile normal arm64 /Users/admin/builder/spi-builder-workspace/Sources/Ocha/WatchingPathable.swift (in target 'Ocha' from project 'Ocha')
cd /Users/admin/builder/spi-builder-workspace/.swiftpm/xcode
builtin-SwiftPerFileCompile WatchingPathable.swift
SwiftCompile normal arm64 Compiling\ Event.swift /Users/admin/builder/spi-builder-workspace/Sources/Ocha/Event.swift (in target 'Ocha' from project 'Ocha')
SwiftCompile normal arm64 /Users/admin/builder/spi-builder-workspace/Sources/Ocha/Event.swift (in target 'Ocha' from project 'Ocha')
cd /Users/admin/builder/spi-builder-workspace/.swiftpm/xcode
builtin-SwiftPerFileCompile Event.swift
SwiftEmitModule normal arm64 Emitting\ module\ for\ Ocha (in target 'Ocha' from project 'Ocha')
/Users/admin/builder/spi-builder-workspace/Sources/Ocha/EventSet.swift:17:49: error: cannot find 'kFSEventStreamEventFlagNone' in scope
15 | }
16 |
17 | public static let none = EventSet(rawValue: kFSEventStreamEventFlagNone) // 0
| `- error: cannot find 'kFSEventStreamEventFlagNone' in scope
18 | public static let mustScanSubDirs = EventSet(rawValue: kFSEventStreamEventFlagMustScanSubDirs) // 1
19 | public static let userDropped = EventSet(rawValue: kFSEventStreamEventFlagUserDropped) // 2
/Users/admin/builder/spi-builder-workspace/Sources/Ocha/EventSet.swift:18:60: error: cannot find 'kFSEventStreamEventFlagMustScanSubDirs' in scope
16 |
17 | public static let none = EventSet(rawValue: kFSEventStreamEventFlagNone) // 0
18 | public static let mustScanSubDirs = EventSet(rawValue: kFSEventStreamEventFlagMustScanSubDirs) // 1
| `- error: cannot find 'kFSEventStreamEventFlagMustScanSubDirs' in scope
19 | public static let userDropped = EventSet(rawValue: kFSEventStreamEventFlagUserDropped) // 2
20 | public static let kernelDropped = EventSet(rawValue: kFSEventStreamEventFlagKernelDropped) // 4
/Users/admin/builder/spi-builder-workspace/Sources/Ocha/EventSet.swift:19:56: error: cannot find 'kFSEventStreamEventFlagUserDropped' in scope
17 | public static let none = EventSet(rawValue: kFSEventStreamEventFlagNone) // 0
18 | public static let mustScanSubDirs = EventSet(rawValue: kFSEventStreamEventFlagMustScanSubDirs) // 1
19 | public static let userDropped = EventSet(rawValue: kFSEventStreamEventFlagUserDropped) // 2
| `- error: cannot find 'kFSEventStreamEventFlagUserDropped' in scope
20 | public static let kernelDropped = EventSet(rawValue: kFSEventStreamEventFlagKernelDropped) // 4
21 | public static let eventIdsWrapped = EventSet(rawValue: kFSEventStreamEventFlagEventIdsWrapped) // 8
/Users/admin/builder/spi-builder-workspace/Sources/Ocha/EventSet.swift:20:58: error: cannot find 'kFSEventStreamEventFlagKernelDropped' in scope
18 | public static let mustScanSubDirs = EventSet(rawValue: kFSEventStreamEventFlagMustScanSubDirs) // 1
19 | public static let userDropped = EventSet(rawValue: kFSEventStreamEventFlagUserDropped) // 2
20 | public static let kernelDropped = EventSet(rawValue: kFSEventStreamEventFlagKernelDropped) // 4
| `- error: cannot find 'kFSEventStreamEventFlagKernelDropped' in scope
21 | public static let eventIdsWrapped = EventSet(rawValue: kFSEventStreamEventFlagEventIdsWrapped) // 8
22 | public static let historyDone = EventSet(rawValue: kFSEventStreamEventFlagHistoryDone) // 16
/Users/admin/builder/spi-builder-workspace/Sources/Ocha/EventSet.swift:21:60: error: cannot find 'kFSEventStreamEventFlagEventIdsWrapped' in scope
19 | public static let userDropped = EventSet(rawValue: kFSEventStreamEventFlagUserDropped) // 2
20 | public static let kernelDropped = EventSet(rawValue: kFSEventStreamEventFlagKernelDropped) // 4
21 | public static let eventIdsWrapped = EventSet(rawValue: kFSEventStreamEventFlagEventIdsWrapped) // 8
| `- error: cannot find 'kFSEventStreamEventFlagEventIdsWrapped' in scope
22 | public static let historyDone = EventSet(rawValue: kFSEventStreamEventFlagHistoryDone) // 16
23 | public static let rootChanged = EventSet(rawValue: kFSEventStreamEventFlagRootChanged) // 32
/Users/admin/builder/spi-builder-workspace/Sources/Ocha/EventSet.swift:22:56: error: cannot find 'kFSEventStreamEventFlagHistoryDone' in scope
20 | public static let kernelDropped = EventSet(rawValue: kFSEventStreamEventFlagKernelDropped) // 4
21 | public static let eventIdsWrapped = EventSet(rawValue: kFSEventStreamEventFlagEventIdsWrapped) // 8
22 | public static let historyDone = EventSet(rawValue: kFSEventStreamEventFlagHistoryDone) // 16
| `- error: cannot find 'kFSEventStreamEventFlagHistoryDone' in scope
23 | public static let rootChanged = EventSet(rawValue: kFSEventStreamEventFlagRootChanged) // 32
24 | public static let mount = EventSet(rawValue: kFSEventStreamEventFlagMount) // 64
/Users/admin/builder/spi-builder-workspace/Sources/Ocha/EventSet.swift:23:56: error: cannot find 'kFSEventStreamEventFlagRootChanged' in scope
21 | public static let eventIdsWrapped = EventSet(rawValue: kFSEventStreamEventFlagEventIdsWrapped) // 8
22 | public static let historyDone = EventSet(rawValue: kFSEventStreamEventFlagHistoryDone) // 16
23 | public static let rootChanged = EventSet(rawValue: kFSEventStreamEventFlagRootChanged) // 32
| `- error: cannot find 'kFSEventStreamEventFlagRootChanged' in scope
24 | public static let mount = EventSet(rawValue: kFSEventStreamEventFlagMount) // 64
25 | public static let unmount = EventSet(rawValue: kFSEventStreamEventFlagUnmount) // 128
/Users/admin/builder/spi-builder-workspace/Sources/Ocha/EventSet.swift:24:50: error: cannot find 'kFSEventStreamEventFlagMount' in scope
22 | public static let historyDone = EventSet(rawValue: kFSEventStreamEventFlagHistoryDone) // 16
23 | public static let rootChanged = EventSet(rawValue: kFSEventStreamEventFlagRootChanged) // 32
24 | public static let mount = EventSet(rawValue: kFSEventStreamEventFlagMount) // 64
| `- error: cannot find 'kFSEventStreamEventFlagMount' in scope
25 | public static let unmount = EventSet(rawValue: kFSEventStreamEventFlagUnmount) // 128
26 | public static let itemCreated = EventSet(rawValue: kFSEventStreamEventFlagItemCreated) // 256
/Users/admin/builder/spi-builder-workspace/Sources/Ocha/EventSet.swift:25:52: error: cannot find 'kFSEventStreamEventFlagUnmount' in scope
23 | public static let rootChanged = EventSet(rawValue: kFSEventStreamEventFlagRootChanged) // 32
24 | public static let mount = EventSet(rawValue: kFSEventStreamEventFlagMount) // 64
25 | public static let unmount = EventSet(rawValue: kFSEventStreamEventFlagUnmount) // 128
| `- error: cannot find 'kFSEventStreamEventFlagUnmount' in scope
26 | public static let itemCreated = EventSet(rawValue: kFSEventStreamEventFlagItemCreated) // 256
27 | public static let itemRemoved = EventSet(rawValue: kFSEventStreamEventFlagItemRemoved) // 512
/Users/admin/builder/spi-builder-workspace/Sources/Ocha/EventSet.swift:26:56: error: cannot find 'kFSEventStreamEventFlagItemCreated' in scope
24 | public static let mount = EventSet(rawValue: kFSEventStreamEventFlagMount) // 64
25 | public static let unmount = EventSet(rawValue: kFSEventStreamEventFlagUnmount) // 128
26 | public static let itemCreated = EventSet(rawValue: kFSEventStreamEventFlagItemCreated) // 256
| `- error: cannot find 'kFSEventStreamEventFlagItemCreated' in scope
27 | public static let itemRemoved = EventSet(rawValue: kFSEventStreamEventFlagItemRemoved) // 512
28 | public static let itemInodeMetaMod = EventSet(rawValue: kFSEventStreamEventFlagItemInodeMetaMod) // 1024
/Users/admin/builder/spi-builder-workspace/Sources/Ocha/EventSet.swift:27:56: error: cannot find 'kFSEventStreamEventFlagItemRemoved' in scope
25 | public static let unmount = EventSet(rawValue: kFSEventStreamEventFlagUnmount) // 128
26 | public static let itemCreated = EventSet(rawValue: kFSEventStreamEventFlagItemCreated) // 256
27 | public static let itemRemoved = EventSet(rawValue: kFSEventStreamEventFlagItemRemoved) // 512
| `- error: cannot find 'kFSEventStreamEventFlagItemRemoved' in scope
28 | public static let itemInodeMetaMod = EventSet(rawValue: kFSEventStreamEventFlagItemInodeMetaMod) // 1024
29 | public static let itemRenamed = EventSet(rawValue: kFSEventStreamEventFlagItemRenamed) // 2048
/Users/admin/builder/spi-builder-workspace/Sources/Ocha/EventSet.swift:28:61: error: cannot find 'kFSEventStreamEventFlagItemInodeMetaMod' in scope
26 | public static let itemCreated = EventSet(rawValue: kFSEventStreamEventFlagItemCreated) // 256
27 | public static let itemRemoved = EventSet(rawValue: kFSEventStreamEventFlagItemRemoved) // 512
28 | public static let itemInodeMetaMod = EventSet(rawValue: kFSEventStreamEventFlagItemInodeMetaMod) // 1024
| `- error: cannot find 'kFSEventStreamEventFlagItemInodeMetaMod' in scope
29 | public static let itemRenamed = EventSet(rawValue: kFSEventStreamEventFlagItemRenamed) // 2048
30 | public static let itemModified = EventSet(rawValue: kFSEventStreamEventFlagItemModified) // 4096
/Users/admin/builder/spi-builder-workspace/Sources/Ocha/EventSet.swift:29:56: error: cannot find 'kFSEventStreamEventFlagItemRenamed' in scope
27 | public static let itemRemoved = EventSet(rawValue: kFSEventStreamEventFlagItemRemoved) // 512
28 | public static let itemInodeMetaMod = EventSet(rawValue: kFSEventStreamEventFlagItemInodeMetaMod) // 1024
29 | public static let itemRenamed = EventSet(rawValue: kFSEventStreamEventFlagItemRenamed) // 2048
| `- error: cannot find 'kFSEventStreamEventFlagItemRenamed' in scope
30 | public static let itemModified = EventSet(rawValue: kFSEventStreamEventFlagItemModified) // 4096
31 | public static let itemFinderInfoMod = EventSet(rawValue: kFSEventStreamEventFlagItemFinderInfoMod) // 8192
/Users/admin/builder/spi-builder-workspace/Sources/Ocha/EventSet.swift:30:57: error: cannot find 'kFSEventStreamEventFlagItemModified' in scope
28 | public static let itemInodeMetaMod = EventSet(rawValue: kFSEventStreamEventFlagItemInodeMetaMod) // 1024
29 | public static let itemRenamed = EventSet(rawValue: kFSEventStreamEventFlagItemRenamed) // 2048
30 | public static let itemModified = EventSet(rawValue: kFSEventStreamEventFlagItemModified) // 4096
| `- error: cannot find 'kFSEventStreamEventFlagItemModified' in scope
31 | public static let itemFinderInfoMod = EventSet(rawValue: kFSEventStreamEventFlagItemFinderInfoMod) // 8192
32 | public static let itemChangeOwner = EventSet(rawValue: kFSEventStreamEventFlagItemChangeOwner) // 16384
/Users/admin/builder/spi-builder-workspace/Sources/Ocha/EventSet.swift:31:62: error: cannot find 'kFSEventStreamEventFlagItemFinderInfoMod' in scope
29 | public static let itemRenamed = EventSet(rawValue: kFSEventStreamEventFlagItemRenamed) // 2048
30 | public static let itemModified = EventSet(rawValue: kFSEventStreamEventFlagItemModified) // 4096
31 | public static let itemFinderInfoMod = EventSet(rawValue: kFSEventStreamEventFlagItemFinderInfoMod) // 8192
| `- error: cannot find 'kFSEventStreamEventFlagItemFinderInfoMod' in scope
32 | public static let itemChangeOwner = EventSet(rawValue: kFSEventStreamEventFlagItemChangeOwner) // 16384
33 | public static let itemXattrMod = EventSet(rawValue: kFSEventStreamEventFlagItemXattrMod) // 32768
/Users/admin/builder/spi-builder-workspace/Sources/Ocha/EventSet.swift:32:60: error: cannot find 'kFSEventStreamEventFlagItemChangeOwner' in scope
30 | public static let itemModified = EventSet(rawValue: kFSEventStreamEventFlagItemModified) // 4096
31 | public static let itemFinderInfoMod = EventSet(rawValue: kFSEventStreamEventFlagItemFinderInfoMod) // 8192
32 | public static let itemChangeOwner = EventSet(rawValue: kFSEventStreamEventFlagItemChangeOwner) // 16384
| `- error: cannot find 'kFSEventStreamEventFlagItemChangeOwner' in scope
33 | public static let itemXattrMod = EventSet(rawValue: kFSEventStreamEventFlagItemXattrMod) // 32768
34 | public static let itemIsFile = EventSet(rawValue: kFSEventStreamEventFlagItemIsFile) // 65536
/Users/admin/builder/spi-builder-workspace/Sources/Ocha/EventSet.swift:33:57: error: cannot find 'kFSEventStreamEventFlagItemXattrMod' in scope
31 | public static let itemFinderInfoMod = EventSet(rawValue: kFSEventStreamEventFlagItemFinderInfoMod) // 8192
32 | public static let itemChangeOwner = EventSet(rawValue: kFSEventStreamEventFlagItemChangeOwner) // 16384
33 | public static let itemXattrMod = EventSet(rawValue: kFSEventStreamEventFlagItemXattrMod) // 32768
| `- error: cannot find 'kFSEventStreamEventFlagItemXattrMod' in scope
34 | public static let itemIsFile = EventSet(rawValue: kFSEventStreamEventFlagItemIsFile) // 65536
35 | public static let itemIsDir = EventSet(rawValue: kFSEventStreamEventFlagItemIsDir) // 131072
/Users/admin/builder/spi-builder-workspace/Sources/Ocha/EventSet.swift:34:55: error: cannot find 'kFSEventStreamEventFlagItemIsFile' in scope
32 | public static let itemChangeOwner = EventSet(rawValue: kFSEventStreamEventFlagItemChangeOwner) // 16384
33 | public static let itemXattrMod = EventSet(rawValue: kFSEventStreamEventFlagItemXattrMod) // 32768
34 | public static let itemIsFile = EventSet(rawValue: kFSEventStreamEventFlagItemIsFile) // 65536
| `- error: cannot find 'kFSEventStreamEventFlagItemIsFile' in scope
35 | public static let itemIsDir = EventSet(rawValue: kFSEventStreamEventFlagItemIsDir) // 131072
36 | public static let itemIsSymlink = EventSet(rawValue: kFSEventStreamEventFlagItemIsSymlink) // 262144
/Users/admin/builder/spi-builder-workspace/Sources/Ocha/EventSet.swift:35:54: error: cannot find 'kFSEventStreamEventFlagItemIsDir' in scope
33 | public static let itemXattrMod = EventSet(rawValue: kFSEventStreamEventFlagItemXattrMod) // 32768
34 | public static let itemIsFile = EventSet(rawValue: kFSEventStreamEventFlagItemIsFile) // 65536
35 | public static let itemIsDir = EventSet(rawValue: kFSEventStreamEventFlagItemIsDir) // 131072
| `- error: cannot find 'kFSEventStreamEventFlagItemIsDir' in scope
36 | public static let itemIsSymlink = EventSet(rawValue: kFSEventStreamEventFlagItemIsSymlink) // 262144
37 | public static let ownEvent = EventSet(rawValue: kFSEventStreamEventFlagOwnEvent) // 524288
/Users/admin/builder/spi-builder-workspace/Sources/Ocha/EventSet.swift:36:58: error: cannot find 'kFSEventStreamEventFlagItemIsSymlink' in scope
34 | public static let itemIsFile = EventSet(rawValue: kFSEventStreamEventFlagItemIsFile) // 65536
35 | public static let itemIsDir = EventSet(rawValue: kFSEventStreamEventFlagItemIsDir) // 131072
36 | public static let itemIsSymlink = EventSet(rawValue: kFSEventStreamEventFlagItemIsSymlink) // 262144
| `- error: cannot find 'kFSEventStreamEventFlagItemIsSymlink' in scope
37 | public static let ownEvent = EventSet(rawValue: kFSEventStreamEventFlagOwnEvent) // 524288
38 | public static let itemIsHardlink = EventSet(rawValue: kFSEventStreamEventFlagItemIsHardlink) // 1048576
/Users/admin/builder/spi-builder-workspace/Sources/Ocha/EventSet.swift:37:53: error: cannot find 'kFSEventStreamEventFlagOwnEvent' in scope
35 | public static let itemIsDir = EventSet(rawValue: kFSEventStreamEventFlagItemIsDir) // 131072
36 | public static let itemIsSymlink = EventSet(rawValue: kFSEventStreamEventFlagItemIsSymlink) // 262144
37 | public static let ownEvent = EventSet(rawValue: kFSEventStreamEventFlagOwnEvent) // 524288
| `- error: cannot find 'kFSEventStreamEventFlagOwnEvent' in scope
38 | public static let itemIsHardlink = EventSet(rawValue: kFSEventStreamEventFlagItemIsHardlink) // 1048576
39 | public static let itemIsLastHardlink = EventSet(rawValue: kFSEventStreamEventFlagItemIsLastHardlink) // 2097152
/Users/admin/builder/spi-builder-workspace/Sources/Ocha/EventSet.swift:38:59: error: cannot find 'kFSEventStreamEventFlagItemIsHardlink' in scope
36 | public static let itemIsSymlink = EventSet(rawValue: kFSEventStreamEventFlagItemIsSymlink) // 262144
37 | public static let ownEvent = EventSet(rawValue: kFSEventStreamEventFlagOwnEvent) // 524288
38 | public static let itemIsHardlink = EventSet(rawValue: kFSEventStreamEventFlagItemIsHardlink) // 1048576
| `- error: cannot find 'kFSEventStreamEventFlagItemIsHardlink' in scope
39 | public static let itemIsLastHardlink = EventSet(rawValue: kFSEventStreamEventFlagItemIsLastHardlink) // 2097152
40 | @available(OSX 10.13, *)
/Users/admin/builder/spi-builder-workspace/Sources/Ocha/EventSet.swift:39:63: error: cannot find 'kFSEventStreamEventFlagItemIsLastHardlink' in scope
37 | public static let ownEvent = EventSet(rawValue: kFSEventStreamEventFlagOwnEvent) // 524288
38 | public static let itemIsHardlink = EventSet(rawValue: kFSEventStreamEventFlagItemIsHardlink) // 1048576
39 | public static let itemIsLastHardlink = EventSet(rawValue: kFSEventStreamEventFlagItemIsLastHardlink) // 2097152
| `- error: cannot find 'kFSEventStreamEventFlagItemIsLastHardlink' in scope
40 | @available(OSX 10.13, *)
41 | public static let itemCloned = EventSet(rawValue: kFSEventStreamEventFlagItemCloned) // 4194304
/Users/admin/builder/spi-builder-workspace/Sources/Ocha/EventSet.swift:41:55: error: cannot find 'kFSEventStreamEventFlagItemCloned' in scope
39 | public static let itemIsLastHardlink = EventSet(rawValue: kFSEventStreamEventFlagItemIsLastHardlink) // 2097152
40 | @available(OSX 10.13, *)
41 | public static let itemCloned = EventSet(rawValue: kFSEventStreamEventFlagItemCloned) // 4194304
| `- error: cannot find 'kFSEventStreamEventFlagItemCloned' in scope
42 |
43 | public static let xcodeFileAddedFirstEventSet: EventSet = [.itemCreated, .itemRenamed, .itemModified, .itemXattrMod, .itemIsFile]
/Users/admin/builder/spi-builder-workspace/Sources/Ocha/Watcher.swift:14:32: error: cannot find 'FSEventStreamContext' in scope
12 | return UnsafeMutableRawPointer(mutating: Unmanaged.passUnretained(self).toOpaque())
13 | }
14 | private lazy var context = FSEventStreamContext(version: 0, info: pointer, retain: nil, release: nil, copyDescription: nil)
| `- error: cannot find 'FSEventStreamContext' in scope
15 | private lazy var stream: FSEventStreamRef = {
16 | let stream = FSEventStreamCreate(
/Users/admin/builder/spi-builder-workspace/Sources/Ocha/Watcher.swift:15:30: error: cannot find type 'FSEventStreamRef' in scope
13 | }
14 | private lazy var context = FSEventStreamContext(version: 0, info: pointer, retain: nil, release: nil, copyDescription: nil)
15 | private lazy var stream: FSEventStreamRef = {
| `- error: cannot find type 'FSEventStreamRef' in scope
16 | let stream = FSEventStreamCreate(
17 | kCFAllocatorDefault,
/Users/admin/builder/spi-builder-workspace/Sources/Ocha/Watcher.swift:16:22: error: cannot find 'FSEventStreamCreate' in scope
14 | private lazy var context = FSEventStreamContext(version: 0, info: pointer, retain: nil, release: nil, copyDescription: nil)
15 | private lazy var stream: FSEventStreamRef = {
16 | let stream = FSEventStreamCreate(
| `- error: cannot find 'FSEventStreamCreate' in scope
17 | kCFAllocatorDefault,
18 | _callback,
/Users/admin/builder/spi-builder-workspace/Sources/Ocha/Watcher.swift:21:13: error: cannot find 'FSEventStreamEventId' in scope
19 | &context,
20 | paths as CFArray,
21 | FSEventStreamEventId(kFSEventStreamEventIdSinceNow),
| `- error: cannot find 'FSEventStreamEventId' in scope
22 | 0,
23 | UInt32(kFSEventStreamCreateFlagUseCFTypes | kFSEventStreamCreateFlagFileEvents)
/Users/admin/builder/spi-builder-workspace/Sources/Ocha/Watcher.swift:21:34: error: cannot find 'kFSEventStreamEventIdSinceNow' in scope
19 | &context,
20 | paths as CFArray,
21 | FSEventStreamEventId(kFSEventStreamEventIdSinceNow),
| `- error: cannot find 'kFSEventStreamEventIdSinceNow' in scope
22 | 0,
23 | UInt32(kFSEventStreamCreateFlagUseCFTypes | kFSEventStreamCreateFlagFileEvents)
/Users/admin/builder/spi-builder-workspace/Sources/Ocha/Watcher.swift:23:20: error: cannot find 'kFSEventStreamCreateFlagUseCFTypes' in scope
21 | FSEventStreamEventId(kFSEventStreamEventIdSinceNow),
22 | 0,
23 | UInt32(kFSEventStreamCreateFlagUseCFTypes | kFSEventStreamCreateFlagFileEvents)
| `- error: cannot find 'kFSEventStreamCreateFlagUseCFTypes' in scope
24 | )!
25 | return stream
/Users/admin/builder/spi-builder-workspace/Sources/Ocha/Watcher.swift:23:57: error: cannot find 'kFSEventStreamCreateFlagFileEvents' in scope
21 | FSEventStreamEventId(kFSEventStreamEventIdSinceNow),
22 | 0,
23 | UInt32(kFSEventStreamCreateFlagUseCFTypes | kFSEventStreamCreateFlagFileEvents)
| `- error: cannot find 'kFSEventStreamCreateFlagFileEvents' in scope
24 | )!
25 | return stream
/Users/admin/builder/spi-builder-workspace/Sources/Ocha/Watcher.swift:35:28: error: cannot find type 'FSEventStreamCallback' in scope
33 | }
34 |
35 | private var _callback: FSEventStreamCallback = { (stream, contextInfo, numEvents, eventPaths, eventFlags, eventIds) in
| `- error: cannot find type 'FSEventStreamCallback' in scope
36 | let watcher = unsafeBitCast(contextInfo, to: Watcher.self)
37 | guard let paths = unsafeBitCast(eventPaths, to: NSArray.self) as? [String] else {
/Users/admin/builder/spi-builder-workspace/Sources/Ocha/Watcher.swift:15:49: error: failed to produce diagnostic for expression; please submit a bug report (https://swift.org/contributing/#reporting-bugs)
13 | }
14 | private lazy var context = FSEventStreamContext(version: 0, info: pointer, retain: nil, release: nil, copyDescription: nil)
15 | private lazy var stream: FSEventStreamRef = {
| `- error: failed to produce diagnostic for expression; please submit a bug report (https://swift.org/contributing/#reporting-bugs)
16 | let stream = FSEventStreamCreate(
17 | kCFAllocatorDefault,
Failed frontend command:
/Applications/Xcode-27.0.0-Release.Candidate.app/Contents/Developer/Toolchains/XcodeDefault.xctoolchain/usr/bin/swift-frontend -frontend -emit-module -experimental-skip-non-inlinable-function-bodies-without-types /Users/admin/builder/spi-builder-workspace/Sources/Ocha/Event.swift /Users/admin/builder/spi-builder-workspace/Sources/Ocha/EventSet.swift /Users/admin/builder/spi-builder-workspace/Sources/Ocha/Watcher.swift /Users/admin/builder/spi-builder-workspace/Sources/Ocha/WatchingPathable.swift -target arm64-apple-tvos15.0 -disable-cross-import-overlay-search -load-resolved-plugin /Applications/Xcode-27.0.0-Release.Candidate.app/Contents/Developer/Platforms/AppleTVOS.platform/Developer/usr/lib/swift/host/plugins/libFoundationMacros.dylib\#/Applications/Xcode-27.0.0-Release.Candidate.app/Contents/Developer/Platforms/AppleTVOS.platform/Developer/usr/bin/swift-plugin-server\#FoundationMacros -load-resolved-plugin /Applications/Xcode-27.0.0-Release.Candidate.app/Contents/Developer/Platforms/AppleTVOS.platform/Developer/usr/lib/swift/host/plugins/libObservationMacros.dylib\#/Applications/Xcode-27.0.0-Release.Candidate.app/Contents/Developer/Platforms/AppleTVOS.platform/Developer/usr/bin/swift-plugin-server\#ObservationMacros -load-resolved-plugin /Applications/Xcode-27.0.0-Release.Candidate.app/Contents/Developer/Platforms/AppleTVOS.platform/Developer/usr/lib/swift/host/plugins/libSwiftMacros.dylib\#/Applications/Xcode-27.0.0-Release.Candidate.app/Contents/Developer/Platforms/AppleTVOS.platform/Developer/usr/bin/swift-plugin-server\#SwiftMacros -disable-implicit-swift-modules -Xcc -fno-implicit-modules -Xcc -fno-implicit-module-maps -explicit-swift-module-map-file /Users/admin/builder/spi-builder-workspace/.derivedData/Build/Intermediates.noindex/Ocha.build/Debug-appletvos/Ocha-t.build/Objects-normal/arm64/Ocha-dependencies-1.json -Xllvm -aarch64-use-tbi -enable-objc-interop -stack-check -sdk /Applications/Xcode-27.0.0-Release.Candidate.app/Contents/Developer/Platforms/AppleTVOS.platform/Developer/SDKs/AppleTVOS27.0.sdk -I /Users/admin/builder/spi-builder-workspace/.derivedData/Build/Products/Debug-appletvos -Isystem /Applications/Xcode-27.0.0-Release.Candidate.app/Contents/Developer/Platforms/AppleTVOS.platform/Developer/usr/lib -F /Users/admin/builder/spi-builder-workspace/.derivedData/Build/Products/Debug-appletvos -F /Applications/Xcode-27.0.0-Release.Candidate.app/Contents/Developer/Platforms/AppleTVOS.platform/Developer/Library/Frameworks -F /Applications/Xcode-27.0.0-Release.Candidate.app/Contents/Developer/Platforms/AppleTVOS.platform/Developer/SDKs/AppleTVOS27.0.sdk/Developer/Library/Frameworks -module-cache-path /Users/admin/builder/spi-builder-workspace/.derivedData/Build/Intermediates.noindex/SwiftExplicitPrecompiledModules -no-color-diagnostics -Xcc -fno-color-diagnostics -enable-testing -g -debug-info-format\=dwarf -dwarf-version\=4 -profile-generate -profile-coverage-mapping -swift-version 5 -Onone -D SWIFT_PACKAGE -D DEBUG -D SWIFT_MODULE_RESOURCE_BUNDLE_UNAVAILABLE -D Xcode -serialize-debugging-options -enable-experimental-feature DebugDescriptionMacro -empty-abi-descriptor -validate-clang-modules-once -clang-build-session-file /Users/admin/builder/spi-builder-workspace/.derivedData/ModuleCache.noindex/Session.modulevalidation -Xcc -working-directory -Xcc /Users/admin/builder/spi-builder-workspace/.swiftpm/xcode -enable-anonymous-context-mangled-names -file-compilation-dir /Users/admin/builder/spi-builder-workspace/.swiftpm/xcode -Xcc -D_LIBCPP_HARDENING_MODE\=_LIBCPP_HARDENING_MODE_DEBUG -Xcc -ivfsstatcache -Xcc /Users/admin/builder/spi-builder-workspace/.derivedData/SDKStatCaches.noindex/appletvos27.0-24J360-e829b21a6f8c9b70876ba0858053c044b32bfd8d43560033f8d89884cdb90028.sdkstatcache -Xcc -fmodules-prune-interval\=86400 -Xcc -fmodules-prune-after\=345600 -Xcc -I/Users/admin/builder/spi-builder-workspace/.derivedData/Build/Products/Debug-appletvos/include -Xcc -I/Users/admin/builder/spi-builder-workspace/.derivedData/Build/Intermediates.noindex/Ocha.build/Debug-appletvos/Ocha-t.build/DerivedSources-normal/arm64 -Xcc -I/Users/admin/builder/spi-builder-workspace/.derivedData/Build/Intermediates.noindex/Ocha.build/Debug-appletvos/Ocha-t.build/DerivedSources/arm64 -Xcc -I/Users/admin/builder/spi-builder-workspace/.derivedData/Build/Intermediates.noindex/Ocha.build/Debug-appletvos/Ocha-t.build/DerivedSources -Xcc -DSWIFT_PACKAGE -Xcc -DDEBUG\=1 -no-auto-bridging-header-chaining -module-name Ocha -const-gather-protocols-file /Users/admin/builder/spi-builder-workspace/.derivedData/Build/Intermediates.noindex/Ocha.build/Debug-appletvos/Ocha-t.build/Objects-normal/arm64/Ocha_const_extract_protocols.json -disable-clang-spi -clang-target arm64-apple-tvos27.0 -target-sdk-version 27.0 -target-sdk-name appletvos27.0 -in-process-plugin-server-path /Applications/Xcode-27.0.0-Release.Candidate.app/Contents/Developer/Toolchains/XcodeDefault.xctoolchain/usr/lib/swift/host/libSwiftInProcPluginServer.dylib -emit-module-doc-path /Users/admin/builder/spi-builder-workspace/.derivedData/Build/Intermediates.noindex/Ocha.build/Debug-appletvos/Ocha-t.build/Objects-normal/arm64/Ocha.swiftdoc -emit-module-source-info-path /Users/admin/builder/spi-builder-workspace/.derivedData/Build/Intermediates.noindex/Ocha.build/Debug-appletvos/Ocha-t.build/Objects-normal/arm64/Ocha.swiftsourceinfo -emit-objc-header-path /Users/admin/builder/spi-builder-workspace/.derivedData/Build/Intermediates.noindex/Ocha.build/Debug-appletvos/Ocha-t.build/Objects-normal/arm64/Ocha-Swift.h -serialize-diagnostics-path /Users/admin/builder/spi-builder-workspace/.derivedData/Build/Intermediates.noindex/Ocha.build/Debug-appletvos/Ocha-t.build/Objects-normal/arm64/Ocha-primary-emit-module.dia -emit-dependencies-path /Users/admin/builder/spi-builder-workspace/.derivedData/Build/Intermediates.noindex/Ocha.build/Debug-appletvos/Ocha-t.build/Objects-normal/arm64/Ocha-primary-emit-module.d -parse-as-library -o /Users/admin/builder/spi-builder-workspace/.derivedData/Build/Intermediates.noindex/Ocha.build/Debug-appletvos/Ocha-t.build/Objects-normal/arm64/Ocha.swiftmodule -emit-abi-descriptor-path /Users/admin/builder/spi-builder-workspace/.derivedData/Build/Intermediates.noindex/Ocha.build/Debug-appletvos/Ocha-t.build/Objects-normal/arm64/Ocha.abi.json
SwiftCompile normal arm64 (in target 'Ocha' from project 'Ocha')
cd /Users/admin/builder/spi-builder-workspace/.swiftpm/xcode
SwiftCompile normal arm64 Compiling\ Watcher.swift /Users/admin/builder/spi-builder-workspace/Sources/Ocha/Watcher.swift (in target 'Ocha' from project 'Ocha')
/Users/admin/builder/spi-builder-workspace/Sources/Ocha/Watcher.swift:14:32: error: cannot find 'FSEventStreamContext' in scope
12 | return UnsafeMutableRawPointer(mutating: Unmanaged.passUnretained(self).toOpaque())
13 | }
14 | private lazy var context = FSEventStreamContext(version: 0, info: pointer, retain: nil, release: nil, copyDescription: nil)
| `- error: cannot find 'FSEventStreamContext' in scope
15 | private lazy var stream: FSEventStreamRef = {
16 | let stream = FSEventStreamCreate(
/Users/admin/builder/spi-builder-workspace/Sources/Ocha/Watcher.swift:15:30: error: cannot find type 'FSEventStreamRef' in scope
13 | }
14 | private lazy var context = FSEventStreamContext(version: 0, info: pointer, retain: nil, release: nil, copyDescription: nil)
15 | private lazy var stream: FSEventStreamRef = {
| `- error: cannot find type 'FSEventStreamRef' in scope
16 | let stream = FSEventStreamCreate(
17 | kCFAllocatorDefault,
/Users/admin/builder/spi-builder-workspace/Sources/Ocha/Watcher.swift:16:22: error: cannot find 'FSEventStreamCreate' in scope
14 | private lazy var context = FSEventStreamContext(version: 0, info: pointer, retain: nil, release: nil, copyDescription: nil)
15 | private lazy var stream: FSEventStreamRef = {
16 | let stream = FSEventStreamCreate(
| `- error: cannot find 'FSEventStreamCreate' in scope
17 | kCFAllocatorDefault,
18 | _callback,
/Users/admin/builder/spi-builder-workspace/Sources/Ocha/Watcher.swift:21:13: error: cannot find 'FSEventStreamEventId' in scope
19 | &context,
20 | paths as CFArray,
21 | FSEventStreamEventId(kFSEventStreamEventIdSinceNow),
| `- error: cannot find 'FSEventStreamEventId' in scope
22 | 0,
23 | UInt32(kFSEventStreamCreateFlagUseCFTypes | kFSEventStreamCreateFlagFileEvents)
/Users/admin/builder/spi-builder-workspace/Sources/Ocha/Watcher.swift:21:34: error: cannot find 'kFSEventStreamEventIdSinceNow' in scope
19 | &context,
20 | paths as CFArray,
21 | FSEventStreamEventId(kFSEventStreamEventIdSinceNow),
| `- error: cannot find 'kFSEventStreamEventIdSinceNow' in scope
22 | 0,
23 | UInt32(kFSEventStreamCreateFlagUseCFTypes | kFSEventStreamCreateFlagFileEvents)
/Users/admin/builder/spi-builder-workspace/Sources/Ocha/Watcher.swift:23:20: error: cannot find 'kFSEventStreamCreateFlagUseCFTypes' in scope
21 | FSEventStreamEventId(kFSEventStreamEventIdSinceNow),
22 | 0,
23 | UInt32(kFSEventStreamCreateFlagUseCFTypes | kFSEventStreamCreateFlagFileEvents)
| `- error: cannot find 'kFSEventStreamCreateFlagUseCFTypes' in scope
24 | )!
25 | return stream
/Users/admin/builder/spi-builder-workspace/Sources/Ocha/Watcher.swift:23:57: error: cannot find 'kFSEventStreamCreateFlagFileEvents' in scope
21 | FSEventStreamEventId(kFSEventStreamEventIdSinceNow),
22 | 0,
23 | UInt32(kFSEventStreamCreateFlagUseCFTypes | kFSEventStreamCreateFlagFileEvents)
| `- error: cannot find 'kFSEventStreamCreateFlagFileEvents' in scope
24 | )!
25 | return stream
/Users/admin/builder/spi-builder-workspace/Sources/Ocha/Watcher.swift:35:28: error: cannot find type 'FSEventStreamCallback' in scope
33 | }
34 |
35 | private var _callback: FSEventStreamCallback = { (stream, contextInfo, numEvents, eventPaths, eventFlags, eventIds) in
| `- error: cannot find type 'FSEventStreamCallback' in scope
36 | let watcher = unsafeBitCast(contextInfo, to: Watcher.self)
37 | guard let paths = unsafeBitCast(eventPaths, to: NSArray.self) as? [String] else {
/Users/admin/builder/spi-builder-workspace/Sources/Ocha/Watcher.swift:15:49: error: failed to produce diagnostic for expression; please submit a bug report (https://swift.org/contributing/#reporting-bugs)
13 | }
14 | private lazy var context = FSEventStreamContext(version: 0, info: pointer, retain: nil, release: nil, copyDescription: nil)
15 | private lazy var stream: FSEventStreamRef = {
| `- error: failed to produce diagnostic for expression; please submit a bug report (https://swift.org/contributing/#reporting-bugs)
16 | let stream = FSEventStreamCreate(
17 | kCFAllocatorDefault,
/Users/admin/builder/spi-builder-workspace/Sources/Ocha/Watcher.swift:54:9: error: cannot find 'FSEventStreamScheduleWithRunLoop' in scope
52 | public func start(_ callback: @escaping CallBack) {
53 | self.callback = callback
54 | FSEventStreamScheduleWithRunLoop(stream, CFRunLoopGetMain(), CFRunLoopMode.defaultMode.rawValue)
| `- error: cannot find 'FSEventStreamScheduleWithRunLoop' in scope
55 | FSEventStreamStart(stream)
56 | }
/Users/admin/builder/spi-builder-workspace/Sources/Ocha/Watcher.swift:54:9: error: failed to produce diagnostic for expression; please submit a bug report (https://swift.org/contributing/#reporting-bugs)
52 | public func start(_ callback: @escaping CallBack) {
53 | self.callback = callback
54 | FSEventStreamScheduleWithRunLoop(stream, CFRunLoopGetMain(), CFRunLoopMode.defaultMode.rawValue)
| `- error: failed to produce diagnostic for expression; please submit a bug report (https://swift.org/contributing/#reporting-bugs)
55 | FSEventStreamStart(stream)
56 | }
/Users/admin/builder/spi-builder-workspace/Sources/Ocha/Watcher.swift:55:9: error: cannot find 'FSEventStreamStart' in scope
53 | self.callback = callback
54 | FSEventStreamScheduleWithRunLoop(stream, CFRunLoopGetMain(), CFRunLoopMode.defaultMode.rawValue)
55 | FSEventStreamStart(stream)
| `- error: cannot find 'FSEventStreamStart' in scope
56 | }
57 |
/Users/admin/builder/spi-builder-workspace/Sources/Ocha/Watcher.swift:63:9: error: cannot find 'FSEventStreamStop' in scope
61 |
62 | public func stop() {
63 | FSEventStreamStop(stream)
| `- error: cannot find 'FSEventStreamStop' in scope
64 | }
65 |
SwiftCompile normal arm64 /Users/admin/builder/spi-builder-workspace/Sources/Ocha/Watcher.swift (in target 'Ocha' from project 'Ocha')
cd /Users/admin/builder/spi-builder-workspace/.swiftpm/xcode
builtin-SwiftPerFileCompile Watcher.swift
SwiftCompile normal arm64 Compiling\ EventSet.swift /Users/admin/builder/spi-builder-workspace/Sources/Ocha/EventSet.swift (in target 'Ocha' from project 'Ocha')
/Users/admin/builder/spi-builder-workspace/Sources/Ocha/EventSet.swift:17:49: error: cannot find 'kFSEventStreamEventFlagNone' in scope
15 | }
16 |
17 | public static let none = EventSet(rawValue: kFSEventStreamEventFlagNone) // 0
| `- error: cannot find 'kFSEventStreamEventFlagNone' in scope
18 | public static let mustScanSubDirs = EventSet(rawValue: kFSEventStreamEventFlagMustScanSubDirs) // 1
19 | public static let userDropped = EventSet(rawValue: kFSEventStreamEventFlagUserDropped) // 2
/Users/admin/builder/spi-builder-workspace/Sources/Ocha/EventSet.swift:18:60: error: cannot find 'kFSEventStreamEventFlagMustScanSubDirs' in scope
16 |
17 | public static let none = EventSet(rawValue: kFSEventStreamEventFlagNone) // 0
18 | public static let mustScanSubDirs = EventSet(rawValue: kFSEventStreamEventFlagMustScanSubDirs) // 1
| `- error: cannot find 'kFSEventStreamEventFlagMustScanSubDirs' in scope
19 | public static let userDropped = EventSet(rawValue: kFSEventStreamEventFlagUserDropped) // 2
20 | public static let kernelDropped = EventSet(rawValue: kFSEventStreamEventFlagKernelDropped) // 4
/Users/admin/builder/spi-builder-workspace/Sources/Ocha/EventSet.swift:19:56: error: cannot find 'kFSEventStreamEventFlagUserDropped' in scope
17 | public static let none = EventSet(rawValue: kFSEventStreamEventFlagNone) // 0
18 | public static let mustScanSubDirs = EventSet(rawValue: kFSEventStreamEventFlagMustScanSubDirs) // 1
19 | public static let userDropped = EventSet(rawValue: kFSEventStreamEventFlagUserDropped) // 2
| `- error: cannot find 'kFSEventStreamEventFlagUserDropped' in scope
20 | public static let kernelDropped = EventSet(rawValue: kFSEventStreamEventFlagKernelDropped) // 4
21 | public static let eventIdsWrapped = EventSet(rawValue: kFSEventStreamEventFlagEventIdsWrapped) // 8
/Users/admin/builder/spi-builder-workspace/Sources/Ocha/EventSet.swift:20:58: error: cannot find 'kFSEventStreamEventFlagKernelDropped' in scope
18 | public static let mustScanSubDirs = EventSet(rawValue: kFSEventStreamEventFlagMustScanSubDirs) // 1
19 | public static let userDropped = EventSet(rawValue: kFSEventStreamEventFlagUserDropped) // 2
20 | public static let kernelDropped = EventSet(rawValue: kFSEventStreamEventFlagKernelDropped) // 4
| `- error: cannot find 'kFSEventStreamEventFlagKernelDropped' in scope
21 | public static let eventIdsWrapped = EventSet(rawValue: kFSEventStreamEventFlagEventIdsWrapped) // 8
22 | public static let historyDone = EventSet(rawValue: kFSEventStreamEventFlagHistoryDone) // 16
/Users/admin/builder/spi-builder-workspace/Sources/Ocha/EventSet.swift:21:60: error: cannot find 'kFSEventStreamEventFlagEventIdsWrapped' in scope
19 | public static let userDropped = EventSet(rawValue: kFSEventStreamEventFlagUserDropped) // 2
20 | public static let kernelDropped = EventSet(rawValue: kFSEventStreamEventFlagKernelDropped) // 4
21 | public static let eventIdsWrapped = EventSet(rawValue: kFSEventStreamEventFlagEventIdsWrapped) // 8
| `- error: cannot find 'kFSEventStreamEventFlagEventIdsWrapped' in scope
22 | public static let historyDone = EventSet(rawValue: kFSEventStreamEventFlagHistoryDone) // 16
23 | public static let rootChanged = EventSet(rawValue: kFSEventStreamEventFlagRootChanged) // 32
/Users/admin/builder/spi-builder-workspace/Sources/Ocha/EventSet.swift:22:56: error: cannot find 'kFSEventStreamEventFlagHistoryDone' in scope
20 | public static let kernelDropped = EventSet(rawValue: kFSEventStreamEventFlagKernelDropped) // 4
21 | public static let eventIdsWrapped = EventSet(rawValue: kFSEventStreamEventFlagEventIdsWrapped) // 8
22 | public static let historyDone = EventSet(rawValue: kFSEventStreamEventFlagHistoryDone) // 16
| `- error: cannot find 'kFSEventStreamEventFlagHistoryDone' in scope
23 | public static let rootChanged = EventSet(rawValue: kFSEventStreamEventFlagRootChanged) // 32
24 | public static let mount = EventSet(rawValue: kFSEventStreamEventFlagMount) // 64
/Users/admin/builder/spi-builder-workspace/Sources/Ocha/EventSet.swift:23:56: error: cannot find 'kFSEventStreamEventFlagRootChanged' in scope
21 | public static let eventIdsWrapped = EventSet(rawValue: kFSEventStreamEventFlagEventIdsWrapped) // 8
22 | public static let historyDone = EventSet(rawValue: kFSEventStreamEventFlagHistoryDone) // 16
23 | public static let rootChanged = EventSet(rawValue: kFSEventStreamEventFlagRootChanged) // 32
| `- error: cannot find 'kFSEventStreamEventFlagRootChanged' in scope
24 | public static let mount = EventSet(rawValue: kFSEventStreamEventFlagMount) // 64
25 | public static let unmount = EventSet(rawValue: kFSEventStreamEventFlagUnmount) // 128
/Users/admin/builder/spi-builder-workspace/Sources/Ocha/EventSet.swift:24:50: error: cannot find 'kFSEventStreamEventFlagMount' in scope
22 | public static let historyDone = EventSet(rawValue: kFSEventStreamEventFlagHistoryDone) // 16
23 | public static let rootChanged = EventSet(rawValue: kFSEventStreamEventFlagRootChanged) // 32
24 | public static let mount = EventSet(rawValue: kFSEventStreamEventFlagMount) // 64
| `- error: cannot find 'kFSEventStreamEventFlagMount' in scope
25 | public static let unmount = EventSet(rawValue: kFSEventStreamEventFlagUnmount) // 128
26 | public static let itemCreated = EventSet(rawValue: kFSEventStreamEventFlagItemCreated) // 256
/Users/admin/builder/spi-builder-workspace/Sources/Ocha/EventSet.swift:25:52: error: cannot find 'kFSEventStreamEventFlagUnmount' in scope
23 | public static let rootChanged = EventSet(rawValue: kFSEventStreamEventFlagRootChanged) // 32
24 | public static let mount = EventSet(rawValue: kFSEventStreamEventFlagMount) // 64
25 | public static let unmount = EventSet(rawValue: kFSEventStreamEventFlagUnmount) // 128
| `- error: cannot find 'kFSEventStreamEventFlagUnmount' in scope
26 | public static let itemCreated = EventSet(rawValue: kFSEventStreamEventFlagItemCreated) // 256
27 | public static let itemRemoved = EventSet(rawValue: kFSEventStreamEventFlagItemRemoved) // 512
/Users/admin/builder/spi-builder-workspace/Sources/Ocha/EventSet.swift:26:56: error: cannot find 'kFSEventStreamEventFlagItemCreated' in scope
24 | public static let mount = EventSet(rawValue: kFSEventStreamEventFlagMount) // 64
25 | public static let unmount = EventSet(rawValue: kFSEventStreamEventFlagUnmount) // 128
26 | public static let itemCreated = EventSet(rawValue: kFSEventStreamEventFlagItemCreated) // 256
| `- error: cannot find 'kFSEventStreamEventFlagItemCreated' in scope
27 | public static let itemRemoved = EventSet(rawValue: kFSEventStreamEventFlagItemRemoved) // 512
28 | public static let itemInodeMetaMod = EventSet(rawValue: kFSEventStreamEventFlagItemInodeMetaMod) // 1024
/Users/admin/builder/spi-builder-workspace/Sources/Ocha/EventSet.swift:27:56: error: cannot find 'kFSEventStreamEventFlagItemRemoved' in scope
25 | public static let unmount = EventSet(rawValue: kFSEventStreamEventFlagUnmount) // 128
26 | public static let itemCreated = EventSet(rawValue: kFSEventStreamEventFlagItemCreated) // 256
27 | public static let itemRemoved = EventSet(rawValue: kFSEventStreamEventFlagItemRemoved) // 512
| `- error: cannot find 'kFSEventStreamEventFlagItemRemoved' in scope
28 | public static let itemInodeMetaMod = EventSet(rawValue: kFSEventStreamEventFlagItemInodeMetaMod) // 1024
29 | public static let itemRenamed = EventSet(rawValue: kFSEventStreamEventFlagItemRenamed) // 2048
/Users/admin/builder/spi-builder-workspace/Sources/Ocha/EventSet.swift:28:61: error: cannot find 'kFSEventStreamEventFlagItemInodeMetaMod' in scope
26 | public static let itemCreated = EventSet(rawValue: kFSEventStreamEventFlagItemCreated) // 256
27 | public static let itemRemoved = EventSet(rawValue: kFSEventStreamEventFlagItemRemoved) // 512
28 | public static let itemInodeMetaMod = EventSet(rawValue: kFSEventStreamEventFlagItemInodeMetaMod) // 1024
| `- error: cannot find 'kFSEventStreamEventFlagItemInodeMetaMod' in scope
29 | public static let itemRenamed = EventSet(rawValue: kFSEventStreamEventFlagItemRenamed) // 2048
30 | public static let itemModified = EventSet(rawValue: kFSEventStreamEventFlagItemModified) // 4096
SwiftCompile normal arm64 /Users/admin/builder/spi-builder-workspace/Sources/Ocha/EventSet.swift (in target 'Ocha' from project 'Ocha')
cd /Users/admin/builder/spi-builder-workspace/.swiftpm/xcode
builtin-SwiftPerFileCompile EventSet.swift
/Users/admin/builder/spi-builder-workspace/Sources/Ocha/EventSet.swift:29:56: error: cannot find 'kFSEventStreamEventFlagItemRenamed' in scope
27 | public static let itemRemoved = EventSet(rawValue: kFSEventStreamEventFlagItemRemoved) // 512
28 | public static let itemInodeMetaMod = EventSet(rawValue: kFSEventStreamEventFlagItemInodeMetaMod) // 1024
29 | public static let itemRenamed = EventSet(rawValue: kFSEventStreamEventFlagItemRenamed) // 2048
| `- error: cannot find 'kFSEventStreamEventFlagItemRenamed' in scope
30 | public static let itemModified = EventSet(rawValue: kFSEventStreamEventFlagItemModified) // 4096
31 | public static let itemFinderInfoMod = EventSet(rawValue: kFSEventStreamEventFlagItemFinderInfoMod) // 8192
/Users/admin/builder/spi-builder-workspace/Sources/Ocha/EventSet.swift:30:57: error: cannot find 'kFSEventStreamEventFlagItemModified' in scope
28 | public static let itemInodeMetaMod = EventSet(rawValue: kFSEventStreamEventFlagItemInodeMetaMod) // 1024
29 | public static let itemRenamed = EventSet(rawValue: kFSEventStreamEventFlagItemRenamed) // 2048
30 | public static let itemModified = EventSet(rawValue: kFSEventStreamEventFlagItemModified) // 4096
| `- error: cannot find 'kFSEventStreamEventFlagItemModified' in scope
31 | public static let itemFinderInfoMod = EventSet(rawValue: kFSEventStreamEventFlagItemFinderInfoMod) // 8192
32 | public static let itemChangeOwner = EventSet(rawValue: kFSEventStreamEventFlagItemChangeOwner) // 16384
/Users/admin/builder/spi-builder-workspace/Sources/Ocha/EventSet.swift:31:62: error: cannot find 'kFSEventStreamEventFlagItemFinderInfoMod' in scope
29 | public static let itemRenamed = EventSet(rawValue: kFSEventStreamEventFlagItemRenamed) // 2048
30 | public static let itemModified = EventSet(rawValue: kFSEventStreamEventFlagItemModified) // 4096
31 | public static let itemFinderInfoMod = EventSet(rawValue: kFSEventStreamEventFlagItemFinderInfoMod) // 8192
| `- error: cannot find 'kFSEventStreamEventFlagItemFinderInfoMod' in scope
32 | public static let itemChangeOwner = EventSet(rawValue: kFSEventStreamEventFlagItemChangeOwner) // 16384
33 | public static let itemXattrMod = EventSet(rawValue: kFSEventStreamEventFlagItemXattrMod) // 32768
/Users/admin/builder/spi-builder-workspace/Sources/Ocha/EventSet.swift:32:60: error: cannot find 'kFSEventStreamEventFlagItemChangeOwner' in scope
30 | public static let itemModified = EventSet(rawValue: kFSEventStreamEventFlagItemModified) // 4096
31 | public static let itemFinderInfoMod = EventSet(rawValue: kFSEventStreamEventFlagItemFinderInfoMod) // 8192
32 | public static let itemChangeOwner = EventSet(rawValue: kFSEventStreamEventFlagItemChangeOwner) // 16384
| `- error: cannot find 'kFSEventStreamEventFlagItemChangeOwner' in scope
33 | public static let itemXattrMod = EventSet(rawValue: kFSEventStreamEventFlagItemXattrMod) // 32768
34 | public static let itemIsFile = EventSet(rawValue: kFSEventStreamEventFlagItemIsFile) // 65536
/Users/admin/builder/spi-builder-workspace/Sources/Ocha/EventSet.swift:33:57: error: cannot find 'kFSEventStreamEventFlagItemXattrMod' in scope
31 | public static let itemFinderInfoMod = EventSet(rawValue: kFSEventStreamEventFlagItemFinderInfoMod) // 8192
32 | public static let itemChangeOwner = EventSet(rawValue: kFSEventStreamEventFlagItemChangeOwner) // 16384
33 | public static let itemXattrMod = EventSet(rawValue: kFSEventStreamEventFlagItemXattrMod) // 32768
| `- error: cannot find 'kFSEventStreamEventFlagItemXattrMod' in scope
34 | public static let itemIsFile = EventSet(rawValue: kFSEventStreamEventFlagItemIsFile) // 65536
35 | public static let itemIsDir = EventSet(rawValue: kFSEventStreamEventFlagItemIsDir) // 131072
/Users/admin/builder/spi-builder-workspace/Sources/Ocha/EventSet.swift:34:55: error: cannot find 'kFSEventStreamEventFlagItemIsFile' in scope
32 | public static let itemChangeOwner = EventSet(rawValue: kFSEventStreamEventFlagItemChangeOwner) // 16384
33 | public static let itemXattrMod = EventSet(rawValue: kFSEventStreamEventFlagItemXattrMod) // 32768
34 | public static let itemIsFile = EventSet(rawValue: kFSEventStreamEventFlagItemIsFile) // 65536
| `- error: cannot find 'kFSEventStreamEventFlagItemIsFile' in scope
35 | public static let itemIsDir = EventSet(rawValue: kFSEventStreamEventFlagItemIsDir) // 131072
36 | public static let itemIsSymlink = EventSet(rawValue: kFSEventStreamEventFlagItemIsSymlink) // 262144
/Users/admin/builder/spi-builder-workspace/Sources/Ocha/EventSet.swift:35:54: error: cannot find 'kFSEventStreamEventFlagItemIsDir' in scope
33 | public static let itemXattrMod = EventSet(rawValue: kFSEventStreamEventFlagItemXattrMod) // 32768
34 | public static let itemIsFile = EventSet(rawValue: kFSEventStreamEventFlagItemIsFile) // 65536
35 | public static let itemIsDir = EventSet(rawValue: kFSEventStreamEventFlagItemIsDir) // 131072
| `- error: cannot find 'kFSEventStreamEventFlagItemIsDir' in scope
36 | public static let itemIsSymlink = EventSet(rawValue: kFSEventStreamEventFlagItemIsSymlink) // 262144
37 | public static let ownEvent = EventSet(rawValue: kFSEventStreamEventFlagOwnEvent) // 524288
/Users/admin/builder/spi-builder-workspace/Sources/Ocha/EventSet.swift:36:58: error: cannot find 'kFSEventStreamEventFlagItemIsSymlink' in scope
34 | public static let itemIsFile = EventSet(rawValue: kFSEventStreamEventFlagItemIsFile) // 65536
35 | public static let itemIsDir = EventSet(rawValue: kFSEventStreamEventFlagItemIsDir) // 131072
36 | public static let itemIsSymlink = EventSet(rawValue: kFSEventStreamEventFlagItemIsSymlink) // 262144
| `- error: cannot find 'kFSEventStreamEventFlagItemIsSymlink' in scope
37 | public static let ownEvent = EventSet(rawValue: kFSEventStreamEventFlagOwnEvent) // 524288
38 | public static let itemIsHardlink = EventSet(rawValue: kFSEventStreamEventFlagItemIsHardlink) // 1048576
/Users/admin/builder/spi-builder-workspace/Sources/Ocha/EventSet.swift:37:53: error: cannot find 'kFSEventStreamEventFlagOwnEvent' in scope
35 | public static let itemIsDir = EventSet(rawValue: kFSEventStreamEventFlagItemIsDir) // 131072
36 | public static let itemIsSymlink = EventSet(rawValue: kFSEventStreamEventFlagItemIsSymlink) // 262144
37 | public static let ownEvent = EventSet(rawValue: kFSEventStreamEventFlagOwnEvent) // 524288
| `- error: cannot find 'kFSEventStreamEventFlagOwnEvent' in scope
38 | public static let itemIsHardlink = EventSet(rawValue: kFSEventStreamEventFlagItemIsHardlink) // 1048576
39 | public static let itemIsLastHardlink = EventSet(rawValue: kFSEventStreamEventFlagItemIsLastHardlink) // 2097152
/Users/admin/builder/spi-builder-workspace/Sources/Ocha/EventSet.swift:38:59: error: cannot find 'kFSEventStreamEventFlagItemIsHardlink' in scope
36 | public static let itemIsSymlink = EventSet(rawValue: kFSEventStreamEventFlagItemIsSymlink) // 262144
37 | public static let ownEvent = EventSet(rawValue: kFSEventStreamEventFlagOwnEvent) // 524288
38 | public static let itemIsHardlink = EventSet(rawValue: kFSEventStreamEventFlagItemIsHardlink) // 1048576
| `- error: cannot find 'kFSEventStreamEventFlagItemIsHardlink' in scope
39 | public static let itemIsLastHardlink = EventSet(rawValue: kFSEventStreamEventFlagItemIsLastHardlink) // 2097152
40 | @available(OSX 10.13, *)
/Users/admin/builder/spi-builder-workspace/Sources/Ocha/EventSet.swift:39:63: error: cannot find 'kFSEventStreamEventFlagItemIsLastHardlink' in scope
37 | public static let ownEvent = EventSet(rawValue: kFSEventStreamEventFlagOwnEvent) // 524288
38 | public static let itemIsHardlink = EventSet(rawValue: kFSEventStreamEventFlagItemIsHardlink) // 1048576
39 | public static let itemIsLastHardlink = EventSet(rawValue: kFSEventStreamEventFlagItemIsLastHardlink) // 2097152
| `- error: cannot find 'kFSEventStreamEventFlagItemIsLastHardlink' in scope
40 | @available(OSX 10.13, *)
41 | public static let itemCloned = EventSet(rawValue: kFSEventStreamEventFlagItemCloned) // 4194304
/Users/admin/builder/spi-builder-workspace/Sources/Ocha/EventSet.swift:41:55: error: cannot find 'kFSEventStreamEventFlagItemCloned' in scope
39 | public static let itemIsLastHardlink = EventSet(rawValue: kFSEventStreamEventFlagItemIsLastHardlink) // 2097152
40 | @available(OSX 10.13, *)
41 | public static let itemCloned = EventSet(rawValue: kFSEventStreamEventFlagItemCloned) // 4194304
| `- error: cannot find 'kFSEventStreamEventFlagItemCloned' in scope
42 |
43 | public static let xcodeFileAddedFirstEventSet: EventSet = [.itemCreated, .itemRenamed, .itemModified, .itemXattrMod, .itemIsFile]
SwiftCompile normal arm64 Compiling\ RawSyntax.swift,\ SourceLength.swift,\ SourceLocation.swift,\ SourcePresence.swift /Users/admin/builder/spi-builder-workspace/.dependencies/checkouts/swift-syntax/Sources/SwiftSyntax/RawSyntax.swift /Users/admin/builder/spi-builder-workspace/.dependencies/checkouts/swift-syntax/Sources/SwiftSyntax/SourceLength.swift /Users/admin/builder/spi-builder-workspace/.dependencies/checkouts/swift-syntax/Sources/SwiftSyntax/SourceLocation.swift /Users/admin/builder/spi-builder-workspace/.dependencies/checkouts/swift-syntax/Sources/SwiftSyntax/SourcePresence.swift (in target 'SwiftSyntax' from project 'SwiftSyntax')
SwiftCompile normal arm64 /Users/admin/builder/spi-builder-workspace/.dependencies/checkouts/swift-syntax/Sources/SwiftSyntax/RawSyntax.swift (in target 'SwiftSyntax' from project 'SwiftSyntax')
cd /Users/admin/builder/spi-builder-workspace/.swiftpm/xcode
builtin-SwiftPerFileCompile RawSyntax.swift
SwiftCompile normal arm64 /Users/admin/builder/spi-builder-workspace/.dependencies/checkouts/swift-syntax/Sources/SwiftSyntax/SourceLength.swift (in target 'SwiftSyntax' from project 'SwiftSyntax')
cd /Users/admin/builder/spi-builder-workspace/.swiftpm/xcode
builtin-SwiftPerFileCompile SourceLength.swift
SwiftCompile normal arm64 /Users/admin/builder/spi-builder-workspace/.dependencies/checkouts/swift-syntax/Sources/SwiftSyntax/SourceLocation.swift (in target 'SwiftSyntax' from project 'SwiftSyntax')
cd /Users/admin/builder/spi-builder-workspace/.swiftpm/xcode
builtin-SwiftPerFileCompile SourceLocation.swift
SwiftCompile normal arm64 /Users/admin/builder/spi-builder-workspace/.dependencies/checkouts/swift-syntax/Sources/SwiftSyntax/SourcePresence.swift (in target 'SwiftSyntax' from project 'SwiftSyntax')
cd /Users/admin/builder/spi-builder-workspace/.swiftpm/xcode
builtin-SwiftPerFileCompile SourcePresence.swift
SwiftCompile normal arm64 Compiling\ Misc.swift,\ SyntaxAnyVisitor.swift,\ SyntaxBaseNodes.swift,\ SyntaxBuilders.swift /Users/admin/builder/spi-builder-workspace/.dependencies/checkouts/swift-syntax/Sources/SwiftSyntax/gyb_generated/Misc.swift /Users/admin/builder/spi-builder-workspace/.dependencies/checkouts/swift-syntax/Sources/SwiftSyntax/gyb_generated/SyntaxAnyVisitor.swift /Users/admin/builder/spi-builder-workspace/.dependencies/checkouts/swift-syntax/Sources/SwiftSyntax/gyb_generated/SyntaxBaseNodes.swift /Users/admin/builder/spi-builder-workspace/.dependencies/checkouts/swift-syntax/Sources/SwiftSyntax/gyb_generated/SyntaxBuilders.swift (in target 'SwiftSyntax' from project 'SwiftSyntax')
SwiftCompile normal arm64 /Users/admin/builder/spi-builder-workspace/.dependencies/checkouts/swift-syntax/Sources/SwiftSyntax/gyb_generated/Misc.swift (in target 'SwiftSyntax' from project 'SwiftSyntax')
cd /Users/admin/builder/spi-builder-workspace/.swiftpm/xcode
builtin-SwiftPerFileCompile Misc.swift
SwiftCompile normal arm64 /Users/admin/builder/spi-builder-workspace/.dependencies/checkouts/swift-syntax/Sources/SwiftSyntax/gyb_generated/SyntaxAnyVisitor.swift (in target 'SwiftSyntax' from project 'SwiftSyntax')
cd /Users/admin/builder/spi-builder-workspace/.swiftpm/xcode
builtin-SwiftPerFileCompile SyntaxAnyVisitor.swift
SwiftCompile normal arm64 /Users/admin/builder/spi-builder-workspace/.dependencies/checkouts/swift-syntax/Sources/SwiftSyntax/gyb_generated/SyntaxBaseNodes.swift (in target 'SwiftSyntax' from project 'SwiftSyntax')
cd /Users/admin/builder/spi-builder-workspace/.swiftpm/xcode
builtin-SwiftPerFileCompile SyntaxBaseNodes.swift
SwiftCompile normal arm64 /Users/admin/builder/spi-builder-workspace/.dependencies/checkouts/swift-syntax/Sources/SwiftSyntax/gyb_generated/SyntaxBuilders.swift (in target 'SwiftSyntax' from project 'SwiftSyntax')
cd /Users/admin/builder/spi-builder-workspace/.swiftpm/xcode
builtin-SwiftPerFileCompile SyntaxBuilders.swift
SwiftEmitModule normal arm64 Emitting\ module\ for\ SwiftSyntax (in target 'SwiftSyntax' from project 'SwiftSyntax')
SwiftCompile normal arm64 (in target 'SwiftSyntax' from project 'SwiftSyntax')
cd /Users/admin/builder/spi-builder-workspace/.swiftpm/xcode
SwiftCompile normal arm64 Compiling\ SyntaxKind.swift,\ SyntaxRewriter.swift,\ SyntaxTraits.swift /Users/admin/builder/spi-builder-workspace/.dependencies/checkouts/swift-syntax/Sources/SwiftSyntax/gyb_generated/SyntaxKind.swift /Users/admin/builder/spi-builder-workspace/.dependencies/checkouts/swift-syntax/Sources/SwiftSyntax/gyb_generated/SyntaxRewriter.swift /Users/admin/builder/spi-builder-workspace/.dependencies/checkouts/swift-syntax/Sources/SwiftSyntax/gyb_generated/SyntaxTraits.swift (in target 'SwiftSyntax' from project 'SwiftSyntax')
SwiftCompile normal arm64 /Users/admin/builder/spi-builder-workspace/.dependencies/checkouts/swift-syntax/Sources/SwiftSyntax/gyb_generated/SyntaxKind.swift (in target 'SwiftSyntax' from project 'SwiftSyntax')
cd /Users/admin/builder/spi-builder-workspace/.swiftpm/xcode
builtin-SwiftPerFileCompile SyntaxKind.swift
SwiftCompile normal arm64 /Users/admin/builder/spi-builder-workspace/.dependencies/checkouts/swift-syntax/Sources/SwiftSyntax/gyb_generated/SyntaxRewriter.swift (in target 'SwiftSyntax' from project 'SwiftSyntax')
cd /Users/admin/builder/spi-builder-workspace/.swiftpm/xcode
builtin-SwiftPerFileCompile SyntaxRewriter.swift
SwiftCompile normal arm64 /Users/admin/builder/spi-builder-workspace/.dependencies/checkouts/swift-syntax/Sources/SwiftSyntax/gyb_generated/SyntaxTraits.swift (in target 'SwiftSyntax' from project 'SwiftSyntax')
cd /Users/admin/builder/spi-builder-workspace/.swiftpm/xcode
builtin-SwiftPerFileCompile SyntaxTraits.swift
SwiftCompile normal arm64 Compiling\ SyntaxPatternNodes.swift,\ SyntaxStmtNodes.swift,\ SyntaxTypeNodes.swift /Users/admin/builder/spi-builder-workspace/.dependencies/checkouts/swift-syntax/Sources/SwiftSyntax/gyb_generated/syntax_nodes/SyntaxPatternNodes.swift /Users/admin/builder/spi-builder-workspace/.dependencies/checkouts/swift-syntax/Sources/SwiftSyntax/gyb_generated/syntax_nodes/SyntaxStmtNodes.swift /Users/admin/builder/spi-builder-workspace/.dependencies/checkouts/swift-syntax/Sources/SwiftSyntax/gyb_generated/syntax_nodes/SyntaxTypeNodes.swift (in target 'SwiftSyntax' from project 'SwiftSyntax')
SwiftCompile normal arm64 /Users/admin/builder/spi-builder-workspace/.dependencies/checkouts/swift-syntax/Sources/SwiftSyntax/gyb_generated/syntax_nodes/SyntaxPatternNodes.swift (in target 'SwiftSyntax' from project 'SwiftSyntax')
cd /Users/admin/builder/spi-builder-workspace/.swiftpm/xcode
builtin-SwiftPerFileCompile SyntaxPatternNodes.swift
SwiftCompile normal arm64 /Users/admin/builder/spi-builder-workspace/.dependencies/checkouts/swift-syntax/Sources/SwiftSyntax/gyb_generated/syntax_nodes/SyntaxStmtNodes.swift (in target 'SwiftSyntax' from project 'SwiftSyntax')
cd /Users/admin/builder/spi-builder-workspace/.swiftpm/xcode
builtin-SwiftPerFileCompile SyntaxStmtNodes.swift
SwiftCompile normal arm64 /Users/admin/builder/spi-builder-workspace/.dependencies/checkouts/swift-syntax/Sources/SwiftSyntax/gyb_generated/syntax_nodes/SyntaxTypeNodes.swift (in target 'SwiftSyntax' from project 'SwiftSyntax')
cd /Users/admin/builder/spi-builder-workspace/.swiftpm/xcode
builtin-SwiftPerFileCompile SyntaxTypeNodes.swift
SwiftCompile normal arm64 Compiling\ SyntaxClassification.swift,\ SyntaxCollections.swift,\ SyntaxEnum.swift,\ SyntaxFactory.swift /Users/admin/builder/spi-builder-workspace/.dependencies/checkouts/swift-syntax/Sources/SwiftSyntax/gyb_generated/SyntaxClassification.swift /Users/admin/builder/spi-builder-workspace/.dependencies/checkouts/swift-syntax/Sources/SwiftSyntax/gyb_generated/SyntaxCollections.swift /Users/admin/builder/spi-builder-workspace/.dependencies/checkouts/swift-syntax/Sources/SwiftSyntax/gyb_generated/SyntaxEnum.swift /Users/admin/builder/spi-builder-workspace/.dependencies/checkouts/swift-syntax/Sources/SwiftSyntax/gyb_generated/SyntaxFactory.swift (in target 'SwiftSyntax' from project 'SwiftSyntax')
SwiftCompile normal arm64 /Users/admin/builder/spi-builder-workspace/.dependencies/checkouts/swift-syntax/Sources/SwiftSyntax/gyb_generated/SyntaxClassification.swift (in target 'SwiftSyntax' from project 'SwiftSyntax')
cd /Users/admin/builder/spi-builder-workspace/.swiftpm/xcode
builtin-SwiftPerFileCompile SyntaxClassification.swift
SwiftCompile normal arm64 /Users/admin/builder/spi-builder-workspace/.dependencies/checkouts/swift-syntax/Sources/SwiftSyntax/gyb_generated/SyntaxCollections.swift (in target 'SwiftSyntax' from project 'SwiftSyntax')
cd /Users/admin/builder/spi-builder-workspace/.swiftpm/xcode
builtin-SwiftPerFileCompile SyntaxCollections.swift
SwiftCompile normal arm64 /Users/admin/builder/spi-builder-workspace/.dependencies/checkouts/swift-syntax/Sources/SwiftSyntax/gyb_generated/SyntaxEnum.swift (in target 'SwiftSyntax' from project 'SwiftSyntax')
cd /Users/admin/builder/spi-builder-workspace/.swiftpm/xcode
builtin-SwiftPerFileCompile SyntaxEnum.swift
SwiftCompile normal arm64 /Users/admin/builder/spi-builder-workspace/.dependencies/checkouts/swift-syntax/Sources/SwiftSyntax/gyb_generated/SyntaxFactory.swift (in target 'SwiftSyntax' from project 'SwiftSyntax')
cd /Users/admin/builder/spi-builder-workspace/.swiftpm/xcode
builtin-SwiftPerFileCompile SyntaxFactory.swift
SwiftDriverJobDiscovery normal arm64 Compiling WatchingPathable.swift (in target 'Ocha' from project 'Ocha')
SwiftCompile normal arm64 Compiling\ Syntax.swift,\ SyntaxChildren.swift,\ SyntaxClassifier.swift,\ SyntaxData.swift /Users/admin/builder/spi-builder-workspace/.dependencies/checkouts/swift-syntax/Sources/SwiftSyntax/Syntax.swift /Users/admin/builder/spi-builder-workspace/.dependencies/checkouts/swift-syntax/Sources/SwiftSyntax/SyntaxChildren.swift /Users/admin/builder/spi-builder-workspace/.dependencies/checkouts/swift-syntax/Sources/SwiftSyntax/SyntaxClassifier.swift /Users/admin/builder/spi-builder-workspace/.dependencies/checkouts/swift-syntax/Sources/SwiftSyntax/SyntaxData.swift (in target 'SwiftSyntax' from project 'SwiftSyntax')
SwiftCompile normal arm64 /Users/admin/builder/spi-builder-workspace/.dependencies/checkouts/swift-syntax/Sources/SwiftSyntax/Syntax.swift (in target 'SwiftSyntax' from project 'SwiftSyntax')
cd /Users/admin/builder/spi-builder-workspace/.swiftpm/xcode
builtin-SwiftPerFileCompile Syntax.swift
SwiftCompile normal arm64 /Users/admin/builder/spi-builder-workspace/.dependencies/checkouts/swift-syntax/Sources/SwiftSyntax/SyntaxChildren.swift (in target 'SwiftSyntax' from project 'SwiftSyntax')
cd /Users/admin/builder/spi-builder-workspace/.swiftpm/xcode
builtin-SwiftPerFileCompile SyntaxChildren.swift
SwiftCompile normal arm64 /Users/admin/builder/spi-builder-workspace/.dependencies/checkouts/swift-syntax/Sources/SwiftSyntax/SyntaxClassifier.swift (in target 'SwiftSyntax' from project 'SwiftSyntax')
cd /Users/admin/builder/spi-builder-workspace/.swiftpm/xcode
builtin-SwiftPerFileCompile SyntaxClassifier.swift
SwiftCompile normal arm64 /Users/admin/builder/spi-builder-workspace/.dependencies/checkouts/swift-syntax/Sources/SwiftSyntax/SyntaxData.swift (in target 'SwiftSyntax' from project 'SwiftSyntax')
cd /Users/admin/builder/spi-builder-workspace/.swiftpm/xcode
builtin-SwiftPerFileCompile SyntaxData.swift
PruneExplicitPrecompiledModules /Users/admin/builder/spi-builder-workspace/.derivedData/SDKExplicitPrecompiledModules
PruneExplicitPrecompiledModules /Users/admin/builder/spi-builder-workspace/.derivedData/Build/Intermediates.noindex/SwiftExplicitPrecompiledModules
PruneExplicitPrecompiledModules /Users/admin/builder/spi-builder-workspace/.derivedData/Build/Intermediates.noindex/ExplicitPrecompiledModules
2026-09-15 20:09:33.392 xcodebuild[1021:5939] [MT] IDERunDestination: Supported platforms for the buildables in the current scheme is empty.
** BUILD FAILED **
The following build commands failed:
SwiftEmitModule normal arm64 Emitting\ module\ for\ Ocha (in target 'Ocha' from project 'Ocha')
SwiftCompile normal arm64 (in target 'Ocha' from project 'Ocha')
Building workspace Ocha with scheme Ocha-Package
(3 failures)
BUILD FAILURE 6.4 tvOS