Build Information
Failed to build AnchoriumLink, reference 1.0.4 (edab67), with Swift 6.4 for watchOS using Xcode 27.0 on 22 Sep 2026 22:32:01 UTC.
Build Command
env DEVELOPER_DIR=/Applications/Xcode-27.0.0-Release.Candidate.app xcrun xcodebuild -IDEClonedSourcePackagesDirPathOverride=$PWD/.dependencies -skipMacroValidation -skipPackagePluginValidation -derivedDataPath $PWD/.derivedData build -scheme AnchoriumLink -destination generic/platform=watchOSBuild Log
========================================
RunAll
========================================
Builder version: 5.1.0
Interrupt handler set up.
========================================
Checkout
========================================
Clone URL: https://github.com/anchoriumlink/AnchoriumLink-SPM.git
Reference: 1.0.4
Initialized empty Git repository in /Users/admin/builder/spi-builder-workspace/.git/
From https://github.com/anchoriumlink/AnchoriumLink-SPM
* tag 1.0.4 -> FETCH_HEAD
HEAD is now at edab67c Update README.md
Cloned https://github.com/anchoriumlink/AnchoriumLink-SPM.git
Revision (git rev-parse @):
edab67c414fe12f80c9dbf1a871a753c10819e48
SUCCESS checkout https://github.com/anchoriumlink/AnchoriumLink-SPM.git at 1.0.4
========================================
Build
========================================
Selected platform: watchOS
Swift version: 6.4
Building package at path: $PWD
https://github.com/anchoriumlink/AnchoriumLink-SPM.git
Command line invocation:
/Applications/Xcode-27.0.0-Release.Candidate.app/Contents/Developer/usr/bin/xcodebuild -IDEClonedSourcePackagesDirPathOverride=/Users/admin/builder/spi-builder-workspace/.dependencies -resolvePackageDependencies
Resolve Package Graph
Resolve Package Graph
Resolved source packages:
AnchoriumLink: /Users/admin/builder/spi-builder-workspace
resolved source packages: AnchoriumLink
2026-09-22 18:31:23.360 xcodebuild[529:3045] [MT] IDERunDestination: Supported platforms for the buildables in the current scheme is empty.
{
"dependencies" : [
],
"manifest_display_name" : "AnchoriumLink",
"name" : "AnchoriumLink",
"path" : "/Users/admin/builder/spi-builder-workspace",
"platforms" : [
{
"name" : "ios",
"version" : "13.0"
}
],
"products" : [
{
"name" : "AnchoriumLink",
"targets" : [
"AnchoriumLink"
],
"type" : {
"library" : [
"automatic"
]
}
}
],
"targets" : [
{
"c99name" : "AnchoriumLink",
"module_type" : "BinaryTarget",
"name" : "AnchoriumLink",
"path" : "remote/archive/anchoriumlinkframework.xcframework.zip",
"product_memberships" : [
"AnchoriumLink"
],
"sources" : [
],
"type" : "binary"
}
],
"tools_version" : "5.9"
}
{
"workspace" : {
"name" : "AnchoriumLink",
"schemes" : [
"AnchoriumLink"
]
}
}
2026-09-22 18:31:55.887 xcodebuild[638:3885] [MT] IDERunDestination: Supported platforms for the buildables in the current scheme is empty.
Running build ...
env DEVELOPER_DIR=/Applications/Xcode-27.0.0-Release.Candidate.app xcrun xcodebuild -IDEClonedSourcePackagesDirPathOverride=$PWD/.dependencies -skipMacroValidation -skipPackagePluginValidation -derivedDataPath $PWD/.derivedData build -scheme AnchoriumLink -destination generic/platform=watchOS
Command line invocation:
/Applications/Xcode-27.0.0-Release.Candidate.app/Contents/Developer/usr/bin/xcodebuild -IDEClonedSourcePackagesDirPathOverride=/Users/admin/builder/spi-builder-workspace/.dependencies -skipMacroValidation -skipPackagePluginValidation -derivedDataPath /Users/admin/builder/spi-builder-workspace/.derivedData build -scheme AnchoriumLink -destination generic/platform=watchOS
Resolve Package Graph
Resolved source packages:
AnchoriumLink: /Users/admin/builder/spi-builder-workspace
ComputePackagePrebuildTargetDependencyGraph
Prepare packages
CreateBuildRequest
SendProjectDescription
CreateBuildOperation
ComputeTargetDependencyGraph
note: Building targets in dependency order
note: Target dependency graph (1 target)
Target 'AnchoriumLink-product' in project 'AnchoriumLink' (no dependencies)
GatherProvisioningInputs
CreateBuildDescription
ExecuteExternalTool /Applications/Xcode-27.0.0-Release.Candidate.app/Contents/Developer/Toolchains/XcodeDefault.xctoolchain/usr/bin/clang -v -E -dM -isysroot /Applications/Xcode-27.0.0-Release.Candidate.app/Contents/Developer/Platforms/WatchOS.platform/Developer/SDKs/WatchOS27.0.sdk -x c -c /dev/null
Build description signature: 37eaf4cbb903636e16bf36a68f1e9727
Build description path: /Users/admin/builder/spi-builder-workspace/.derivedData/Build/Intermediates.noindex/XCBuildData/37eaf4cbb903636e16bf36a68f1e9727.xcbuilddata
/Users/admin/builder/spi-builder-workspace/.dependencies/artifacts/spi-builder-workspace/AnchoriumLink/anchoriumlinkframework.xcframework:1:1: error: While building for watchOS, no library for this platform was found in '/Users/admin/builder/spi-builder-workspace/.dependencies/artifacts/spi-builder-workspace/AnchoriumLink/anchoriumlinkframework.xcframework'. (in target 'AnchoriumLink-product' from project 'AnchoriumLink')
2026-09-22 18:31:57.398 xcodebuild[639:3928] [MT] IDERunDestination: Supported platforms for the buildables in the current scheme is empty.
** BUILD FAILED **
The following build commands failed:
Building workspace AnchoriumLink with scheme AnchoriumLink
(1 failure)
Command line invocation:
/Applications/Xcode-27.0.0-Release.Candidate.app/Contents/Developer/usr/bin/xcodebuild -IDEClonedSourcePackagesDirPathOverride=/Users/admin/builder/spi-builder-workspace/.dependencies -resolvePackageDependencies
Resolve Package Graph
Resolved source packages:
AnchoriumLink: /Users/admin/builder/spi-builder-workspace
resolved source packages: AnchoriumLink
2026-09-22 18:31:58.941 xcodebuild[651:4027] [MT] IDERunDestination: Supported platforms for the buildables in the current scheme is empty.
{
"dependencies" : [
],
"manifest_display_name" : "AnchoriumLink",
"name" : "AnchoriumLink",
"path" : "/Users/admin/builder/spi-builder-workspace",
"platforms" : [
{
"name" : "ios",
"version" : "13.0"
}
],
"products" : [
{
"name" : "AnchoriumLink",
"targets" : [
"AnchoriumLink"
],
"type" : {
"library" : [
"automatic"
]
}
}
],
"targets" : [
{
"c99name" : "AnchoriumLink",
"module_type" : "BinaryTarget",
"name" : "AnchoriumLink",
"path" : "remote/archive/anchoriumlinkframework.xcframework.zip",
"product_memberships" : [
"AnchoriumLink"
],
"sources" : [
],
"type" : "binary"
}
],
"tools_version" : "5.9"
}
{
"workspace" : {
"name" : "AnchoriumLink",
"schemes" : [
"AnchoriumLink"
]
}
}
2026-09-22 18:32:00.234 xcodebuild[680:4269] [MT] IDERunDestination: Supported platforms for the buildables in the current scheme is empty.
Running build ...
env DEVELOPER_DIR=/Applications/Xcode-27.0.0-Release.Candidate.app xcrun xcodebuild -IDEClonedSourcePackagesDirPathOverride=$PWD/.dependencies -skipMacroValidation -skipPackagePluginValidation -derivedDataPath $PWD/.derivedData build -scheme AnchoriumLink -destination generic/platform=watchOS
Command line invocation:
/Applications/Xcode-27.0.0-Release.Candidate.app/Contents/Developer/usr/bin/xcodebuild -IDEClonedSourcePackagesDirPathOverride=/Users/admin/builder/spi-builder-workspace/.dependencies -skipMacroValidation -skipPackagePluginValidation -derivedDataPath /Users/admin/builder/spi-builder-workspace/.derivedData build -scheme AnchoriumLink -destination generic/platform=watchOS
Resolve Package Graph
Resolved source packages:
AnchoriumLink: /Users/admin/builder/spi-builder-workspace
ComputePackagePrebuildTargetDependencyGraph
Prepare packages
CreateBuildRequest
SendProjectDescription
CreateBuildOperation
ComputeTargetDependencyGraph
note: Building targets in dependency order
note: Target dependency graph (1 target)
Target 'AnchoriumLink-product' in project 'AnchoriumLink' (no dependencies)
GatherProvisioningInputs
CreateBuildDescription
/Users/admin/builder/spi-builder-workspace/.dependencies/artifacts/spi-builder-workspace/AnchoriumLink/anchoriumlinkframework.xcframework:1:1: error: While building for watchOS, no library for this platform was found in '/Users/admin/builder/spi-builder-workspace/.dependencies/artifacts/spi-builder-workspace/AnchoriumLink/anchoriumlinkframework.xcframework'. (in target 'AnchoriumLink-product' from project 'AnchoriumLink')
2026-09-22 18:32:01.252 xcodebuild[681:4301] [MT] IDERunDestination: Supported platforms for the buildables in the current scheme is empty.
** BUILD FAILED **
The following build commands failed:
Building workspace AnchoriumLink with scheme AnchoriumLink
(1 failure)
BUILD FAILURE 6.4 watchOS