Build Information
Failed to build GoogleCloudApiGatewayV1, reference main (dd8e41), with Swift 6.2 for Android on 10 Oct 2026 19:40:07 UTC.
Build Command
bash -c docker run --pull=always --rm -v "checkouts-54344845-0":/host -w "$PWD" -e JAVA_HOME="/root/.sdkman/candidates/java/current" -e SPI_BUILD="1" -e SPI_PROCESSING="1" registry.gitlab.com/saguaro1/spi-images:android-6.2-latest swift build --swift-sdk aarch64-unknown-linux-android28 2>&1Build Log
========================================
RunAll
========================================
Builder version: 5.1.1
Interrupt handler set up.
========================================
Checkout
========================================
Clone URL: https://github.com/googleapis/swift-google-cloud-apigateway-v1.git
Reference: main
Initialized empty Git repository in /host/spi-builder-workspace/.git/
hint: Using 'master' as the name for the initial branch. This default branch name
hint: is subject to change. To configure the initial branch name to use in all
hint: of your new repositories, which will suppress this warning, call:
hint:
hint: git config --global init.defaultBranch <name>
hint:
hint: Names commonly chosen instead of 'master' are 'main', 'trunk' and
hint: 'development'. The just-created branch can be renamed via this command:
hint:
hint: git branch -m <name>
From https://github.com/googleapis/swift-google-cloud-apigateway-v1
* branch main -> FETCH_HEAD
* [new branch] main -> origin/main
HEAD is now at dd8e41f chore: release circa 2026-10-07 (#1382)
Cloned https://github.com/googleapis/swift-google-cloud-apigateway-v1.git
Revision (git rev-parse @):
dd8e41f3261c35982fa263ec2052e3d36713455b
SPI manifest file found: $PWD/.spi.yml
SUCCESS checkout https://github.com/googleapis/swift-google-cloud-apigateway-v1.git at main
========================================
Build
========================================
Selected platform: android
Swift version: 6.2
Building package at path: $PWD
https://github.com/googleapis/swift-google-cloud-apigateway-v1.git
Running build ...
bash -c docker run --pull=always --rm -v "checkouts-54344845-0":/host -w "$PWD" -e JAVA_HOME="/root/.sdkman/candidates/java/current" -e SPI_BUILD="1" -e SPI_PROCESSING="1" registry.gitlab.com/saguaro1/spi-images:android-6.2-latest swift build --swift-sdk aarch64-unknown-linux-android28 2>&1
android-6.2-latest: Pulling from saguaro1/spi-images
Digest: sha256:a839c9ce201f1dacc8eb056626ec7ab0a1c6d53d7b77c83feda395f4507c51be
Status: Image is up to date for registry.gitlab.com/saguaro1/spi-images:android-6.2-latest
Fetching https://github.com/googleapis/swift-google-wkt
Fetching https://github.com/apple/swift-log
Fetching https://github.com/googleapis/swift-google-gax
Fetching https://github.com/googleapis/swift-google-rpc
Fetching https://github.com/googleapis/swift-google-auth
Fetching https://github.com/googleapis/swift-google-longrunning
[1/422] Fetching swift-google-rpc
[18/8679] Fetching swift-google-rpc, swift-log
[53/9298] Fetching swift-google-rpc, swift-log, swift-google-longrunning
[1254/11046] Fetching swift-google-rpc, swift-log, swift-google-longrunning, swift-google-gax
[2103/12069] Fetching swift-google-rpc, swift-log, swift-google-longrunning, swift-google-gax, swift-google-auth
Fetched https://github.com/googleapis/swift-google-longrunning from cache (0.38s)
[3154/11450] Fetching swift-google-rpc, swift-log, swift-google-gax, swift-google-auth
[11451/12473] Fetching swift-google-rpc, swift-log, swift-google-gax, swift-google-auth, swift-google-wkt
Fetched https://github.com/googleapis/swift-google-rpc from cache (0.49s)
Fetched https://github.com/googleapis/swift-google-auth from cache (0.49s)
Fetched https://github.com/googleapis/swift-google-wkt from cache (0.49s)
Fetched https://github.com/googleapis/swift-google-gax from cache (0.49s)
Fetched https://github.com/apple/swift-log from cache (0.49s)
Computing version for https://github.com/googleapis/swift-google-wkt
Computed https://github.com/googleapis/swift-google-wkt at 0.5.0 (0.64s)
Fetching https://github.com/swift-extras/swift-extras-base64
[1/954] Fetching swift-extras-base64
Fetched https://github.com/swift-extras/swift-extras-base64 from cache (0.39s)
Computing version for https://github.com/googleapis/swift-google-rpc
Computed https://github.com/googleapis/swift-google-rpc at 0.5.0 (0.54s)
Computing version for https://github.com/googleapis/swift-google-longrunning
Computed https://github.com/googleapis/swift-google-longrunning at 0.5.0 (0.15s)
Computing version for https://github.com/googleapis/swift-google-gax
Computed https://github.com/googleapis/swift-google-gax at 0.5.0 (0.15s)
Fetching https://github.com/apple/swift-nio
Fetching https://github.com/swift-server/async-http-client.git
[1/16464] Fetching async-http-client
[16465/102838] Fetching async-http-client, swift-nio
Fetched https://github.com/swift-server/async-http-client.git from cache (3.17s)
Fetched https://github.com/apple/swift-nio from cache (3.20s)
Computing version for https://github.com/googleapis/swift-google-auth
Computed https://github.com/googleapis/swift-google-auth at 0.5.0 (3.35s)
Fetching https://github.com/apple/swift-system.git
Fetching https://github.com/vapor/jwt-kit.git
[1/7241] Fetching swift-system
[943/17495] Fetching swift-system, jwt-kit
Fetched https://github.com/apple/swift-system.git from cache (0.90s)
Fetched https://github.com/vapor/jwt-kit.git from cache (0.90s)
Computing version for https://github.com/swift-extras/swift-extras-base64
Computed https://github.com/swift-extras/swift-extras-base64 at 1.2.0 (1.04s)
Computing version for https://github.com/swift-server/async-http-client.git
Computed https://github.com/swift-server/async-http-client.git at 1.36.2 (0.17s)
Fetching https://github.com/apple/swift-configuration.git
Fetching https://github.com/apple/swift-distributed-tracing.git
Fetching https://github.com/apple/swift-service-context.git
Fetching https://github.com/apple/swift-atomics.git
Fetching https://github.com/apple/swift-nio-transport-services.git
Fetching https://github.com/apple/swift-algorithms.git
[1/1889] Fetching swift-atomics
[96/5817] Fetching swift-atomics, swift-configuration
[97/7317] Fetching swift-atomics, swift-configuration, swift-service-context
[5433/13868] Fetching swift-atomics, swift-configuration, swift-service-context, swift-distributed-tracing
[9677/20032] Fetching swift-atomics, swift-configuration, swift-service-context, swift-distributed-tracing, swift-algorithms
Fetched https://github.com/apple/swift-distributed-tracing.git from cache (0.55s)
Fetching https://github.com/apple/swift-nio-extras.git
[1/2867] Fetching swift-nio-transport-services
Fetched https://github.com/apple/swift-algorithms.git from cache (0.59s)
Fetching https://github.com/apple/swift-nio-http2.git
Fetched https://github.com/apple/swift-service-context.git from cache (0.67s)
Fetched https://github.com/apple/swift-atomics.git from cache (0.67s)
Fetched https://github.com/apple/swift-nio-transport-services.git from cache (0.67s)
Fetched https://github.com/apple/swift-configuration.git from cache (0.67s)
Fetching https://github.com/apple/swift-nio-ssl.git
[1/6703] Fetching swift-nio-extras
[1543/18997] Fetching swift-nio-extras, swift-nio-http2
[8057/35858] Fetching swift-nio-extras, swift-nio-http2, swift-nio-ssl
Fetched https://github.com/apple/swift-nio-extras.git from cache (0.59s)
[3257/29155] Fetching swift-nio-http2, swift-nio-ssl
Fetched https://github.com/apple/swift-nio-http2.git from cache (0.91s)
[13827/16861] Fetching swift-nio-ssl
Fetched https://github.com/apple/swift-nio-ssl.git from cache (1.21s)
Computing version for https://github.com/apple/swift-service-context.git
Computed https://github.com/apple/swift-service-context.git at 1.3.0 (2.03s)
Computing version for https://github.com/apple/swift-algorithms.git
Computed https://github.com/apple/swift-algorithms.git at 1.2.1 (0.86s)
Fetching https://github.com/apple/swift-numerics.git
[1/6728] Fetching swift-numerics
Fetched https://github.com/apple/swift-numerics.git from cache (0.58s)
Computing version for https://github.com/apple/swift-log
Computed https://github.com/apple/swift-log at 1.16.1 (0.74s)
Computing version for https://github.com/apple/swift-distributed-tracing.git
Computed https://github.com/apple/swift-distributed-tracing.git at 1.5.0 (0.15s)
Computing version for https://github.com/apple/swift-atomics.git
Computed https://github.com/apple/swift-atomics.git at 1.3.1 (0.15s)
Computing version for https://github.com/apple/swift-numerics.git
Computed https://github.com/apple/swift-numerics.git at 1.1.1 (0.14s)
Computing version for https://github.com/apple/swift-nio
Computed https://github.com/apple/swift-nio at 2.104.0 (0.34s)
Fetching https://github.com/apple/swift-collections.git
[1/28703] Fetching swift-collections
Fetched https://github.com/apple/swift-collections.git from cache (1.15s)
Computing version for https://github.com/apple/swift-configuration.git
Computed https://github.com/apple/swift-configuration.git at 1.2.2 (1.94s)
Fetching https://github.com/swift-server/swift-service-lifecycle
[1/2867] Fetching swift-service-lifecycle
Fetched https://github.com/swift-server/swift-service-lifecycle from cache (0.46s)
Computing version for https://github.com/apple/swift-nio-transport-services.git
Computed https://github.com/apple/swift-nio-transport-services.git at 1.28.0 (0.62s)
Computing version for https://github.com/swift-server/swift-service-lifecycle
Computed https://github.com/swift-server/swift-service-lifecycle at 2.12.1 (0.14s)
Fetching https://github.com/apple/swift-async-algorithms.git
[1/6820] Fetching swift-async-algorithms
Fetched https://github.com/apple/swift-async-algorithms.git from cache (1.13s)
Computing version for https://github.com/apple/swift-async-algorithms.git
Computed https://github.com/apple/swift-async-algorithms.git at 1.1.7 (1.34s)
Computing version for https://github.com/apple/swift-collections.git
Computed https://github.com/apple/swift-collections.git at 1.7.2 (0.23s)
Computing version for https://github.com/apple/swift-nio-http2.git
Computed https://github.com/apple/swift-nio-http2.git at 1.46.0 (0.15s)
Computing version for https://github.com/vapor/jwt-kit.git
Computed https://github.com/vapor/jwt-kit.git at 5.7.1 (0.14s)
Fetching https://github.com/apple/swift-certificates.git
Fetching https://github.com/apple/swift-crypto.git
[1/18629] Fetching swift-crypto
[933/26238] Fetching swift-crypto, swift-certificates
Fetched https://github.com/apple/swift-certificates.git from cache (1.17s)
Fetched https://github.com/apple/swift-crypto.git from cache (1.19s)
Computing version for https://github.com/apple/swift-crypto.git
Computed https://github.com/apple/swift-crypto.git at 4.5.2 (1.79s)
Fetching https://github.com/apple/swift-asn1.git
[1/2009] Fetching swift-asn1
Fetched https://github.com/apple/swift-asn1.git from cache (0.55s)
Computing version for https://github.com/apple/swift-asn1.git
Computed https://github.com/apple/swift-asn1.git at 1.7.3 (0.73s)
Computing version for https://github.com/apple/swift-certificates.git
Computed https://github.com/apple/swift-certificates.git at 1.21.0 (0.20s)
Computing version for https://github.com/apple/swift-nio-ssl.git
Computed https://github.com/apple/swift-nio-ssl.git at 2.37.5 (0.18s)
Computing version for https://github.com/apple/swift-system.git
Computed https://github.com/apple/swift-system.git at 1.8.1 (0.17s)
Computing version for https://github.com/apple/swift-nio-extras.git
Computed https://github.com/apple/swift-nio-extras.git at 1.35.1 (0.26s)
Fetching https://github.com/apple/swift-http-types.git
Fetching https://github.com/apple/swift-http-structured-headers.git
[1/1939] Fetching swift-http-types
[990/3192] Fetching swift-http-types, swift-http-structured-headers
Fetched https://github.com/apple/swift-http-types.git from cache (0.37s)
[439/1253] Fetching swift-http-structured-headers
Fetched https://github.com/apple/swift-http-structured-headers.git from cache (0.42s)
Computing version for https://github.com/apple/swift-http-structured-headers.git
Computed https://github.com/apple/swift-http-structured-headers.git at 1.7.0 (0.57s)
Computing version for https://github.com/apple/swift-http-types.git
Computed https://github.com/apple/swift-http-types.git at 1.8.0 (0.17s)
Creating working copy for https://github.com/apple/swift-algorithms.git
Working copy of https://github.com/apple/swift-algorithms.git resolved at 1.2.1
Creating working copy for https://github.com/swift-server/async-http-client.git
Working copy of https://github.com/swift-server/async-http-client.git resolved at 1.36.2
Creating working copy for https://github.com/apple/swift-certificates.git
Working copy of https://github.com/apple/swift-certificates.git resolved at 1.21.0
Creating working copy for https://github.com/apple/swift-nio
Working copy of https://github.com/apple/swift-nio resolved at 2.104.0
Creating working copy for https://github.com/swift-extras/swift-extras-base64
Working copy of https://github.com/swift-extras/swift-extras-base64 resolved at 1.2.0
Creating working copy for https://github.com/apple/swift-atomics.git
Working copy of https://github.com/apple/swift-atomics.git resolved at 1.3.1
Creating working copy for https://github.com/googleapis/swift-google-rpc
Working copy of https://github.com/googleapis/swift-google-rpc resolved at 0.5.0
Creating working copy for https://github.com/apple/swift-http-structured-headers.git
Working copy of https://github.com/apple/swift-http-structured-headers.git resolved at 1.7.0
Creating working copy for https://github.com/apple/swift-service-context.git
Working copy of https://github.com/apple/swift-service-context.git resolved at 1.3.0
Creating working copy for https://github.com/googleapis/swift-google-gax
Working copy of https://github.com/googleapis/swift-google-gax resolved at 0.5.0
Creating working copy for https://github.com/apple/swift-async-algorithms.git
Working copy of https://github.com/apple/swift-async-algorithms.git resolved at 1.1.7
Creating working copy for https://github.com/apple/swift-log
Working copy of https://github.com/apple/swift-log resolved at 1.16.1
Creating working copy for https://github.com/swift-server/swift-service-lifecycle
Working copy of https://github.com/swift-server/swift-service-lifecycle resolved at 2.12.1
Creating working copy for https://github.com/apple/swift-collections.git
Working copy of https://github.com/apple/swift-collections.git resolved at 1.7.2
Creating working copy for https://github.com/apple/swift-configuration.git
Working copy of https://github.com/apple/swift-configuration.git resolved at 1.2.2
Creating working copy for https://github.com/apple/swift-nio-http2.git
Working copy of https://github.com/apple/swift-nio-http2.git resolved at 1.46.0
Creating working copy for https://github.com/apple/swift-nio-transport-services.git
Working copy of https://github.com/apple/swift-nio-transport-services.git resolved at 1.28.0
Creating working copy for https://github.com/apple/swift-nio-extras.git
Working copy of https://github.com/apple/swift-nio-extras.git resolved at 1.35.1
Creating working copy for https://github.com/googleapis/swift-google-auth
Working copy of https://github.com/googleapis/swift-google-auth resolved at 0.5.0
Creating working copy for https://github.com/apple/swift-asn1.git
Working copy of https://github.com/apple/swift-asn1.git resolved at 1.7.3
Creating working copy for https://github.com/googleapis/swift-google-longrunning
Working copy of https://github.com/googleapis/swift-google-longrunning resolved at 0.5.0
Creating working copy for https://github.com/apple/swift-nio-ssl.git
Working copy of https://github.com/apple/swift-nio-ssl.git resolved at 2.37.5
Creating working copy for https://github.com/apple/swift-numerics.git
Working copy of https://github.com/apple/swift-numerics.git resolved at 1.1.1
Creating working copy for https://github.com/apple/swift-system.git
Working copy of https://github.com/apple/swift-system.git resolved at 1.8.1
Creating working copy for https://github.com/vapor/jwt-kit.git
Working copy of https://github.com/vapor/jwt-kit.git resolved at 5.7.1
Creating working copy for https://github.com/googleapis/swift-google-wkt
Working copy of https://github.com/googleapis/swift-google-wkt resolved at 0.5.0
Creating working copy for https://github.com/apple/swift-http-types.git
Working copy of https://github.com/apple/swift-http-types.git resolved at 1.8.0
Creating working copy for https://github.com/apple/swift-crypto.git
Working copy of https://github.com/apple/swift-crypto.git resolved at 4.5.2
Creating working copy for https://github.com/apple/swift-distributed-tracing.git
Working copy of https://github.com/apple/swift-distributed-tracing.git resolved at 1.5.0
Building for debugging...
[0/964] Compiling base64.cc
[0/964] Compiling div.cc
[2/964] Compiling _NumericsShims _NumericsShims.c
[2/964] Write sources
[7/964] Compiling _AtomicsShims.c
[7/964] Write sources
[45/964] Write swift-version--11D90AFD9DD3AB2.txt
[46/964] Compiling CXKCPShims shims.c
[47/964] Compiling SimpleFIPS202.c
[48/970] Compiling a_int.cc
[49/972] Compiling v3_bitst.cc
[50/972] Compiling v3_conf.cc
[51/972] Compiling v3_bcons.cc
[52/972] Compiling v3_alt.cc
[53/972] Compiling v3_akeya.cc
[55/1042] Emitting module ServiceContextModule
[56/1042] Emitting module _CertificateInternals
[57/1042] Emitting module RealModule
[58/1043] Compiling RealModule RelaxedArithmetic.swift
[59/1043] Compiling InternalCollectionsUtilities Iterable+CopyContents.swift
[60/1043] Compiling InternalCollectionsUtilities Iterable+Equality.swift
[61/1045] Compiling InternalCollectionsUtilities MutableSpan+Extras.swift
[62/1045] Compiling InternalCollectionsUtilities OutputSpan+Extras.swift
[63/1045] Compiling InternalCollectionsUtilities RandomAccessCollection+Offsets.swift
[64/1045] Compiling InternalCollectionsUtilities Span+Extras.swift
[67/1048] Compiling InternalCollectionsUtilities LifetimeOverride.swift
[68/1048] Compiling InternalCollectionsUtilities MutableRef.swift
[69/1048] Compiling _NIODataStructures PriorityQueue.swift
[70/1048] Compiling RealModule RealFunctions.swift
[73/1048] Compiling InternalCollectionsUtilities Integer rank.swift
[74/1048] Compiling InternalCollectionsUtilities UInt+first and last set bit.swift
[75/1048] Compiling InternalCollectionsUtilities UInt+reversed.swift
[76/1048] Compiling InternalCollectionsUtilities BorrowingIteratorProtocol+Equality.swift
[77/1048] Compiling InternalCollectionsUtilities BorrowingIteratorProtocol+Extras.swift
[78/1048] Compiling InternalCollectionsUtilities Strideable+LimitHelpers.swift
[79/1048] Compiling InternalCollectionsUtilities String+Padding.swift
[80/1048] Compiling InternalCollectionsUtilities TemporaryAllocation.swift
[81/1048] Compiling InternalCollectionsUtilities _UnsafeBitSet+Index.swift
[82/1048] Compiling SwiftASN1 DER.swift
[83/1048] Compiling SwiftASN1 Errors.swift
[84/1048] Compiling InternalCollectionsUtilities UnsafeBufferPointer+Extras.swift
[85/1048] Compiling InternalCollectionsUtilities UnsafeMutableBufferPointer+Extras.swift
[86/1048] Compiling InternalCollectionsUtilities UnsafeMutablePointer+Extras.swift
[87/1048] Compiling InternalCollectionsUtilities UnsafeMutableRawBufferPointer+Extras.swift
[88/1048] Compiling InternalCollectionsUtilities UnsafePointer+Extras.swift
[89/1048] Compiling RealModule Float16+Real.swift
[90/1048] Compiling RealModule Float80+Real.swift
[91/1048] Compiling Logging LoggingSystem.swift
[92/1049] Compiling ServiceContextModule ServiceContextKey.swift
[93/1049] Compiling ServiceContextModule ServiceContext.swift
[94/1050] Compiling InternalCollectionsUtilities FixedWidthInteger+roundUpToPowerOfTwo.swift
[96/1050] Compiling InternalCollectionsUtilities Debugging.swift
[97/1050] Compiling InternalCollectionsUtilities Descriptions.swift
[98/1050] Emitting module _NIODataStructures
[99/1050] Compiling _NIODataStructures Heap.swift
[100/1050] Compiling RealModule Real.swift
[103/1051] Compiling InternalCollectionsUtilities UnsafeRawBufferPointer+Extras.swift
[104/1051] Compiling InternalCollectionsUtilities _SortedCollection.swift
[105/1051] Compiling InternalCollectionsUtilities _UniqueCollection.swift
[106/1051] Emitting module _NIOBase64
[107/1051] Compiling _NIOBase64 Base64.swift
[112/1052] Compiling _NIODataStructures _TinyArray.swift
[117/1053] Emitting module InternalCollectionsUtilities
[125/1061] Compiling _CertificateInternals _TinyArray.swift
[126/1066] Wrapping AST for _NIODataStructures for debugging
[128/1066] Compiling Logging Logger.swift
[129/1066] Compiling Logging Logger+With.swift
[130/1066] Compiling Logging Logger+Attributes.swift
[130/1066] Wrapping AST for ServiceContextModule for debugging
[131/1066] Wrapping AST for _NIOBase64 for debugging
[132/1066] Wrapping AST for RealModule for debugging
[133/1066] Wrapping AST for _CertificateInternals for debugging
[134/1070] Wrapping AST for InternalCollectionsUtilities for debugging
[135/1070] Compiling KeccakSponge.c
[137/1070] Compiling ExtrasBase64 Base64+Span.swift
[138/1070] Compiling Instrumentation MultiplexInstrument.swift
[139/1070] Compiling Instrumentation NoOpInstrument.swift
[139/1070] Compiling CSystem shims.c
[140/1070] Compiling CNIOWindows shim.c
[141/1070] Compiling KeccakHash.c
[143/1070] Compiling SpanPreview OutputSpan+InputSpanHelpers.swift
[144/1070] Compiling SpanPreview MutableSpan+InputSpanHelpers.swift
[145/1070] Emitting module SpanPreview
[146/1070] Compiling SpanPreview InputSpan.swift
[146/1071] Compiling CNIOWindows WSAStartup.c
[147/1076] Compiling CNIOWASI CNIOWASI.c
[149/1108] Compiling CNIOPosix event_loop_id.c
[150/1108] Compiling CNIOOpenBSD shim.c
[151/1108] Wrapping AST for SpanPreview for debugging
[152/1150] Compiling CNIOLinux shim.c
[153/1150] Compiling CNIOLinux liburing_shims.c
[155/1150] Compiling DequeModule Deque+Testing.swift
[156/1150] Compiling DequeModule Deque._Storage.swift
[157/1150] Compiling DequeModule Deque._UnsafeHandle.swift
[158/1150] Emitting module SwiftASN1
[158/1150] Compiling KeccakP-1600-opt64.c
[159/1150] Compiling CNIOLLHTTP c_nio_http.c
[161/1150] Compiling DequeModule RigidDeque+Insertions.swift
[162/1150] Compiling DequeModule RigidDeque+Iterable.swift
[163/1150] Compiling DequeModule UniqueDeque+Consumption.swift
[164/1150] Compiling DequeModule UniqueDeque+ContainerOperations.swift
[165/1150] Compiling DequeModule UniqueDeque+Deprecations.swift
[166/1150] Compiling DequeModule UniqueDeque+Descriptions.swift
[167/1150] Compiling DequeModule UniqueDeque+Equatable.swift
[168/1150] Compiling DequeModule UniqueDeque+Hashable.swift
[168/1155] Compiling CNIOLLHTTP c_nio_api.c
[169/1155] Compiling CNIOLLHTTP c_nio_llhttp.c
[170/1155] Compiling CNIOFreeBSD shim.c
[172/1155] Compiling DequeModule UniqueDeque+Initializers.swift
[173/1155] Compiling DequeModule UniqueDeque+Insertions.swift
[174/1155] Compiling DequeModule UniqueDeque+Iterable.swift
[175/1155] Compiling DequeModule UniqueDeque+Prepend.swift
[176/1155] Compiling DequeModule UniqueDeque+Removals.swift
[176/1155] Compiling CNIOExtrasZlib zutil.c
[178/1155] Compiling DequeModule RigidDeque+Descriptions.swift
[179/1155] Compiling DequeModule RigidDeque+Equatable.swift
[180/1155] Compiling DequeModule RigidDeque+Hashable.swift
[181/1155] Compiling DequeModule RigidDeque+Initializers.swift
[183/1155] Compiling CNIOExtrasZlib inftrees.c
[184/1155] Compiling CNIOExtrasZlib trees.c
[185/1155] Compiling CNIOExtrasZlib inflate.c
[186/1155] Compiling CNIOExtrasZlib inffast.c
[187/1155] Compiling CNIOExtrasZlib crc32.c
[188/1155] Compiling CNIOExtrasZlib adler32.c
[189/1155] Compiling CNIOExtrasZlib deflate.c
[190/1155] Compiling CNIODarwin shim.c
[192/1155] Compiling DequeModule _DequeBuffer.swift
[193/1155] Compiling DequeModule _DequeBufferHeader.swift
[194/1155] Compiling DequeModule RigidDeque+Append.swift
[195/1155] Compiling DequeModule RigidDeque+Consumption.swift
[196/1155] Compiling DequeModule RigidDeque+ContainerOperations.swift
[197/1155] Compiling DequeModule RigidDeque+Deprecations.swift
[198/1155] Compiling DequeModule RigidDeque+Prepend.swift
[199/1155] Compiling DequeModule RigidDeque+Removals.swift
[200/1155] Compiling DequeModule RigidDeque+Replacements.swift
[201/1155] Compiling DequeModule RigidDeque+Testing.swift
[202/1155] Compiling DequeModule RigidDeque.swift
[203/1155] Compiling DequeModule UniqueDeque+Append.swift
[203/1155] Compiling fiat_p256_adx_sqr.S
[204/1155] Compiling fiat_p256_adx_mul.S
[205/1155] Compiling fiat_curve25519_adx_square.S
[206/1155] Compiling fiat_curve25519_adx_mul.S
[208/1155] Compiling ExtrasBase64 Base32.swift
[209/1155] Compiling ExtrasBase64 Base32+Span.swift
[217/1160] Compiling DequeModule Deque+Extras.swift
[218/1160] Compiling DequeModule Deque+Hashable.swift
[219/1160] Emitting module Logging
[222/1160] Compiling DequeModule Deque+Equatable.swift
[223/1160] Compiling DequeModule Deque+ExpressibleByArrayLiteral.swift
[223/1160] Compiling CNIOBoringSSLShims shims.c
[225/1161] Compiling Instrumentation Instrument.swift
[226/1161] Compiling Instrumentation InstrumentationSystem.swift
[227/1161] Compiling Instrumentation Locks.swift
[228/1161] Emitting module Instrumentation
[251/1162] Compiling Logging MetadataProvider.swift
[253/1163] Compiling DequeModule Deque+Codable.swift
[254/1163] Compiling DequeModule Deque+Collection.swift
[255/1163] Compiling DequeModule Deque+CustomReflectable.swift
[256/1163] Compiling DequeModule Deque+Descriptions.swift
[264/1163] Compiling DequeModule Deque.swift
[265/1171] Emitting module SystemPackage
[272/1171] Compiling Tracing InstrumentationSystem+Tracing.swift
[278/1172] Compiling Tracing NoOpTracer.swift
[279/1172] Compiling Tracing WithTracer.swift
[280/1172] Compiling Tracing TracingTime.swift
[281/1172] Emitting module Tracing
[282/1172] Compiling Tracing TracerProtocol.swift
[283/1172] Compiling Tracing TracerProtocol+Legacy.swift
[284/1172] Compiling Tracing Tracer.swift
[285/1172] Compiling Tracing SpanProtocol.swift
[286/1173] Wrapping AST for SwiftASN1 for debugging
[287/1173] Wrapping AST for Tracing for debugging
[288/1173] Wrapping AST for Logging for debugging
[289/1173] Compiling tls_method.cc
[291/1173] Compiling SystemPackage SystemString.swift
[292/1173] Compiling SystemPackage Util+StringArray.swift
[293/1173] Compiling SystemPackage Util.swift
[294/1173] Compiling SystemPackage UtilConsumers.swift
[295/1173] Compiling SystemPackage WinSDK+Overlay.swift
[295/1174] Wrapping AST for Instrumentation for debugging
[296/1174] Compiling tls_record.cc
[298/1174] Compiling tls13_server.cc
[299/1174] Wrapping AST for SystemPackage for debugging
[300/1174] Compiling tls13_enc.cc
[302/1174] Emitting module DequeModule
[303/1174] Compiling DequeModule UniqueDeque+Replacements.swift
[304/1174] Compiling DequeModule UniqueDeque.swift
[305/1174] Compiling DequeModule _DequeSlot.swift
[306/1174] Compiling DequeModule _UnsafeDequeHandle.swift
[307/1174] Compiling DequeModule _UnsafeDequeSegments.swift
[308/1175] Compiling tls13_both.cc
[309/1175] Compiling t1_enc.cc
[310/1175] Compiling tls13_client.cc
[311/1175] Compiling ssl_x509.cc
[312/1186] Wrapping AST for DequeModule for debugging
[313/1218] Compiling ssl_versions.cc
[314/1218] Compiling ssl_transcript.cc
[316/1218] Emitting module Configuration
[317/1223] Compiling ExtrasBase64 Base64.swift
[317/1223] Compiling ssl_key_share.cc
[318/1223] Compiling ssl_stat.cc
[319/1223] Compiling ssl_session.cc
[321/1223] Emitting module ExtrasBase64
[321/1223] Compiling ssl_privkey.cc
[323/1224] Compiling ssl_file.cc
[324/1255] Compiling ssl_lib.cc
[325/1255] Wrapping AST for ExtrasBase64 for debugging
[326/1255] Compiling ssl_cert.cc
[327/1255] Compiling ssl_cipher.cc
[328/1255] Compiling ssl_credential.cc
[329/1255] Compiling ssl_buffer.cc
[330/1255] Compiling ssl_asn1.cc
[332/1255] Emitting module GoogleWKT
[333/1259] Compiling GoogleWKT WKTFloatValue.swift
[334/1259] Compiling GoogleWKT WKTInt32Value.swift
[335/1259] Compiling GoogleWKT WKTInt64Value.swift
[336/1259] Compiling GoogleWKT WKTRecursive.swift
[337/1259] Compiling GoogleWKT WKTDoubleValue.swift
[338/1259] Compiling GoogleWKT WKTDuration.swift
[339/1259] Compiling GoogleWKT WKTEmpty.swift
[340/1259] Compiling GoogleWKT WKTFieldMask.swift
[341/1259] Compiling GoogleWKT UnknownFields.swift
[342/1259] Compiling GoogleWKT WKTAny.swift
[343/1259] Compiling GoogleWKT WKTAnyError.swift
[344/1259] Compiling GoogleWKT WKTBoolValue.swift
[345/1259] Compiling GoogleWKT WKTBytesValue.swift
[346/1259] Compiling GoogleWKT WKTStringValue.swift
[347/1259] Compiling GoogleWKT WKTTimestamp.swift
[348/1259] Compiling GoogleWKT WKTUInt32Value.swift
[349/1259] Compiling GoogleWKT WKTUInt64Value.swift
[349/1259] Compiling ssl_aead_ctx.cc
[351/1259] Compiling GoogleWKT WKTField.swift
[352/1259] Compiling GoogleWKT WKTMethod.swift
[353/1259] Compiling GoogleWKT WKTMixin.swift
[354/1259] Compiling GoogleWKT WKTOption.swift
[355/1259] Compiling GoogleWKT WKTValue.swift
[356/1259] Compiling GoogleWKT WKTApi.swift
[357/1259] Compiling GoogleWKT WKTEnum.swift
[358/1259] Compiling GoogleWKT WKTEnumValue.swift
[371/1259] Compiling Configuration CombineLatestManyStorage.swift
[372/1259] Compiling Configuration AsyncSequences.swift
[373/1259] Compiling Configuration FoundationExtensions.swift
[374/1259] Compiling Configuration Span.swift
[375/1259] Compiling Configuration ConfigBytesFromStringDecoder.swift
[376/1259] Compiling GoogleWKT WKTSourceContext.swift
[377/1259] Compiling GoogleWKT WKTSyntax.swift
[378/1259] Compiling GoogleWKT WKTType.swift
[379/1259] Compiling GoogleWKT PackageVersion.swift
[380/1259] Compiling GoogleWKT AnyPackable.swift
[381/1259] Compiling GoogleWKT DecodeToDefault.swift
[382/1259] Compiling GoogleWKT DiscoveryBase64.swift
[383/1259] Compiling GoogleWKT ProtoJSONDecoder.swift
[384/1259] Compiling GoogleWKT ProtoJSONEncoder.swift
[385/1259] Compiling s3_pkt.cc
[387/1259] Compiling Configuration SeparatorKeyEncoder.swift
[388/1259] Compiling Configuration MultiProvider.swift
[389/1259] Compiling Configuration CLIArgumentParser.swift
[390/1259] Compiling Configuration CLISnapshot.swift
[391/1259] Compiling Configuration CommandLineArgumentsProvider.swift
[392/1259] Compiling Configuration EnvironmentFileParser.swift
[397/1259] Compiling Configuration YAMLSnapshot.swift
[398/1259] Compiling Configuration InMemoryProvider.swift
[410/1260] Compiling s3_lib.cc
[411/1275] Compiling handshake_client.cc
[412/1275] Compiling s3_both.cc
[413/1275] Wrapping AST for GoogleWKT for debugging
[414/1275] Compiling handshake_server.cc
[416/1275] Compiling GoogleRpc LocalizedMessage.swift
[417/1275] Compiling GoogleRpc PackageVersion.swift
[418/1275] Compiling GoogleRpc RequestInfo.swift
[419/1275] Compiling GoogleRpc ResourceInfo.swift
[420/1277] Compiling GoogleRpc BadRequest.swift
[421/1277] Compiling GoogleRpc Code.swift
[422/1277] Compiling GoogleRpc Help.swift
[423/1277] Compiling GoogleRpc HttpHeader.swift
[424/1277] Emitting module GoogleRpc
[425/1277] Compiling GoogleRpc HttpRequest.swift
[426/1277] Compiling GoogleRpc HttpResponse.swift
[427/1277] Compiling GoogleRpc PreconditionFailure.swift
[428/1277] Compiling GoogleRpc QuotaFailure.swift
[433/1278] Compiling GoogleRpc DebugInfo.swift
[434/1278] Compiling GoogleRpc ErrorInfo.swift
[437/1278] Wrapping AST for Configuration for debugging
[438/1278] Compiling handshake.cc
[440/1278] Compiling GoogleRpc RetryInfo.swift
[441/1278] Compiling GoogleRpc Status.swift
[442/1279] Wrapping AST for GoogleRpc for debugging
[443/1279] Compiling handoff.cc
[444/1279] Compiling extensions.cc
[445/1279] Compiling dtls_method.cc
[446/1279] Compiling dtls_record.cc
[447/1279] Compiling md5-x86_64-linux.S
[448/1279] Compiling md5-x86_64-apple.S
[449/1279] Compiling md5-586-linux.S
[450/1279] Compiling md5-586-apple.S
[451/1279] Compiling encrypted_client_hello.cc
[452/1279] Compiling chacha20_poly1305_x86_64-linux.S
[453/1279] Compiling chacha20_poly1305_x86_64-apple.S
[454/1279] Compiling chacha20_poly1305_armv8-win.S
[455/1279] Compiling chacha20_poly1305_armv8-apple.S
[456/1279] Compiling chacha20_poly1305_armv8-linux.S
[457/1279] Compiling chacha-x86_64-linux.S
[458/1279] Compiling chacha-x86_64-apple.S
[459/1279] Compiling chacha-x86-linux.S
[460/1279] Compiling d1_srtp.cc
[461/1279] Compiling chacha-x86-apple.S
[462/1279] Compiling chacha-armv8-win.S
[463/1279] Compiling d1_pkt.cc
[464/1279] Compiling chacha-armv8-apple.S
[465/1279] Compiling chacha-armv4-linux.S
[466/1279] Compiling chacha-armv8-linux.S
[467/1279] Compiling aes128gcmsiv-x86_64-linux.S
[468/1279] Compiling aes128gcmsiv-x86_64-apple.S
[469/1279] Compiling x86_64-mont5-apple.S
[469/1279] Compiling x86_64-mont5-linux.S
[471/1279] Compiling x86_64-mont-linux.S
[472/1279] Compiling x86_64-mont-apple.S
[473/1279] Compiling err_data.cc
[474/1279] Compiling x86-mont-linux.S
[475/1279] Compiling x86-mont-apple.S
[476/1279] Compiling vpaes-x86_64-linux.S
[477/1279] Compiling vpaes-x86_64-apple.S
[478/1279] Compiling vpaes-x86-linux.S
[479/1279] Compiling vpaes-armv8-win.S
[480/1279] Compiling vpaes-x86-apple.S
[481/1279] Compiling vpaes-armv8-apple.S
[482/1279] Compiling vpaes-armv8-linux.S
[483/1279] Compiling vpaes-armv7-linux.S
[484/1279] Compiling sha512-x86_64-linux.S
[485/1279] Compiling bio_ssl.cc
[486/1279] Compiling sha512-x86_64-apple.S
[487/1279] Compiling sha512-armv8-win.S
[488/1279] Compiling sha512-armv4-linux.S
[489/1279] Compiling sha512-armv8-apple.S
[490/1279] Compiling sha512-586-linux.S
[490/1279] Compiling sha512-armv8-linux.S
[492/1279] Compiling sha512-586-apple.S
[492/1279] Compiling sha256-x86_64-linux.S
[494/1279] Compiling sha256-armv8-win.S
[495/1279] Compiling d1_lib.cc
[496/1279] Compiling sha256-armv4-linux.S
[497/1279] Compiling sha256-586-linux.S
[498/1279] Compiling sha256-armv8-apple.S
[499/1279] Compiling sha256-x86_64-apple.S
[500/1279] Compiling sha256-armv8-linux.S
[501/1279] Compiling sha1-x86_64-linux.S
[502/1279] Compiling sha256-586-apple.S
[503/1279] Compiling sha1-x86_64-apple.S
[504/1279] Compiling sha1-armv8-win.S
[505/1279] Compiling sha1-armv8-apple.S
[506/1279] Compiling sha1-armv4-large-linux.S
[507/1279] Compiling sha1-armv8-linux.S
[508/1279] Compiling sha1-586-linux.S
[509/1279] Compiling rsaz-avx2-linux.S
[510/1279] Compiling rdrand-x86_64-linux.S
[511/1279] Compiling sha1-586-apple.S
[512/1279] Compiling rsaz-avx2-apple.S
[513/1279] Compiling rdrand-x86_64-apple.S
[514/1279] Compiling p256_beeu-x86_64-asm-linux.S
[515/1279] Compiling p256_beeu-x86_64-asm-apple.S
[516/1279] Compiling p256_beeu-armv8-asm-win.S
[517/1279] Compiling p256_beeu-armv8-asm-linux.S
[518/1279] Compiling p256_beeu-armv8-asm-apple.S
[519/1279] Compiling p256-x86_64-asm-linux.S
[520/1279] Compiling p256-x86_64-asm-apple.S
[521/1279] Compiling p256-armv8-asm-win.S
[522/1279] Compiling p256-armv8-asm-apple.S
[523/1279] Compiling ghashv8-armv8-win.S
[524/1279] Compiling ghashv8-armv8-linux.S
[524/1279] Compiling ghashv8-armv8-apple.S
[524/1279] Compiling ghashv8-armv7-linux.S
[527/1279] Compiling p256-armv8-asm-linux.S
[528/1279] Compiling ghash-x86_64-linux.S
[529/1279] Compiling ghash-x86_64-apple.S
[530/1279] Compiling ghash-x86-linux.S
[531/1279] Compiling ghash-x86-apple.S
[532/1279] Compiling ghash-ssse3-x86_64-linux.S
[533/1279] Compiling ghash-ssse3-x86_64-apple.S
[534/1279] Compiling ghash-ssse3-x86-linux.S
[535/1279] Compiling ghash-ssse3-x86-apple.S
[536/1279] Compiling ghash-neon-armv8-win.S
[537/1279] Compiling ghash-neon-armv8-linux.S
[538/1279] Compiling ghash-armv4-linux.S
[539/1279] Compiling ghash-neon-armv8-apple.S
[540/1279] Compiling co-586-linux.S
[541/1279] Compiling bsaes-armv7-linux.S
[542/1279] Compiling co-586-apple.S
[543/1279] Compiling bn-armv8-win.S
[544/1279] Compiling bn-armv8-linux.S
[545/1279] Compiling bn-armv8-apple.S
[546/1279] Compiling bn-586-linux.S
[547/1279] Compiling d1_both.cc
[548/1279] Compiling bn-586-apple.S
[549/1279] Compiling armv8-mont-win.S
[550/1279] Compiling armv8-mont-apple.S
[551/1279] Compiling armv4-mont-linux.S
[552/1279] Compiling aesv8-gcm-armv8-win.S
[552/1279] Compiling armv8-mont-linux.S
[554/1279] Compiling aesv8-gcm-armv8-apple.S
[555/1279] Compiling aesv8-armv8-win.S
[555/1279] Compiling aesv8-gcm-armv8-linux.S
[557/1279] Compiling aesv8-armv8-linux.S
[558/1279] Compiling aesv8-armv8-apple.S
[559/1279] Compiling aesni-x86_64-linux.S
[560/1279] Compiling aesv8-armv7-linux.S
[561/1279] Compiling aesni-x86_64-apple.S
[562/1279] Compiling aesni-x86-linux.S
[563/1279] Compiling aesni-gcm-x86_64-linux.S
[563/1279] Compiling aesni-x86-apple.S
[565/1279] Compiling aesni-gcm-x86_64-apple.S
[566/1279] Compiling aes-gcm-avx2-x86_64-linux.S
[567/1279] Compiling aes-gcm-avx10-x86_64-linux.S
[568/1279] Compiling aes-gcm-avx2-x86_64-apple.S
[569/1279] Compiling aes-gcm-avx10-x86_64-apple.S
[570/1279] Compiling x_val.cc
[571/1279] Compiling x_sig.cc
[572/1279] Compiling x_req.cc
[573/1279] Compiling x_spki.cc
[574/1279] Compiling x_x509.cc
[575/1279] Compiling x_x509a.cc
[576/1279] Compiling x_pubkey.cc
[577/1279] Compiling x_name.cc
[578/1279] Compiling x509spki.cc
[579/1279] Compiling x_algor.cc
[580/1279] Compiling x_attrib.cc
[581/1279] Compiling x_exten.cc
[582/1279] Compiling x509rset.cc
[583/1279] Compiling x_crl.cc
[584/1279] Compiling x_all.cc
[585/1279] Compiling x509name.cc
[586/1279] Compiling x509_txt.cc
[587/1279] Compiling x509_v3.cc
[587/1279] Compiling x509_vpm.cc
[589/1279] Compiling x509_trs.cc
[590/1279] Compiling x509cset.cc
[591/1279] Compiling x509_set.cc
[592/1279] Compiling x509_vfy.cc
[593/1279] Compiling x509_req.cc
[594/1279] Compiling x509_def.cc
[595/1279] Compiling x509_d2.cc
[596/1279] Compiling x509_obj.cc
[597/1279] Compiling x509_ext.cc
[598/1279] Compiling x509_lu.cc
[599/1279] Compiling x509_cmp.cc
[600/1279] Compiling x509.cc
[601/1279] Compiling x509_att.cc
[602/1279] Compiling v3_skey.cc
[603/1279] Compiling v3_prn.cc
[604/1279] Compiling v3_purp.cc
[605/1279] Compiling v3_pmaps.cc
[606/1279] Compiling v3_utl.cc
[607/1279] Compiling v3_ocsp.cc
[608/1279] Compiling v3_pcons.cc
[609/1279] Compiling v3_ncons.cc
[610/1279] Compiling v3_int.cc
[611/1279] Compiling v3_lib.cc
[612/1279] Compiling v3_ia5.cc
[613/1279] Compiling v3_info.cc
[614/1279] Compiling v3_genn.cc
[614/1279] Compiling v3_enum.cc
[616/1279] Compiling v3_extku.cc
[617/1279] Compiling v3_crld.cc
[618/1279] Compiling v3_cpols.cc
[619/1279] Compiling v3_bitst.cc
[619/1279] Compiling v3_conf.cc
[621/1279] Compiling v3_bcons.cc
[622/1279] Compiling v3_alt.cc
[623/1279] Compiling v3_akeya.cc
[624/1279] Compiling v3_akey.cc
[625/1279] Compiling t_x509a.cc
[626/1279] Compiling i2d_pr.cc
[627/1279] Compiling t_crl.cc
[628/1279] Compiling t_x509.cc
[629/1279] Compiling t_req.cc
[630/1279] Compiling rsa_pss.cc
[631/1279] Compiling name_print.cc
[632/1279] Compiling policy.cc
[633/1279] Compiling by_file.cc
[634/1279] Compiling by_dir.cc
[635/1279] Compiling asn1_gen.cc
[636/1279] Compiling a_verify.cc
[636/1279] Compiling algorithm.cc
[638/1279] Compiling a_sign.cc
[639/1279] Compiling a_digest.cc
[639/1279] Compiling voprf.cc
[641/1279] Compiling trust_token.cc
[642/1279] Compiling thread_win.cc
[643/1279] Compiling thread_none.cc
[643/1279] Compiling thread_pthread.cc
[645/1279] Compiling thread.cc
[646/1279] Compiling stack.cc
[647/1279] Compiling pmbtoken.cc
[648/1279] Compiling slhdsa.cc
[649/1279] Compiling spake2plus.cc
[650/1279] Compiling sha256.cc
[650/1279] Compiling sha1.cc
[650/1279] Compiling sha512.cc
[653/1279] Compiling siphash.cc
[654/1279] Compiling rsa_print.cc
[655/1279] Compiling rsa_extra.cc
[656/1279] Compiling rsa_crypt.cc
[657/1279] Compiling rc4.cc
[658/1279] Compiling windows.cc
[659/1279] Compiling refcount.cc
[660/1279] Compiling urandom.cc
[661/1279] Compiling trusty.cc
[662/1279] Compiling rsa_asn1.cc
[663/1279] Compiling rand.cc
[664/1279] Compiling passive.cc
[665/1279] Compiling poly1305_arm_asm.S
[666/1279] Compiling ios.cc
[667/1279] Compiling getentropy.cc
[668/1279] Compiling forkunsafe.cc
[669/1279] Compiling fork_detect.cc
[670/1279] Compiling deterministic.cc
[671/1279] Compiling poly1305_vec.cc
[672/1279] Compiling poly1305_arm.cc
[673/1279] Compiling poly1305.cc
[674/1279] Compiling pool.cc
[675/1279] Compiling pkcs8.cc
[676/1279] Compiling pkcs8_x509.cc
[677/1279] Compiling p5_pbev2.cc
[678/1279] Compiling pkcs7.cc
[679/1279] Compiling pkcs7_x509.cc
[680/1279] Compiling pem_xaux.cc
[681/1279] Compiling pem_x509.cc
[682/1279] Compiling pem_pkey.cc
[683/1279] Compiling pem_oth.cc
[684/1279] Compiling pem_pk8.cc
[685/1279] Compiling mlkem.cc
[686/1279] Compiling pem_info.cc
[687/1279] Compiling pem_lib.cc
[687/1279] Compiling pem_all.cc
[689/1279] Compiling obj_xref.cc
[690/1279] Compiling obj.cc
[691/1279] Compiling poly_rq_mul.S
[692/1279] Compiling mldsa.cc
[693/1279] Compiling fips_shared_support.cc
[694/1279] Compiling mem.cc
[695/1279] Compiling md5.cc
[696/1279] Compiling md4.cc
[697/1279] Compiling lhash.cc
[698/1279] Compiling kyber.cc
[699/1279] Compiling ex_data.cc
[700/1279] Compiling sign.cc
[701/1279] Compiling scrypt.cc
[702/1279] Compiling hrss.cc
[703/1279] Compiling print.cc
[704/1279] Compiling hpke.cc
[705/1279] Compiling pbkdf.cc
[706/1279] Compiling p_x25519.cc
[707/1279] Compiling p_x25519_asn1.cc
[708/1279] Compiling p_rsa_asn1.cc
[709/1279] Compiling p_rsa.cc
[710/1279] Compiling p_ed25519.cc
[711/1279] Compiling p_hkdf.cc
[712/1279] Compiling p_ed25519_asn1.cc
[713/1279] Compiling p_ec.cc
[714/1279] Compiling p_ec_asn1.cc
[715/1279] Compiling p_dh_asn1.cc
[716/1279] Compiling p_dh.cc
[717/1279] Compiling evp_ctx.cc
[718/1279] Compiling p_dsa_asn1.cc
[719/1279] Compiling evp_asn1.cc
[720/1279] Compiling evp.cc
[721/1279] Compiling err.cc
[722/1279] Compiling engine.cc
[723/1279] Compiling ecdh.cc
[724/1279] Compiling ecdsa_asn1.cc
[725/1279] Compiling hash_to_curve.cc
[726/1279] Compiling ec_derive.cc
[727/1279] Compiling dsa.cc
[728/1279] Compiling ec_asn1.cc
[728/1279] Compiling dsa_asn1.cc
[730/1279] Compiling params.cc
[731/1279] Compiling bcm.cc
[732/1279] Compiling digest_extra.cc
[733/1279] Compiling x25519-asm-arm.S
[734/1279] Compiling des.cc
[735/1279] Compiling dh_asn1.cc
[736/1279] Compiling curve25519_64_adx.cc
[737/1279] Compiling cpu_intel.cc
[738/1279] Compiling crypto.cc
[739/1279] Compiling spake25519.cc
[740/1279] Compiling cpu_arm_linux.cc
[741/1279] Compiling cpu_arm_freebsd.cc
[742/1279] Compiling curve25519.cc
[743/1279] Compiling cpu_aarch64_win.cc
[744/1279] Compiling cpu_aarch64_sysreg.cc
[745/1279] Compiling cpu_aarch64_openbsd.cc
[746/1279] Compiling cpu_aarch64_linux.cc
[747/1279] Compiling cpu_aarch64_fuchsia.cc
[748/1279] Compiling cpu_aarch64_apple.cc
[749/1279] Compiling conf.cc
[750/1279] Compiling get_cipher.cc
[751/1279] Compiling tls_cbc.cc
[752/1279] Compiling e_tls.cc
[752/1279] Compiling e_rc4.cc
[754/1279] Compiling e_null.cc
[755/1279] Compiling e_des.cc
[756/1279] Compiling e_rc2.cc
[757/1279] Compiling e_chacha20poly1305.cc
[757/1279] Compiling e_aesgcmsiv.cc
[759/1279] Compiling e_aesctrhmac.cc
[760/1279] Compiling derive_key.cc
[761/1279] Compiling chacha.cc
[762/1279] Compiling unicode.cc
[763/1279] Compiling buf.cc
[764/1279] Compiling cbb.cc
[765/1279] Compiling cbs.cc
[766/1279] Compiling ber.cc
[767/1279] Compiling asn1_compat.cc
[768/1279] Compiling bn_asn1.cc
[769/1279] Compiling convert.cc
[770/1279] Compiling blake2.cc
[771/1279] Compiling socket_helper.cc
[772/1279] Compiling printf.cc
[772/1279] Compiling socket.cc
[774/1279] Compiling pair.cc
[775/1279] Compiling hexdump.cc
[776/1279] Compiling fd.cc
[776/1279] Compiling errno.cc
[776/1279] Compiling file.cc
[779/1279] Compiling connect.cc
[780/1279] Compiling bio_mem.cc
[781/1279] Compiling base64.cc
[782/1279] Compiling bio.cc
[783/1279] Compiling tasn_utl.cc
[784/1279] Compiling tasn_fre.cc
[785/1279] Compiling tasn_typ.cc
[786/1279] Compiling tasn_enc.cc
[787/1279] Compiling posix_time.cc
[788/1279] Compiling tasn_new.cc
[789/1279] Compiling f_string.cc
[790/1279] Compiling tasn_dec.cc
[791/1279] Compiling f_int.cc
[792/1279] Compiling asn1_par.cc
[793/1279] Compiling asn_pack.cc
[794/1279] Compiling asn1_lib.cc
[795/1279] Compiling a_utctm.cc
[796/1279] Compiling a_type.cc
[797/1279] Compiling a_time.cc
[798/1279] Compiling a_octet.cc
[799/1279] Compiling a_strnid.cc
[800/1279] Compiling a_strex.cc
[801/1279] Compiling a_object.cc
[802/1279] Compiling a_i2d_fp.cc
[803/1279] Compiling a_dup.cc
[804/1279] Compiling a_mbstr.cc
[805/1279] Compiling a_d2i_fp.cc
[806/1279] Compiling CGoogleGaxCRC32C CGoogleGaxCRC32C.c
[807/1279] Compiling a_int.cc
[808/1279] Compiling fiat_p256_adx_sqr.S
[809/1279] Compiling fiat_p256_adx_mul.S
[810/1279] Compiling a_gentm.cc
[811/1279] Compiling fiat_curve25519_adx_square.S
[812/1279] Compiling fiat_curve25519_adx_mul.S
[813/1279] Compiling md5-x86_64-linux.S
[814/1279] Compiling md5-x86_64-apple.S
[815/1279] Compiling md5-586-linux.S
[816/1279] Compiling a_bitstr.cc
[817/1279] Compiling md5-586-apple.S
[818/1279] Compiling chacha20_poly1305_x86_64-linux.S
[819/1279] Compiling chacha20_poly1305_x86_64-apple.S
[820/1279] Compiling chacha20_poly1305_armv8-win.S
[821/1279] Compiling chacha20_poly1305_armv8-apple.S
[822/1279] Compiling chacha-x86_64-linux.S
[823/1279] Compiling chacha20_poly1305_armv8-linux.S
[824/1279] Compiling CCryptoBoringSSLShims shims.c
[825/1279] Compiling chacha-x86_64-apple.S
[826/1279] Compiling a_bool.cc
[827/1279] Compiling chacha-x86-linux.S
[828/1279] Compiling chacha-x86-apple.S
[829/1279] Compiling chacha-armv8-win.S
[830/1279] Compiling chacha-armv8-apple.S
[831/1279] Compiling chacha-armv4-linux.S
[832/1279] Compiling aes128gcmsiv-x86_64-linux.S
[833/1279] Compiling chacha-armv8-linux.S
[834/1279] Compiling aes128gcmsiv-x86_64-apple.S
[835/1279] Compiling x86_64-mont5-linux.S
[836/1279] Compiling x86_64-mont5-apple.S
[837/1279] Compiling x86_64-mont-linux.S
[838/1279] Compiling x86_64-mont-apple.S
[839/1279] Compiling x86-mont-linux.S
[840/1279] Compiling x86-mont-apple.S
[841/1279] Compiling vpaes-x86_64-linux.S
[842/1279] Compiling vpaes-x86_64-apple.S
[843/1279] Compiling vpaes-x86-linux.S
[844/1279] Compiling vpaes-x86-apple.S
[845/1279] Compiling vpaes-armv8-win.S
[846/1279] Compiling vpaes-armv8-apple.S
[847/1279] Compiling vpaes-armv7-linux.S
[848/1279] Compiling vpaes-armv8-linux.S
[849/1279] Compiling sha512-x86_64-apple.S
[850/1279] Compiling sha512-x86_64-linux.S
[851/1279] Compiling sha512-armv8-win.S
[852/1279] Compiling sha512-armv8-apple.S
[853/1279] Compiling sha512-586-linux.S
[854/1279] Compiling sha512-armv4-linux.S
[855/1279] Compiling err_data.cc
[856/1279] Compiling sha512-armv8-linux.S
[857/1279] Compiling sha512-586-apple.S
[858/1279] Compiling sha256-x86_64-linux.S
[859/1279] Compiling sha256-x86_64-apple.S
[860/1279] Compiling sha256-armv8-win.S
[861/1279] Compiling sha256-armv4-linux.S
[861/1279] Compiling sha256-armv8-apple.S
[863/1279] Compiling sha256-armv8-linux.S
[864/1279] Compiling sha256-586-linux.S
[865/1279] Compiling sha256-586-apple.S
[866/1279] Compiling sha1-x86_64-linux.S
[867/1279] Compiling sha1-armv8-win.S
[868/1279] Compiling sha1-x86_64-apple.S
[869/1279] Compiling sha1-armv8-apple.S
[870/1279] Compiling sha1-586-linux.S
[871/1279] Compiling sha1-armv4-large-linux.S
[871/1279] Compiling sha1-armv8-linux.S
[873/1279] Compiling sha1-586-apple.S
[874/1279] Compiling rsaz-avx2-apple.S
[875/1279] Compiling rdrand-x86_64-linux.S
[876/1279] Compiling rsaz-avx2-linux.S
[877/1279] Compiling rdrand-x86_64-apple.S
[878/1279] Compiling p256_beeu-x86_64-asm-linux.S
[879/1279] Compiling p256_beeu-x86_64-asm-apple.S
[880/1279] Compiling p256_beeu-armv8-asm-apple.S
[881/1279] Compiling p256_beeu-armv8-asm-win.S
[882/1279] Compiling p256_beeu-armv8-asm-linux.S
[883/1279] Compiling p256-x86_64-asm-linux.S
[884/1279] Compiling p256-x86_64-asm-apple.S
[885/1279] Compiling p256-armv8-asm-win.S
[886/1279] Compiling p256-armv8-asm-apple.S
[887/1279] Compiling p256-armv8-asm-linux.S
[888/1279] Compiling ghashv8-armv8-linux.S
[889/1279] Compiling ghashv8-armv8-win.S
[890/1279] Compiling ghashv8-armv8-apple.S
[891/1279] Compiling ghash-x86_64-linux.S
[892/1279] Compiling ghashv8-armv7-linux.S
[893/1279] Compiling ghash-x86-linux.S
[894/1279] Compiling ghash-x86_64-apple.S
[895/1279] Compiling ghash-x86-apple.S
[896/1279] Compiling ghash-ssse3-x86_64-apple.S
[897/1279] Compiling ghash-ssse3-x86_64-linux.S
[898/1279] Compiling ghash-ssse3-x86-linux.S
[899/1279] Compiling ghash-ssse3-x86-apple.S
[900/1279] Compiling ghash-neon-armv8-win.S
[901/1279] Compiling ghash-neon-armv8-apple.S
[901/1279] Compiling ghash-neon-armv8-linux.S
[903/1279] Compiling ghash-armv4-linux.S
[904/1279] Compiling co-586-linux.S
[904/1279] Compiling co-586-apple.S
[906/1279] Compiling bsaes-armv7-linux.S
[907/1279] Compiling bn-armv8-win.S
[908/1279] Compiling bn-armv8-apple.S
[909/1279] Compiling bn-armv8-linux.S
[910/1279] Compiling bn-586-apple.S
[911/1279] Compiling bn-586-linux.S
[912/1279] Compiling armv8-mont-win.S
[913/1279] Compiling armv4-mont-linux.S
[914/1279] Compiling armv8-mont-apple.S
[915/1279] Compiling aesv8-gcm-armv8-apple.S
[916/1279] Compiling armv8-mont-linux.S
[917/1279] Compiling aesv8-gcm-armv8-win.S
[918/1279] Compiling aesv8-gcm-armv8-linux.S
[919/1279] Compiling aesv8-armv8-win.S
[920/1279] Compiling aesv8-armv8-linux.S
[921/1279] Compiling aesv8-armv7-linux.S
[922/1279] Compiling aesv8-armv8-apple.S
[923/1279] Compiling aesni-x86_64-linux.S
[924/1279] Compiling aesni-x86_64-apple.S
[925/1279] Compiling aesni-x86-linux.S
[926/1279] Compiling aesni-x86-apple.S
[927/1279] Compiling aes-gcm-avx512-x86_64-linux.S
[928/1279] Compiling aesni-gcm-x86_64-linux.S
[929/1279] Compiling aesni-gcm-x86_64-apple.S
[930/1279] Compiling aes-gcm-avx512-x86_64-apple.S
[931/1279] Compiling aes-gcm-avx2-x86_64-linux.S
[932/1279] Compiling aes-gcm-avx2-x86_64-apple.S
[933/1279] Compiling xwing.cc
[934/1279] Compiling x_sig.cc
[935/1279] Compiling x_x509a.cc
[936/1279] Compiling x_x509.cc
[937/1279] Compiling x_spki.cc
[938/1279] Compiling x_req.cc
[939/1279] Compiling c-nioatomics.c
[940/1279] Compiling x_pubkey.cc
[941/1279] Compiling x_exten.cc
[942/1279] Compiling x_name.cc
[943/1279] Compiling c-atomics.c
[944/1279] Compiling x_crl.cc
[945/1286] Compiling x_attrib.cc
[946/1286] Compiling x_all.cc
[948/1286] Compiling NIOConcurrencyHelpers NIOLockedValueBox.swift
[949/1286] Compiling NIOConcurrencyHelpers NIOLock.swift
[949/1286] Compiling x509spki.cc
[950/1286] Compiling x_algor.cc
[952/1286] Compiling NIOConcurrencyHelpers lock.swift
[953/1286] Compiling NIOConcurrencyHelpers NIOAtomic.swift
[954/1286] Emitting module NIOConcurrencyHelpers
[955/1286] Compiling NIOConcurrencyHelpers NIOThreadPoolWorkAvailable.swift
[956/1286] Compiling NIOConcurrencyHelpers atomics.swift
[956/1286] Compiling x509rset.cc
[958/1287] Wrapping AST for NIOConcurrencyHelpers for debugging
[959/1287] Compiling x509_vpm.cc
[960/1287] Compiling x509name.cc
[961/1287] Compiling x509_vfy.cc
[962/1287] Compiling x509cset.cc
[963/1287] Compiling x509_v3.cc
[964/1287] Compiling x509_txt.cc
[965/1287] Compiling x509_trs.cc
[966/1287] Compiling x509_set.cc
[967/1287] Compiling x509_req.cc
[968/1287] Compiling x509_obj.cc
[969/1287] Compiling x509_lu.cc
[970/1287] Compiling x509_ext.cc
[971/1287] Compiling x509_def.cc
[972/1287] Compiling x509_d2.cc
[973/1287] Compiling x509_cmp.cc
[974/1287] Compiling x509.cc
[975/1287] Compiling x509_att.cc
[976/1287] Compiling v3_utl.cc
[977/1287] Compiling v3_skey.cc
[978/1287] Compiling v3_purp.cc
[979/1287] Compiling v3_prn.cc
[980/1287] Compiling v3_pmaps.cc
[981/1287] Compiling v3_pcons.cc
[982/1287] Compiling v3_ocsp.cc
[983/1287] Compiling v3_ncons.cc
[984/1287] Compiling v3_lib.cc
[985/1287] Compiling v3_int.cc
[986/1287] Compiling v3_info.cc
[987/1287] Compiling v3_ia5.cc
[988/1287] Compiling v3_genn.cc
[989/1287] Compiling v3_extku.cc
[990/1287] Compiling v3_enum.cc
[991/1287] Compiling v3_crld.cc
[992/1287] Compiling v3_akey.cc
[993/1287] Compiling v3_cpols.cc
[994/1287] Compiling t_x509a.cc
[995/1287] Compiling t_x509.cc
[996/1287] Compiling t_req.cc
[997/1287] Compiling i2d_pr.cc
[998/1287] Compiling t_crl.cc
[999/1287] Compiling rsa_pss.cc
[1000/1287] Compiling policy.cc
[1001/1287] Compiling name_print.cc
[1002/1287] Compiling by_file.cc
[1003/1287] Compiling by_dir.cc
[1004/1287] Compiling asn1_gen.cc
[1005/1287] Compiling algorithm.cc
[1006/1287] Compiling a_verify.cc
[1007/1287] Compiling a_sign.cc
[1008/1287] Compiling voprf.cc
[1009/1287] Compiling a_digest.cc
[1010/1287] Compiling thread_win.cc
[1011/1287] Compiling trust_token.cc
[1012/1287] Compiling thread_pthread.cc
[1012/1287] Compiling thread_none.cc
[1014/1287] Compiling pmbtoken.cc
[1015/1287] Compiling thread.cc
[1016/1287] Compiling stack.cc
[1017/1287] Compiling siphash.cc
[1018/1287] Compiling slhdsa.cc
[1019/1287] Compiling sha1.cc
[1019/1287] Compiling sha512.cc
[1021/1287] Compiling sha256.cc
[1022/1287] Compiling spake2plus.cc
[1023/1287] Compiling rsa_print.cc
[1024/1287] Compiling rsa_extra.cc
[1025/1287] Compiling rc4.cc
[1026/1287] Compiling windows.cc
[1027/1287] Compiling refcount.cc
[1028/1287] Compiling rsa_crypt.cc
[1029/1287] Compiling urandom.cc
[1030/1287] Compiling trusty.cc
[1031/1287] Compiling rand.cc
[1032/1287] Compiling rsa_asn1.cc
[1033/1287] Compiling ios.cc
[1034/1287] Compiling passive.cc
[1035/1287] Compiling getentropy.cc
[1036/1287] Compiling poly1305_arm_asm.S
[1037/1287] Compiling deterministic.cc
[1038/1287] Compiling fork_detect.cc
[1039/1287] Compiling forkunsafe.cc
[1040/1287] Compiling pool.cc
[1041/1287] Compiling poly1305_vec.cc
[1042/1287] Compiling poly1305_arm.cc
[1043/1287] Compiling poly1305.cc
[1044/1287] Compiling p5_pbev2.cc
[1045/1287] Compiling pkcs8.cc
[1046/1287] Compiling pkcs8_x509.cc
[1047/1287] Compiling pkcs7_x509.cc
[1048/1287] Compiling pkcs7.cc
[1049/1287] Compiling pem_xaux.cc
[1050/1287] Compiling pem_x509.cc
[1051/1287] Compiling pem_pkey.cc
[1052/1287] Compiling pem_oth.cc
[1053/1287] Compiling pem_pk8.cc
[1054/1287] Compiling mlkem.cc
[1055/1287] Compiling pem_lib.cc
[1056/1287] Compiling pem_info.cc
[1057/1287] Compiling obj_xref.cc
[1058/1287] Compiling pem_all.cc
[1059/1287] Compiling obj.cc
[1060/1287] Compiling poly_rq_mul.S
[1061/1287] Compiling mldsa.cc
[1062/1287] Compiling mem.cc
[1063/1287] Compiling fips_shared_support.cc
[1064/1287] Compiling lhash.cc
[1065/1287] Compiling md5.cc
[1066/1287] Compiling md4.cc
[1067/1287] Compiling kyber.cc
[1068/1287] Compiling fuzzer_mode.cc
[1069/1287] Compiling hrss.cc
[1070/1287] Compiling ex_data.cc
[1071/1287] Compiling hpke.cc
[1072/1287] Compiling scrypt.cc
[1073/1287] Compiling print.cc
[1074/1287] Compiling sign.cc
[1075/1287] Compiling pbkdf.cc
[1076/1287] Compiling p_x25519_asn1.cc
[1077/1287] Compiling p_x25519.cc
[1078/1287] Compiling p_rsa_asn1.cc
[1079/1287] Compiling p_rsa.cc
[1080/1287] Compiling p_hkdf.cc
[1081/1287] Compiling p_ed25519.cc
[1082/1287] Compiling p_ed25519_asn1.cc
[1083/1287] Compiling p_ec_asn1.cc
[1084/1287] Compiling p_ec.cc
[1085/1287] Compiling p_dh_asn1.cc
[1086/1287] Compiling p_dsa_asn1.cc
[1087/1287] Compiling p_dh.cc
[1088/1287] Compiling evp_ctx.cc
[1089/1287] Compiling evp_asn1.cc
[1090/1287] Compiling engine.cc
[1091/1287] Compiling err.cc
[1092/1287] Compiling ecdsa_p1363.cc
[1093/1287] Compiling evp.cc
[1094/1287] Compiling ecdh.cc
[1095/1287] Compiling ec_derive.cc
[1096/1287] Compiling ecdsa_asn1.cc
[1097/1287] Compiling hash_to_curve.cc
[1098/1287] Compiling dsa.cc
[1099/1287] Compiling dsa_asn1.cc
[1100/1287] Compiling ec_asn1.cc
[1101/1287] Compiling params.cc
[1102/1287] Compiling digest_extra.cc
[1103/1287] Compiling x25519-asm-arm.S
[1104/1287] Compiling des.cc
[1105/1287] Compiling dh_asn1.cc
[1106/1287] Compiling curve25519_64_adx.cc
[1107/1287] Compiling spake25519.cc
[1108/1287] Compiling cpu_intel.cc
[1109/1287] Compiling crypto.cc
[1110/1287] Compiling curve25519.cc
[1111/1287] Compiling cpu_arm_linux.cc
[1112/1287] Compiling cpu_arm_freebsd.cc
[1113/1287] Compiling cpu_aarch64_win.cc
[1114/1287] Compiling cpu_aarch64_openbsd.cc
[1115/1287] Compiling cpu_aarch64_sysreg.cc
[1116/1287] Compiling cpu_aarch64_linux.cc
[1117/1287] Compiling cpu_aarch64_fuchsia.cc
[1118/1287] Compiling cpu_aarch64_apple.cc
[1119/1287] Compiling tls_cbc.cc
[1120/1287] Compiling conf.cc
[1121/1287] Compiling get_cipher.cc
[1122/1287] Compiling e_tls.cc
[1123/1287] Compiling e_rc4.cc
[1124/1287] Compiling e_rc2.cc
[1125/1287] Compiling cms.cc
[1126/1287] Compiling e_null.cc
[1127/1287] Compiling e_des.cc
[1128/1287] Compiling e_chacha20poly1305.cc
[1129/1287] Compiling e_aesgcmsiv.cc
[1130/1287] Compiling chacha.cc
[1131/1287] Compiling e_aeseax.cc
[1132/1287] Compiling derive_key.cc
[1133/1287] Compiling e_aesctrhmac.cc
[1134/1287] Compiling unicode.cc
[1135/1287] Compiling buf.cc
[1136/1287] Compiling sqrt.cc
[1137/1287] Compiling cbs.cc
[1138/1287] Compiling ber.cc
[1139/1287] Compiling cbb.cc
[1140/1287] Compiling asn1_compat.cc
[1141/1287] Compiling exponentiation.cc
[1142/1287] Compiling printf.cc
[1143/1287] Compiling blake2.cc
[1144/1287] Compiling bn_asn1.cc
[1145/1287] Compiling pair.cc
[1146/1287] Compiling hexdump.cc
[1147/1287] Compiling convert.cc
[1148/1287] Compiling file.cc
[1149/1287] Compiling fd.cc
[1150/1287] Compiling errno.cc
[1151/1287] Compiling bio_mem.cc
[1152/1287] Compiling bio.cc
[1153/1287] Compiling tasn_typ.cc
[1154/1287] Compiling tasn_utl.cc
[1155/1287] Compiling tasn_fre.cc
[1156/1287] Compiling tasn_enc.cc
[1157/1287] Compiling posix_time.cc
[1158/1287] Compiling tasn_new.cc
[1159/1287] Compiling f_string.cc
[1160/1287] Compiling f_int.cc
[1161/1287] Compiling tasn_dec.cc
[1162/1287] Compiling asn_pack.cc
[1163/1287] Compiling asn1_par.cc
[1164/1287] Compiling asn1_lib.cc
[1165/1287] Compiling a_octet.cc
[1165/1287] Compiling a_utctm.cc
[1167/1287] Compiling a_type.cc
[1168/1287] Compiling bcm.cc
[1169/1287] Compiling a_time.cc
[1170/1287] Compiling a_strnid.cc
[1171/1287] Compiling a_strex.cc
[1172/1287] Compiling a_i2d_fp.cc
[1173/1287] Compiling a_dup.cc
[1174/1287] Compiling CAsyncHTTPClient CAsyncHTTPClient.c
[1175/1287] Write sources
[1176/1287] Compiling a_d2i_fp.cc
[1177/1287] Write sources
[1198/1310] Compiling a_gentm.cc
[1199/1330] Compiling a_mbstr.cc
[1200/1330] Compiling a_object.cc
[1201/1330] Compiling a_bool.cc
[1202/1330] Compiling a_bitstr.cc
[1203/1330] Compiling aes.cc
[1205/1330] Compiling Algorithms Partition.swift
[1206/1330] Compiling Algorithms Permutations.swift
[1207/1330] Compiling Algorithms Indexed.swift
[1208/1330] Compiling Algorithms Intersperse.swift
[1209/1340] Compiling Algorithms EitherSequence.swift
[1210/1340] Compiling Algorithms FirstNonNil.swift
[1211/1340] Compiling Algorithms Joined.swift
[1212/1340] Compiling Algorithms Keyed.swift
[1213/1340] Compiling Atomics IntegerOperations.swift
[1214/1340] Compiling Atomics Unmanaged extensions.swift
[1215/1340] Compiling Algorithms Product.swift
[1216/1340] Compiling Algorithms Compacted.swift
[1217/1340] Compiling Algorithms Cycle.swift
[1219/1340] Compiling Algorithms Stride.swift
[1220/1340] Compiling Algorithms Suffix.swift
[1221/1343] Compiling Algorithms RandomSample.swift
[1222/1343] Compiling Algorithms Reductions.swift
[1223/1343] Compiling Algorithms Rotate.swift
[1228/1343] Emitting module CryptoBoringWrapper
[1229/1343] Compiling CryptoBoringWrapper RandomBytes.swift
[1230/1343] Compiling CryptoBoringWrapper FiniteFieldArithmeticContext.swift
[1231/1343] Compiling CryptoBoringWrapper BoringSSLAEAD.swift
[1232/1343] Compiling Algorithms Trim.swift
[1233/1343] Compiling Algorithms Unique.swift
[1234/1343] Compiling Algorithms Windows.swift
[1235/1343] Compiling Algorithms FlattenCollection.swift
[1236/1343] Compiling Algorithms Grouped.swift
[1245/1343] Compiling CryptoBoringWrapper CryptoKitErrors_boring.swift
[1246/1343] Compiling CryptoBoringWrapper EllipticCurvePoint.swift
[1247/1343] Compiling CryptoBoringWrapper ArbitraryPrecisionInteger.swift
[1248/1343] Compiling CryptoBoringWrapper EllipticCurve.swift
[1249/1344] Wrapping AST for CryptoBoringWrapper for debugging
[1251/1428] Emitting module Atomics
[1252/1428] Compiling Crypto AES-GCM.swift
[1253/1428] Compiling Crypto AES-GCM_boring.swift
[1254/1428] Compiling Crypto ChaChaPoly_boring.swift
[1255/1428] Compiling Crypto ChaChaPoly.swift
[1257/1428] Compiling Crypto Cipher.swift
[1258/1428] Compiling Crypto Nonces.swift
[1263/1429] Emitting module Algorithms
[1263/1430] Wrapping AST for Atomics for debugging
[1265/1474] Wrapping AST for Algorithms for debugging
[1267/1494] Compiling Crypto HPKE-LabeledExtract.swift
[1268/1494] Compiling Crypto HPKE-Utils.swift
[1269/1494] Compiling Crypto DHKEM.swift
[1270/1494] Compiling Crypto HPKE-KEM-Curve25519.swift
[1271/1494] Compiling Crypto HPKE-NIST-EC-KEMs.swift
[1272/1494] Compiling Crypto HPKE-KEM.swift
[1273/1494] Compiling Crypto HPKE-Errors.swift
[1274/1494] Compiling Crypto HPKE.swift
[1275/1494] Compiling Crypto HPKE-Context.swift
[1276/1494] Compiling Crypto HPKE-KeySchedule.swift
[1277/1494] Compiling Crypto HPKE-Modes.swift
[1278/1494] Compiling Crypto Insecure.swift
[1279/1505] Emitting module Crypto
[1280/1505] Compiling NIOCore NIOCoreSendableMetatype.swift
[1281/1505] Compiling NIOCore NIODecodedAsyncSequence.swift
[1282/1505] Compiling NIOCore NIOLoopBound.swift
[1283/1505] Compiling NIOCore NIOPooledRecvBufferAllocator.swift
[1284/1505] Compiling NIOCore NIOScheduledCallback.swift
[1285/1505] Compiling NIOCore NIOSendable.swift
[1286/1505] Compiling NIOCore NIOSplitLinesMessageDecoder.swift
[1287/1505] Compiling NIOCore NIOTransportAccessibleChannelCore.swift
[1288/1505] Compiling NIOCore RecvByteBufferAllocator.swift
[1289/1513] Compiling NIOCore AddressedEnvelope.swift
[1290/1513] Compiling NIOCore AsyncAwaitSupport.swift
[1291/1513] Compiling NIOCore AsyncChannel.swift
[1292/1513] Compiling NIOCore AsyncChannelHandler.swift
[1293/1513] Compiling NIOCore AsyncChannelInboundStream.swift
[1294/1513] Compiling NIOCore AsyncChannelOutboundWriter.swift
[1295/1513] Compiling NIOCore NIOAsyncSequenceProducer.swift
[1296/1513] Compiling NIOCore NIOAsyncSequenceProducerStrategies.swift
[1297/1513] Compiling NIOCore NIOAsyncWriter.swift
[1298/1513] Compiling NIOCore EventLoopFuture+Deprecated.swift
[1299/1513] Compiling NIOCore EventLoopFuture+WithEventLoop.swift
[1300/1513] Compiling NIOCore EventLoopFuture.swift
[1301/1513] Compiling NIOCore FileDescriptor.swift
[1302/1513] Compiling NIOCore FileHandle.swift
[1303/1513] Compiling NIOCore FileRegion.swift
[1304/1513] Compiling NIOCore GlobalSingletons.swift
[1305/1513] Compiling NIOCore IO.swift
[1306/1513] Compiling NIOCore IOData.swift
[1313/1513] Compiling Crypto Signature.swift
[1314/1513] Compiling Crypto CryptoKitErrors_boring.swift
[1315/1513] Compiling Crypto Optional+withUnsafeBytes_boring.swift
[1316/1513] Compiling Crypto RNG_boring.swift
[1317/1513] Compiling Crypto SafeCompare_boring.swift
[1318/1513] Compiling Crypto Zeroization_boring.swift
[1319/1513] Compiling Crypto _CryptoModuleAnchor.swift
[1320/1513] Compiling Crypto PrettyBytes.swift
[1321/1513] Compiling Crypto SafeCompare.swift
[1322/1513] Compiling Crypto SecureBytes.swift
[1323/1513] Compiling Crypto Zeroization.swift
[1327/1513] Compiling NIOCore NIOThrowingAsyncSequenceProducer.swift
[1328/1513] Compiling NIOCore BSDSocketAPI.swift
[1329/1513] Compiling NIOCore ByteBuffer-aux.swift
[1330/1513] Compiling NIOCore ByteBuffer-binaryEncodedLengthPrefix.swift
[1331/1513] Compiling NIOCore ByteBuffer-conversions.swift
[1332/1513] Compiling NIOCore ByteBuffer-core.swift
[1333/1513] Compiling NIOCore ByteBuffer-hex.swift
[1334/1513] Compiling NIOCore ByteBuffer-int.swift
[1335/1513] Compiling NIOCore IntegerTypes.swift
[1336/1513] Compiling NIOCore Interfaces.swift
[1337/1513] Compiling NIOCore Linux.swift
[1338/1513] Compiling NIOCore MarkedCircularBuffer.swift
[1339/1513] Compiling NIOCore MulticastChannel.swift
[1340/1513] Compiling NIOCore NIOAny.swift
[1341/1513] Compiling NIOCore NIOCloseOnErrorHandler.swift
[1342/1513] Compiling NIOCore CircularBuffer.swift
[1343/1513] Compiling NIOCore Codec.swift
[1344/1513] Compiling NIOCore ConvenienceOptionSupport.swift
[1345/1513] Compiling NIOCore DeadChannel.swift
[1346/1513] Compiling NIOCore DispatchQueue+WithFuture.swift
[1347/1513] Compiling NIOCore ByteBuffer-lengthPrefix.swift
[1348/1513] Compiling NIOCore ByteBuffer-multi-int.swift
[1349/1513] Compiling NIOCore ByteBuffer-quicBinaryEncodingStrategy.swift
[1350/1513] Compiling NIOCore ByteBuffer-views.swift
[1351/1513] Compiling NIOCore Channel.swift
[1352/1513] Compiling NIOCore ChannelHandler.swift
[1353/1513] Compiling NIOCore ChannelHandlers.swift
[1354/1513] Compiling NIOCore ChannelInvoker.swift
[1355/1513] Compiling NIOCore ChannelOption.swift
[1356/1513] Compiling NIOCore ChannelPipeline.swift
[1357/1513] Compiling NIOCore IPProtocol.swift
[1358/1513] Compiling NIOCore IntegerBitPacking.swift
[1359/1513] Compiling NIOCore EventLoop+Deprecated.swift
[1360/1513] Compiling NIOCore EventLoop+SerialExecutor.swift
[1361/1513] Compiling NIOCore EventLoop.swift
[1362/1513] Compiling NIOCore EventLoopFuture+AssumeIsolated.swift
[1363/1513] Compiling NIOCore SingleStepByteToMessageDecoder.swift
[1364/1513] Compiling NIOCore SocketAddresses.swift
[1365/1513] Compiling NIOCore SocketOptionProvider.swift
[1366/1513] Compiling NIOCore SystemCallHelpers.swift
[1367/1513] Compiling NIOCore TimeAmount+Duration.swift
[1368/1513] Compiling NIOCore TypeAssistedChannelHandler.swift
[1369/1513] Compiling NIOCore UniversalBootstrapSupport.swift
[1370/1513] Compiling NIOCore Utilities.swift
[1380/1514] Wrapping AST for Crypto for debugging
[1382/1576] Compiling CryptoExtras DigestType.swift
[1383/1576] Compiling CryptoExtras Error.swift
[1384/1576] Compiling CryptoExtras I2OSP.swift
[1385/1576] Compiling CryptoExtras IntegerEncoding.swift
[1386/1576] Compiling CryptoExtras PEMDocument.swift
[1387/1576] Compiling CryptoExtras PrettyBytes.swift
[1388/1576] Compiling CryptoExtras SubjectPublicKeyInfo.swift
[1399/1576] Compiling CryptoExtras BoringSSLPassphraseCallbackManager.swift
[1400/1576] Compiling CryptoExtras RSA+BlindSigning.swift
[1401/1576] Compiling CryptoExtras RSA.swift
[1402/1576] Compiling CryptoExtras RSA_boring.swift
[1403/1576] Compiling CryptoExtras Reexport.swift
[1404/1576] Compiling CryptoExtras Zeroization_boring.swift
[1405/1576] Compiling CryptoExtras BoringSSLHelpers.swift
[1406/1576] Compiling CryptoExtras CryptoKitErrors_boring.swift
[1407/1576] Compiling CryptoExtras PKCS8DERRepresentation.swift
[1408/1576] Compiling CryptoExtras Scrypt_boring.swift
[1409/1576] Compiling CryptoExtras Scrypt.swift
[1410/1576] Compiling CryptoExtras OPRF.swift
[1411/1576] Compiling CryptoExtras OPRFClient.swift
[1412/1576] Compiling CryptoExtras OPRFServer.swift
[1413/1576] Compiling CryptoExtras VOPRF+API.swift
[1414/1576] Compiling CryptoExtras VOPRFClient.swift
[1415/1576] Compiling CryptoExtras VOPRFServer.swift
[1416/1576] Compiling CryptoExtras Data+Extensions.swift
[1417/1576] Compiling CryptoExtras AES_CBC.swift
[1418/1576] Compiling CryptoExtras AES_CFB.swift
[1419/1576] Compiling CryptoExtras AES_CTR.swift
[1420/1576] Compiling CryptoExtras AES_GCM_SIV.swift
[1421/1576] Compiling CryptoExtras Block Function.swift
[1422/1576] Compiling CryptoExtras AES_CBC_boring.swift
[1423/1576] Compiling CryptoExtras AES_CFB_boring.swift
[1424/1576] Compiling CryptoExtras AES_CTR_boring.swift
[1425/1576] Compiling CryptoExtras AES_GCM_SIV_boring.swift
[1426/1576] Emitting module CryptoExtras
[1444/1584] Compiling CryptoExtras ThreadOps.swift
[1445/1584] Compiling CryptoExtras ThreadPosix.swift
[1446/1584] Compiling CryptoExtras ThreadSpecific.swift
[1447/1584] Compiling CryptoExtras ThreadWindows.swift
[1448/1584] Compiling CryptoExtras DLEQ.swift
[1449/1584] Compiling CryptoExtras Prover.swift
[1450/1584] Compiling CryptoExtras Verifier.swift
[1451/1584] Compiling CryptoExtras ZKPToolbox.swift
[1461/1584] Compiling CryptoExtras PKCS8PrivateKey.swift
[1462/1584] Compiling CryptoExtras RFC8410AlgorithmIdentifier.swift
[1463/1584] Compiling CryptoExtras ECToolbox_boring.swift
[1464/1584] Compiling CryptoExtras ECToolbox.swift
[1465/1584] Compiling CryptoExtras HashToField.swift
[1466/1584] Compiling CryptoExtras KDF.swift
[1467/1584] Compiling CryptoExtras PBKDF2_boring.swift
[1468/1584] Compiling CryptoExtras PBKDF2_commoncrypto.swift
[1469/1584] Compiling CryptoExtras ARCServer.swift
[1470/1584] Compiling CryptoExtras ChaCha20CTR_boring.swift
[1471/1584] Compiling CryptoExtras ChaCha20CTR.swift
[1472/1584] Compiling CryptoExtras BoringSSLSHA512256Context.swift
[1473/1584] Compiling CryptoExtras BoringSSLSHA512256HashFunction.swift
[1474/1584] Compiling CryptoExtras SHA512256.swift
[1475/1584] Compiling CryptoExtras SHA512256Digest.swift
[1476/1584] Compiling CryptoExtras Curve25519+PEM.swift
[1477/1584] Compiling CryptoExtras ObjectIdentifier.swift
[1478/1584] Compiling CryptoExtras CMAC.swift
[1479/1584] Compiling CryptoExtras ARC+API.swift
[1480/1584] Compiling CryptoExtras ARC.swift
[1481/1584] Compiling CryptoExtras ARCCredential.swift
[1482/1584] Compiling CryptoExtras ARCEncoding.swift
[1483/1584] Compiling CryptoExtras ARCPrecredential.swift
[1484/1584] Compiling CryptoExtras ARCPresentation.swift
[1485/1584] Compiling CryptoExtras ARCRequest.swift
[1486/1584] Compiling CryptoExtras ARCResponse.swift
[1487/1584] Compiling CryptoExtras PBKDF2.swift
[1496/1585] Wrapping AST for CryptoExtras for debugging
[1498/1587] Emitting module _CryptoExtras
[1499/1587] Compiling _CryptoExtras Exports.swift
[1500/1588] Wrapping AST for _CryptoExtras for debugging
[1502/1683] Compiling X509 URIConstraints.swift
[1503/1683] Compiling X509 VersionPolicy.swift
[1504/1683] Compiling X509 ServerIdentityPolicy.swift
[1505/1683] Compiling X509 TrustRootLoading.swift
[1506/1683] Compiling X509 UnverifiedChain.swift
[1507/1683] Compiling X509 NameConstraints.swift
[1508/1683] Compiling X509 SubjectAlternativeName.swift
[1509/1683] Compiling X509 SubjectKeyIdentifier.swift
[1510/1683] Compiling X509 Extension.swift
[1511/1683] Emitting module NIOCore
[1512/1691] Wrapping AST for NIOCore for debugging
[1514/1741] Compiling NIOFoundationEssentialsCompat Codable+ByteBuffer.swift
[1515/1741] Compiling NIOPosix MultiThreadedEventLoopGroup.swift
[1516/1741] Compiling NIOPosix NIOPosixSendableMetatype.swift
[1517/1741] Compiling NIOPosix NIORandomizedDNSResolver.swift
[1518/1741] Compiling NIOPosix NIOThreadPool.swift
[1519/1741] Compiling NIOPosix NonBlockingFileIO.swift
[1520/1741] Compiling NIOPosix PendingDatagramWritesManager.swift
[1521/1741] Compiling NIOPosix PendingWritesManager.swift
[1522/1741] Compiling NIOPosix BSDSocketAPICommon.swift
[1523/1741] Compiling NIOPosix BSDSocketAPIPosix.swift
[1524/1741] Compiling NIOPosix BSDSocketAPIWindows.swift
[1525/1741] Compiling NIOPosix BaseSocket.swift
[1526/1741] Compiling NIOPosix BaseSocketChannel+AccessibleTransport.swift
[1527/1741] Compiling NIOPosix BaseSocketChannel+SocketOptionProvider.swift
[1528/1741] Compiling NIOPosix BaseSocketChannel.swift
[1529/1754] Compiling X509 DomainComponent.swift
[1530/1754] Compiling X509 EmailAddress.swift
[1531/1754] Compiling X509 LocalityName.swift
[1532/1754] Compiling X509 OrganizationName.swift
[1533/1754] Compiling X509 OrganizationalUnitName.swift
[1534/1754] Compiling X509 StateOrProvinceName.swift
[1535/1754] Compiling X509 StreetAddress.swift
[1536/1754] Compiling X509 Error.swift
[1537/1754] Compiling X509 AuthorityInformationAccess.swift
[1538/1754] Compiling X509 AuthorityKeyIdentifier.swift
[1539/1754] Compiling X509 BasicConstraints.swift
[1540/1754] Compiling X509 ExtendedKeyUsage.swift
[1541/1754] Compiling X509 ExtensionIdentifiers.swift
[1542/1754] Compiling X509 KeyUsage.swift
[1543/1754] Emitting module NIOEmbedded
[1544/1754] Compiling NIOFoundationEssentialsCompat ByteBuffer-foundation.swift
[1545/1754] Emitting module NIOFoundationEssentialsCompat
[1546/1755] Wrapping AST for NIOFoundationEssentialsCompat for debugging
[1548/1755] Compiling NIOEmbedded AsyncTestingEventLoop.swift
[1549/1755] Compiling NIOEmbedded AsyncTestingChannel.swift
[1550/1755] Compiling NIOEmbedded Embedded.swift
[1551/1755] Compiling NIOPosix HappyEyeballs.swift
[1552/1755] Compiling NIOPosix IO.swift
[1553/1755] Compiling NIOPosix IntegerBitPacking.swift
[1554/1755] Compiling NIOPosix IntegerTypes.swift
[1555/1755] Compiling NIOPosix Linux.swift
[1556/1755] Compiling NIOPosix LinuxCPUSet.swift
[1557/1755] Compiling NIOPosix LinuxUring.swift
[1558/1755] Compiling NIOPosix BaseStreamSocketChannel.swift
[1559/1755] Compiling NIOPosix Bootstrap.swift
[1560/1755] Compiling NIOPosix ControlMessage.swift
[1561/1755] Compiling NIOPosix DatagramVectorReadManager.swift
[1562/1755] Compiling NIOPosix Errors+Any.swift
[1563/1755] Compiling NIOPosix FileDescriptor.swift
[1564/1755] Compiling NIOPosix GetaddrinfoResolver.swift
[1565/1756] Wrapping AST for NIOEmbedded for debugging
[1567/1756] Compiling NIOPosix PipeChannel.swift
[1568/1756] Compiling NIOPosix PipePair.swift
[1569/1756] Compiling NIOPosix Pool.swift
[1570/1756] Compiling NIOPosix PosixSingletons+ConcurrencyTakeOver.swift
[1571/1756] Compiling NIOPosix PosixSingletons.swift
[1572/1756] Compiling NIOPosix RawSocketBootstrap.swift
[1573/1756] Compiling NIOPosix Resolver.swift
[1574/1756] Compiling NIOPosix Selectable.swift
[1575/1756] Compiling NIOPosix SelectableChannel.swift
[1576/1756] Compiling NIOPosix SelectableEventLoop.swift
[1577/1756] Compiling NIOPosix SelectorEpoll.swift
[1578/1756] Compiling NIOPosix SelectorGeneric.swift
[1579/1756] Compiling NIOPosix SelectorKqueue.swift
[1580/1756] Compiling X509 OCSPExtensionID.swift
[1581/1756] Compiling X509 OCSPNonce.swift
[1582/1756] Compiling X509 OCSPPolicy.swift
[1583/1756] Compiling X509 OCSPRequest.swift
[1584/1756] Compiling X509 OCSPResponse.swift
[1585/1756] Compiling X509 OCSPResponseBytes.swift
[1586/1756] Compiling X509 OCSPResponseData.swift
[1587/1756] Compiling X509 OCSPResponseStatus.swift
[1588/1756] Compiling X509 OCSPSignature.swift
[1589/1756] Compiling X509 OCSPSingleRequest.swift
[1590/1756] Compiling X509 OCSPSingleResponse.swift
[1591/1756] Compiling X509 OCSPTBSRequest.swift
[1592/1756] Compiling X509 OCSPVersion.swift
[1593/1756] Compiling X509 PKCS8PrivateKey.swift
[1594/1756] Compiling X509 PromiseAndFuture.swift
[1595/1756] Compiling X509 RDNAttribute.swift
[1596/1756] Compiling X509 RandomNumberGenerator+bytes.swift
[1597/1756] Compiling X509 RelativeDistinguishedName.swift
[1598/1756] Compiling X509 SEC1PrivateKey.swift
[1599/1756] Compiling X509 SecKeyWrapper.swift
[1600/1756] Compiling X509 Signature.swift
[1601/1756] Compiling X509 SignatureAlgorithm.swift
[1602/1756] Compiling X509 AllOfPolicies.swift
[1603/1756] Compiling X509 AnyPolicy.swift
[1604/1756] Compiling X509 CertificateStore.swift
[1605/1756] Compiling X509 CustomCertificateStore.swift
[1606/1756] Compiling NIOPosix SelectorUring.swift
[1607/1756] Compiling NIOPosix SelectorWSAPoll.swift
[1608/1756] Compiling NIOPosix ServerSocket.swift
[1609/1756] Compiling NIOPosix Socket.swift
[1610/1756] Compiling NIOPosix SocketChannel.swift
[1611/1756] Compiling NIOPosix SocketProtocols.swift
[1612/1756] Compiling NIOPosix StructuredConcurrencyHelpers.swift
[1613/1756] Compiling NIOPosix System.swift
[1614/1756] Compiling X509 LockedValueBox.swift
[1615/1756] Compiling X509 BasicOCSPResponse.swift
[1616/1756] Compiling X509 DirectoryString.swift
[1617/1756] Compiling X509 OCSPCertID.swift
[1618/1756] Compiling X509 OCSPCertStatus.swift
[1619/1756] Emitting module X509
[1620/1756] Emitting module NIOPosix
[1649/1763] Compiling NIOPosix Thread.swift
[1650/1763] Compiling NIOPosix ThreadPosix.swift
[1651/1763] Compiling NIOPosix ThreadWindows.swift
[1652/1763] Compiling NIOPosix Utilities.swift
[1653/1763] Compiling NIOPosix VsockAddress.swift
[1654/1763] Compiling NIOPosix VsockChannelEvents.swift
[1655/1763] Compiling NIOPosix Windows.swift
[1678/1764] Compiling X509 ValidatedCertificateChain.swift
[1679/1764] Compiling X509 VerificationDiagnostic.swift
[1680/1764] Compiling X509 Verifier.swift
[1681/1764] Compiling X509 VerifierPolicy.swift
[1682/1764] Compiling X509 AlgorithmIdentifier.swift
[1683/1764] Compiling X509 ECDSASignature.swift
[1684/1764] Compiling X509 RSAPKCS1PublicKey.swift
[1685/1764] Compiling X509 SubjectPublicKeyInfo.swift
[1686/1764] Compiling X509 TBSCertificate.swift
[1687/1764] Compiling X509 Time.swift
[1688/1764] Compiling X509 TimeCalculations.swift
[1689/1764] Compiling X509 Validity.swift
[1690/1764] Compiling X509 X509SendableMetatype.swift
[1691/1765] Wrapping AST for NIOPosix for debugging
[1693/1767] Compiling NIO Exports.swift
[1694/1767] Emitting module NIO
[1694/1767] Wrapping AST for X509 for debugging
[1696/1841] Wrapping AST for NIO for debugging
[1698/1874] Emitting module NIOTLS
[1699/1874] Compiling NIOFoundationCompat WaitSpinningRunLoop.swift
[1700/1874] Compiling NIOTLS TLSEvents.swift
[1701/1874] Compiling NIOFoundationCompat Exports.swift
[1702/1874] Compiling NIOFoundationCompat JSONSerialization+ByteBuffer.swift
[1703/1874] Compiling NIOSOCKS ClientStateMachine.swift
[1704/1875] Compiling NIOSOCKS SelectedAuthenticationMethod.swift
[1705/1875] Compiling NIOTLS SNIHandler.swift
[1706/1875] Compiling NIOTLS ProtocolNegotiationHandlerStateMachine.swift
[1707/1875] Emitting module NIOFoundationCompat
[1708/1876] Compiling NIOTLS ApplicationProtocolNegotiationHandler.swift
[1709/1876] Compiling NIOTLS NIOTypedApplicationProtocolNegotiationHandler.swift
[1710/1877] Compiling NIOSOCKS SOCKSResponse.swift
[1713/1877] Compiling NIOSOCKS ServerStateMachine.swift
[1713/1877] Wrapping AST for NIOFoundationCompat for debugging
[1714/1877] Wrapping AST for NIOTLS for debugging
[1716/1877] Compiling NIOHTTP1 NIOTypedHTTPClientUpgradeHandler.swift
[1717/1877] Compiling NIOHTTP1 NIOTypedHTTPClientUpgraderStateMachine.swift
[1718/1909] Emitting module NIOSOCKS
[1719/1909] Compiling NIOSSL NIOSSLServerHandler.swift
[1720/1909] Compiling NIOSSL ObjectIdentifier.swift
[1721/1909] Compiling NIOSSL SSLInit.swift
[1722/1909] Compiling NIOSSL SSLPKCS12Bundle.swift
[1723/1909] Compiling NIOSSL PosixPort.swift
[1724/1909] Compiling NIOSSL SSLCallbacks.swift
[1725/1909] Compiling NIOSSL SSLContext.swift
[1726/1909] Compiling NIOSSL SSLErrors.swift
[1736/1910] Compiling NIOSSL LinuxCABundle.swift
[1737/1910] Compiling NIOSSL NIOSSLClientHandler.swift
[1737/1919] Wrapping AST for NIOSOCKS for debugging
[1744/1919] Compiling NIOSSL NIOSSLHandler+Configuration.swift
[1745/1919] Compiling NIOSSL NIOSSLHandler.swift
[1746/1919] Compiling NIOSSL AndroidCABundle.swift
[1747/1919] Compiling NIOSSL ByteBufferBIO.swift
[1748/1919] Compiling NIOSSL CustomPrivateKey.swift
[1749/1919] Compiling NIOSSL FreeBSDCABundle.swift
[1750/1919] Compiling NIOSSL IdentityVerification.swift
[1751/1919] Compiling NIOSSL SSLCertificate.swift
[1752/1919] Compiling NIOSSL SSLCertificateExtensions.swift
[1753/1919] Compiling NIOSSL SSLCertificateName.swift
[1754/1919] Compiling NIOSSL SSLConnection.swift
[1755/1919] Compiling NIOSSL SubjectAlternativeName.swift
[1756/1919] Compiling NIOSSL NIOSSLSecureBytes.swift
[1757/1919] Compiling NIOSSL RNG.swift
[1758/1919] Compiling NIOSSL SafeCompare.swift
[1759/1919] Compiling NIOSSL SSLPrivateKey.swift
[1760/1919] Compiling NIOSSL SSLPublicKey.swift
[1761/1919] Compiling NIOSSL SecurityFrameworkCertificateVerification.swift
[1762/1919] Compiling NIOSSL String+unsafeUninitializedCapacity.swift
[1763/1919] Emitting module JWTKit
[1772/1919] Compiling JWTKit ECDSASigningAlgorithm.swift
[1773/1919] Compiling JWTKit JWTKeyCollection+ECDSA.swift
[1774/1919] Compiling JWTKit P256+CurveType.swift
[1775/1919] Compiling JWTKit P384+CurveType.swift
[1776/1919] Compiling JWTKit P521+CurveType.swift
[1777/1919] Compiling JWTKit EdDSA.swift
[1778/1919] Compiling JWTKit EdDSACurve.swift
[1779/1919] Compiling JWTKit EdDSAError.swift
[1780/1919] Compiling JWTKit EdDSASigner.swift
[1781/1919] Compiling JWTKit JWTKeyCollection+EdDSA.swift
[1782/1919] Compiling JWTKit HMAC.swift
[1783/1919] Compiling JWTKit HMACError.swift
[1784/1919] Compiling JWTKit HMACSigner.swift
[1785/1919] Compiling JWTKit JWTKeyCollection+HMAC.swift
[1786/1919] Compiling JWTKit Insecure.swift
[1787/1919] Compiling JWTKit JWK.swift
[1788/1919] Compiling JWTKit JWKIdentifier.swift
[1789/1919] Compiling JWTKit JWKS.swift
[1790/1919] Compiling JWTKit JWKSigner.swift
[1791/1919] Compiling JWTKit JWTAlgorithm.swift
[1792/1919] Compiling JWTKit JWTError.swift
[1793/1919] Compiling JWTKit JWTHeader+CommonFields.swift
[1794/1919] Compiling JWTKit JWTHeader.swift
[1795/1919] Compiling JWTKit JWTHeaderField.swift
[1796/1919] Compiling JWTKit JWTKeyCollection.swift
[1797/1919] Compiling JWTKit JWTParser+MandatoryVerificationFields.swift
[1798/1919] Compiling JWTKit JWTParser.swift
[1799/1919] Compiling JWTKit JWTPayload.swift
[1800/1919] Compiling JWTKit JWTSerializer.swift
[1801/1919] Compiling JWTKit JWTSigner.swift
[1802/1919] Compiling JWTKit JWTKeyCollection+MLDSA.swift
[1803/1919] Compiling JWTKit MLDSA.swift
[1804/1919] Compiling JWTKit MLDSA65+MLDSAKey.swift
[1805/1919] Compiling JWTKit MLDSA87+MLDSAKey.swift
[1806/1919] Compiling JWTKit MLDSAError.swift
[1807/1919] Compiling JWTKit MLDSAKey.swift
[1808/1919] Compiling JWTKit MLDSASigner.swift
[1812/1919] Emitting module NIOHTTP1
[1813/1926] Wrapping AST for NIOHTTP1 for debugging
[1815/1937] Emitting module NIOSSL
[1816/1941] Compiling NIOHPACK DynamicHeaderTable.swift
[1817/1941] Compiling NIOHPACK HPACKDecoder.swift
[1818/1941] Compiling NIOHPACK HPACKEncoder.swift
[1819/1941] Compiling NIOHPACK HPACKErrors.swift
[1820/1941] Compiling JWTKit CustomizedJSONCoders.swift
[1821/1941] Compiling JWTKit Utilities.swift
[1822/1941] Compiling JWTKit AppleIdentityToken.swift
[1823/1941] Compiling JWTKit FirebaseAuthIdentityToken.swift
[1824/1941] Compiling JWTKit GoogleIdentityToken.swift
[1825/1941] Compiling JWTKit MicrosoftIdentityToken.swift
[1826/1941] Compiling JWTKit EmptyPolicy.swift
[1827/1941] Compiling JWTKit ValidationTimePayload.swift
[1828/1941] Compiling JWTKit X5CVerifier.swift
[1830/1942] Compiling NIOHPACK IntegerCoding.swift
[1831/1942] Compiling NIOHPACK IndexedHeaderTable.swift
[1834/1943] Compiling NIOHTTPCompression HTTPCompression.swift
[1834/1943] Wrapping AST for JWTKit for debugging
[1844/1943] Emitting module NIOHPACK
[1847/1943] Compiling NIOHPACK HuffmanTables.swift
[1848/1943] Emitting module NIOHTTPCompression
[1849/1943] Compiling NIOHTTPCompression HTTPDecompression.swift
[1850/1943] Compiling NIOHTTPCompression HTTPRequestCompressor.swift
[1851/1943] Compiling NIOHTTPCompression HTTPResponseCompressor.swift
[1852/1943] Compiling NIOHTTPCompression HTTPDecompressor.swift
[1853/1944] Compiling NIOHPACK HuffmanCoding.swift
[1855/1944] Compiling NIOHPACK StaticHeaderTable.swift
[1855/1944] Wrapping AST for NIOHTTPCompression for debugging
[1857/1944] Compiling NIOHPACK HPACKHeader.swift
[1858/1944] Compiling NIOHPACK HeaderTables.swift
[1859/1945] Wrapping AST for NIOHPACK for debugging
[1861/2008] Compiling NIOHTTP2 HasExtendedConnectSettings.swift
[1862/2008] Compiling NIOHTTP2 HTTP2FrameParser.swift
[1863/2008] Compiling NIOHTTP2 HTTP2PingData.swift
[1864/2008] Compiling NIOHTTP2 HTTP2PipelineHelpers.swift
[1865/2008] Compiling NIOHTTP2 SendingHeadersState.swift
[1866/2008] Compiling NIOHTTP2 SendingPushPromiseState.swift
[1867/2008] Compiling NIOHTTP2 SendingRstStreamState.swift
[1868/2008] Compiling NIOHTTP2 SendingWindowUpdateState.swift
[1869/2008] Compiling NIOHTTP2 HTTP2SettingsState.swift
[1870/2008] Compiling NIOHTTP2 ReceivingWindowUpdateState.swift
[1871/2008] Compiling NIOHTTP2 MaySendFrames.swift
[1872/2008] Compiling NIOHTTP2 SendingDataState.swift
[1873/2008] Compiling NIOHTTP2 SendingGoawayState.swift
[1874/2008] Compiling NIOHTTP2 ReceivingGoAwayState.swift
[1875/2008] Compiling NIOHTTP2 ReceivingHeadersState.swift
[1876/2008] Compiling NIOHTTP2 ReceivingPushPromiseState.swift
[1877/2008] Compiling NIOHTTP2 ReceivingRstStreamState.swift
[1887/2016] Compiling NIOHTTP2 HasFlowControlWindows.swift
[1888/2016] Compiling NIOHTTP2 HasLocalSettings.swift
[1889/2016] Compiling NIOHTTP2 HasRemoteSettings.swift
[1890/2016] Compiling NIOHTTP2 LocallyQuiescingState.swift
[1891/2016] Compiling NIOHTTP2 QuiescingState.swift
[1892/2016] Compiling NIOHTTP2 RemotelyQuiescingState.swift
[1893/2016] Compiling NIOHTTP2 SendAndReceiveGoawayState.swift
[1894/2016] Compiling NIOHTTP2 StateMachineResult.swift
[1895/2016] Compiling NIOHTTP2 ContentLengthVerifier.swift
[1896/2016] Compiling NIOHTTP2 HTTP2CommonInboundStreamMultiplexer.swift
[1897/2016] Compiling NIOHTTP2 HTTP2ConnectionStateChange.swift
[1898/2016] Compiling NIOHTTP2 HTTP2Error.swift
[1899/2016] Compiling NIOHTTP2 HTTP2ErrorCode.swift
[1900/2017] Wrapping AST for NIOSSL for debugging
[1902/2017] Emitting module NIOHTTP2
[1903/2017] Compiling NIOHTTP2 DOSHeuristics.swift
[1904/2017] Compiling NIOHTTP2 Error+Any.swift
[1905/2017] Compiling NIOHTTP2 ConcurrentStreamBuffer.swift
[1906/2017] Compiling NIOHTTP2 ControlFrameBuffer.swift
[1907/2017] Compiling NIOHTTP2 OutboundFlowControlBuffer.swift
[1908/2017] Compiling NIOHTTP2 OutboundFrameBuffer.swift
[1909/2017] Compiling NIOHTTP2 GlitchesMonitor.swift
[1910/2017] Compiling NIOHTTP2 HPACKHeaders+Validation.swift
[1911/2017] Compiling NIOHTTP2 HTTP2ChannelHandler+InboundStreamMultiplexer.swift
[1912/2017] Compiling NIOHTTP2 HTTP2StreamMultiplexer.swift
[1913/2017] Compiling NIOHTTP2 HTTP2ToHTTP1Codec.swift
[1914/2017] Compiling NIOHTTP2 HTTP2UserEvents.swift
[1915/2017] Compiling NIOHTTP2 InboundEventBuffer.swift
[1916/2017] Compiling NIOHTTP2 InboundWindowManager.swift
[1917/2017] Compiling NIOHTTP2 MultiplexerAbstractChannel.swift
[1918/2017] Compiling NIOHTTP2 NIOHTTP2FrameDelegate.swift
[1919/2017] Compiling NIOHTTP2 NIOHTTP2ServerConnectionManagementHandler+StateMachine.swift
[1920/2017] Compiling NIOHTTP2 ConnectionStateMachine.swift
[1921/2017] Compiling NIOHTTP2 ConnectionStreamsState.swift
[1922/2017] Compiling NIOHTTP2 MayReceiveFrames.swift
[1923/2017] Compiling NIOHTTP2 ReceivingDataState.swift
[1929/2017] Compiling NIOHTTP2 NIOHTTP2ServerConnectionManagementHandler.swift
[1930/2017] Compiling NIOHTTP2 StreamChannelFlowController.swift
[1931/2017] Compiling NIOHTTP2 StreamChannelList.swift
[1932/2017] Compiling NIOHTTP2 StreamMap.swift
[1933/2017] Compiling NIOHTTP2 StreamStateMachine.swift
[1934/2017] Compiling NIOHTTP2 Timer.swift
[1935/2017] Compiling NIOHTTP2 UnsafeTransfer.swift
[1936/2017] Compiling NIOHTTP2 WatermarkedFlowController.swift
[1940/2017] Compiling NIOHTTP2 HTTP2Settings.swift
[1941/2017] Compiling NIOHTTP2 HTTP2Stream.swift
[1942/2017] Compiling NIOHTTP2 HTTP2StreamChannel+OutboundStreamMultiplexer.swift
[1943/2017] Compiling NIOHTTP2 HTTP2StreamChannel.swift
[1944/2017] Compiling NIOHTTP2 HTTP2StreamDelegate.swift
[1945/2017] Compiling NIOHTTP2 HTTP2StreamID.swift
[1946/2017] Compiling NIOHTTP2 HTTP2ChannelHandler+InlineStreamMultiplexer.swift
[1947/2017] Compiling NIOHTTP2 HTTP2ChannelHandler.swift
[1952/2017] Compiling NIOHTTP2 HTTP2FlowControlWindow.swift
[1953/2017] Compiling NIOHTTP2 HTTP2Frame.swift
[1954/2017] Compiling NIOHTTP2 HTTP2FrameEncoder.swift
[1955/2018] Wrapping AST for NIOHTTP2 for debugging
[1957/2082] Emitting module AsyncHTTPClient
[1958/2090] Compiling AsyncHTTPClient HTTPClientResponse.swift
[1959/2090] Compiling AsyncHTTPClient SingleIteratorPrecondition.swift
[1960/2090] Compiling AsyncHTTPClient Transaction+StateMachine.swift
[1961/2090] Compiling AsyncHTTPClient Transaction.swift
[1962/2090] Compiling AsyncHTTPClient Base64.swift
[1963/2090] Compiling AsyncHTTPClient BasicAuth.swift
[1964/2090] Compiling AsyncHTTPClient BestEffortHashableTLSConfiguration.swift
[1965/2090] Compiling AsyncHTTPClient Configuration+BrowserLike.swift
[1966/2090] Compiling AsyncHTTPClient ConnectionPool.swift
[1967/2090] Compiling AsyncHTTPClient AnyAsyncSequence.swift
[1968/2090] Compiling AsyncHTTPClient AnyAsyncSequenceProucerDelete.swift
[1969/2090] Compiling AsyncHTTPClient AsyncLazySequence.swift
[1970/2090] Compiling AsyncHTTPClient HTTPClient+execute.swift
[1971/2090] Compiling AsyncHTTPClient HTTPClient+shutdown.swift
[1972/2090] Compiling AsyncHTTPClient HTTPClient+tracing.swift
[1973/2090] Compiling AsyncHTTPClient HTTPClientRequest+Prepared.swift
[1974/2090] Compiling AsyncHTTPClient HTTPClientRequest+auth.swift
[1975/2090] Compiling AsyncHTTPClient HTTPClientRequest.swift
[1976/2090] Compiling AsyncHTTPClient HTTP1ProxyConnectHandler.swift
[1977/2090] Compiling AsyncHTTPClient SOCKSEventsHandler.swift
[1978/2090] Compiling AsyncHTTPClient TLSEventsHandler.swift
[1979/2090] Compiling AsyncHTTPClient HTTP1ClientChannelHandler.swift
[1980/2090] Compiling AsyncHTTPClient HTTP1Connection.swift
[1981/2090] Compiling AsyncHTTPClient HTTP1ConnectionStateMachine.swift
[1982/2090] Compiling AsyncHTTPClient HTTP2ClientRequestHandler.swift
[1983/2090] Compiling AsyncHTTPClient HTTP2Connection.swift
[1984/2090] Compiling AsyncHTTPClient HTTP2IdleHandler.swift
[1985/2090] Compiling AsyncHTTPClient RequestValidation.swift
[1986/2090] Compiling AsyncHTTPClient SSLContextCache.swift
[1987/2090] Compiling AsyncHTTPClient Scheme.swift
[1988/2090] Compiling AsyncHTTPClient Singleton.swift
[1989/2090] Compiling AsyncHTTPClient StringConvertibleInstances.swift
[1990/2090] Compiling AsyncHTTPClient StructuredConcurrencyHelpers.swift
[1991/2090] Compiling AsyncHTTPClient TracingSupport.swift
[1992/2090] Compiling AsyncHTTPClient Utils.swift
[1993/2090] Compiling AsyncHTTPClient LRUCache.swift
[1994/2090] Compiling AsyncHTTPClient NIOLoopBound+Execute.swift
[1995/2090] Compiling AsyncHTTPClient NWErrorHandler.swift
[1996/2090] Compiling AsyncHTTPClient NWWaitingHandler.swift
[1997/2090] Compiling AsyncHTTPClient TLSConfiguration.swift
[1998/2090] Compiling AsyncHTTPClient RedirectState.swift
[1999/2090] Compiling AsyncHTTPClient RequestBag+StateMachine.swift
[2000/2090] Compiling AsyncHTTPClient RequestBag+Tracing.swift
[2001/2090] Compiling AsyncHTTPClient RequestBag.swift
[2002/2090] Compiling AsyncHTTPClient RequestOptions.swift
[2003/2090] Compiling AsyncHTTPClient HTTPConnectionPool+Backoff.swift
[2004/2090] Compiling AsyncHTTPClient HTTPConnectionPool+HTTP1Connections.swift
[2005/2090] Compiling AsyncHTTPClient HTTPConnectionPool+HTTP1StateMachine.swift
[2006/2090] Compiling AsyncHTTPClient HTTPConnectionPool+HTTP2Connections.swift
[2007/2090] Compiling AsyncHTTPClient HTTPConnectionPool+HTTP2StateMachine.swift
[2008/2090] Compiling AsyncHTTPClient HTTPConnectionPool+RequestQueue.swift
[2009/2090] Compiling AsyncHTTPClient HTTPConnectionPool+StateMachine.swift
[2010/2090] Compiling AsyncHTTPClient ConnectionTarget.swift
[2011/2090] Compiling AsyncHTTPClient HTTPConnectionEvent.swift
[2012/2090] Compiling AsyncHTTPClient HTTPConnectionPool+Factory.swift
[2013/2090] Compiling AsyncHTTPClient HTTPConnectionPool+Manager.swift
[2014/2090] Compiling AsyncHTTPClient HTTPConnectionPool.swift
[2015/2090] Compiling AsyncHTTPClient HTTPExecutableRequest.swift
[2016/2090] Compiling AsyncHTTPClient HTTPRequestStateMachine+Demand.swift
[2017/2090] Compiling AsyncHTTPClient HTTPRequestStateMachine.swift
[2018/2090] Compiling AsyncHTTPClient RequestBodyLength.swift
[2019/2090] Compiling AsyncHTTPClient RequestFramingMetadata.swift
[2020/2090] Compiling AsyncHTTPClient DeconstructedURL.swift
[2021/2090] Compiling AsyncHTTPClient FileDownloadDelegate.swift
[2022/2090] Compiling AsyncHTTPClient FoundationExtensions.swift
[2023/2090] Compiling AsyncHTTPClient HTTPClient+HTTPCookie.swift
[2024/2090] Compiling AsyncHTTPClient HTTPClient+Proxy.swift
[2025/2090] Compiling AsyncHTTPClient HTTPClient+StructuredConcurrency.swift
[2026/2090] Compiling AsyncHTTPClient HTTPClient.swift
[2027/2090] Compiling AsyncHTTPClient HTTPClientConfiguration+SwiftConfiguration.swift
[2028/2090] Compiling AsyncHTTPClient HTTPHandler.swift
[2029/2091] Wrapping AST for AsyncHTTPClient for debugging
[2031/2114] Emitting module GoogleAuth
[2032/2117] Compiling GoogleAuth ADC.swift
[2033/2117] Compiling GoogleAuth ADCPath.swift
[2034/2117] Compiling GoogleAuth ADCResolver.swift
[2035/2117] Compiling GoogleAuth AuthHeaders.swift
[2036/2117] Compiling GoogleAuth SubjectTokenProvider.swift
[2037/2117] Compiling GoogleAuth MDSAccessTokenProvider.swift
[2038/2117] Compiling GoogleAuth MDSCredentials.swift
[2039/2117] Compiling GoogleAuth ServiceAccountCredentials.swift
[2040/2117] Compiling GoogleAuth ServiceAccountData.swift
[2041/2117] Compiling GoogleAuth ServiceAccountTokenProvider.swift
[2042/2117] Compiling GoogleAuth UserAccountData.swift
[2043/2117] Compiling GoogleAuth UserAccountTokenProvider.swift
[2044/2117] Compiling GoogleAuth UserCredentials.swift
[2045/2117] Compiling GoogleAuth AnonymousCredentials.swift
[2046/2117] Compiling GoogleAuth ApiKeyCredentials.swift
[2047/2117] Compiling GoogleAuth ExternalAccountCredentials.swift
[2048/2117] Compiling GoogleAuth CredentialParserRegistry.swift
[2049/2117] Compiling GoogleAuth Credentials.swift
[2050/2117] Compiling GoogleAuth CredentialsError.swift
[2051/2117] Compiling GoogleAuth AuthHTTPClient.swift
[2052/2117] Compiling GoogleAuth AuthHTTPError.swift
[2053/2117] Compiling GoogleAuth RetryEngine.swift
[2054/2117] Compiling GoogleAuth STSHandler.swift
[2055/2117] Compiling GoogleAuth TokenCache.swift
[2056/2117] Compiling GoogleAuth PackageVersion.swift
[2057/2118] Wrapping AST for GoogleAuth for debugging
[2059/2176] Emitting module GoogleGax
[2060/2184] Compiling GoogleGax AIP194+PollingErrorPolicy.swift
[2061/2184] Compiling GoogleGax AIP194+RetryPolicy.swift
[2062/2184] Compiling GoogleGax AIP194.swift
[2063/2184] Compiling GoogleGax AdaptiveThrottler.swift
[2064/2184] Compiling GoogleGax AlwaysPoll.swift
[2065/2184] Compiling GoogleGax AlwaysRetry.swift
[2066/2184] Compiling GoogleGax ApiClientHeader.swift
[2067/2184] Compiling GoogleGax BackoffPolicy.swift
[2068/2184] Compiling GoogleGax BasePollingErrorPolicy.swift
[2069/2184] Compiling GoogleGax BaseRetryPolicy.swift
[2070/2184] Compiling GoogleGax BindingError.swift
[2071/2184] Compiling GoogleGax CRC32C.swift
[2072/2184] Compiling GoogleGax CircuitBreaker.swift
[2073/2184] Compiling GoogleGax ClientError.swift
[2074/2184] Compiling GoogleGax ClientOptions.swift
[2075/2184] Compiling GoogleGax ContinueOnIO+PollingErrorPolicy.swift
[2076/2184] Compiling GoogleGax ContinueOnIO+RetryPolicy.swift
[2077/2184] Compiling GoogleGax RequestOptions.swift
[2078/2184] Compiling GoogleGax RetryLoop.swift
[2079/2184] Compiling GoogleGax RetryPolicy.swift
[2080/2184] Compiling GoogleGax RetryResult.swift
[2081/2184] Compiling GoogleGax RetryState.swift
[2082/2184] Compiling GoogleGax RetryThrottler.swift
[2083/2184] Compiling GoogleGax RetryThrottlerError.swift
[2084/2184] Compiling GoogleGax RoutingMatcher.swift
[2085/2184] Compiling GoogleGax ContinueOnIO.swift
[2086/2184] Compiling GoogleGax CredentialsProtocol.swift
[2087/2184] Compiling GoogleGax ErrorWrapper.swift
[2088/2184] Compiling GoogleGax ExponentialBackoff+BackoffPolicy.swift
[2089/2184] Compiling GoogleGax ExponentialBackoff+PollingBackoffPolicy.swift
[2090/2184] Compiling GoogleGax ExponentialBackoff.swift
[2091/2184] Compiling GoogleGax HTTPClient.swift
[2092/2184] Compiling GoogleGax HTTPClientHolder.swift
[2093/2184] Compiling GoogleGax LimitedAttemptCount+PollingErrorPolicy.swift
[2094/2184] Compiling GoogleGax LimitedAttemptCount+RetryPolicy.swift
[2095/2184] Compiling GoogleGax LimitedAttemptCount.swift
[2096/2184] Compiling GoogleGax LimitedElapsedTime+PollingErrorPolicy.swift
[2097/2184] Compiling GoogleGax LimitedElapsedTime+RetryPolicy.swift
[2098/2184] Compiling GoogleGax LimitedElapsedTime.swift
[2099/2184] Compiling GoogleGax LongRunningOperations.swift
[2100/2184] Compiling GoogleGax NeverRetry.swift
[2101/2184] Compiling GoogleGax HTTPClientProtocol.swift
[2102/2184] Compiling GoogleGax HTTPClientRequest.swift
[2103/2184] Compiling GoogleGax HTTPClientResponse.swift
[2104/2184] Compiling GoogleGax HTTPHeaders.swift
[2105/2184] Compiling GoogleGax HTTPResponseBody.swift
[2106/2184] Compiling GoogleGax HeaderNames.swift
[2107/2184] Compiling GoogleGax Host.swift
[2108/2184] Compiling GoogleGax InProgressResult.swift
[2109/2184] Compiling GoogleGax Pagination.swift
/host/spi-builder-workspace/.build/checkouts/swift-google-gax/Sources/GoogleGax/Pagination.swift:44:22: error: cannot convert '@Sendable (String) async throws -> (response: ResponseType, items: [Item], nextToken: String)' to 'nonisolated(nonsending) @Sendable (String) async throws -> (response: ResponseType, items: [Item], nextToken: String)' because crossing of an isolation boundary requires parameter and result types to conform to 'Sendable' protocol
42 | ) where ResponseType: _PaginatedResponse<Item> {
43 | self.initialPageToken = initialPageToken ?? ""
44 | self.fetchPage = { token in
| |- error: cannot convert '@Sendable (String) async throws -> (response: ResponseType, items: [Item], nextToken: String)' to 'nonisolated(nonsending) @Sendable (String) async throws -> (response: ResponseType, items: [Item], nextToken: String)' because crossing of an isolation boundary requires parameter and result types to conform to 'Sendable' protocol
| `- note: type 'Item' does not conform to 'Sendable' protocol
45 | let response = try await listRpc(token)
46 | return (response, response._getPaginatedItems(), response._nextPageToken())
[2110/2184] Compiling GoogleGax PollingBackoffPolicy.swift
/host/spi-builder-workspace/.build/checkouts/swift-google-gax/Sources/GoogleGax/Pagination.swift:44:22: error: cannot convert '@Sendable (String) async throws -> (response: ResponseType, items: [Item], nextToken: String)' to 'nonisolated(nonsending) @Sendable (String) async throws -> (response: ResponseType, items: [Item], nextToken: String)' because crossing of an isolation boundary requires parameter and result types to conform to 'Sendable' protocol
42 | ) where ResponseType: _PaginatedResponse<Item> {
43 | self.initialPageToken = initialPageToken ?? ""
44 | self.fetchPage = { token in
| |- error: cannot convert '@Sendable (String) async throws -> (response: ResponseType, items: [Item], nextToken: String)' to 'nonisolated(nonsending) @Sendable (String) async throws -> (response: ResponseType, items: [Item], nextToken: String)' because crossing of an isolation boundary requires parameter and result types to conform to 'Sendable' protocol
| `- note: type 'Item' does not conform to 'Sendable' protocol
45 | let response = try await listRpc(token)
46 | return (response, response._getPaginatedItems(), response._nextPageToken())
[2111/2184] Compiling GoogleGax PollingErrorPolicy.swift
/host/spi-builder-workspace/.build/checkouts/swift-google-gax/Sources/GoogleGax/Pagination.swift:44:22: error: cannot convert '@Sendable (String) async throws -> (response: ResponseType, items: [Item], nextToken: String)' to 'nonisolated(nonsending) @Sendable (String) async throws -> (response: ResponseType, items: [Item], nextToken: String)' because crossing of an isolation boundary requires parameter and result types to conform to 'Sendable' protocol
42 | ) where ResponseType: _PaginatedResponse<Item> {
43 | self.initialPageToken = initialPageToken ?? ""
44 | self.fetchPage = { token in
| |- error: cannot convert '@Sendable (String) async throws -> (response: ResponseType, items: [Item], nextToken: String)' to 'nonisolated(nonsending) @Sendable (String) async throws -> (response: ResponseType, items: [Item], nextToken: String)' because crossing of an isolation boundary requires parameter and result types to conform to 'Sendable' protocol
| `- note: type 'Item' does not conform to 'Sendable' protocol
45 | let response = try await listRpc(token)
46 | return (response, response._getPaginatedItems(), response._nextPageToken())
[2112/2184] Compiling GoogleGax PollingResult.swift
/host/spi-builder-workspace/.build/checkouts/swift-google-gax/Sources/GoogleGax/Pagination.swift:44:22: error: cannot convert '@Sendable (String) async throws -> (response: ResponseType, items: [Item], nextToken: String)' to 'nonisolated(nonsending) @Sendable (String) async throws -> (response: ResponseType, items: [Item], nextToken: String)' because crossing of an isolation boundary requires parameter and result types to conform to 'Sendable' protocol
42 | ) where ResponseType: _PaginatedResponse<Item> {
43 | self.initialPageToken = initialPageToken ?? ""
44 | self.fetchPage = { token in
| |- error: cannot convert '@Sendable (String) async throws -> (response: ResponseType, items: [Item], nextToken: String)' to 'nonisolated(nonsending) @Sendable (String) async throws -> (response: ResponseType, items: [Item], nextToken: String)' because crossing of an isolation boundary requires parameter and result types to conform to 'Sendable' protocol
| `- note: type 'Item' does not conform to 'Sendable' protocol
45 | let response = try await listRpc(token)
46 | return (response, response._getPaginatedItems(), response._nextPageToken())
[2113/2184] Compiling GoogleGax PollingState.swift
/host/spi-builder-workspace/.build/checkouts/swift-google-gax/Sources/GoogleGax/Pagination.swift:44:22: error: cannot convert '@Sendable (String) async throws -> (response: ResponseType, items: [Item], nextToken: String)' to 'nonisolated(nonsending) @Sendable (String) async throws -> (response: ResponseType, items: [Item], nextToken: String)' because crossing of an isolation boundary requires parameter and result types to conform to 'Sendable' protocol
42 | ) where ResponseType: _PaginatedResponse<Item> {
43 | self.initialPageToken = initialPageToken ?? ""
44 | self.fetchPage = { token in
| |- error: cannot convert '@Sendable (String) async throws -> (response: ResponseType, items: [Item], nextToken: String)' to 'nonisolated(nonsending) @Sendable (String) async throws -> (response: ResponseType, items: [Item], nextToken: String)' because crossing of an isolation boundary requires parameter and result types to conform to 'Sendable' protocol
| `- note: type 'Item' does not conform to 'Sendable' protocol
45 | let response = try await listRpc(token)
46 | return (response, response._getPaginatedItems(), response._nextPageToken())
[2114/2184] Compiling GoogleGax ProtobufConversionError.swift
/host/spi-builder-workspace/.build/checkouts/swift-google-gax/Sources/GoogleGax/Pagination.swift:44:22: error: cannot convert '@Sendable (String) async throws -> (response: ResponseType, items: [Item], nextToken: String)' to 'nonisolated(nonsending) @Sendable (String) async throws -> (response: ResponseType, items: [Item], nextToken: String)' because crossing of an isolation boundary requires parameter and result types to conform to 'Sendable' protocol
42 | ) where ResponseType: _PaginatedResponse<Item> {
43 | self.initialPageToken = initialPageToken ?? ""
44 | self.fetchPage = { token in
| |- error: cannot convert '@Sendable (String) async throws -> (response: ResponseType, items: [Item], nextToken: String)' to 'nonisolated(nonsending) @Sendable (String) async throws -> (response: ResponseType, items: [Item], nextToken: String)' because crossing of an isolation boundary requires parameter and result types to conform to 'Sendable' protocol
| `- note: type 'Item' does not conform to 'Sendable' protocol
45 | let response = try await listRpc(token)
46 | return (response, response._getPaginatedItems(), response._nextPageToken())
[2115/2184] Compiling GoogleGax QueryParameter.swift
/host/spi-builder-workspace/.build/checkouts/swift-google-gax/Sources/GoogleGax/Pagination.swift:44:22: error: cannot convert '@Sendable (String) async throws -> (response: ResponseType, items: [Item], nextToken: String)' to 'nonisolated(nonsending) @Sendable (String) async throws -> (response: ResponseType, items: [Item], nextToken: String)' because crossing of an isolation boundary requires parameter and result types to conform to 'Sendable' protocol
42 | ) where ResponseType: _PaginatedResponse<Item> {
43 | self.initialPageToken = initialPageToken ?? ""
44 | self.fetchPage = { token in
| |- error: cannot convert '@Sendable (String) async throws -> (response: ResponseType, items: [Item], nextToken: String)' to 'nonisolated(nonsending) @Sendable (String) async throws -> (response: ResponseType, items: [Item], nextToken: String)' because crossing of an isolation boundary requires parameter and result types to conform to 'Sendable' protocol
| `- note: type 'Item' does not conform to 'Sendable' protocol
45 | let response = try await listRpc(token)
46 | return (response, response._getPaginatedItems(), response._nextPageToken())
[2116/2184] Compiling GoogleGax RequestError.swift
/host/spi-builder-workspace/.build/checkouts/swift-google-gax/Sources/GoogleGax/Pagination.swift:44:22: error: cannot convert '@Sendable (String) async throws -> (response: ResponseType, items: [Item], nextToken: String)' to 'nonisolated(nonsending) @Sendable (String) async throws -> (response: ResponseType, items: [Item], nextToken: String)' because crossing of an isolation boundary requires parameter and result types to conform to 'Sendable' protocol
42 | ) where ResponseType: _PaginatedResponse<Item> {
43 | self.initialPageToken = initialPageToken ?? ""
44 | self.fetchPage = { token in
| |- error: cannot convert '@Sendable (String) async throws -> (response: ResponseType, items: [Item], nextToken: String)' to 'nonisolated(nonsending) @Sendable (String) async throws -> (response: ResponseType, items: [Item], nextToken: String)' because crossing of an isolation boundary requires parameter and result types to conform to 'Sendable' protocol
| `- note: type 'Item' does not conform to 'Sendable' protocol
45 | let response = try await listRpc(token)
46 | return (response, response._getPaginatedItems(), response._nextPageToken())
[2117/2184] Compiling GoogleGax ServiceError.swift
[2118/2184] Compiling GoogleGax StatusDetail.swift
[2119/2184] Compiling GoogleGax StrictIdempotency.swift
[2120/2184] Compiling GoogleGax ThrottleResult.swift
[2121/2184] Compiling GoogleGax TooManyRequests+PollingErrorPolicy.swift
[2122/2184] Compiling GoogleGax TooManyRequests+RetryPolicy.swift
[2123/2184] Compiling GoogleGax TooManyRequests.swift
[2124/2184] Compiling GoogleGax PackageVersion.swift
BUILD FAILURE 6.2 android