Build Information
Failed to build FoundationKit, reference 2.1.3 (f8c1cd), with Swift 6.2 for Linux on 11 Sep 2026 12:02:36 UTC.
Build Command
bash -c docker run --pull=always --rm -v "checkouts-54344843-2":/host -w "$PWD" -e JAVA_HOME="/root/.sdkman/candidates/java/current" -e SPI_BUILD="1" -e SPI_PROCESSING="1" registry.gitlab.com/saguaro1/spi-images:basic-6.2-latest swift build --triple x86_64-unknown-linux-gnu 2>&1Build Log
========================================
RunAll
========================================
Builder version: 5.0.2
Interrupt handler set up.
========================================
Checkout
========================================
Clone URL: https://github.com/NikSativa/FoundationKit.git
Reference: 2.1.3
Initialized empty Git repository in /host/spi-builder-workspace/.git/
hint: Using 'master' as the name for the initial branch. This default branch name
hint: is subject to change. To configure the initial branch name to use in all
hint: of your new repositories, which will suppress this warning, call:
hint:
hint: git config --global init.defaultBranch <name>
hint:
hint: Names commonly chosen instead of 'master' are 'main', 'trunk' and
hint: 'development'. The just-created branch can be renamed via this command:
hint:
hint: git branch -m <name>
From https://github.com/NikSativa/FoundationKit
* tag 2.1.3 -> FETCH_HEAD
HEAD is now at f8c1cd6 Bump SpryKit to 3.2.4
Cloned https://github.com/NikSativa/FoundationKit.git
Revision (git rev-parse @):
f8c1cd6585a92a5547df7c5fda13e4f698b02bf4
SPI manifest file found: $PWD/.spi.yml
SUCCESS checkout https://github.com/NikSativa/FoundationKit.git at 2.1.3
========================================
Build
========================================
Selected platform: linux
Swift version: 6.2
Building package at path: $PWD
https://github.com/NikSativa/FoundationKit.git
Running build ...
bash -c docker run --pull=always --rm -v "checkouts-54344843-2":/host -w "$PWD" -e JAVA_HOME="/root/.sdkman/candidates/java/current" -e SPI_BUILD="1" -e SPI_PROCESSING="1" registry.gitlab.com/saguaro1/spi-images:basic-6.2-latest swift build --triple x86_64-unknown-linux-gnu 2>&1
basic-6.2-latest: Pulling from saguaro1/spi-images
Digest: sha256:813c8e8a77634154d7d247705cb89167ff1c866446abbe321f542129dc4cf5a7
Status: Image is up to date for registry.gitlab.com/saguaro1/spi-images:basic-6.2-latest
Fetching https://github.com/NikSativa/SpryKit.git
[1/1332] Fetching sprykit
Fetched https://github.com/NikSativa/SpryKit.git from cache (0.55s)
Computing version for https://github.com/NikSativa/SpryKit.git
Computed https://github.com/NikSativa/SpryKit.git at 3.2.4 (0.72s)
Fetching https://github.com/NikSativa/Threading.git
Fetching https://github.com/mattgallagher/CwlPreconditionTesting.git
Fetching https://github.com/swiftlang/swift-syntax.git
[1/543] Fetching threading
[544/1800] Fetching threading, cwlpreconditiontesting
Fetched https://github.com/NikSativa/Threading.git from cache (0.95s)
[1/79780] Fetching swift-syntax
Fetched https://github.com/mattgallagher/CwlPreconditionTesting.git from cache (3.59s)
Fetched https://github.com/swiftlang/swift-syntax.git from cache (3.61s)
Computing version for https://github.com/swiftlang/swift-syntax.git
Computed https://github.com/swiftlang/swift-syntax.git at 600.0.1 (4.62s)
Computing version for https://github.com/mattgallagher/CwlPreconditionTesting.git
Computed https://github.com/mattgallagher/CwlPreconditionTesting.git at 2.2.2 (0.18s)
Fetching https://github.com/mattgallagher/CwlCatchException.git
[1/460] Fetching cwlcatchexception
Fetched https://github.com/mattgallagher/CwlCatchException.git from cache (0.52s)
Computing version for https://github.com/NikSativa/Threading.git
Computed https://github.com/NikSativa/Threading.git at 2.3.4 (0.68s)
Computing version for https://github.com/mattgallagher/CwlCatchException.git
Computed https://github.com/mattgallagher/CwlCatchException.git at 2.2.1 (0.18s)
Creating working copy for https://github.com/mattgallagher/CwlPreconditionTesting.git
Working copy of https://github.com/mattgallagher/CwlPreconditionTesting.git resolved at 2.2.2
Creating working copy for https://github.com/NikSativa/SpryKit.git
Working copy of https://github.com/NikSativa/SpryKit.git resolved at 3.2.4
Creating working copy for https://github.com/NikSativa/Threading.git
Working copy of https://github.com/NikSativa/Threading.git resolved at 2.3.4
Creating working copy for https://github.com/swiftlang/swift-syntax.git
Working copy of https://github.com/swiftlang/swift-syntax.git resolved at 600.0.1
Creating working copy for https://github.com/mattgallagher/CwlCatchException.git
Working copy of https://github.com/mattgallagher/CwlCatchException.git resolved at 2.2.1
Downloading package prebuilt https://download.swift.org/prebuilts/swift-syntax/600.0.1/swift-6.2.4-RELEASE-MacroSupport-ubuntu_jammy_x86_64.tar.gz
Downloaded https://download.swift.org/prebuilts/swift-syntax/600.0.1/swift-6.2.4-RELEASE-MacroSupport-ubuntu_jammy_x86_64.tar.gz (0.34s)
Building for debugging...
[0/3] Write sources
[1/3] Copying PrivacyInfo.xcprivacy
[2/3] Write swift-version-24593BA9C3E375BF.txt
error: emit-module command failed with exit code 1 (use -v to see invocation)
[4/23] Emitting module FoundationKit
/host/spi-builder-workspace/Source/LinkDetector.swift:8:27: error: cannot find type 'NSDataDetector' in scope
6 |
7 | public struct LinkDetector {
8 | private let detector: NSDataDetector
| `- error: cannot find type 'NSDataDetector' in scope
9 |
10 | public init() {
/host/spi-builder-workspace/Source/URLOpener+SwiftUI.swift:48:18: error: cannot find type 'URLOpening' in scope
46 | #if !os(watchOS)
47 | @available(iOS 15.0, tvOS 15.0, macOS 12.0, macCatalyst 15.0, watchOS 8.0, *)
48 | public extension URLOpening {
| `- error: cannot find type 'URLOpening' in scope
49 | func route(to url: URL) {
50 | route(to: url, completion: { _ in })
[5/25] Compiling FoundationKit URLOpener+SwiftUI.swift
/host/spi-builder-workspace/Source/URLOpener+SwiftUI.swift:48:18: error: cannot find type 'URLOpening' in scope
46 | #if !os(watchOS)
47 | @available(iOS 15.0, tvOS 15.0, macOS 12.0, macCatalyst 15.0, watchOS 8.0, *)
48 | public extension URLOpening {
| `- error: cannot find type 'URLOpening' in scope
49 | func route(to url: URL) {
50 | route(to: url, completion: { _ in })
/host/spi-builder-workspace/Source/URLOpener+SwiftUI.swift:49:24: error: cannot find type 'URL' in scope
47 | @available(iOS 15.0, tvOS 15.0, macOS 12.0, macCatalyst 15.0, watchOS 8.0, *)
48 | public extension URLOpening {
49 | func route(to url: URL) {
| `- error: cannot find type 'URL' in scope
50 | route(to: url, completion: { _ in })
51 | }
[6/25] Compiling FoundationKit URLOpener+UIKit.swift
/host/spi-builder-workspace/Source/URLOpener+SwiftUI.swift:48:18: error: cannot find type 'URLOpening' in scope
46 | #if !os(watchOS)
47 | @available(iOS 15.0, tvOS 15.0, macOS 12.0, macCatalyst 15.0, watchOS 8.0, *)
48 | public extension URLOpening {
| `- error: cannot find type 'URLOpening' in scope
49 | func route(to url: URL) {
50 | route(to: url, completion: { _ in })
/host/spi-builder-workspace/Source/URLOpener+SwiftUI.swift:49:24: error: cannot find type 'URL' in scope
47 | @available(iOS 15.0, tvOS 15.0, macOS 12.0, macCatalyst 15.0, watchOS 8.0, *)
48 | public extension URLOpening {
49 | func route(to url: URL) {
| `- error: cannot find type 'URL' in scope
50 | route(to: url, completion: { _ in })
51 | }
[7/25] Compiling FoundationKit UUIDProvider.swift
[8/25] Compiling FoundationKit resource_bundle_accessor.swift
[9/25] Compiling FoundationKit CGPoint+Foundation.swift
[10/25] Compiling FoundationKit CGRect+Foundation.swift
[11/25] Compiling FoundationKit CGSize+Foundation.swift
[12/25] Compiling FoundationKit String+Foundation.swift
[13/25] Compiling FoundationKit UIColor+Foundation.swift
[14/25] Compiling FoundationKit UIImage+Foundation.swift
[15/25] Compiling FoundationKit LinkDetector.swift
/host/spi-builder-workspace/Source/LinkDetector.swift:8:27: error: cannot find type 'NSDataDetector' in scope
6 |
7 | public struct LinkDetector {
8 | private let detector: NSDataDetector
| `- error: cannot find type 'NSDataDetector' in scope
9 |
10 | public init() {
/host/spi-builder-workspace/Source/LinkDetector.swift:11:31: error: cannot infer contextual base in reference to member 'init'
9 |
10 | public init() {
11 | self.detector = try! .init(types: NSTextCheckingResult.CheckingType.link.rawValue)
| `- error: cannot infer contextual base in reference to member 'init'
12 | }
13 | }
[16/25] Compiling FoundationKit NotificationDispatcher.swift
/host/spi-builder-workspace/Source/LinkDetector.swift:8:27: error: cannot find type 'NSDataDetector' in scope
6 |
7 | public struct LinkDetector {
8 | private let detector: NSDataDetector
| `- error: cannot find type 'NSDataDetector' in scope
9 |
10 | public init() {
/host/spi-builder-workspace/Source/LinkDetector.swift:11:31: error: cannot infer contextual base in reference to member 'init'
9 |
10 | public init() {
11 | self.detector = try! .init(types: NSTextCheckingResult.CheckingType.link.rawValue)
| `- error: cannot infer contextual base in reference to member 'init'
12 | }
13 | }
[17/25] Compiling FoundationKit Optional+Foundation.swift
[18/25] Compiling FoundationKit Result+Foundation.swift
[19/25] Compiling FoundationKit Sequence+Foundation.swift
[20/25] Compiling FoundationKit Closures.swift
[21/25] Compiling FoundationKit Array+Foundation.swift
[22/25] Compiling FoundationKit CACornerMask+Foundation.swift
[23/25] Compiling FoundationKit Collection+Foundation.swift
[24/25] Compiling FoundationKit Dictionary+Foundation.swift
[25/25] Compiling FoundationKit Encodable+Foundation.swift
BUILD FAILURE 6.2 linux