The Swift Package Index logo.Swift Package Index

Build Information

Failed to build GoogleBigQueryAnalyticsHubV1, reference main (9fa4c0), with Swift 6.2 for Android on 11 Oct 2026 08:35:29 UTC.

Build Command

bash -c docker run --pull=always --rm -v "checkouts-54344845-2":/host -w "$PWD" -e JAVA_HOME="/root/.sdkman/candidates/java/current" -e SPI_BUILD="1" -e SPI_PROCESSING="1" registry.gitlab.com/saguaro1/spi-images:android-6.2-latest swift build --swift-sdk aarch64-unknown-linux-android28 2>&1

Build Log

========================================
RunAll
========================================
Builder version: 5.1.1
Interrupt handler set up.
========================================
Checkout
========================================
Clone URL: https://github.com/googleapis/swift-google-cloud-bigquery-analyticshub-v1.git
Reference: main
Initialized empty Git repository in /host/spi-builder-workspace/.git/
hint: Using 'master' as the name for the initial branch. This default branch name
hint: is subject to change. To configure the initial branch name to use in all
hint: of your new repositories, which will suppress this warning, call:
hint:
hint: 	git config --global init.defaultBranch <name>
hint:
hint: Names commonly chosen instead of 'master' are 'main', 'trunk' and
hint: 'development'. The just-created branch can be renamed via this command:
hint:
hint: 	git branch -m <name>
From https://github.com/googleapis/swift-google-cloud-bigquery-analyticshub-v1
 * branch            main       -> FETCH_HEAD
 * [new branch]      main       -> origin/main
HEAD is now at 9fa4c06 chore: release circa 2026-10-07 (#1382)
Cloned https://github.com/googleapis/swift-google-cloud-bigquery-analyticshub-v1.git
Revision (git rev-parse @):
9fa4c06a7f9c2b03868d5a81008d463583fe4aa5
SPI manifest file found: $PWD/.spi.yml
SUCCESS checkout https://github.com/googleapis/swift-google-cloud-bigquery-analyticshub-v1.git at main
========================================
Build
========================================
Selected platform:         android
Swift version:             6.2
Building package at path:  $PWD
https://github.com/googleapis/swift-google-cloud-bigquery-analyticshub-v1.git
Running build ...
bash -c docker run --pull=always --rm -v "checkouts-54344845-2":/host -w "$PWD" -e JAVA_HOME="/root/.sdkman/candidates/java/current" -e SPI_BUILD="1" -e SPI_PROCESSING="1" registry.gitlab.com/saguaro1/spi-images:android-6.2-latest swift build --swift-sdk aarch64-unknown-linux-android28 2>&1
android-6.2-latest: Pulling from saguaro1/spi-images
Digest: sha256:a839c9ce201f1dacc8eb056626ec7ab0a1c6d53d7b77c83feda395f4507c51be
Status: Image is up to date for registry.gitlab.com/saguaro1/spi-images:android-6.2-latest
Fetching https://github.com/apple/swift-log
Fetching https://github.com/googleapis/swift-google-longrunning
Fetching https://github.com/googleapis/swift-google-wkt
Fetching https://github.com/googleapis/swift-google-iam-v1
Fetching https://github.com/googleapis/swift-google-gax
Fetching https://github.com/googleapis/swift-google-rpc
[1/1023] Fetching swift-google-wkt
[1024/1729] Fetching swift-google-wkt, swift-google-iam-v1
Fetched https://github.com/googleapis/swift-google-iam-v1 from cache (0.70s)
Fetching https://github.com/googleapis/swift-google-auth
[1/8257] Fetching swift-log
[8258/8679] Fetching swift-log, swift-google-rpc
[8356/9298] Fetching swift-log, swift-google-rpc, swift-google-longrunning
Fetched https://github.com/apple/swift-log from cache (0.87s)
[340/1041] Fetching swift-google-rpc, swift-google-longrunning
Fetched https://github.com/googleapis/swift-google-rpc from cache (0.89s)
[75/619] Fetching swift-google-longrunning
Fetched https://github.com/googleapis/swift-google-wkt from cache (0.94s)
[1/1023] Fetching swift-google-auth
Fetched https://github.com/googleapis/swift-google-auth from cache (0.50s)
[1/1748] Fetching swift-google-gax
Fetched https://github.com/googleapis/swift-google-longrunning from cache (1.48s)
Fetched https://github.com/googleapis/swift-google-gax from cache (1.48s)
Computing version for https://github.com/googleapis/swift-google-wkt
Computed https://github.com/googleapis/swift-google-wkt at 0.5.0 (1.63s)
Fetching https://github.com/swift-extras/swift-extras-base64
[10/954] Fetching swift-extras-base64
Fetched https://github.com/swift-extras/swift-extras-base64 from cache (0.44s)
Computing version for https://github.com/googleapis/swift-google-rpc
Computed https://github.com/googleapis/swift-google-rpc at 0.5.0 (0.71s)
Computing version for https://github.com/googleapis/swift-google-longrunning
Computed https://github.com/googleapis/swift-google-longrunning at 0.5.0 (0.17s)
Computing version for https://github.com/googleapis/swift-google-iam-v1
Computed https://github.com/googleapis/swift-google-iam-v1 at 0.5.0 (0.18s)
Fetching https://github.com/googleapis/swift-google-type
[1/437] Fetching swift-google-type
Fetched https://github.com/googleapis/swift-google-type from cache (0.38s)
Computing version for https://github.com/googleapis/swift-google-gax
Computed https://github.com/googleapis/swift-google-gax at 0.5.0 (0.59s)
Fetching https://github.com/swift-server/async-http-client.git
Fetching https://github.com/apple/swift-nio
[1/16464] Fetching async-http-client
[16465/102838] Fetching async-http-client, swift-nio
Fetched https://github.com/swift-server/async-http-client.git from cache (1.06s)
[5183/86374] Fetching swift-nio
Fetched https://github.com/apple/swift-nio from cache (3.47s)
Computing version for https://github.com/googleapis/swift-google-auth
Computed https://github.com/googleapis/swift-google-auth at 0.5.0 (3.63s)
Fetching https://github.com/apple/swift-system.git
Fetching https://github.com/vapor/jwt-kit.git
[1/7241] Fetching swift-system
[2101/17495] Fetching swift-system, jwt-kit
Fetched https://github.com/apple/swift-system.git from cache (0.90s)
Fetched https://github.com/vapor/jwt-kit.git from cache (0.90s)
Computing version for https://github.com/googleapis/swift-google-type
Computed https://github.com/googleapis/swift-google-type at 0.5.0 (1.08s)
Computing version for https://github.com/swift-extras/swift-extras-base64
Computed https://github.com/swift-extras/swift-extras-base64 at 1.2.0 (0.15s)
Computing version for https://github.com/swift-server/async-http-client.git
Computed https://github.com/swift-server/async-http-client.git at 1.36.2 (0.19s)
Fetching https://github.com/apple/swift-nio-ssl.git
Fetching https://github.com/apple/swift-distributed-tracing.git
Fetching https://github.com/apple/swift-atomics.git
Fetching https://github.com/apple/swift-service-context.git
Fetching https://github.com/apple/swift-nio-http2.git
Fetching https://github.com/apple/swift-nio-transport-services.git
[1/1500] Fetching swift-service-context
[526/3389] Fetching swift-service-context, swift-atomics
[1160/6256] Fetching swift-service-context, swift-atomics, swift-nio-transport-services
[2414/12807] Fetching swift-service-context, swift-atomics, swift-nio-transport-services, swift-distributed-tracing
[2605/29678] Fetching swift-service-context, swift-atomics, swift-nio-transport-services, swift-distributed-tracing, swift-nio-ssl
Fetched https://github.com/apple/swift-nio-transport-services.git from cache (0.51s)
[5282/26811] Fetching swift-service-context, swift-atomics, swift-distributed-tracing, swift-nio-ssl
Fetching https://github.com/apple/swift-nio-extras.git
[6733/39105] Fetching swift-service-context, swift-atomics, swift-distributed-tracing, swift-nio-ssl, swift-nio-http2
Fetched https://github.com/apple/swift-service-context.git from cache (0.57s)
Fetched https://github.com/apple/swift-atomics.git from cache (0.57s)
[4570/35716] Fetching swift-distributed-tracing, swift-nio-ssl, swift-nio-http2
Fetching https://github.com/apple/swift-configuration.git
Fetching https://github.com/apple/swift-algorithms.git
Fetched https://github.com/apple/swift-distributed-tracing.git from cache (0.75s)
[7046/29165] Fetching swift-nio-ssl, swift-nio-http2
[28998/35329] Fetching swift-nio-ssl, swift-nio-http2, swift-algorithms
[29475/42032] Fetching swift-nio-ssl, swift-nio-http2, swift-algorithms, swift-nio-extras
[29599/45960] Fetching swift-nio-ssl, swift-nio-http2, swift-algorithms, swift-nio-extras, swift-configuration
Fetched https://github.com/apple/swift-algorithms.git from cache (0.72s)
Fetched https://github.com/apple/swift-configuration.git from cache (0.72s)
Fetched https://github.com/apple/swift-nio-extras.git from cache (0.84s)
Fetched https://github.com/apple/swift-nio-http2.git from cache (1.44s)
Fetched https://github.com/apple/swift-nio-ssl.git from cache (1.76s)
Computing version for https://github.com/apple/swift-service-context.git
Computed https://github.com/apple/swift-service-context.git at 1.3.0 (1.97s)
Computing version for https://github.com/apple/swift-algorithms.git
Computed https://github.com/apple/swift-algorithms.git at 1.2.1 (2.59s)
Fetching https://github.com/apple/swift-numerics.git
[1/6733] Fetching swift-numerics
Fetched https://github.com/apple/swift-numerics.git from cache (1.09s)
Computing version for https://github.com/apple/swift-log
Computed https://github.com/apple/swift-log at 1.16.1 (1.34s)
Computing version for https://github.com/apple/swift-distributed-tracing.git
Computed https://github.com/apple/swift-distributed-tracing.git at 1.5.0 (0.22s)
Computing version for https://github.com/apple/swift-atomics.git
Computed https://github.com/apple/swift-atomics.git at 1.3.1 (0.17s)
Computing version for https://github.com/apple/swift-numerics.git
Computed https://github.com/apple/swift-numerics.git at 1.1.1 (0.17s)
Computing version for https://github.com/apple/swift-nio
Computed https://github.com/apple/swift-nio at 2.104.0 (0.53s)
Fetching https://github.com/apple/swift-collections.git
[1/28703] Fetching swift-collections
Fetched https://github.com/apple/swift-collections.git from cache (1.24s)
Computing version for https://github.com/apple/swift-configuration.git
Computed https://github.com/apple/swift-configuration.git at 1.2.2 (2.08s)
Fetching https://github.com/swift-server/swift-service-lifecycle
[1/2867] Fetching swift-service-lifecycle
Fetched https://github.com/swift-server/swift-service-lifecycle from cache (0.47s)
Computing version for https://github.com/apple/swift-nio-transport-services.git
Computed https://github.com/apple/swift-nio-transport-services.git at 1.28.0 (0.65s)
Computing version for https://github.com/swift-server/swift-service-lifecycle
Computed https://github.com/swift-server/swift-service-lifecycle at 2.12.1 (0.15s)
Fetching https://github.com/apple/swift-async-algorithms.git
[1/6820] Fetching swift-async-algorithms
Fetched https://github.com/apple/swift-async-algorithms.git from cache (0.52s)
Computing version for https://github.com/apple/swift-async-algorithms.git
Computed https://github.com/apple/swift-async-algorithms.git at 1.1.7 (0.76s)
Computing version for https://github.com/apple/swift-collections.git
Computed https://github.com/apple/swift-collections.git at 1.7.2 (0.29s)
Computing version for https://github.com/apple/swift-nio-http2.git
Computed https://github.com/apple/swift-nio-http2.git at 1.46.0 (0.19s)
Computing version for https://github.com/vapor/jwt-kit.git
Computed https://github.com/vapor/jwt-kit.git at 5.7.1 (0.15s)
Fetching https://github.com/apple/swift-certificates.git
Fetching https://github.com/apple/swift-crypto.git
[1/18629] Fetching swift-crypto
[374/26238] Fetching swift-crypto, swift-certificates
Fetched https://github.com/apple/swift-certificates.git from cache (1.23s)
Fetched https://github.com/apple/swift-crypto.git from cache (1.25s)
Computing version for https://github.com/apple/swift-crypto.git
Computed https://github.com/apple/swift-crypto.git at 4.5.2 (1.90s)
Fetching https://github.com/apple/swift-asn1.git
[1/2009] Fetching swift-asn1
Fetched https://github.com/apple/swift-asn1.git from cache (0.49s)
Computing version for https://github.com/apple/swift-asn1.git
Computed https://github.com/apple/swift-asn1.git at 1.7.3 (0.69s)
Computing version for https://github.com/apple/swift-certificates.git
Computed https://github.com/apple/swift-certificates.git at 1.21.0 (0.23s)
Computing version for https://github.com/apple/swift-nio-ssl.git
Computed https://github.com/apple/swift-nio-ssl.git at 2.37.5 (0.20s)
Computing version for https://github.com/apple/swift-system.git
Computed https://github.com/apple/swift-system.git at 1.8.1 (0.19s)
Computing version for https://github.com/apple/swift-nio-extras.git
Computed https://github.com/apple/swift-nio-extras.git at 1.35.1 (0.32s)
Fetching https://github.com/apple/swift-http-structured-headers.git
Fetching https://github.com/apple/swift-http-types.git
[13/1253] Fetching swift-http-structured-headers
[340/3192] Fetching swift-http-structured-headers, swift-http-types
Fetched https://github.com/apple/swift-http-structured-headers.git from cache (0.48s)
Fetched https://github.com/apple/swift-http-types.git from cache (0.49s)
Computing version for https://github.com/apple/swift-http-structured-headers.git
Computed https://github.com/apple/swift-http-structured-headers.git at 1.7.0 (0.81s)
Computing version for https://github.com/apple/swift-http-types.git
Computed https://github.com/apple/swift-http-types.git at 1.8.0 (0.34s)
Creating working copy for https://github.com/apple/swift-http-structured-headers.git
Working copy of https://github.com/apple/swift-http-structured-headers.git resolved at 1.7.0
Creating working copy for https://github.com/apple/swift-configuration.git
Working copy of https://github.com/apple/swift-configuration.git resolved at 1.2.2
Creating working copy for https://github.com/apple/swift-nio-extras.git
Working copy of https://github.com/apple/swift-nio-extras.git resolved at 1.35.1
Creating working copy for https://github.com/googleapis/swift-google-gax
Working copy of https://github.com/googleapis/swift-google-gax resolved at 0.5.0
Creating working copy for https://github.com/googleapis/swift-google-wkt
Working copy of https://github.com/googleapis/swift-google-wkt resolved at 0.5.0
Creating working copy for https://github.com/vapor/jwt-kit.git
Working copy of https://github.com/vapor/jwt-kit.git resolved at 5.7.1
Creating working copy for https://github.com/swift-server/async-http-client.git
Working copy of https://github.com/swift-server/async-http-client.git resolved at 1.36.2
Creating working copy for https://github.com/apple/swift-nio
Working copy of https://github.com/apple/swift-nio resolved at 2.104.0
Creating working copy for https://github.com/googleapis/swift-google-iam-v1
Working copy of https://github.com/googleapis/swift-google-iam-v1 resolved at 0.5.0
Creating working copy for https://github.com/apple/swift-distributed-tracing.git
Working copy of https://github.com/apple/swift-distributed-tracing.git resolved at 1.5.0
Creating working copy for https://github.com/apple/swift-asn1.git
Working copy of https://github.com/apple/swift-asn1.git resolved at 1.7.3
Creating working copy for https://github.com/googleapis/swift-google-rpc
Working copy of https://github.com/googleapis/swift-google-rpc resolved at 0.5.0
Creating working copy for https://github.com/swift-server/swift-service-lifecycle
Working copy of https://github.com/swift-server/swift-service-lifecycle resolved at 2.12.1
Creating working copy for https://github.com/googleapis/swift-google-type
Working copy of https://github.com/googleapis/swift-google-type resolved at 0.5.0
Creating working copy for https://github.com/apple/swift-certificates.git
Working copy of https://github.com/apple/swift-certificates.git resolved at 1.21.0
Creating working copy for https://github.com/googleapis/swift-google-longrunning
Working copy of https://github.com/googleapis/swift-google-longrunning resolved at 0.5.0
Creating working copy for https://github.com/apple/swift-system.git
Working copy of https://github.com/apple/swift-system.git resolved at 1.8.1
Creating working copy for https://github.com/apple/swift-atomics.git
Working copy of https://github.com/apple/swift-atomics.git resolved at 1.3.1
Creating working copy for https://github.com/swift-extras/swift-extras-base64
Working copy of https://github.com/swift-extras/swift-extras-base64 resolved at 1.2.0
Creating working copy for https://github.com/googleapis/swift-google-auth
Working copy of https://github.com/googleapis/swift-google-auth resolved at 0.5.0
Creating working copy for https://github.com/apple/swift-http-types.git
Working copy of https://github.com/apple/swift-http-types.git resolved at 1.8.0
Creating working copy for https://github.com/apple/swift-async-algorithms.git
Working copy of https://github.com/apple/swift-async-algorithms.git resolved at 1.1.7
Creating working copy for https://github.com/apple/swift-nio-ssl.git
Working copy of https://github.com/apple/swift-nio-ssl.git resolved at 2.37.5
Creating working copy for https://github.com/apple/swift-algorithms.git
Working copy of https://github.com/apple/swift-algorithms.git resolved at 1.2.1
Creating working copy for https://github.com/apple/swift-collections.git
Working copy of https://github.com/apple/swift-collections.git resolved at 1.7.2
Creating working copy for https://github.com/apple/swift-crypto.git
Working copy of https://github.com/apple/swift-crypto.git resolved at 4.5.2
Creating working copy for https://github.com/apple/swift-log
Working copy of https://github.com/apple/swift-log resolved at 1.16.1
Creating working copy for https://github.com/apple/swift-nio-http2.git
Working copy of https://github.com/apple/swift-nio-http2.git resolved at 1.46.0
Creating working copy for https://github.com/apple/swift-nio-transport-services.git
Working copy of https://github.com/apple/swift-nio-transport-services.git resolved at 1.28.0
Creating working copy for https://github.com/apple/swift-service-context.git
Working copy of https://github.com/apple/swift-service-context.git resolved at 1.3.0
Creating working copy for https://github.com/apple/swift-numerics.git
Working copy of https://github.com/apple/swift-numerics.git resolved at 1.1.1
Building for debugging...
[0/1012] Compiling tasn_fre.cc
[0/1012] Compiling aes.cc
[2/1012] Compiling e_tls.cc
[2/1012] Write sources
[7/1012] Compiling _NumericsShims _NumericsShims.c
[8/1012] Write sources
[47/1012] Compiling a_octet.cc
[48/1012] Compiling _AtomicsShims.c
[49/1012] Compiling a_dup.cc
[50/1012] Compiling SimpleFIPS202.c
[51/1012] Compiling KeccakHash.c
[52/1012] Compiling CXKCPShims shims.c
[53/1012] Compiling KeccakSponge.c
[54/1012] Write swift-version--11D90AFD9DD3AB2.txt
[55/1012] Compiling CNIOWindows WSAStartup.c
[56/1015] Compiling CNIOWindows shim.c
[57/1018] Compiling CSystem shims.c
[58/1037] Compiling KeccakP-1600-opt64.c
[59/1037] Compiling a_bitstr.cc
[60/1073] Compiling a_strex.cc
[61/1088] Compiling pkcs8.cc
[63/1099] Emitting module _NIODataStructures
[64/1099] Emitting module Logging
[65/1100] Compiling Logging LogEvent.swift
[66/1100] Compiling Logging LogHandler.swift
[67/1100] Compiling SystemPackage FileOperations.swift
[68/1100] Compiling SystemPackage FilePath.swift
[69/1102] Compiling RealModule Real.swift
[70/1103] Compiling RealModule RealFunctions.swift
[71/1103] Compiling ServiceContextModule ServiceContextKey.swift
[73/1103] Compiling SystemPackage IORequest.swift
[74/1103] Compiling Logging StreamLogHandler.swift
[76/1103] Compiling RealModule RelaxedArithmetic.swift
[77/1103] Compiling Logging SwiftLogNoOpLogHandler.swift
[78/1103] Compiling Logging Locks.swift
[79/1103] Compiling Logging MultiplexLogHandler.swift
[80/1103] Compiling ServiceContextModule ServiceContext.swift
[81/1103] Emitting module ServiceContextModule
[82/1104] Emitting module SwiftASN1
[83/1104] Compiling _NIOBase64 Base64.swift
[84/1104] Emitting module _NIOBase64
[85/1104] Compiling RealModule Float16+Real.swift
[86/1104] Compiling RealModule Float80+Real.swift
[90/1105] Emitting module RealModule
[95/1106] Compiling Logging LoggingSystem.swift
[96/1106] Compiling _NIODataStructures Heap.swift
[99/1139] Compiling Logging Logger+Attributes.swift
[100/1139] Compiling _NIODataStructures PriorityQueue.swift
[101/1140] Compiling _NIODataStructures _TinyArray.swift
[102/1146] Emitting module _CertificateInternals
[103/1146] Compiling _CertificateInternals _TinyArray.swift
[106/1147] Compiling Logging Logger+With.swift
[107/1147] Compiling Logging Logger.swift
[107/1147] Wrapping AST for _NIOBase64 for debugging
[109/1147] Compiling Instrumentation NoOpInstrument.swift
[109/1147] Wrapping AST for _NIODataStructures for debugging
[111/1147] Compiling InternalCollectionsUtilities UnsafeMutablePointer+Extras.swift
[112/1147] Compiling InternalCollectionsUtilities UnsafeMutableRawBufferPointer+Extras.swift
[113/1147] Compiling InternalCollectionsUtilities UnsafePointer+Extras.swift
[114/1150] Compiling Instrumentation MultiplexInstrument.swift
[114/1150] Wrapping AST for ServiceContextModule for debugging
[115/1150] Wrapping AST for _CertificateInternals for debugging
[116/1150] Compiling CNIOWASI CNIOWASI.c
[117/1150] Compiling CNIOPosix event_loop_id.c
[118/1150] Wrapping AST for RealModule for debugging
[119/1150] Compiling CNIOOpenBSD shim.c
[121/1150] Compiling InternalCollectionsUtilities UnsafeRawBufferPointer+Extras.swift
[122/1150] Compiling InternalCollectionsUtilities _SortedCollection.swift
[123/1150] Compiling InternalCollectionsUtilities _UniqueCollection.swift
[124/1150] Compiling Instrumentation Instrument.swift
[125/1150] Emitting module Instrumentation
[125/1150] Compiling CNIOLinux liburing_shims.c
[126/1150] Compiling CNIOLinux shim.c
[127/1150] Compiling CNIOLLHTTP c_nio_http.c
[129/1150] Compiling InternalCollectionsUtilities Iterable+CopyContents.swift
[130/1150] Compiling InternalCollectionsUtilities Iterable+Equality.swift
[131/1150] Compiling InternalCollectionsUtilities LifetimeOverride.swift
[132/1150] Compiling InternalCollectionsUtilities MutableRef.swift
[133/1150] Compiling InternalCollectionsUtilities MutableSpan+Extras.swift
[134/1150] Compiling InternalCollectionsUtilities OutputSpan+Extras.swift
[135/1150] Compiling InternalCollectionsUtilities RandomAccessCollection+Offsets.swift
[136/1150] Compiling InternalCollectionsUtilities Span+Extras.swift
[136/1150] Compiling CNIOLLHTTP c_nio_api.c
[137/1150] Compiling CNIOFreeBSD shim.c
[139/1150] Compiling InternalCollectionsUtilities BorrowingIteratorProtocol+Equality.swift
[140/1150] Compiling InternalCollectionsUtilities BorrowingIteratorProtocol+Extras.swift
[141/1150] Compiling InternalCollectionsUtilities Debugging.swift
[142/1150] Compiling InternalCollectionsUtilities Descriptions.swift
[143/1150] Compiling InternalCollectionsUtilities FixedWidthInteger+roundUpToPowerOfTwo.swift
[144/1150] Compiling InternalCollectionsUtilities Integer rank.swift
[145/1150] Compiling InternalCollectionsUtilities UInt+first and last set bit.swift
[146/1150] Compiling InternalCollectionsUtilities UInt+reversed.swift
[146/1150] Compiling CNIOExtrasZlib zutil.c
[147/1150] Compiling CNIOLLHTTP c_nio_llhttp.c
[148/1150] Compiling CNIOExtrasZlib inftrees.c
[149/1150] Compiling CNIOExtrasZlib trees.c
[151/1150] Compiling InternalCollectionsUtilities Strideable+LimitHelpers.swift
[152/1150] Compiling InternalCollectionsUtilities String+Padding.swift
[152/1150] Compiling CNIOExtrasZlib inflate.c
[153/1150] Compiling CNIOExtrasZlib inffast.c
[154/1150] Compiling CNIOExtrasZlib crc32.c
[155/1150] Compiling CNIOExtrasZlib adler32.c
[156/1150] Compiling CNIODarwin shim.c
[157/1150] Compiling CNIOExtrasZlib deflate.c
[158/1150] Compiling fiat_p256_adx_sqr.S
[159/1150] Compiling fiat_p256_adx_mul.S
[161/1150] Emitting module InternalCollectionsUtilities
[161/1150] Compiling CNIOBoringSSLShims shims.c
[162/1150] Compiling fiat_curve25519_adx_square.S
[163/1150] Compiling fiat_curve25519_adx_mul.S
[167/1150] Compiling InternalCollectionsUtilities TemporaryAllocation.swift
[168/1150] Compiling InternalCollectionsUtilities _UnsafeBitSet+Index.swift
[169/1150] Compiling InternalCollectionsUtilities _UnsafeBitSet+_Word.swift
[170/1150] Compiling InternalCollectionsUtilities _UnsafeBitSet.swift
[171/1150] Compiling InternalCollectionsUtilities UnsafeBufferPointer+Extras.swift
[172/1150] Compiling InternalCollectionsUtilities UnsafeMutableBufferPointer+Extras.swift
[174/1151] Compiling ExtrasBase64 Base32.swift
[175/1151] Compiling Instrumentation InstrumentationSystem.swift
[176/1151] Compiling Instrumentation Locks.swift
[181/1151] Compiling SystemPackage PlatformString.swift
[182/1151] Compiling SystemPackage FileFlags.swift
[183/1151] Compiling SystemPackage FileMode.swift
[184/1151] Compiling SystemPackage FileType.swift
[185/1151] Compiling SystemPackage Identifiers.swift
[186/1151] Compiling SystemPackage Stat.swift
[209/1157] Compiling Logging MetadataProvider.swift
[216/1159] Emitting module SystemPackage
[229/1166] Compiling SpanPreview OutputSpan+InputSpanHelpers.swift
[230/1171] Compiling SpanPreview MutableSpan+InputSpanHelpers.swift
[231/1171] Emitting module SpanPreview
[232/1171] Compiling SpanPreview InputSpan.swift
[232/1172] Wrapping AST for Logging for debugging
[234/1172] Wrapping AST for SwiftASN1 for debugging
[235/1172] Wrapping AST for InternalCollectionsUtilities for debugging
[236/1172] Wrapping AST for SpanPreview for debugging
[238/1172] Compiling Tracing NoOpTracer.swift
[238/1187] Wrapping AST for Instrumentation for debugging
[240/1208] Emitting module Tracing
[241/1209] Compiling Tracing InstrumentationSystem+Tracing.swift
[242/1215] Compiling Tracing WithTracer.swift
[243/1215] Compiling Tracing TracingTime.swift
[244/1215] Compiling Tracing TracerProtocol.swift
[245/1215] Compiling Tracing TracerProtocol+Legacy.swift
[246/1215] Compiling Tracing Tracer.swift
[247/1215] Compiling DequeModule RigidDeque+Descriptions.swift
[248/1215] Compiling DequeModule RigidDeque+Equatable.swift
[249/1215] Compiling DequeModule RigidDeque+Hashable.swift
[250/1215] Compiling DequeModule RigidDeque+Initializers.swift
[251/1215] Compiling DequeModule RigidDeque+Insertions.swift
[252/1215] Compiling DequeModule RigidDeque+Iterable.swift
[253/1215] Compiling DequeModule UniqueDeque+Consumption.swift
[254/1215] Compiling DequeModule UniqueDeque+ContainerOperations.swift
[255/1215] Compiling DequeModule UniqueDeque+Deprecations.swift
[256/1215] Compiling DequeModule UniqueDeque+Descriptions.swift
[257/1215] Compiling DequeModule UniqueDeque+Equatable.swift
[258/1215] Compiling DequeModule UniqueDeque+Hashable.swift
[258/1220] Compiling tls_record.cc
[259/1220] Compiling tls_method.cc
[261/1220] Compiling Tracing SpanProtocol.swift
[263/1221] Compiling DequeModule UniqueDeque+Initializers.swift
[264/1221] Compiling DequeModule UniqueDeque+Insertions.swift
[265/1221] Compiling DequeModule UniqueDeque+Iterable.swift
[266/1221] Compiling DequeModule UniqueDeque+Prepend.swift
[267/1221] Compiling DequeModule UniqueDeque+Removals.swift
[268/1221] Compiling DequeModule RigidDeque+Prepend.swift
[269/1221] Compiling DequeModule RigidDeque+Removals.swift
[270/1221] Compiling DequeModule RigidDeque+Replacements.swift
[271/1221] Compiling DequeModule RigidDeque+Testing.swift
[272/1221] Compiling DequeModule RigidDeque.swift
[273/1221] Compiling DequeModule UniqueDeque+Append.swift
[274/1221] Compiling DequeModule _DequeBuffer.swift
[275/1221] Compiling DequeModule _DequeBufferHeader.swift
[276/1221] Compiling DequeModule RigidDeque+Append.swift
[277/1221] Compiling DequeModule RigidDeque+Consumption.swift
[278/1221] Compiling DequeModule RigidDeque+ContainerOperations.swift
[279/1221] Compiling DequeModule RigidDeque+Deprecations.swift
[279/1221] Wrapping AST for Tracing for debugging
[287/1222] Compiling DequeModule Deque+Codable.swift
[288/1222] Compiling DequeModule Deque+Collection.swift
[289/1222] Compiling DequeModule Deque+CustomReflectable.swift
[290/1222] Compiling DequeModule Deque+Descriptions.swift
[291/1222] Compiling DequeModule Deque+Equatable.swift
[292/1222] Compiling DequeModule Deque+ExpressibleByArrayLiteral.swift
[293/1222] Compiling DequeModule Deque+Extras.swift
[294/1222] Compiling DequeModule Deque+Hashable.swift
[295/1222] Compiling DequeModule Deque+Testing.swift
[296/1222] Compiling DequeModule Deque._Storage.swift
[297/1222] Compiling DequeModule Deque._UnsafeHandle.swift
[298/1222] Compiling DequeModule Deque.swift
[298/1222] Compiling tls13_server.cc
[299/1222] Wrapping AST for SystemPackage for debugging
[300/1222] Compiling tls13_enc.cc
[301/1222] Compiling tls13_client.cc
[302/1222] Compiling tls13_both.cc
[303/1222] Compiling t1_enc.cc
[304/1222] Compiling ssl_x509.cc
[305/1222] Compiling ssl_versions.cc
[306/1222] Compiling ssl_stat.cc
[307/1222] Compiling ssl_transcript.cc
[309/1222] Compiling DequeModule UniqueDeque+Replacements.swift
[310/1222] Compiling DequeModule UniqueDeque.swift
[311/1222] Compiling DequeModule _DequeSlot.swift
[312/1222] Compiling DequeModule _UnsafeDequeHandle.swift
[313/1222] Compiling DequeModule _UnsafeDequeSegments.swift
[313/1222] Compiling ssl_session.cc
[314/1222] Compiling ssl_privkey.cc
[316/1222] Emitting module DequeModule
[318/1223] Compiling ExtrasBase64 Base32+Span.swift
[319/1223] Emitting module ExtrasBase64
[319/1223] Compiling ssl_file.cc
[320/1230] Compiling ssl_key_share.cc
[321/1266] Wrapping AST for DequeModule for debugging
[322/1266] Compiling ssl_credential.cc
[324/1266] Compiling ExtrasBase64 Base64+Span.swift
[325/1266] Compiling ExtrasBase64 Base64.swift
[327/1267] Compiling Configuration Deprecations.swift
[328/1267] Compiling Configuration ExpressibleByConfigInt.swift
[329/1267] Compiling Configuration ExpressibleByConfigString.swift
[330/1267] Compiling Configuration CLIKeyEncoder.swift
[331/1267] Compiling Configuration ConfigKeyEncoder.swift
[332/1267] Compiling Configuration DotSeparatorKeyDecoder.swift
[332/1272] Compiling ssl_lib.cc
[333/1303] Compiling s3_pkt.cc
[334/1303] Wrapping AST for ExtrasBase64 for debugging
[335/1303] Compiling ssl_cipher.cc
[336/1303] Compiling ssl_buffer.cc
[337/1303] Compiling ssl_cert.cc
[338/1303] Compiling ssl_asn1.cc
[339/1303] Compiling ssl_aead_ctx.cc
[341/1303] Emitting module GoogleWKT
[342/1307] Compiling GoogleWKT UnknownFields.swift
[343/1307] Compiling GoogleWKT WKTAny.swift
[344/1307] Compiling GoogleWKT WKTAnyError.swift
[345/1307] Compiling GoogleWKT WKTBoolValue.swift
[346/1307] Compiling GoogleWKT WKTBytesValue.swift
[347/1307] Compiling GoogleWKT WKTDoubleValue.swift
[348/1307] Compiling GoogleWKT WKTDuration.swift
[349/1307] Compiling GoogleWKT WKTEmpty.swift
[350/1307] Compiling GoogleWKT WKTFieldMask.swift
[351/1307] Compiling GoogleWKT WKTFloatValue.swift
[352/1307] Compiling GoogleWKT WKTInt32Value.swift
[353/1307] Compiling GoogleWKT WKTInt64Value.swift
[354/1307] Compiling GoogleWKT WKTRecursive.swift
[355/1307] Compiling GoogleWKT WKTField.swift
[356/1307] Compiling GoogleWKT WKTMethod.swift
[357/1307] Compiling GoogleWKT WKTMixin.swift
[358/1307] Compiling GoogleWKT WKTOption.swift
[358/1307] Compiling s3_lib.cc
[359/1307] Compiling s3_both.cc
[361/1307] Compiling GoogleWKT WKTStringValue.swift
[362/1307] Compiling GoogleWKT WKTTimestamp.swift
[363/1307] Compiling GoogleWKT WKTUInt32Value.swift
[364/1307] Compiling GoogleWKT WKTUInt64Value.swift
[365/1307] Compiling GoogleWKT WKTValue.swift
[366/1307] Compiling GoogleWKT WKTApi.swift
[367/1307] Compiling GoogleWKT WKTEnum.swift
[368/1307] Compiling GoogleWKT WKTEnumValue.swift
[369/1307] Compiling GoogleWKT WKTSourceContext.swift
[370/1307] Compiling GoogleWKT WKTSyntax.swift
[371/1307] Compiling GoogleWKT WKTType.swift
[372/1307] Compiling GoogleWKT PackageVersion.swift
[372/1307] Compiling handshake_server.cc
[373/1307] Compiling handshake_client.cc
[375/1307] Compiling GoogleWKT AnyPackable.swift
[376/1307] Compiling GoogleWKT DecodeToDefault.swift
[377/1307] Compiling GoogleWKT DiscoveryBase64.swift
[378/1307] Compiling GoogleWKT ProtoJSONDecoder.swift
[379/1307] Compiling GoogleWKT ProtoJSONEncoder.swift
[380/1308] Compiling handshake.cc
[392/1326] Compiling Configuration YAMLSnapshot.swift
[393/1326] Compiling Configuration InMemoryProvider.swift
[400/1326] Compiling Configuration CombineLatestManyStorage.swift
[401/1326] Compiling Configuration AsyncSequences.swift
[402/1326] Compiling Configuration FoundationExtensions.swift
[403/1326] Compiling Configuration Span.swift
[404/1326] Compiling Configuration ConfigBytesFromStringDecoder.swift
[405/1326] Compiling Configuration MutableInMemoryProvider.swift
[406/1326] Compiling Configuration ConfigProvider+Operators.swift
[407/1326] Compiling Configuration KeyMappingProvider.swift
[408/1326] Compiling Configuration SecretsSpecifier.swift
[409/1326] Compiling Configuration AsyncCombineLatestManySequence.swift
[410/1326] Compiling Configuration CombineLatestManyStateMachine.swift
[410/1326] Compiling handoff.cc
[412/1326] Compiling GoogleType CalendarPeriod.swift
[413/1326] Compiling GoogleType Color.swift
[414/1326] Compiling GoogleType Date.swift
[415/1326] Compiling GoogleType Expr.swift
[416/1326] Compiling GoogleType Fraction.swift
[417/1326] Compiling GoogleType Interval.swift
[418/1341] Compiling GoogleRpc HttpRequest.swift
[419/1341] Compiling GoogleRpc HttpResponse.swift
[420/1343] Emitting module GoogleType
[421/1343] Compiling GoogleType PostalAddress.swift
[422/1343] Compiling GoogleType Quaternion.swift
[423/1343] Compiling GoogleRpc BadRequest.swift
[424/1343] Compiling GoogleRpc Code.swift
[425/1343] Compiling GoogleRpc Help.swift
[426/1343] Compiling GoogleRpc QuotaFailure.swift
[427/1343] Compiling GoogleType PhoneNumber.swift
[428/1343] Emitting module GoogleRpc
[429/1345] Compiling GoogleRpc RequestInfo.swift
[430/1345] Compiling GoogleRpc ResourceInfo.swift
[430/1345] Compiling encrypted_client_hello.cc
[432/1345] Compiling GoogleType TimeOfDay.swift
[433/1345] Compiling GoogleType TimeZone.swift
[435/1345] Compiling GoogleRpc HttpHeader.swift
[436/1345] Compiling GoogleRpc DebugInfo.swift
[437/1345] Compiling GoogleRpc ErrorInfo.swift
[441/1345] Compiling GoogleRpc LocalizedMessage.swift
[442/1345] Compiling GoogleRpc PackageVersion.swift
[445/1345] Compiling GoogleRpc PreconditionFailure.swift
[447/1345] Compiling dtls_record.cc
[448/1346] Wrapping AST for GoogleWKT for debugging
[452/1346] Compiling extensions.cc
[453/1346] Wrapping AST for GoogleType for debugging
[454/1346] Compiling dtls_method.cc
[459/1346] Compiling md5-x86_64-linux.S
[460/1346] Compiling d1_srtp.cc
[461/1346] Compiling md5-x86_64-apple.S
[462/1346] Compiling md5-586-linux.S
[463/1346] Compiling md5-586-apple.S
[464/1346] Compiling chacha20_poly1305_x86_64-linux.S
[466/1346] Compiling GoogleRpc RetryInfo.swift
[467/1346] Compiling GoogleRpc Status.swift
[468/1347] Compiling chacha20_poly1305_x86_64-apple.S
[469/1347] Compiling chacha20_poly1305_armv8-win.S
[470/1347] Compiling chacha20_poly1305_armv8-linux.S
[471/1347] Wrapping AST for GoogleRpc for debugging
[473/1347] Emitting module Configuration
[479/1348] Compiling chacha-x86_64-linux.S
[480/1348] Compiling chacha20_poly1305_armv8-apple.S
[482/1348] Compiling chacha-x86-linux.S
[483/1348] Compiling chacha-x86_64-apple.S
[484/1348] Compiling chacha-x86-apple.S
[485/1348] Compiling chacha-armv8-win.S
[486/1348] Wrapping AST for Configuration for debugging
[487/1348] Compiling chacha-armv8-apple.S
[488/1348] Compiling chacha-armv4-linux.S
[489/1348] Compiling chacha-armv8-linux.S
[490/1348] Compiling aes128gcmsiv-x86_64-linux.S
[491/1348] Compiling aes128gcmsiv-x86_64-apple.S
[492/1348] Compiling x86_64-mont5-linux.S
[493/1348] Compiling x86_64-mont5-apple.S
[494/1348] Compiling x86_64-mont-linux.S
[495/1348] Compiling err_data.cc
[496/1348] Compiling x86_64-mont-apple.S
[497/1348] Compiling x86-mont-linux.S
[498/1348] Compiling vpaes-x86_64-linux.S
[499/1348] Compiling x86-mont-apple.S
[500/1348] Compiling vpaes-x86_64-apple.S
[501/1348] Compiling vpaes-x86-linux.S
[502/1348] Compiling vpaes-x86-apple.S
[503/1348] Compiling vpaes-armv8-win.S
[504/1348] Compiling vpaes-armv8-linux.S
[505/1348] Compiling vpaes-armv8-apple.S
[506/1348] Compiling vpaes-armv7-linux.S
[507/1348] Compiling sha512-x86_64-linux.S
[508/1348] Compiling sha512-x86_64-apple.S
[509/1348] Compiling sha512-armv8-apple.S
[510/1348] Compiling sha512-armv8-win.S
[511/1348] Compiling sha512-armv8-linux.S
[512/1348] Compiling sha512-armv4-linux.S
[513/1348] Compiling sha512-586-linux.S
[514/1348] Compiling sha512-586-apple.S
[515/1348] Compiling sha256-x86_64-apple.S
[516/1348] Compiling sha256-x86_64-linux.S
[517/1348] Compiling sha256-armv8-win.S
[518/1348] Compiling sha256-armv8-apple.S
[519/1348] Compiling sha256-586-linux.S
[520/1348] Compiling sha256-armv8-linux.S
[521/1348] Compiling sha256-armv4-linux.S
[522/1348] Compiling bio_ssl.cc
[523/1348] Compiling sha256-586-apple.S
[524/1348] Compiling sha1-armv8-win.S
[525/1348] Compiling sha1-armv8-linux.S
[526/1348] Compiling sha1-x86_64-apple.S
[527/1348] Compiling sha1-x86_64-linux.S
[528/1348] Compiling sha1-586-linux.S
[529/1348] Compiling sha1-armv8-apple.S
[530/1348] Compiling sha1-armv4-large-linux.S
[531/1348] Compiling sha1-586-apple.S
[532/1348] Compiling rdrand-x86_64-apple.S
[533/1348] Compiling rsaz-avx2-linux.S
[533/1348] Compiling rsaz-avx2-apple.S
[535/1348] Compiling p256_beeu-x86_64-asm-apple.S
[536/1348] Compiling rdrand-x86_64-linux.S
[537/1348] Compiling p256_beeu-x86_64-asm-linux.S
[538/1348] Compiling p256_beeu-armv8-asm-apple.S
[539/1348] Compiling p256_beeu-armv8-asm-win.S
[540/1348] Compiling p256_beeu-armv8-asm-linux.S
[541/1348] Compiling p256-x86_64-asm-linux.S
[542/1348] Compiling p256-x86_64-asm-apple.S
[543/1348] Compiling p256-armv8-asm-win.S
[544/1348] Compiling p256-armv8-asm-linux.S
[545/1348] Compiling p256-armv8-asm-apple.S
[546/1348] Compiling d1_lib.cc
[547/1348] Compiling ghashv8-armv8-win.S
[548/1348] Compiling ghash-x86_64-linux.S
[549/1348] Compiling ghashv8-armv8-linux.S
[550/1348] Compiling ghashv8-armv8-apple.S
[551/1348] Compiling d1_both.cc
[552/1348] Compiling ghashv8-armv7-linux.S
[553/1348] Compiling ghash-x86-linux.S
[554/1348] Compiling ghash-x86-apple.S
[555/1348] Compiling ghash-x86_64-apple.S
[556/1348] Compiling ghash-ssse3-x86_64-linux.S
[557/1348] Compiling ghash-ssse3-x86_64-apple.S
[558/1348] Compiling ghash-ssse3-x86-linux.S
[559/1348] Compiling ghash-ssse3-x86-apple.S
[560/1348] Compiling ghash-neon-armv8-win.S
[561/1348] Compiling ghash-neon-armv8-linux.S
[562/1348] Compiling co-586-apple.S
[563/1348] Compiling d1_pkt.cc
[564/1348] Compiling bn-armv8-apple.S
[565/1348] Compiling co-586-linux.S
[566/1348] Compiling ghash-neon-armv8-apple.S
[567/1348] Compiling bn-586-apple.S
[568/1348] Compiling bn-armv8-win.S
[569/1348] Compiling bn-armv8-linux.S
[570/1348] Compiling bsaes-armv7-linux.S
[571/1348] Compiling ghash-armv4-linux.S
[572/1348] Compiling bn-586-linux.S
[573/1348] Compiling armv8-mont-win.S
[574/1348] Compiling armv8-mont-apple.S
[575/1348] Compiling armv4-mont-linux.S
[576/1348] Compiling aesv8-gcm-armv8-apple.S
[577/1348] Compiling armv8-mont-linux.S
[578/1348] Compiling aesv8-armv8-win.S
[579/1348] Compiling aesv8-gcm-armv8-linux.S
[580/1348] Compiling aesv8-gcm-armv8-win.S
[581/1348] Compiling aesv8-armv8-linux.S
[582/1348] Compiling aesv8-armv8-apple.S
[583/1348] Compiling aesni-gcm-x86_64-linux.S
[584/1348] Compiling aesv8-armv7-linux.S
[585/1348] Compiling aesni-x86-linux.S
[586/1348] Compiling aesni-x86_64-apple.S
[587/1348] Compiling aesni-x86_64-linux.S
[588/1348] Compiling aesni-x86-apple.S
[589/1348] Compiling aesni-gcm-x86_64-apple.S
[590/1348] Compiling aes-gcm-avx2-x86_64-linux.S
[591/1348] Compiling aes-gcm-avx10-x86_64-linux.S
[592/1348] Compiling aes-gcm-avx2-x86_64-apple.S
[593/1348] Compiling aes-gcm-avx10-x86_64-apple.S
[594/1348] Compiling x_sig.cc
[595/1348] Compiling x_val.cc
[596/1348] Compiling x_x509a.cc
[597/1348] Compiling x_req.cc
[598/1348] Compiling x_pubkey.cc
[599/1348] Compiling x_x509.cc
[600/1348] Compiling x_spki.cc
[601/1348] Compiling x_name.cc
[602/1348] Compiling x_exten.cc
[603/1348] Compiling x509spki.cc
[604/1348] Compiling x_attrib.cc
[605/1348] Compiling x_crl.cc
[606/1348] Compiling x_algor.cc
[607/1348] Compiling x509rset.cc
[608/1348] Compiling x_all.cc
[609/1348] Compiling x509name.cc
[610/1348] Compiling x509cset.cc
[611/1348] Compiling x509_txt.cc
[612/1348] Compiling x509_vpm.cc
[613/1348] Compiling x509_trs.cc
[614/1348] Compiling x509_v3.cc
[615/1348] Compiling x509_vfy.cc
[616/1348] Compiling x509_set.cc
[617/1348] Compiling x509_req.cc
[618/1348] Compiling x509_obj.cc
[619/1348] Compiling x509_d2.cc
[620/1348] Compiling x509_def.cc
[621/1348] Compiling x509_ext.cc
[622/1348] Compiling x509_lu.cc
[623/1348] Compiling x509_cmp.cc
[624/1348] Compiling x509_att.cc
[625/1348] Compiling x509.cc
[626/1348] Compiling v3_utl.cc
[627/1348] Compiling v3_skey.cc
[628/1348] Compiling v3_prn.cc
[629/1348] Compiling v3_purp.cc
[630/1348] Compiling v3_pcons.cc
[631/1348] Compiling v3_ocsp.cc
[632/1348] Compiling v3_pmaps.cc
[633/1348] Compiling v3_ncons.cc
[634/1348] Compiling v3_lib.cc
[635/1348] Compiling v3_int.cc
[636/1348] Compiling v3_info.cc
[637/1348] Compiling v3_ia5.cc
[638/1348] Compiling v3_genn.cc
[639/1348] Compiling v3_extku.cc
[640/1348] Compiling v3_enum.cc
[641/1348] Compiling v3_crld.cc
[642/1348] Compiling v3_cpols.cc
[643/1348] Compiling v3_conf.cc
[644/1348] Compiling v3_alt.cc
[645/1348] Compiling v3_bcons.cc
[646/1348] Compiling v3_bitst.cc
[647/1348] Compiling v3_akeya.cc
[648/1348] Compiling v3_akey.cc
[649/1348] Compiling t_x509a.cc
[650/1348] Compiling i2d_pr.cc
[651/1348] Compiling t_x509.cc
[652/1348] Compiling t_req.cc
[653/1348] Compiling t_crl.cc
[654/1348] Compiling name_print.cc
[655/1348] Compiling rsa_pss.cc
[656/1348] Compiling policy.cc
[657/1348] Compiling by_file.cc
[658/1348] Compiling asn1_gen.cc
[659/1348] Compiling by_dir.cc
[660/1348] Compiling algorithm.cc
[661/1348] Compiling a_verify.cc
[662/1348] Compiling voprf.cc
[663/1348] Compiling a_sign.cc
[664/1348] Compiling a_digest.cc
[665/1348] Compiling trust_token.cc
[666/1348] Compiling thread_win.cc
[667/1348] Compiling thread_none.cc
[668/1348] Compiling thread.cc
[669/1348] Compiling thread_pthread.cc
[670/1348] Compiling stack.cc
[671/1348] Compiling pmbtoken.cc
[672/1348] Compiling siphash.cc
[673/1348] Compiling slhdsa.cc
[674/1348] Compiling spake2plus.cc
[675/1348] Compiling sha1.cc
[676/1348] Compiling sha512.cc
[677/1348] Compiling sha256.cc
[678/1348] Compiling rsa_extra.cc
[679/1348] Compiling rsa_print.cc
[680/1348] Compiling rc4.cc
[681/1348] Compiling rsa_crypt.cc
[682/1348] Compiling refcount.cc
[683/1348] Compiling windows.cc
[684/1348] Compiling rand.cc
[685/1348] Compiling urandom.cc
[686/1348] Compiling trusty.cc
[687/1348] Compiling rsa_asn1.cc
[688/1348] Compiling passive.cc
[689/1348] Compiling ios.cc
[690/1348] Compiling poly1305_arm_asm.S
[691/1348] Compiling getentropy.cc
[692/1348] Compiling forkunsafe.cc
[693/1348] Compiling deterministic.cc
[694/1348] Compiling fork_detect.cc
[695/1348] Compiling poly1305_vec.cc
[696/1348] Compiling poly1305_arm.cc
[697/1348] Compiling poly1305.cc
[698/1348] Compiling pool.cc
[699/1348] Compiling pkcs7.cc
[700/1348] Compiling pkcs8_x509.cc
[701/1348] Compiling p5_pbev2.cc
[702/1348] Compiling pkcs8.cc
[703/1348] Compiling pkcs7_x509.cc
[704/1348] Compiling pem_x509.cc
[705/1348] Compiling pem_xaux.cc
[706/1348] Compiling pem_pkey.cc
[707/1348] Compiling pem_pk8.cc
[708/1348] Compiling pem_oth.cc
[709/1348] Compiling mlkem.cc
[710/1348] Compiling pem_info.cc
[711/1348] Compiling pem_lib.cc
[712/1348] Compiling obj_xref.cc
[713/1348] Compiling pem_all.cc
[714/1348] Compiling mldsa.cc
[715/1348] Compiling obj.cc
[716/1348] Compiling poly_rq_mul.S
[717/1348] Compiling fips_shared_support.cc
[718/1348] Compiling mem.cc
[719/1348] Compiling lhash.cc
[720/1348] Compiling md5.cc
[721/1348] Compiling md4.cc
[722/1348] Compiling ex_data.cc
[723/1348] Compiling kyber.cc
[724/1348] Compiling print.cc
[725/1348] Compiling sign.cc
[726/1348] Compiling scrypt.cc
[727/1348] Compiling hrss.cc
[728/1348] Compiling hpke.cc
[729/1348] Compiling pbkdf.cc
[730/1348] Compiling p_x25519.cc
[731/1348] Compiling p_rsa.cc
[732/1348] Compiling p_x25519_asn1.cc
[733/1348] Compiling p_rsa_asn1.cc
[734/1348] Compiling p_hkdf.cc
[735/1348] Compiling p_ed25519.cc
[736/1348] Compiling p_ed25519_asn1.cc
[737/1348] Compiling p_ec_asn1.cc
[738/1348] Compiling p_ec.cc
[739/1348] Compiling p_dh_asn1.cc
[740/1348] Compiling p_dh.cc
[741/1348] Compiling evp_ctx.cc
[742/1348] Compiling p_dsa_asn1.cc
[743/1348] Compiling evp.cc
[744/1348] Compiling evp_asn1.cc
[745/1348] Compiling err.cc
[746/1348] Compiling engine.cc
[747/1348] Compiling ecdsa_asn1.cc
[748/1348] Compiling ecdh.cc
[749/1348] Compiling hash_to_curve.cc
[750/1348] Compiling ec_derive.cc
[751/1348] Compiling dsa.cc
[752/1348] Compiling dsa_asn1.cc
[753/1348] Compiling ec_asn1.cc
[754/1348] Compiling params.cc
[755/1348] Compiling bcm.cc
[756/1348] Compiling x25519-asm-arm.S
[757/1348] Compiling digest_extra.cc
[758/1348] Compiling dh_asn1.cc
[759/1348] Compiling des.cc
[760/1348] Compiling curve25519_64_adx.cc
[761/1348] Compiling crypto.cc
[762/1348] Compiling spake25519.cc
[763/1348] Compiling cpu_intel.cc
[764/1348] Compiling curve25519.cc
[765/1348] Compiling cpu_arm_linux.cc
[766/1348] Compiling cpu_arm_freebsd.cc
[767/1348] Compiling cpu_aarch64_win.cc
[768/1348] Compiling cpu_aarch64_openbsd.cc
[769/1348] Compiling cpu_aarch64_sysreg.cc
[770/1348] Compiling cpu_aarch64_fuchsia.cc
[771/1348] Compiling cpu_aarch64_linux.cc
[772/1348] Compiling cpu_aarch64_apple.cc
[773/1348] Compiling conf.cc
[774/1348] Compiling tls_cbc.cc
[775/1348] Compiling get_cipher.cc
[776/1348] Compiling e_rc2.cc
[777/1348] Compiling e_rc4.cc
[778/1348] Compiling e_tls.cc
[779/1348] Compiling e_null.cc
[780/1348] Compiling e_des.cc
[781/1348] Compiling e_chacha20poly1305.cc
[782/1348] Compiling e_aesgcmsiv.cc
[783/1348] Compiling e_aesctrhmac.cc
[784/1348] Compiling derive_key.cc
[785/1348] Compiling chacha.cc
[786/1348] Compiling ber.cc
[787/1348] Compiling unicode.cc
[788/1348] Compiling cbb.cc
[789/1348] Compiling cbs.cc
[790/1348] Compiling buf.cc
[791/1348] Compiling asn1_compat.cc
[792/1348] Compiling bn_asn1.cc
[793/1348] Compiling blake2.cc
[794/1348] Compiling socket_helper.cc
[795/1348] Compiling convert.cc
[796/1348] Compiling socket.cc
[797/1348] Compiling printf.cc
[798/1348] Compiling pair.cc
[798/1348] Compiling hexdump.cc
[800/1348] Compiling file.cc
[801/1348] Compiling errno.cc
[802/1348] Compiling fd.cc
[803/1348] Compiling connect.cc
[804/1348] Compiling bio_mem.cc
[805/1348] Compiling bio.cc
[806/1348] Compiling base64.cc
[807/1348] Compiling tasn_typ.cc
[808/1348] Compiling tasn_utl.cc
[809/1348] Compiling tasn_fre.cc
[810/1348] Compiling tasn_enc.cc
[811/1348] Compiling f_string.cc
[812/1348] Compiling posix_time.cc
[813/1348] Compiling f_int.cc
[814/1348] Compiling tasn_new.cc
[815/1348] Compiling tasn_dec.cc
[816/1348] Compiling asn_pack.cc
[817/1348] Compiling asn1_par.cc
[818/1348] Compiling asn1_lib.cc
[819/1348] Compiling a_time.cc
[820/1348] Compiling a_utctm.cc
[821/1348] Compiling a_type.cc
[822/1348] Compiling a_strnid.cc
[823/1348] Compiling a_octet.cc
[824/1348] Compiling a_strex.cc
[825/1348] Compiling a_object.cc
[826/1348] Compiling a_i2d_fp.cc
[827/1348] Compiling a_dup.cc
[828/1348] Compiling a_d2i_fp.cc
[829/1348] Compiling CGoogleGaxCRC32C CGoogleGaxCRC32C.c
[830/1348] Compiling a_mbstr.cc
[831/1348] Compiling fiat_p256_adx_sqr.S
[832/1348] Compiling a_int.cc
[833/1348] Compiling a_gentm.cc
[834/1348] Compiling fiat_p256_adx_mul.S
[835/1348] Compiling fiat_curve25519_adx_square.S
[836/1348] Compiling fiat_curve25519_adx_mul.S
[837/1348] Compiling md5-x86_64-linux.S
[838/1348] Compiling md5-x86_64-apple.S
[839/1348] Compiling md5-586-linux.S
[840/1348] Compiling md5-586-apple.S
[841/1348] Compiling a_bool.cc
[842/1348] Compiling chacha20_poly1305_x86_64-linux.S
[843/1348] Compiling chacha20_poly1305_x86_64-apple.S
[844/1348] Compiling a_bitstr.cc
[845/1348] Compiling chacha20_poly1305_armv8-win.S
[846/1348] Compiling chacha20_poly1305_armv8-linux.S
[847/1348] Compiling chacha20_poly1305_armv8-apple.S
[848/1348] Compiling CCryptoBoringSSLShims shims.c
[849/1348] Compiling chacha-x86_64-linux.S
[850/1348] Compiling chacha-x86_64-apple.S
[851/1348] Compiling chacha-x86-apple.S
[852/1348] Compiling chacha-armv8-win.S
[853/1348] Compiling chacha-x86-linux.S
[854/1348] Compiling chacha-armv8-apple.S
[855/1348] Compiling aes128gcmsiv-x86_64-apple.S
[856/1348] Compiling x86_64-mont5-linux.S
[857/1348] Compiling chacha-armv4-linux.S
[858/1348] Compiling chacha-armv8-linux.S
[859/1348] Compiling aes128gcmsiv-x86_64-linux.S
[860/1348] Compiling x86_64-mont-linux.S
[861/1348] Compiling x86_64-mont5-apple.S
[862/1348] Compiling x86-mont-linux.S
[863/1348] Compiling x86_64-mont-apple.S
[864/1348] Compiling x86-mont-apple.S
[865/1348] Compiling vpaes-x86_64-linux.S
[866/1348] Compiling vpaes-x86_64-apple.S
[867/1348] Compiling vpaes-x86-apple.S
[868/1348] Compiling vpaes-x86-linux.S
[869/1348] Compiling vpaes-armv8-linux.S
[870/1348] Compiling vpaes-armv8-win.S
[871/1348] Compiling vpaes-armv8-apple.S
[872/1348] Compiling vpaes-armv7-linux.S
[873/1348] Compiling sha512-x86_64-linux.S
[874/1348] Compiling sha512-x86_64-apple.S
[875/1348] Compiling sha512-armv8-win.S
[876/1348] Compiling sha512-armv8-apple.S
[877/1348] Compiling sha512-586-linux.S
[878/1348] Compiling sha512-armv4-linux.S
[879/1348] Compiling sha512-armv8-linux.S
[880/1348] Compiling sha512-586-apple.S
[881/1348] Compiling err_data.cc
[882/1348] Compiling sha256-x86_64-apple.S
[883/1348] Compiling sha256-x86_64-linux.S
[883/1348] Compiling sha256-armv8-win.S
[885/1348] Compiling sha256-armv8-linux.S
[886/1348] Compiling sha256-armv8-apple.S
[887/1348] Compiling sha256-586-linux.S
[888/1348] Compiling sha256-armv4-linux.S
[889/1348] Compiling sha1-armv8-win.S
[890/1348] Compiling sha256-586-apple.S
[891/1348] Compiling sha1-x86_64-linux.S
[892/1348] Compiling sha1-x86_64-apple.S
[893/1348] Compiling sha1-586-linux.S
[894/1348] Compiling sha1-armv8-apple.S
[895/1348] Compiling sha1-armv8-linux.S
[896/1348] Compiling sha1-armv4-large-linux.S
[897/1348] Compiling rsaz-avx2-linux.S
[898/1348] Compiling sha1-586-apple.S
[899/1348] Compiling rsaz-avx2-apple.S
[900/1348] Compiling rdrand-x86_64-apple.S
[901/1348] Compiling rdrand-x86_64-linux.S
[902/1348] Compiling p256_beeu-x86_64-asm-apple.S
[903/1348] Compiling p256_beeu-x86_64-asm-linux.S
[904/1348] Compiling p256_beeu-armv8-asm-win.S
[905/1348] Compiling p256_beeu-armv8-asm-apple.S
[906/1348] Compiling p256_beeu-armv8-asm-linux.S
[907/1348] Compiling p256-x86_64-asm-linux.S
[908/1348] Compiling p256-x86_64-asm-apple.S
[909/1348] Compiling p256-armv8-asm-win.S
[910/1348] Compiling p256-armv8-asm-linux.S
[911/1348] Compiling ghashv8-armv8-win.S
[912/1348] Compiling p256-armv8-asm-apple.S
[913/1348] Compiling ghashv8-armv8-linux.S
[914/1348] Compiling ghashv8-armv8-apple.S
[915/1348] Compiling ghashv8-armv7-linux.S
[916/1348] Compiling ghash-x86_64-linux.S
[917/1348] Compiling ghash-x86-linux.S
[918/1348] Compiling ghash-x86-apple.S
[919/1348] Compiling ghash-x86_64-apple.S
[920/1348] Compiling ghash-ssse3-x86_64-apple.S
[921/1348] Compiling ghash-ssse3-x86-linux.S
[922/1348] Compiling ghash-ssse3-x86_64-linux.S
[923/1348] Compiling ghash-ssse3-x86-apple.S
[924/1348] Compiling ghash-neon-armv8-win.S
[925/1348] Compiling ghash-neon-armv8-linux.S
[926/1348] Compiling co-586-apple.S
[926/1348] Compiling ghash-armv4-linux.S
[928/1348] Compiling ghash-neon-armv8-apple.S
[929/1348] Compiling bn-armv8-win.S
[930/1348] Compiling bsaes-armv7-linux.S
[931/1348] Compiling bn-armv8-linux.S
[932/1348] Compiling bn-586-linux.S
[933/1348] Compiling co-586-linux.S
[934/1348] Compiling bn-armv8-apple.S
[935/1348] Compiling bn-586-apple.S
[936/1348] Compiling armv8-mont-apple.S
[937/1348] Compiling armv4-mont-linux.S
[938/1348] Compiling armv8-mont-linux.S
[939/1348] Compiling armv8-mont-win.S
[940/1348] Compiling aesv8-gcm-armv8-win.S
[941/1348] Compiling aesv8-gcm-armv8-apple.S
[942/1348] Compiling aesv8-gcm-armv8-linux.S
[943/1348] Compiling aesv8-armv8-win.S
[944/1348] Compiling aesv8-armv7-linux.S
[945/1348] Compiling aesv8-armv8-apple.S
[946/1348] Compiling aesv8-armv8-linux.S
[947/1348] Compiling aesni-x86_64-linux.S
[948/1348] Compiling aesni-x86_64-apple.S
[949/1348] Compiling aesni-x86-apple.S
[950/1348] Compiling aesni-x86-linux.S
[951/1348] Compiling aesni-gcm-x86_64-apple.S
[952/1348] Compiling aes-gcm-avx512-x86_64-linux.S
[953/1348] Compiling aes-gcm-avx512-x86_64-apple.S
[954/1348] Compiling aesni-gcm-x86_64-linux.S
[955/1348] Compiling aes-gcm-avx2-x86_64-apple.S
[956/1348] Compiling aes-gcm-avx2-x86_64-linux.S
[957/1348] Compiling xwing.cc
[958/1348] Compiling x_req.cc
[959/1348] Compiling x_spki.cc
[960/1348] Compiling x_sig.cc
[961/1348] Compiling x_x509.cc
[962/1348] Compiling x_x509a.cc
[963/1348] Compiling c-nioatomics.c
[964/1348] Compiling x_pubkey.cc
[965/1348] Compiling x_name.cc
[966/1348] Compiling x_exten.cc
[967/1348] Compiling x_crl.cc
[968/1348] Compiling x_all.cc
[969/1348] Compiling x_attrib.cc
[970/1348] Compiling x_algor.cc
[971/1348] Compiling c-atomics.c
[972/1348] Compiling x509spki.cc
[973/1348] Compiling x509rset.cc
[975/1355] Compiling NIOConcurrencyHelpers NIOLockedValueBox.swift
[975/1355] Compiling x509cset.cc
[976/1355] Compiling x509_vfy.cc
[977/1355] Compiling x509name.cc
[978/1355] Compiling x509_vpm.cc
[980/1355] Compiling NIOConcurrencyHelpers NIOThreadPoolWorkAvailable.swift
[981/1355] Compiling NIOConcurrencyHelpers NIOLock.swift
[981/1355] Compiling x509_v3.cc
[983/1355] Compiling NIOConcurrencyHelpers NIOAtomic.swift
[984/1355] Compiling NIOConcurrencyHelpers lock.swift
[985/1355] Emitting module NIOConcurrencyHelpers
[986/1355] Compiling NIOConcurrencyHelpers atomics.swift
[986/1355] Compiling x509_txt.cc
[988/1356] Compiling x509_trs.cc
[989/1356] Wrapping AST for NIOConcurrencyHelpers for debugging
[990/1356] Compiling x509_set.cc
[991/1356] Compiling x509_obj.cc
[992/1356] Compiling x509_req.cc
[993/1356] Compiling x509_lu.cc
[994/1356] Compiling x509_ext.cc
[995/1356] Compiling x509_def.cc
[996/1356] Compiling x509_d2.cc
[997/1356] Compiling x509.cc
[998/1356] Compiling x509_cmp.cc
[999/1356] Compiling x509_att.cc
[1000/1356] Compiling v3_skey.cc
[1001/1356] Compiling v3_utl.cc
[1002/1356] Compiling v3_purp.cc
[1003/1356] Compiling v3_prn.cc
[1004/1356] Compiling v3_pmaps.cc
[1005/1356] Compiling v3_ocsp.cc
[1006/1356] Compiling v3_pcons.cc
[1007/1356] Compiling v3_ncons.cc
[1008/1356] Compiling v3_lib.cc
[1009/1356] Compiling v3_int.cc
[1010/1356] Compiling v3_info.cc
[1011/1356] Compiling v3_genn.cc
[1012/1356] Compiling v3_ia5.cc
[1013/1356] Compiling v3_extku.cc
[1014/1356] Compiling v3_enum.cc
[1015/1356] Compiling v3_cpols.cc
[1016/1356] Compiling v3_crld.cc
[1017/1356] Compiling v3_conf.cc
[1018/1356] Compiling v3_bitst.cc
[1019/1356] Compiling v3_bcons.cc
[1020/1356] Compiling v3_alt.cc
[1021/1356] Compiling v3_akeya.cc
[1022/1356] Compiling v3_akey.cc
[1023/1356] Compiling t_x509a.cc
[1024/1356] Compiling t_x509.cc
[1025/1356] Compiling t_crl.cc
[1026/1356] Compiling t_req.cc
[1027/1356] Compiling rsa_pss.cc
[1028/1356] Compiling policy.cc
[1029/1356] Compiling i2d_pr.cc
[1030/1356] Compiling name_print.cc
[1031/1356] Compiling by_file.cc
[1032/1356] Compiling by_dir.cc
[1033/1356] Compiling algorithm.cc
[1034/1356] Compiling asn1_gen.cc
[1035/1356] Compiling a_verify.cc
[1036/1356] Compiling a_digest.cc
[1037/1356] Compiling a_sign.cc
[1038/1356] Compiling voprf.cc
[1039/1356] Compiling thread_pthread.cc
[1040/1356] Compiling thread_win.cc
[1041/1356] Compiling trust_token.cc
[1042/1356] Compiling thread_none.cc
[1043/1356] Compiling pmbtoken.cc
[1044/1356] Compiling thread.cc
[1045/1356] Compiling stack.cc
[1046/1356] Compiling siphash.cc
[1047/1356] Compiling sha256.cc
[1048/1356] Compiling sha512.cc
[1049/1356] Compiling slhdsa.cc
[1050/1356] Compiling sha1.cc
[1051/1356] Compiling rsa_extra.cc
[1052/1356] Compiling spake2plus.cc
[1053/1356] Compiling rsa_print.cc
[1054/1356] Compiling rsa_crypt.cc
[1055/1356] Compiling refcount.cc
[1056/1356] Compiling rc4.cc
[1057/1356] Compiling urandom.cc
[1058/1356] Compiling windows.cc
[1059/1356] Compiling trusty.cc
[1060/1356] Compiling rand.cc
[1061/1356] Compiling passive.cc
[1062/1356] Compiling rsa_asn1.cc
[1063/1356] Compiling ios.cc
[1064/1356] Compiling poly1305_arm_asm.S
[1065/1356] Compiling getentropy.cc
[1066/1356] Compiling fork_detect.cc
[1067/1356] Compiling forkunsafe.cc
[1068/1356] Compiling deterministic.cc
[1069/1356] Compiling poly1305_vec.cc
[1070/1356] Compiling poly1305_arm.cc
[1071/1356] Compiling pool.cc
[1072/1356] Compiling poly1305.cc
[1073/1356] Compiling pkcs7.cc
[1074/1356] Compiling pkcs8_x509.cc
[1075/1356] Compiling pkcs7_x509.cc
[1076/1356] Compiling p5_pbev2.cc
[1077/1356] Compiling pem_xaux.cc
[1078/1356] Compiling pem_x509.cc
[1079/1356] Compiling pem_pkey.cc
[1080/1356] Compiling pem_pk8.cc
[1081/1356] Compiling pem_oth.cc
[1082/1356] Compiling mlkem.cc
[1083/1356] Compiling obj_xref.cc
[1084/1356] Compiling pem_lib.cc
[1085/1356] Compiling mldsa.cc
[1086/1356] Compiling pem_info.cc
[1087/1356] Compiling pem_all.cc
[1088/1356] Compiling poly_rq_mul.S
[1089/1356] Compiling obj.cc
[1090/1356] Compiling mem.cc
[1091/1356] Compiling fips_shared_support.cc
[1092/1356] Compiling lhash.cc
[1093/1356] Compiling md5.cc
[1094/1356] Compiling fuzzer_mode.cc
[1095/1356] Compiling md4.cc
[1096/1356] Compiling kyber.cc
[1097/1356] Compiling hrss.cc
[1098/1356] Compiling hpke.cc
[1099/1356] Compiling ex_data.cc
[1100/1356] Compiling scrypt.cc
[1101/1356] Compiling print.cc
[1102/1356] Compiling pbkdf.cc
[1103/1356] Compiling sign.cc
[1104/1356] Compiling p_x25519_asn1.cc
[1105/1356] Compiling p_x25519.cc
[1106/1356] Compiling p_rsa_asn1.cc
[1107/1356] Compiling p_rsa.cc
[1108/1356] Compiling p_ed25519.cc
[1109/1356] Compiling p_hkdf.cc
[1110/1356] Compiling p_ed25519_asn1.cc
[1111/1356] Compiling p_ec_asn1.cc
[1112/1356] Compiling p_ec.cc
[1113/1356] Compiling p_dsa_asn1.cc
[1114/1356] Compiling p_dh_asn1.cc
[1115/1356] Compiling p_dh.cc
[1116/1356] Compiling evp_ctx.cc
[1117/1356] Compiling err.cc
[1118/1356] Compiling evp_asn1.cc
[1119/1356] Compiling engine.cc
[1120/1356] Compiling evp.cc
[1121/1356] Compiling ecdsa_p1363.cc
[1122/1356] Compiling ecdh.cc
[1123/1356] Compiling hash_to_curve.cc
[1124/1356] Compiling ec_derive.cc
[1125/1356] Compiling ecdsa_asn1.cc
[1126/1356] Compiling dsa.cc
[1127/1356] Compiling dsa_asn1.cc
[1128/1356] Compiling ec_asn1.cc
[1129/1356] Compiling digest_extra.cc
[1130/1356] Compiling des.cc
[1131/1356] Compiling x25519-asm-arm.S
[1132/1356] Compiling spake25519.cc
[1133/1356] Compiling params.cc
[1134/1356] Compiling dh_asn1.cc
[1135/1356] Compiling curve25519_64_adx.cc
[1136/1356] Compiling cpu_intel.cc
[1137/1356] Compiling crypto.cc
[1138/1356] Compiling curve25519.cc
[1139/1356] Compiling cpu_arm_freebsd.cc
[1140/1356] Compiling cpu_arm_linux.cc
[1141/1356] Compiling cpu_aarch64_win.cc
[1142/1356] Compiling cpu_aarch64_sysreg.cc
[1143/1356] Compiling cpu_aarch64_openbsd.cc
[1144/1356] Compiling cpu_aarch64_linux.cc
[1145/1356] Compiling cpu_aarch64_fuchsia.cc
[1146/1356] Compiling cpu_aarch64_apple.cc
[1147/1356] Compiling conf.cc
[1148/1356] Compiling e_rc4.cc
[1149/1356] Compiling tls_cbc.cc
[1150/1356] Compiling get_cipher.cc
[1151/1356] Compiling e_rc2.cc
[1152/1356] Compiling e_null.cc
[1153/1356] Compiling cms.cc
[1154/1356] Compiling e_chacha20poly1305.cc
[1155/1356] Compiling e_des.cc
[1156/1356] Compiling e_aesgcmsiv.cc
[1157/1356] Compiling e_aeseax.cc
[1158/1356] Compiling e_aesctrhmac.cc
[1159/1356] Compiling derive_key.cc
[1160/1356] Compiling chacha.cc
[1161/1356] Compiling unicode.cc
[1162/1356] Compiling cbb.cc
[1163/1356] Compiling cbs.cc
[1164/1356] Compiling ber.cc
[1165/1356] Compiling sqrt.cc
[1166/1356] Compiling buf.cc
[1167/1356] Compiling asn1_compat.cc
[1168/1356] Compiling exponentiation.cc
[1169/1356] Compiling div.cc
[1170/1356] Compiling blake2.cc
[1171/1356] Compiling printf.cc
[1172/1356] Compiling bn_asn1.cc
[1173/1356] Compiling pair.cc
[1174/1356] Compiling convert.cc
[1175/1356] Compiling hexdump.cc
[1176/1356] Compiling fd.cc
[1177/1356] Compiling file.cc
[1178/1356] Compiling errno.cc
[1179/1356] Compiling bio_mem.cc
[1180/1356] Compiling base64.cc
[1181/1356] Compiling bio.cc
[1182/1356] Compiling tasn_utl.cc
[1183/1356] Compiling tasn_typ.cc
[1184/1356] Compiling tasn_enc.cc
[1185/1356] Compiling f_string.cc
[1186/1356] Compiling posix_time.cc
[1187/1356] Compiling tasn_new.cc
[1188/1356] Compiling tasn_dec.cc
[1189/1356] Compiling f_int.cc
[1190/1356] Compiling asn_pack.cc
[1191/1356] Compiling asn1_par.cc
[1192/1356] Compiling asn1_lib.cc
[1193/1356] Compiling a_type.cc
[1194/1356] Compiling bcm.cc
[1195/1356] Compiling a_utctm.cc
[1196/1356] Compiling a_strnid.cc
[1197/1356] Compiling a_time.cc
[1198/1356] Compiling CAsyncHTTPClient CAsyncHTTPClient.c
[1198/1356] Write sources
[1205/1356] Compiling a_object.cc
[1206/1356] Write sources
[1233/1356] Compiling a_mbstr.cc
[1234/1399] Compiling a_d2i_fp.cc
[1235/1399] Compiling a_i2d_fp.cc
[1237/1399] Compiling Algorithms Chunked.swift
[1238/1399] Compiling Algorithms Combinations.swift
[1239/1401] Compiling Algorithms Intersperse.swift
[1240/1401] Compiling Algorithms Joined.swift
[1241/1401] Compiling Algorithms Partition.swift
[1242/1401] Compiling Algorithms Permutations.swift
[1243/1401] Compiling Algorithms Keyed.swift
[1244/1401] Compiling Algorithms MinMax.swift
[1244/1401] Compiling a_gentm.cc
[1245/1401] Compiling a_int.cc
[1246/1401] Compiling a_bool.cc
[1248/1409] Compiling Atomics IntegerOperations.swift
[1249/1409] Compiling Atomics Unmanaged extensions.swift
[1250/1409] Compiling Algorithms FirstNonNil.swift
[1251/1409] Compiling Algorithms AdjacentPairs.swift
[1252/1409] Compiling Algorithms Chain.swift
[1253/1409] Compiling Algorithms Split.swift
[1254/1409] Compiling Algorithms Stride.swift
[1255/1409] Compiling Algorithms Suffix.swift
[1257/1412] Compiling Algorithms Reductions.swift
[1258/1412] Compiling Algorithms Rotate.swift
[1259/1412] Compiling Algorithms Compacted.swift
[1260/1412] Compiling Algorithms Cycle.swift
[1261/1412] Compiling Algorithms EitherSequence.swift
[1263/1412] Emitting module CryptoBoringWrapper
[1264/1412] Compiling CryptoBoringWrapper BoringSSLAEAD.swift
[1271/1412] Compiling Algorithms Trim.swift
[1272/1412] Compiling Algorithms Unique.swift
[1273/1412] Compiling Algorithms Windows.swift
[1274/1412] Compiling Algorithms FlattenCollection.swift
[1275/1412] Compiling Algorithms Grouped.swift
[1276/1412] Compiling Algorithms Indexed.swift
[1278/1412] Compiling CryptoBoringWrapper EllipticCurve.swift
[1279/1412] Compiling CryptoBoringWrapper RandomBytes.swift
[1280/1412] Compiling CryptoBoringWrapper EllipticCurvePoint.swift
[1281/1412] Compiling CryptoBoringWrapper ArbitraryPrecisionInteger.swift
[1282/1412] Compiling CryptoBoringWrapper FiniteFieldArithmeticContext.swift
[1283/1412] Compiling CryptoBoringWrapper CryptoKitErrors_boring.swift
[1284/1413] Wrapping AST for CryptoBoringWrapper for debugging
[1286/1452] Emitting module Atomics
[1287/1477] Compiling Crypto Cipher.swift
[1288/1477] Compiling Crypto Nonces.swift
[1289/1477] Compiling Crypto ASN1.swift
[1290/1477] Compiling Crypto ASN1Any.swift
[1291/1497] Compiling Crypto ASN1BitString.swift
[1292/1497] Compiling Crypto ASN1Boolean.swift
[1293/1497] Compiling Crypto ASN1Identifier.swift
[1294/1497] Compiling Crypto AES-GCM.swift
[1295/1497] Compiling Crypto AES-GCM_boring.swift
[1296/1497] Compiling Crypto ChaChaPoly_boring.swift
[1297/1498] Wrapping AST for Atomics for debugging
[1299/1562] Emitting module Algorithms
[1300/1563] Wrapping AST for Algorithms for debugging
[1302/1563] Compiling NIOCore Channel.swift
[1303/1563] Compiling NIOCore ChannelHandler.swift
[1304/1563] Compiling NIOCore ChannelHandlers.swift
[1305/1563] Compiling NIOCore ChannelInvoker.swift
[1306/1563] Compiling NIOCore ChannelOption.swift
[1307/1563] Compiling NIOCore ChannelPipeline.swift
[1308/1563] Compiling NIOCore CircularBuffer.swift
[1309/1563] Compiling NIOCore Codec.swift
[1310/1563] Compiling NIOCore ConvenienceOptionSupport.swift
[1311/1563] Compiling NIOCore DeadChannel.swift
[1312/1563] Compiling NIOCore DispatchQueue+WithFuture.swift
[1313/1563] Compiling NIOCore EventLoop+Deprecated.swift
[1314/1563] Emitting module Crypto
[1315/1574] Compiling NIOCore NIOThrowingAsyncSequenceProducer.swift
[1316/1574] Compiling NIOCore BSDSocketAPI.swift
[1317/1574] Compiling NIOCore ByteBuffer-aux.swift
[1318/1574] Compiling NIOCore ByteBuffer-binaryEncodedLengthPrefix.swift
[1319/1574] Compiling NIOCore ByteBuffer-conversions.swift
[1320/1574] Compiling NIOCore ByteBuffer-core.swift
[1321/1574] Compiling NIOCore ByteBuffer-hex.swift
[1322/1574] Compiling NIOCore ByteBuffer-int.swift
[1323/1574] Compiling NIOCore ByteBuffer-lengthPrefix.swift
[1324/1574] Compiling NIOCore ByteBuffer-multi-int.swift
[1325/1574] Compiling NIOCore ByteBuffer-quicBinaryEncodingStrategy.swift
[1326/1574] Compiling NIOCore ByteBuffer-views.swift
[1327/1574] Compiling NIOCore EventLoop+SerialExecutor.swift
[1328/1574] Compiling NIOCore EventLoop.swift
[1329/1574] Compiling NIOCore EventLoopFuture+AssumeIsolated.swift
[1330/1574] Compiling NIOCore EventLoopFuture+Deprecated.swift
[1331/1574] Compiling NIOCore EventLoopFuture+WithEventLoop.swift
[1332/1574] Compiling NIOCore EventLoopFuture.swift
[1333/1574] Compiling NIOCore FileDescriptor.swift
[1334/1574] Compiling NIOCore FileHandle.swift
[1335/1574] Compiling NIOCore FileRegion.swift
[1336/1574] Compiling NIOCore GlobalSingletons.swift
[1337/1574] Compiling NIOCore IO.swift
[1338/1574] Compiling NIOCore IOData.swift
[1339/1574] Compiling Crypto MACFunctions.swift
[1340/1574] Compiling Crypto MessageAuthenticationCode.swift
[1341/1574] Compiling Crypto AES.swift
[1342/1574] Compiling Crypto ECDSASignature_boring.swift
[1343/1574] Compiling Crypto ECDSA_boring.swift
[1344/1574] Compiling Crypto EdDSA_boring.swift
[1345/1574] Compiling Crypto MLDSA_boring.swift
[1346/1574] Compiling Crypto MLDSA_wrapper.swift
[1347/1574] Compiling Crypto ECDSA.swift
[1348/1574] Compiling Crypto Ed25519.swift
[1349/1574] Compiling Crypto MLDSA.swift
[1350/1574] Compiling NIOCore Interfaces.swift
[1351/1574] Compiling NIOCore Linux.swift
[1352/1574] Compiling NIOCore MarkedCircularBuffer.swift
[1353/1574] Compiling NIOCore MulticastChannel.swift
[1354/1574] Compiling NIOCore NIOAny.swift
[1355/1574] Compiling NIOCore NIOCloseOnErrorHandler.swift
[1356/1574] Compiling NIOCore AddressedEnvelope.swift
[1357/1574] Compiling NIOCore AsyncAwaitSupport.swift
[1358/1574] Compiling NIOCore AsyncChannel.swift
[1359/1574] Compiling NIOCore AsyncChannelHandler.swift
[1360/1574] Compiling NIOCore AsyncChannelInboundStream.swift
[1361/1574] Compiling NIOCore AsyncChannelOutboundWriter.swift
[1362/1574] Compiling NIOCore IPProtocol.swift
[1363/1574] Compiling NIOCore IntegerBitPacking.swift
[1364/1574] Compiling NIOCore IntegerTypes.swift
[1380/1582] Compiling NIOCore NIOCoreSendableMetatype.swift
[1381/1582] Compiling NIOCore NIODecodedAsyncSequence.swift
[1382/1582] Compiling NIOCore NIOLoopBound.swift
[1383/1582] Compiling NIOCore NIOPooledRecvBufferAllocator.swift
[1384/1582] Compiling NIOCore NIOScheduledCallback.swift
[1385/1582] Compiling NIOCore NIOSendable.swift
[1386/1582] Compiling NIOCore NIOSplitLinesMessageDecoder.swift
[1387/1582] Compiling NIOCore NIOTransportAccessibleChannelCore.swift
[1388/1582] Compiling NIOCore RecvByteBufferAllocator.swift
[1401/1582] Compiling NIOCore NIOAsyncSequenceProducer.swift
[1402/1582] Compiling NIOCore NIOAsyncSequenceProducerStrategies.swift
[1403/1582] Compiling NIOCore NIOAsyncWriter.swift
[1404/1582] Compiling NIOCore SingleStepByteToMessageDecoder.swift
[1405/1582] Compiling NIOCore SocketAddresses.swift
[1406/1582] Compiling NIOCore SocketOptionProvider.swift
[1407/1582] Compiling NIOCore SystemCallHelpers.swift
[1408/1582] Compiling NIOCore TimeAmount+Duration.swift
[1409/1582] Compiling NIOCore TypeAssistedChannelHandler.swift
[1410/1582] Compiling NIOCore UniversalBootstrapSupport.swift
[1411/1582] Compiling NIOCore Utilities.swift
[1412/1582] Compiling Crypto Insecure.swift
[1413/1582] Compiling Crypto Signature.swift
[1414/1582] Compiling Crypto CryptoKitErrors_boring.swift
[1415/1582] Compiling Crypto Optional+withUnsafeBytes_boring.swift
[1416/1582] Compiling Crypto RNG_boring.swift
[1417/1582] Compiling Crypto SafeCompare_boring.swift
[1418/1582] Compiling Crypto Zeroization_boring.swift
[1419/1582] Compiling Crypto _CryptoModuleAnchor.swift
[1420/1582] Compiling Crypto PrettyBytes.swift
[1421/1582] Compiling Crypto SafeCompare.swift
[1422/1582] Compiling Crypto SecureBytes.swift
[1423/1582] Compiling Crypto Zeroization.swift
[1424/1583] Wrapping AST for Crypto for debugging
[1426/1645] Compiling CryptoExtras ARCServer.swift
[1427/1645] Compiling CryptoExtras ChaCha20CTR_boring.swift
[1428/1645] Compiling CryptoExtras ChaCha20CTR.swift
[1429/1645] Compiling CryptoExtras BoringSSLSHA512256Context.swift
[1430/1645] Compiling CryptoExtras BoringSSLSHA512256HashFunction.swift
[1431/1645] Compiling CryptoExtras SHA512256.swift
[1432/1645] Compiling CryptoExtras SHA512256Digest.swift
[1433/1645] Compiling CryptoExtras Curve25519+PEM.swift
[1434/1645] Compiling CryptoExtras ObjectIdentifier.swift
[1435/1645] Compiling CryptoExtras Data+Extensions.swift
[1436/1645] Compiling CryptoExtras DigestType.swift
[1437/1645] Compiling CryptoExtras Error.swift
[1438/1645] Compiling CryptoExtras I2OSP.swift
[1439/1645] Compiling CryptoExtras IntegerEncoding.swift
[1440/1645] Compiling CryptoExtras PEMDocument.swift
[1441/1645] Compiling CryptoExtras PrettyBytes.swift
[1442/1645] Compiling CryptoExtras SubjectPublicKeyInfo.swift
[1452/1653] Compiling CryptoExtras PBKDF2.swift
[1453/1653] Compiling CryptoExtras Scrypt_boring.swift
[1454/1653] Compiling CryptoExtras Scrypt.swift
[1455/1653] Compiling CryptoExtras OPRF.swift
[1456/1653] Compiling CryptoExtras OPRFClient.swift
[1457/1653] Compiling CryptoExtras OPRFServer.swift
[1458/1653] Compiling CryptoExtras VOPRF+API.swift
[1459/1653] Compiling CryptoExtras VOPRFClient.swift
[1460/1653] Compiling CryptoExtras VOPRFServer.swift
[1461/1653] Compiling CryptoExtras PKCS8DERRepresentation.swift
[1462/1653] Compiling CryptoExtras PKCS8PrivateKey.swift
[1463/1653] Compiling CryptoExtras RFC8410AlgorithmIdentifier.swift
[1464/1653] Compiling CryptoExtras ECToolbox_boring.swift
[1465/1653] Compiling CryptoExtras ECToolbox.swift
[1466/1653] Compiling CryptoExtras HashToField.swift
[1467/1653] Compiling CryptoExtras KDF.swift
[1468/1653] Compiling CryptoExtras PBKDF2_boring.swift
[1469/1653] Compiling CryptoExtras PBKDF2_commoncrypto.swift
[1470/1653] Compiling CryptoExtras ThreadSpecific.swift
[1471/1653] Compiling CryptoExtras ThreadWindows.swift
[1472/1653] Compiling CryptoExtras DLEQ.swift
[1473/1653] Compiling CryptoExtras Prover.swift
[1474/1653] Compiling CryptoExtras Verifier.swift
[1475/1653] Compiling CryptoExtras ZKPToolbox.swift
[1478/1653] Compiling CryptoExtras ThreadOps.swift
[1479/1653] Compiling CryptoExtras ThreadPosix.swift
[1486/1653] Compiling CryptoExtras BoringSSLPassphraseCallbackManager.swift
[1487/1653] Compiling CryptoExtras RSA+BlindSigning.swift
[1488/1653] Compiling CryptoExtras RSA.swift
[1489/1653] Compiling CryptoExtras RSA_boring.swift
[1490/1653] Compiling CryptoExtras Reexport.swift
[1491/1653] Compiling CryptoExtras Zeroization_boring.swift
[1492/1653] Compiling CryptoExtras BoringSSLHelpers.swift
[1493/1653] Compiling CryptoExtras CryptoKitErrors_boring.swift
[1494/1653] Emitting module CryptoExtras
[1495/1653] Compiling CryptoExtras CMAC.swift
[1496/1653] Compiling CryptoExtras ARC+API.swift
[1497/1653] Compiling CryptoExtras ARC.swift
[1498/1653] Compiling CryptoExtras ARCCredential.swift
[1499/1653] Compiling CryptoExtras ARCEncoding.swift
[1500/1653] Compiling CryptoExtras ARCPrecredential.swift
[1501/1653] Compiling CryptoExtras ARCPresentation.swift
[1502/1653] Compiling CryptoExtras ARCRequest.swift
[1503/1653] Compiling CryptoExtras ARCResponse.swift
[1504/1653] Compiling CryptoExtras AES_CBC.swift
[1505/1653] Compiling CryptoExtras AES_CFB.swift
[1506/1653] Compiling CryptoExtras AES_CTR.swift
[1507/1653] Compiling CryptoExtras AES_GCM_SIV.swift
[1508/1653] Compiling CryptoExtras Block Function.swift
[1509/1653] Compiling CryptoExtras AES_CBC_boring.swift
[1510/1653] Compiling CryptoExtras AES_CFB_boring.swift
[1511/1653] Compiling CryptoExtras AES_CTR_boring.swift
[1512/1653] Compiling CryptoExtras AES_GCM_SIV_boring.swift
[1513/1655] Wrapping AST for CryptoExtras for debugging
[1515/1656] Compiling _CryptoExtras Exports.swift
[1516/1656] Emitting module _CryptoExtras
[1517/1657] Wrapping AST for _CryptoExtras for debugging
[1519/1717] Emitting module NIOCore
[1520/1752] Compiling X509 CSRAttribute.swift
[1521/1752] Compiling X509 CSRAttributes.swift
[1522/1752] Compiling X509 CSRVersion.swift
[1523/1752] Compiling X509 CertificateSigningRequest.swift
[1524/1752] Compiling X509 CertificationRequestInfo.swift
[1525/1752] Compiling X509 ExtensionRequest.swift
[1526/1752] Compiling X509 Certificate.swift
[1527/1752] Compiling X509 CertificatePrivateKey.swift
[1528/1752] Compiling X509 CertificatePublicKey.swift
[1529/1752] Compiling X509 CMSOperations.swift
[1530/1752] Compiling X509 CMSSignature.swift
[1531/1752] Compiling X509 CMSSignedData.swift
[1532/1752] Compiling X509 CMSSignerIdentifier.swift
[1533/1752] Compiling X509 CMSSignerInfo.swift
[1534/1752] Compiling X509 CMSVersion.swift
[1535/1752] Compiling X509 Curve25519+DER.swift
[1536/1752] Compiling X509 CustomPrivateKey.swift
[1537/1752] Compiling X509 Digests.swift
[1538/1752] Compiling X509 CertificateSerialNumber.swift
[1539/1752] Compiling X509 CertificateVersion.swift
[1540/1752] Compiling X509 CMSAttribute.swift
[1541/1752] Compiling X509 CMSContentInfo.swift
[1542/1752] Compiling X509 CMSEncapsulatedContentInfo.swift
[1543/1752] Compiling X509 NameConstraints.swift
[1544/1752] Compiling X509 SubjectAlternativeName.swift
[1545/1752] Compiling X509 SubjectKeyIdentifier.swift
[1546/1752] Compiling X509 Extension.swift
[1547/1757] Wrapping AST for NIOCore for debugging
[1549/1810] Emitting module NIOFoundationEssentialsCompat
[1550/1810] Compiling NIOFoundationEssentialsCompat Codable+ByteBuffer.swift
[1551/1810] Emitting module NIOEmbedded
[1552/1810] Compiling NIOFoundationEssentialsCompat ByteBuffer-foundation.swift
[1553/1811] Wrapping AST for NIOFoundationEssentialsCompat for debugging
[1555/1811] Compiling NIOEmbedded AsyncTestingEventLoop.swift
[1556/1811] Compiling NIOEmbedded Embedded.swift
[1557/1811] Compiling NIOEmbedded AsyncTestingChannel.swift
[1559/1812] Compiling NIOPosix HappyEyeballs.swift
[1560/1812] Compiling NIOPosix IO.swift
[1561/1812] Compiling NIOPosix IntegerBitPacking.swift
[1562/1812] Compiling NIOPosix IntegerTypes.swift
[1563/1812] Compiling NIOPosix Linux.swift
[1564/1812] Compiling NIOPosix LinuxCPUSet.swift
[1565/1812] Compiling NIOPosix LinuxUring.swift
[1565/1812] Wrapping AST for NIOEmbedded for debugging
[1567/1819] Compiling NIOPosix PendingWritesManager.swift
[1568/1819] Compiling NIOPosix PipeChannel.swift
[1569/1819] Compiling NIOPosix PipePair.swift
[1570/1819] Compiling NIOPosix Pool.swift
[1571/1819] Compiling NIOPosix PosixSingletons+ConcurrencyTakeOver.swift
[1572/1819] Compiling NIOPosix PosixSingletons.swift
[1573/1819] Compiling NIOPosix RawSocketBootstrap.swift
[1574/1819] Compiling NIOPosix Resolver.swift
[1575/1819] Compiling NIOPosix Selectable.swift
[1576/1819] Compiling NIOPosix SelectableChannel.swift
[1577/1819] Compiling NIOPosix SelectableEventLoop.swift
[1578/1819] Compiling NIOPosix SelectorEpoll.swift
[1579/1819] Compiling NIOPosix SelectorGeneric.swift
[1580/1832] Compiling NIOPosix Thread.swift
[1581/1832] Compiling NIOPosix ThreadPosix.swift
[1582/1832] Compiling NIOPosix ThreadWindows.swift
[1583/1832] Compiling NIOPosix Utilities.swift
[1584/1832] Compiling NIOPosix VsockAddress.swift
[1585/1832] Compiling NIOPosix VsockChannelEvents.swift
[1586/1832] Compiling NIOPosix Windows.swift
[1587/1832] Compiling X509 OneOfPolicies.swift
[1588/1832] Compiling X509 PolicyBuilder.swift
[1589/1832] Compiling X509 BasicConstraintsPolicy.swift
[1590/1832] Compiling X509 DNSNames.swift
[1591/1832] Compiling X509 ExpiryPolicy.swift
[1592/1832] Compiling X509 IPConstraints.swift
[1593/1832] Compiling X509 NameConstraintsPolicy.swift
[1594/1832] Compiling X509 RFC5280Policy.swift
[1595/1832] Compiling X509 URIConstraints.swift
[1596/1832] Compiling X509 VersionPolicy.swift
[1597/1832] Compiling X509 ServerIdentityPolicy.swift
[1598/1832] Compiling X509 TrustRootLoading.swift
[1599/1832] Compiling X509 UnverifiedChain.swift
[1610/1832] Compiling X509 DistinguishedName.swift
[1611/1832] Compiling X509 CommonName.swift
[1612/1832] Compiling X509 CountryName.swift
[1613/1832] Compiling X509 DNBuilder.swift
[1614/1832] Compiling NIOPosix SelectorKqueue.swift
[1615/1832] Compiling NIOPosix SelectorUring.swift
[1616/1832] Compiling NIOPosix SelectorWSAPoll.swift
[1617/1832] Compiling NIOPosix ServerSocket.swift
[1618/1832] Compiling NIOPosix Socket.swift
[1619/1832] Compiling NIOPosix SocketChannel.swift
[1620/1832] Compiling NIOPosix SocketProtocols.swift
[1621/1832] Compiling NIOPosix StructuredConcurrencyHelpers.swift
[1622/1832] Compiling NIOPosix System.swift
[1641/1832] Compiling NIOPosix MultiThreadedEventLoopGroup.swift
[1642/1832] Compiling NIOPosix NIOPosixSendableMetatype.swift
[1643/1832] Compiling NIOPosix NIORandomizedDNSResolver.swift
[1644/1832] Compiling NIOPosix NIOThreadPool.swift
[1645/1832] Compiling NIOPosix NonBlockingFileIO.swift
[1646/1832] Compiling NIOPosix PendingDatagramWritesManager.swift
[1647/1832] Compiling NIOPosix BaseStreamSocketChannel.swift
[1648/1832] Compiling NIOPosix Bootstrap.swift
[1649/1832] Compiling NIOPosix ControlMessage.swift
[1650/1832] Compiling NIOPosix DatagramVectorReadManager.swift
[1651/1832] Compiling NIOPosix Errors+Any.swift
[1652/1832] Compiling NIOPosix FileDescriptor.swift
[1653/1832] Compiling NIOPosix GetaddrinfoResolver.swift
[1654/1832] Compiling NIOPosix BSDSocketAPICommon.swift
[1655/1832] Compiling NIOPosix BSDSocketAPIPosix.swift
[1656/1832] Compiling NIOPosix BSDSocketAPIWindows.swift
[1657/1832] Compiling NIOPosix BaseSocket.swift
[1658/1832] Compiling NIOPosix BaseSocketChannel+AccessibleTransport.swift
[1659/1832] Compiling NIOPosix BaseSocketChannel+SocketOptionProvider.swift
[1660/1832] Compiling NIOPosix BaseSocketChannel.swift
[1661/1832] Compiling X509 DomainComponent.swift
[1662/1832] Compiling X509 EmailAddress.swift
[1663/1832] Compiling X509 LocalityName.swift
[1664/1832] Compiling X509 OrganizationName.swift
[1665/1832] Compiling X509 OrganizationalUnitName.swift
[1666/1832] Compiling X509 StateOrProvinceName.swift
[1667/1832] Compiling X509 StreetAddress.swift
[1668/1832] Compiling X509 Error.swift
[1669/1832] Compiling X509 AuthorityInformationAccess.swift
[1670/1832] Compiling X509 AuthorityKeyIdentifier.swift
[1671/1832] Compiling X509 BasicConstraints.swift
[1672/1832] Compiling X509 ExtendedKeyUsage.swift
[1673/1832] Compiling X509 ExtensionIdentifiers.swift
[1674/1832] Compiling X509 KeyUsage.swift
[1675/1832] Emitting module NIOPosix
[1712/1833] Emitting module X509
[1712/1833] Wrapping AST for NIOPosix for debugging
[1714/1835] Compiling NIO Exports.swift
[1715/1835] Emitting module NIO
[1716/1852] Wrapping AST for NIO for debugging
[1718/1875] Compiling X509 ValidatedCertificateChain.swift
[1719/1875] Compiling X509 VerificationDiagnostic.swift
[1720/1875] Compiling X509 Verifier.swift
[1721/1875] Compiling X509 VerifierPolicy.swift
[1722/1875] Compiling X509 AlgorithmIdentifier.swift
[1723/1875] Compiling X509 ECDSASignature.swift
[1724/1875] Compiling X509 RSAPKCS1PublicKey.swift
[1725/1875] Compiling X509 SubjectPublicKeyInfo.swift
[1726/1875] Compiling X509 TBSCertificate.swift
[1727/1875] Compiling X509 Time.swift
[1728/1875] Compiling X509 TimeCalculations.swift
[1729/1875] Compiling X509 Validity.swift
[1730/1875] Compiling X509 X509SendableMetatype.swift
[1731/1875] Compiling NIOFoundationCompat JSONSerialization+ByteBuffer.swift
[1732/1875] Emitting module NIOSOCKS
[1733/1877] Compiling NIOTLS TLSEvents.swift
[1734/1877] Emitting module NIOTLS
[1735/1877] Compiling NIOSOCKS ClientStateMachine.swift
[1737/1877] Compiling NIOSOCKS SelectedAuthenticationMethod.swift
[1738/1877] Compiling NIOFoundationCompat Exports.swift
[1739/1877] Compiling NIOFoundationCompat WaitSpinningRunLoop.swift
[1740/1877] Emitting module NIOFoundationCompat
[1741/1878] Compiling NIOSOCKS SOCKSResponse.swift
[1743/1878] Compiling NIOTLS ApplicationProtocolNegotiationHandler.swift
[1744/1878] Compiling NIOTLS NIOTypedApplicationProtocolNegotiationHandler.swift
[1745/1878] Compiling NIOHTTP1 HTTPEncoder.swift
[1746/1878] Compiling NIOHTTP1 HTTPServerPipelineHandler.swift
[1747/1878] Compiling NIOSOCKS ServerStateMachine.swift
[1748/1878] Compiling NIOHTTP1 ByteCollectionUtils.swift
[1749/1878] Compiling NIOHTTP1 HTTPDecoder.swift
[1749/1878] Wrapping AST for NIOFoundationCompat for debugging
[1750/1878] Wrapping AST for X509 for debugging
[1752/1885] Compiling NIOHTTP1 HTTPServerUpgradeHandler.swift
[1753/1885] Compiling NIOHTTP1 HTTPHeaderValidator.swift
[1754/1886] Compiling JWTKit IDClaim.swift
[1755/1886] Compiling JWTKit IssuedAtClaim.swift
[1757/1946] Compiling NIOTLS ProtocolNegotiationHandlerStateMachine.swift
[1758/1946] Compiling NIOTLS SNIHandler.swift
[1760/1947] Emitting module NIOHTTP1
[1760/1949] Wrapping AST for NIOSOCKS for debugging
[1762/1949] Compiling JWTKit LocaleClaim.swift
[1763/1949] Compiling JWTKit NotBeforeClaim.swift
[1763/1979] Wrapping AST for NIOTLS for debugging
[1765/1979] Compiling NIOSSL SSLCertificateExtensions.swift
[1766/1979] Compiling NIOSSL SSLCertificateName.swift
[1767/1979] Compiling NIOSSL NIOSSLHandler.swift
[1768/1979] Compiling NIOSSL NIOSSLServerHandler.swift
[1769/1979] Compiling JWTKit JWTSerializer.swift
[1770/1979] Compiling JWTKit JWTSigner.swift
[1771/1979] Compiling JWTKit JWTKeyCollection+MLDSA.swift
[1772/1979] Compiling JWTKit MLDSA.swift
[1773/1979] Compiling JWTKit MLDSA65+MLDSAKey.swift
[1774/1979] Compiling JWTKit MLDSA87+MLDSAKey.swift
[1775/1979] Compiling JWTKit MLDSAError.swift
[1776/1979] Compiling JWTKit MLDSAKey.swift
[1777/1979] Compiling JWTKit MLDSASigner.swift
[1778/1988] Compiling NIOSSL String+unsafeUninitializedCapacity.swift
[1779/1988] Compiling NIOSSL SubjectAlternativeName.swift
[1780/1988] Compiling NIOSSL NIOSSLSecureBytes.swift
[1781/1988] Compiling NIOSSL RNG.swift
[1782/1988] Compiling NIOSSL SafeCompare.swift
[1783/1988] Compiling NIOSSL SSLContext.swift
[1784/1988] Compiling NIOSSL SSLErrors.swift
[1785/1988] Compiling NIOSSL SSLInit.swift
[1786/1988] Compiling NIOSSL SSLPKCS12Bundle.swift
[1787/1988] Compiling JWTKit JWTKeyCollection+EdDSA.swift
[1788/1988] Compiling JWTKit MLDSAType.swift
[1789/1988] Compiling JWTKit JWTKeyCollection+UnsecuredNone.swift
[1790/1988] Compiling JWTKit UnsecuredNoneSigner.swift
[1791/1988] Compiling JWTKit JWTKeyCollection+RSA.swift
[1792/1988] Compiling JWTKit RSA.swift
[1793/1988] Compiling JWTKit RSAError.swift
[1794/1988] Compiling JWTKit RSASigner.swift
[1795/1988] Compiling JWTKit Base64URL.swift
[1796/1988] Compiling JWTKit CryptoSigner.swift
[1797/1988] Emitting module JWTKit
[1798/1988] Compiling NIOSSL CustomPrivateKey.swift
[1799/1988] Compiling NIOSSL FreeBSDCABundle.swift
[1800/1988] Compiling NIOSSL IdentityVerification.swift
[1801/1988] Compiling NIOSSL SSLCertificate.swift
[1804/1988] Compiling NIOSSL SSLConnection.swift
[1805/1988] Compiling NIOSSL SSLPrivateKey.swift
[1806/1988] Compiling NIOSSL SSLPublicKey.swift
[1807/1988] Compiling NIOSSL SecurityFrameworkCertificateVerification.swift
[1808/1988] Compiling NIOSSL LinuxCABundle.swift
[1809/1988] Compiling NIOSSL NIOSSLClientHandler.swift
[1810/1988] Compiling NIOSSL NIOSSLHandler+Configuration.swift
[1813/1988] Compiling NIOSSL ObjectIdentifier.swift
[1814/1988] Compiling NIOSSL PosixPort.swift
[1815/1988] Compiling NIOSSL SSLCallbacks.swift
[1816/1988] Compiling NIOSSL AndroidCABundle.swift
[1817/1988] Compiling NIOSSL ByteBufferBIO.swift
[1818/1988] Compiling JWTKit JWTAlgorithm.swift
[1819/1988] Compiling JWTKit JWTError.swift
[1820/1988] Compiling JWTKit JWTHeader+CommonFields.swift
[1821/1988] Compiling JWTKit JWTHeader.swift
[1822/1988] Compiling JWTKit JWTHeaderField.swift
[1823/1988] Compiling JWTKit JWTKeyCollection.swift
[1824/1988] Compiling JWTKit JWTParser+MandatoryVerificationFields.swift
[1825/1988] Compiling JWTKit JWTParser.swift
[1826/1988] Compiling JWTKit JWTPayload.swift
[1827/1988] Compiling JWTKit HMAC.swift
[1828/1988] Compiling JWTKit HMACError.swift
[1829/1988] Compiling JWTKit HMACSigner.swift
[1830/1988] Compiling JWTKit JWTKeyCollection+HMAC.swift
[1831/1988] Compiling JWTKit Insecure.swift
[1832/1988] Compiling JWTKit JWK.swift
[1833/1988] Compiling JWTKit JWKIdentifier.swift
[1834/1988] Compiling JWTKit JWKS.swift
[1835/1988] Compiling JWTKit JWKSigner.swift
[1848/1989] Wrapping AST for NIOHTTP1 for debugging
[1850/2006] Emitting module NIOHTTPCompression
[1851/2006] Compiling NIOHTTPCompression HTTPRequestCompressor.swift
[1852/2006] Compiling NIOHPACK IntegerCoding.swift
[1853/2006] Compiling NIOHPACK IndexedHeaderTable.swift
[1854/2007] Emitting module NIOSSL
[1855/2011] Compiling NIOHPACK HuffmanCoding.swift
[1856/2011] Compiling NIOHPACK HPACKHeader.swift
[1857/2011] Compiling NIOHPACK HeaderTables.swift
[1858/2011] Emitting module NIOHPACK
[1859/2011] Compiling NIOHPACK HPACKEncoder.swift
[1860/2011] Compiling NIOHPACK HPACKErrors.swift
[1861/2011] Compiling NIOHPACK StaticHeaderTable.swift
[1862/2011] Compiling NIOHPACK HuffmanTables.swift
[1863/2011] Compiling NIOHPACK DynamicHeaderTable.swift
[1864/2011] Compiling NIOHPACK HPACKDecoder.swift
[1865/2012] Wrapping AST for NIOHPACK for debugging
[1867/2012] Compiling NIOHTTPCompression HTTPDecompressor.swift
[1868/2012] Compiling NIOHTTPCompression HTTPCompression.swift
[1869/2012] Compiling NIOHTTPCompression HTTPResponseCompressor.swift
[1870/2012] Compiling NIOHTTPCompression HTTPDecompression.swift
[1871/2013] Compiling JWTKit CustomizedJSONCoders.swift
[1872/2013] Compiling JWTKit Utilities.swift
[1873/2013] Compiling JWTKit AppleIdentityToken.swift
[1874/2013] Compiling JWTKit FirebaseAuthIdentityToken.swift
[1875/2013] Compiling JWTKit GoogleIdentityToken.swift
[1876/2013] Compiling JWTKit MicrosoftIdentityToken.swift
[1877/2013] Compiling JWTKit EmptyPolicy.swift
[1878/2013] Compiling JWTKit ValidationTimePayload.swift
[1879/2013] Compiling JWTKit X5CVerifier.swift
[1882/2077] Compiling NIOHTTP2 ControlFrameBuffer.swift
[1883/2077] Compiling NIOHTTP2 OutboundFlowControlBuffer.swift
[1884/2077] Compiling NIOHTTP2 OutboundFrameBuffer.swift
[1885/2077] Compiling NIOHTTP2 GlitchesMonitor.swift
[1886/2077] Compiling NIOHTTP2 HasExtendedConnectSettings.swift
[1887/2077] Compiling NIOHTTP2 DOSHeuristics.swift
[1888/2077] Compiling NIOHTTP2 Error+Any.swift
[1889/2077] Compiling NIOHTTP2 ConcurrentStreamBuffer.swift
[1890/2077] Compiling NIOHTTP2 HasFlowControlWindows.swift
[1891/2077] Compiling NIOHTTP2 HasLocalSettings.swift
[1892/2077] Compiling NIOHTTP2 HasRemoteSettings.swift
[1893/2077] Compiling NIOHTTP2 LocallyQuiescingState.swift
[1893/2077] Wrapping AST for NIOHTTPCompression for debugging
[1894/2077] Wrapping AST for JWTKit for debugging
[1896/2077] Compiling NIOHTTP2 SendingPushPromiseState.swift
[1897/2077] Compiling NIOHTTP2 SendingRstStreamState.swift
[1898/2077] Compiling NIOHTTP2 SendingWindowUpdateState.swift
[1899/2077] Compiling NIOHTTP2 HTTP2SettingsState.swift
[1900/2077] Compiling NIOHTTP2 ContentLengthVerifier.swift
[1901/2077] Compiling NIOHTTP2 MaySendFrames.swift
[1902/2077] Compiling NIOHTTP2 SendingDataState.swift
[1903/2077] Compiling NIOHTTP2 SendingGoawayState.swift
[1904/2077] Compiling NIOHTTP2 SendingHeadersState.swift
[1905/2077] Compiling NIOHTTP2 QuiescingState.swift
[1906/2077] Compiling NIOHTTP2 RemotelyQuiescingState.swift
[1907/2077] Compiling NIOHTTP2 SendAndReceiveGoawayState.swift
[1908/2077] Compiling NIOHTTP2 StateMachineResult.swift
[1909/2077] Compiling NIOHTTP2 HPACKHeaders+Validation.swift
[1910/2077] Compiling NIOHTTP2 HTTP2ChannelHandler+InboundStreamMultiplexer.swift
[1911/2077] Compiling NIOHTTP2 ConnectionStateMachine.swift
[1912/2077] Compiling NIOHTTP2 ConnectionStreamsState.swift
[1931/2085] Compiling NIOHTTP2 MayReceiveFrames.swift
[1932/2085] Compiling NIOHTTP2 ReceivingDataState.swift
[1933/2085] Compiling NIOHTTP2 ReceivingGoAwayState.swift
[1934/2085] Compiling NIOHTTP2 ReceivingHeadersState.swift
[1935/2086] Wrapping AST for NIOSSL for debugging
[1946/2086] Compiling NIOHTTP2 HTTP2StreamMultiplexer.swift
[1947/2086] Compiling NIOHTTP2 HTTP2ToHTTP1Codec.swift
[1948/2086] Compiling NIOHTTP2 HTTP2UserEvents.swift
[1949/2086] Compiling NIOHTTP2 InboundEventBuffer.swift
[1950/2086] Compiling NIOHTTP2 InboundWindowManager.swift
[1951/2086] Compiling NIOHTTP2 MultiplexerAbstractChannel.swift
[1952/2086] Compiling NIOHTTP2 NIOHTTP2FrameDelegate.swift
[1953/2086] Compiling NIOHTTP2 NIOHTTP2ServerConnectionManagementHandler+StateMachine.swift
[1954/2086] Compiling NIOHTTP2 NIOHTTP2ServerConnectionManagementHandler.swift
[1955/2086] Compiling NIOHTTP2 StreamChannelFlowController.swift
[1956/2086] Compiling NIOHTTP2 StreamChannelList.swift
[1957/2086] Compiling NIOHTTP2 StreamMap.swift
[1958/2086] Compiling NIOHTTP2 StreamStateMachine.swift
[1959/2086] Compiling NIOHTTP2 Timer.swift
[1960/2086] Compiling NIOHTTP2 UnsafeTransfer.swift
[1961/2086] Compiling NIOHTTP2 WatermarkedFlowController.swift
[1962/2086] Emitting module NIOHTTP2
[1969/2086] Compiling NIOHTTP2 ReceivingPushPromiseState.swift
[1970/2086] Compiling NIOHTTP2 ReceivingRstStreamState.swift
[1971/2086] Compiling NIOHTTP2 ReceivingWindowUpdateState.swift
[1972/2086] Compiling NIOHTTP2 HTTP2FrameParser.swift
[1973/2086] Compiling NIOHTTP2 HTTP2PingData.swift
[1974/2086] Compiling NIOHTTP2 HTTP2PipelineHelpers.swift
[1975/2086] Compiling NIOHTTP2 HTTP2Settings.swift
[1976/2086] Compiling NIOHTTP2 HTTP2Stream.swift
[1977/2086] Compiling NIOHTTP2 HTTP2StreamChannel+OutboundStreamMultiplexer.swift
[1978/2086] Compiling NIOHTTP2 HTTP2StreamChannel.swift
[1979/2086] Compiling NIOHTTP2 HTTP2StreamDelegate.swift
[1980/2086] Compiling NIOHTTP2 HTTP2StreamID.swift
[1981/2086] Compiling NIOHTTP2 HTTP2ChannelHandler+InlineStreamMultiplexer.swift
[1982/2086] Compiling NIOHTTP2 HTTP2ChannelHandler.swift
[1983/2086] Compiling NIOHTTP2 HTTP2CommonInboundStreamMultiplexer.swift
[1984/2086] Compiling NIOHTTP2 HTTP2ConnectionStateChange.swift
[1985/2086] Compiling NIOHTTP2 HTTP2Error.swift
[1986/2086] Compiling NIOHTTP2 HTTP2ErrorCode.swift
[1987/2086] Compiling NIOHTTP2 HTTP2FlowControlWindow.swift
[1988/2086] Compiling NIOHTTP2 HTTP2Frame.swift
[1989/2086] Compiling NIOHTTP2 HTTP2FrameEncoder.swift
[1990/2087] Wrapping AST for NIOHTTP2 for debugging
[1992/2151] Emitting module AsyncHTTPClient
[1993/2159] Compiling AsyncHTTPClient LRUCache.swift
[1994/2159] Compiling AsyncHTTPClient NIOLoopBound+Execute.swift
[1995/2159] Compiling AsyncHTTPClient NWErrorHandler.swift
[1996/2159] Compiling AsyncHTTPClient NWWaitingHandler.swift
[1997/2159] Compiling AsyncHTTPClient TLSConfiguration.swift
[1998/2159] Compiling AsyncHTTPClient RedirectState.swift
[1999/2159] Compiling AsyncHTTPClient RequestBag+StateMachine.swift
[2000/2159] Compiling AsyncHTTPClient RequestBag+Tracing.swift
[2001/2159] Compiling AsyncHTTPClient RequestBag.swift
[2002/2159] Compiling AsyncHTTPClient HTTPClientResponse.swift
[2003/2159] Compiling AsyncHTTPClient SingleIteratorPrecondition.swift
[2004/2159] Compiling AsyncHTTPClient Transaction+StateMachine.swift
[2005/2159] Compiling AsyncHTTPClient Transaction.swift
[2006/2159] Compiling AsyncHTTPClient Base64.swift
[2007/2159] Compiling AsyncHTTPClient BasicAuth.swift
[2008/2159] Compiling AsyncHTTPClient BestEffortHashableTLSConfiguration.swift
[2009/2159] Compiling AsyncHTTPClient Configuration+BrowserLike.swift
[2010/2159] Compiling AsyncHTTPClient ConnectionPool.swift
[2011/2159] Compiling AsyncHTTPClient RequestValidation.swift
[2012/2159] Compiling AsyncHTTPClient SSLContextCache.swift
[2013/2159] Compiling AsyncHTTPClient Scheme.swift
[2014/2159] Compiling AsyncHTTPClient Singleton.swift
[2015/2159] Compiling AsyncHTTPClient StringConvertibleInstances.swift
[2016/2159] Compiling AsyncHTTPClient StructuredConcurrencyHelpers.swift
[2017/2159] Compiling AsyncHTTPClient TracingSupport.swift
[2018/2159] Compiling AsyncHTTPClient Utils.swift
[2019/2159] Compiling AsyncHTTPClient RequestOptions.swift
[2020/2159] Compiling AsyncHTTPClient HTTPConnectionPool+Backoff.swift
[2021/2159] Compiling AsyncHTTPClient HTTPConnectionPool+HTTP1Connections.swift
[2022/2159] Compiling AsyncHTTPClient HTTPConnectionPool+HTTP1StateMachine.swift
[2023/2159] Compiling AsyncHTTPClient HTTPConnectionPool+HTTP2Connections.swift
[2024/2159] Compiling AsyncHTTPClient HTTPConnectionPool+HTTP2StateMachine.swift
[2025/2159] Compiling AsyncHTTPClient HTTPConnectionPool+RequestQueue.swift
[2026/2159] Compiling AsyncHTTPClient HTTPConnectionPool+StateMachine.swift
[2027/2159] Compiling AsyncHTTPClient ConnectionTarget.swift
[2028/2159] Compiling AsyncHTTPClient HTTP1ProxyConnectHandler.swift
[2029/2159] Compiling AsyncHTTPClient SOCKSEventsHandler.swift
[2030/2159] Compiling AsyncHTTPClient TLSEventsHandler.swift
[2031/2159] Compiling AsyncHTTPClient HTTP1ClientChannelHandler.swift
[2032/2159] Compiling AsyncHTTPClient HTTP1Connection.swift
[2033/2159] Compiling AsyncHTTPClient HTTP1ConnectionStateMachine.swift
[2034/2159] Compiling AsyncHTTPClient HTTP2ClientRequestHandler.swift
[2035/2159] Compiling AsyncHTTPClient HTTP2Connection.swift
[2036/2159] Compiling AsyncHTTPClient HTTP2IdleHandler.swift
[2037/2159] Compiling AsyncHTTPClient AnyAsyncSequence.swift
[2038/2159] Compiling AsyncHTTPClient AnyAsyncSequenceProucerDelete.swift
[2039/2159] Compiling AsyncHTTPClient AsyncLazySequence.swift
[2040/2159] Compiling AsyncHTTPClient HTTPClient+execute.swift
[2041/2159] Compiling AsyncHTTPClient HTTPClient+shutdown.swift
[2042/2159] Compiling AsyncHTTPClient HTTPClient+tracing.swift
[2043/2159] Compiling AsyncHTTPClient HTTPClientRequest+Prepared.swift
[2044/2159] Compiling AsyncHTTPClient HTTPClientRequest+auth.swift
[2045/2159] Compiling AsyncHTTPClient HTTPClientRequest.swift
[2046/2159] Compiling AsyncHTTPClient DeconstructedURL.swift
[2047/2159] Compiling AsyncHTTPClient FileDownloadDelegate.swift
[2048/2159] Compiling AsyncHTTPClient FoundationExtensions.swift
[2049/2159] Compiling AsyncHTTPClient HTTPClient+HTTPCookie.swift
[2050/2159] Compiling AsyncHTTPClient HTTPClient+Proxy.swift
[2051/2159] Compiling AsyncHTTPClient HTTPClient+StructuredConcurrency.swift
[2052/2159] Compiling AsyncHTTPClient HTTPClient.swift
[2053/2159] Compiling AsyncHTTPClient HTTPClientConfiguration+SwiftConfiguration.swift
[2054/2159] Compiling AsyncHTTPClient HTTPHandler.swift
[2055/2159] Compiling AsyncHTTPClient HTTPConnectionEvent.swift
[2056/2159] Compiling AsyncHTTPClient HTTPConnectionPool+Factory.swift
[2057/2159] Compiling AsyncHTTPClient HTTPConnectionPool+Manager.swift
[2058/2159] Compiling AsyncHTTPClient HTTPConnectionPool.swift
[2059/2159] Compiling AsyncHTTPClient HTTPExecutableRequest.swift
[2060/2159] Compiling AsyncHTTPClient HTTPRequestStateMachine+Demand.swift
[2061/2159] Compiling AsyncHTTPClient HTTPRequestStateMachine.swift
[2062/2159] Compiling AsyncHTTPClient RequestBodyLength.swift
[2063/2159] Compiling AsyncHTTPClient RequestFramingMetadata.swift
[2064/2160] Wrapping AST for AsyncHTTPClient for debugging
[2066/2183] Compiling GoogleAuth AnonymousCredentials.swift
[2067/2183] Compiling GoogleAuth ApiKeyCredentials.swift
[2068/2183] Compiling GoogleAuth ExternalAccountCredentials.swift
[2069/2183] Compiling GoogleAuth ADC.swift
[2070/2183] Compiling GoogleAuth ADCPath.swift
[2071/2183] Compiling GoogleAuth ADCResolver.swift
[2072/2183] Compiling GoogleAuth AuthHeaders.swift
[2073/2183] Compiling GoogleAuth SubjectTokenProvider.swift
[2074/2183] Compiling GoogleAuth MDSAccessTokenProvider.swift
[2075/2183] Compiling GoogleAuth MDSCredentials.swift
[2076/2183] Compiling GoogleAuth CredentialParserRegistry.swift
[2077/2183] Compiling GoogleAuth Credentials.swift
[2078/2183] Compiling GoogleAuth CredentialsError.swift
[2079/2186] Emitting module GoogleAuth
[2080/2186] Compiling GoogleAuth AuthHTTPClient.swift
[2081/2186] Compiling GoogleAuth AuthHTTPError.swift
[2082/2186] Compiling GoogleAuth RetryEngine.swift
[2083/2186] Compiling GoogleAuth ServiceAccountCredentials.swift
[2084/2186] Compiling GoogleAuth ServiceAccountData.swift
[2085/2186] Compiling GoogleAuth ServiceAccountTokenProvider.swift
[2086/2186] Compiling GoogleAuth UserAccountData.swift
[2087/2186] Compiling GoogleAuth UserAccountTokenProvider.swift
[2088/2186] Compiling GoogleAuth UserCredentials.swift
[2089/2186] Compiling GoogleAuth STSHandler.swift
[2090/2186] Compiling GoogleAuth TokenCache.swift
[2091/2186] Compiling GoogleAuth PackageVersion.swift
[2092/2187] Wrapping AST for GoogleAuth for debugging
[2094/2245] Compiling GoogleGax Pagination.swift
/host/spi-builder-workspace/.build/checkouts/swift-google-gax/Sources/GoogleGax/Pagination.swift:44:22: error: cannot convert '@Sendable (String) async throws -> (response: ResponseType, items: [Item], nextToken: String)' to 'nonisolated(nonsending) @Sendable (String) async throws -> (response: ResponseType, items: [Item], nextToken: String)' because crossing of an isolation boundary requires parameter and result types to conform to 'Sendable' protocol
 42 |   ) where ResponseType: _PaginatedResponse<Item> {
 43 |     self.initialPageToken = initialPageToken ?? ""
 44 |     self.fetchPage = { token in
    |                      |- error: cannot convert '@Sendable (String) async throws -> (response: ResponseType, items: [Item], nextToken: String)' to 'nonisolated(nonsending) @Sendable (String) async throws -> (response: ResponseType, items: [Item], nextToken: String)' because crossing of an isolation boundary requires parameter and result types to conform to 'Sendable' protocol
    |                      `- note: type 'Item' does not conform to 'Sendable' protocol
 45 |       let response = try await listRpc(token)
 46 |       return (response, response._getPaginatedItems(), response._nextPageToken())
[2095/2245] Compiling GoogleGax PollingBackoffPolicy.swift
/host/spi-builder-workspace/.build/checkouts/swift-google-gax/Sources/GoogleGax/Pagination.swift:44:22: error: cannot convert '@Sendable (String) async throws -> (response: ResponseType, items: [Item], nextToken: String)' to 'nonisolated(nonsending) @Sendable (String) async throws -> (response: ResponseType, items: [Item], nextToken: String)' because crossing of an isolation boundary requires parameter and result types to conform to 'Sendable' protocol
 42 |   ) where ResponseType: _PaginatedResponse<Item> {
 43 |     self.initialPageToken = initialPageToken ?? ""
 44 |     self.fetchPage = { token in
    |                      |- error: cannot convert '@Sendable (String) async throws -> (response: ResponseType, items: [Item], nextToken: String)' to 'nonisolated(nonsending) @Sendable (String) async throws -> (response: ResponseType, items: [Item], nextToken: String)' because crossing of an isolation boundary requires parameter and result types to conform to 'Sendable' protocol
    |                      `- note: type 'Item' does not conform to 'Sendable' protocol
 45 |       let response = try await listRpc(token)
 46 |       return (response, response._getPaginatedItems(), response._nextPageToken())
[2096/2245] Compiling GoogleGax PollingErrorPolicy.swift
/host/spi-builder-workspace/.build/checkouts/swift-google-gax/Sources/GoogleGax/Pagination.swift:44:22: error: cannot convert '@Sendable (String) async throws -> (response: ResponseType, items: [Item], nextToken: String)' to 'nonisolated(nonsending) @Sendable (String) async throws -> (response: ResponseType, items: [Item], nextToken: String)' because crossing of an isolation boundary requires parameter and result types to conform to 'Sendable' protocol
 42 |   ) where ResponseType: _PaginatedResponse<Item> {
 43 |     self.initialPageToken = initialPageToken ?? ""
 44 |     self.fetchPage = { token in
    |                      |- error: cannot convert '@Sendable (String) async throws -> (response: ResponseType, items: [Item], nextToken: String)' to 'nonisolated(nonsending) @Sendable (String) async throws -> (response: ResponseType, items: [Item], nextToken: String)' because crossing of an isolation boundary requires parameter and result types to conform to 'Sendable' protocol
    |                      `- note: type 'Item' does not conform to 'Sendable' protocol
 45 |       let response = try await listRpc(token)
 46 |       return (response, response._getPaginatedItems(), response._nextPageToken())
[2097/2245] Compiling GoogleGax PollingResult.swift
/host/spi-builder-workspace/.build/checkouts/swift-google-gax/Sources/GoogleGax/Pagination.swift:44:22: error: cannot convert '@Sendable (String) async throws -> (response: ResponseType, items: [Item], nextToken: String)' to 'nonisolated(nonsending) @Sendable (String) async throws -> (response: ResponseType, items: [Item], nextToken: String)' because crossing of an isolation boundary requires parameter and result types to conform to 'Sendable' protocol
 42 |   ) where ResponseType: _PaginatedResponse<Item> {
 43 |     self.initialPageToken = initialPageToken ?? ""
 44 |     self.fetchPage = { token in
    |                      |- error: cannot convert '@Sendable (String) async throws -> (response: ResponseType, items: [Item], nextToken: String)' to 'nonisolated(nonsending) @Sendable (String) async throws -> (response: ResponseType, items: [Item], nextToken: String)' because crossing of an isolation boundary requires parameter and result types to conform to 'Sendable' protocol
    |                      `- note: type 'Item' does not conform to 'Sendable' protocol
 45 |       let response = try await listRpc(token)
 46 |       return (response, response._getPaginatedItems(), response._nextPageToken())
[2098/2245] Compiling GoogleGax PollingState.swift
/host/spi-builder-workspace/.build/checkouts/swift-google-gax/Sources/GoogleGax/Pagination.swift:44:22: error: cannot convert '@Sendable (String) async throws -> (response: ResponseType, items: [Item], nextToken: String)' to 'nonisolated(nonsending) @Sendable (String) async throws -> (response: ResponseType, items: [Item], nextToken: String)' because crossing of an isolation boundary requires parameter and result types to conform to 'Sendable' protocol
 42 |   ) where ResponseType: _PaginatedResponse<Item> {
 43 |     self.initialPageToken = initialPageToken ?? ""
 44 |     self.fetchPage = { token in
    |                      |- error: cannot convert '@Sendable (String) async throws -> (response: ResponseType, items: [Item], nextToken: String)' to 'nonisolated(nonsending) @Sendable (String) async throws -> (response: ResponseType, items: [Item], nextToken: String)' because crossing of an isolation boundary requires parameter and result types to conform to 'Sendable' protocol
    |                      `- note: type 'Item' does not conform to 'Sendable' protocol
 45 |       let response = try await listRpc(token)
 46 |       return (response, response._getPaginatedItems(), response._nextPageToken())
[2099/2245] Compiling GoogleGax ProtobufConversionError.swift
/host/spi-builder-workspace/.build/checkouts/swift-google-gax/Sources/GoogleGax/Pagination.swift:44:22: error: cannot convert '@Sendable (String) async throws -> (response: ResponseType, items: [Item], nextToken: String)' to 'nonisolated(nonsending) @Sendable (String) async throws -> (response: ResponseType, items: [Item], nextToken: String)' because crossing of an isolation boundary requires parameter and result types to conform to 'Sendable' protocol
 42 |   ) where ResponseType: _PaginatedResponse<Item> {
 43 |     self.initialPageToken = initialPageToken ?? ""
 44 |     self.fetchPage = { token in
    |                      |- error: cannot convert '@Sendable (String) async throws -> (response: ResponseType, items: [Item], nextToken: String)' to 'nonisolated(nonsending) @Sendable (String) async throws -> (response: ResponseType, items: [Item], nextToken: String)' because crossing of an isolation boundary requires parameter and result types to conform to 'Sendable' protocol
    |                      `- note: type 'Item' does not conform to 'Sendable' protocol
 45 |       let response = try await listRpc(token)
 46 |       return (response, response._getPaginatedItems(), response._nextPageToken())
[2100/2245] Compiling GoogleGax QueryParameter.swift
/host/spi-builder-workspace/.build/checkouts/swift-google-gax/Sources/GoogleGax/Pagination.swift:44:22: error: cannot convert '@Sendable (String) async throws -> (response: ResponseType, items: [Item], nextToken: String)' to 'nonisolated(nonsending) @Sendable (String) async throws -> (response: ResponseType, items: [Item], nextToken: String)' because crossing of an isolation boundary requires parameter and result types to conform to 'Sendable' protocol
 42 |   ) where ResponseType: _PaginatedResponse<Item> {
 43 |     self.initialPageToken = initialPageToken ?? ""
 44 |     self.fetchPage = { token in
    |                      |- error: cannot convert '@Sendable (String) async throws -> (response: ResponseType, items: [Item], nextToken: String)' to 'nonisolated(nonsending) @Sendable (String) async throws -> (response: ResponseType, items: [Item], nextToken: String)' because crossing of an isolation boundary requires parameter and result types to conform to 'Sendable' protocol
    |                      `- note: type 'Item' does not conform to 'Sendable' protocol
 45 |       let response = try await listRpc(token)
 46 |       return (response, response._getPaginatedItems(), response._nextPageToken())
[2101/2245] Compiling GoogleGax RequestError.swift
/host/spi-builder-workspace/.build/checkouts/swift-google-gax/Sources/GoogleGax/Pagination.swift:44:22: error: cannot convert '@Sendable (String) async throws -> (response: ResponseType, items: [Item], nextToken: String)' to 'nonisolated(nonsending) @Sendable (String) async throws -> (response: ResponseType, items: [Item], nextToken: String)' because crossing of an isolation boundary requires parameter and result types to conform to 'Sendable' protocol
 42 |   ) where ResponseType: _PaginatedResponse<Item> {
 43 |     self.initialPageToken = initialPageToken ?? ""
 44 |     self.fetchPage = { token in
    |                      |- error: cannot convert '@Sendable (String) async throws -> (response: ResponseType, items: [Item], nextToken: String)' to 'nonisolated(nonsending) @Sendable (String) async throws -> (response: ResponseType, items: [Item], nextToken: String)' because crossing of an isolation boundary requires parameter and result types to conform to 'Sendable' protocol
    |                      `- note: type 'Item' does not conform to 'Sendable' protocol
 45 |       let response = try await listRpc(token)
 46 |       return (response, response._getPaginatedItems(), response._nextPageToken())
[2102/2245] Compiling GoogleGax LimitedAttemptCount+PollingErrorPolicy.swift
[2103/2245] Compiling GoogleGax LimitedAttemptCount+RetryPolicy.swift
[2104/2245] Compiling GoogleGax LimitedAttemptCount.swift
[2105/2245] Compiling GoogleGax LimitedElapsedTime+PollingErrorPolicy.swift
[2106/2245] Compiling GoogleGax LimitedElapsedTime+RetryPolicy.swift
[2107/2245] Compiling GoogleGax LimitedElapsedTime.swift
[2108/2245] Compiling GoogleGax LongRunningOperations.swift
[2109/2245] Compiling GoogleGax NeverRetry.swift
[2110/2253] Compiling GoogleGax RequestOptions.swift
[2111/2253] Compiling GoogleGax RetryLoop.swift
[2112/2253] Compiling GoogleGax RetryPolicy.swift
[2113/2253] Compiling GoogleGax RetryResult.swift
[2114/2253] Compiling GoogleGax RetryState.swift
[2115/2253] Compiling GoogleGax RetryThrottler.swift
[2116/2253] Compiling GoogleGax RetryThrottlerError.swift
[2117/2253] Compiling GoogleGax RoutingMatcher.swift
[2118/2253] Emitting module GoogleGax
[2119/2253] Compiling GoogleGax HTTPClientProtocol.swift
[2120/2253] Compiling GoogleGax HTTPClientRequest.swift
[2121/2253] Compiling GoogleGax HTTPClientResponse.swift
[2122/2253] Compiling GoogleGax HTTPHeaders.swift
[2123/2253] Compiling GoogleGax HTTPResponseBody.swift
[2124/2253] Compiling GoogleGax HeaderNames.swift
[2125/2253] Compiling GoogleGax Host.swift
[2126/2253] Compiling GoogleGax InProgressResult.swift
[2127/2253] Compiling GoogleGax ContinueOnIO.swift
[2128/2253] Compiling GoogleGax CredentialsProtocol.swift
[2129/2253] Compiling GoogleGax ErrorWrapper.swift
[2130/2253] Compiling GoogleGax ExponentialBackoff+BackoffPolicy.swift
[2131/2253] Compiling GoogleGax ExponentialBackoff+PollingBackoffPolicy.swift
[2132/2253] Compiling GoogleGax ExponentialBackoff.swift
[2133/2253] Compiling GoogleGax HTTPClient.swift
[2134/2253] Compiling GoogleGax HTTPClientHolder.swift
[2135/2253] Compiling GoogleGax AIP194+PollingErrorPolicy.swift
[2136/2253] Compiling GoogleGax AIP194+RetryPolicy.swift
[2137/2253] Compiling GoogleGax AIP194.swift
[2138/2253] Compiling GoogleGax AdaptiveThrottler.swift
[2139/2253] Compiling GoogleGax AlwaysPoll.swift
[2140/2253] Compiling GoogleGax AlwaysRetry.swift
[2141/2253] Compiling GoogleGax ApiClientHeader.swift
[2142/2253] Compiling GoogleGax BackoffPolicy.swift
[2143/2253] Compiling GoogleGax BasePollingErrorPolicy.swift
[2144/2253] Compiling GoogleGax BaseRetryPolicy.swift
[2145/2253] Compiling GoogleGax BindingError.swift
[2146/2253] Compiling GoogleGax CRC32C.swift
[2147/2253] Compiling GoogleGax CircuitBreaker.swift
[2148/2253] Compiling GoogleGax ClientError.swift
[2149/2253] Compiling GoogleGax ClientOptions.swift
[2150/2253] Compiling GoogleGax ContinueOnIO+PollingErrorPolicy.swift
[2151/2253] Compiling GoogleGax ContinueOnIO+RetryPolicy.swift
[2152/2253] Compiling GoogleGax ServiceError.swift
[2153/2253] Compiling GoogleGax StatusDetail.swift
[2154/2253] Compiling GoogleGax StrictIdempotency.swift
[2155/2253] Compiling GoogleGax ThrottleResult.swift
[2156/2253] Compiling GoogleGax TooManyRequests+PollingErrorPolicy.swift
[2157/2253] Compiling GoogleGax TooManyRequests+RetryPolicy.swift
[2158/2253] Compiling GoogleGax TooManyRequests.swift
[2159/2253] Compiling GoogleGax PackageVersion.swift
BUILD FAILURE 6.2 android