The Swift Package Index logo.Swift Package Index

Build Information

Failed to build ProxLock, reference master (e84a37), with Swift 6.2 for Android on 10 Aug 2026 19:15:55 UTC.

Build Command

bash -c docker run --pull=always --rm -v "checkouts-54344846-3":/host -w "$PWD" -e JAVA_HOME="/root/.sdkman/candidates/java/current" -e SPI_BUILD="1" -e SPI_PROCESSING="1" registry.gitlab.com/saguaro1/spi-images:android-6.2-latest swift build --swift-sdk aarch64-unknown-linux-android28 2>&1

Build Log

========================================
RunAll
========================================
Builder version: 729ceb5fcd9493dc13ee340bc4f0908bd201f85d
Interrupt handler set up.
========================================
Checkout
========================================
Clone URL: https://github.com/ProxLock/Backend.git
Reference: master
Initialized empty Git repository in /host/spi-builder-workspace/.git/
hint: Using 'master' as the name for the initial branch. This default branch name
hint: is subject to change. To configure the initial branch name to use in all
hint: of your new repositories, which will suppress this warning, call:
hint:
hint: 	git config --global init.defaultBranch <name>
hint:
hint: Names commonly chosen instead of 'master' are 'main', 'trunk' and
hint: 'development'. The just-created branch can be renamed via this command:
hint:
hint: 	git branch -m <name>
From https://github.com/ProxLock/Backend
 * branch            master     -> FETCH_HEAD
 * [new branch]      master     -> origin/master
HEAD is now at e84a375 fixed enterprise date thing
Cloned https://github.com/ProxLock/Backend.git
Revision (git rev-parse @):
e84a37511683057b4f7affac856a90320cdea348
SUCCESS checkout https://github.com/ProxLock/Backend.git at master
========================================
Build
========================================
Selected platform:         android
Swift version:             6.2
Building package at path:  $PWD
https://github.com/ProxLock/Backend.git
Running build ...
bash -c docker run --pull=always --rm -v "checkouts-54344846-3":/host -w "$PWD" -e JAVA_HOME="/root/.sdkman/candidates/java/current" -e SPI_BUILD="1" -e SPI_PROCESSING="1" registry.gitlab.com/saguaro1/spi-images:android-6.2-latest swift build --swift-sdk aarch64-unknown-linux-android28 2>&1
android-6.2-latest: Pulling from saguaro1/spi-images
Digest: sha256:573917aa137cc6f081a4f3d2a0330bac24553e9cd713cd758adf65046f5c6b90
Status: Image is up to date for registry.gitlab.com/saguaro1/spi-images:android-6.2-latest
Fetching https://github.com/mcrich23/google-cloud-kit.git
[12/1111] Fetching google-cloud-kit
Fetched https://github.com/mcrich23/google-cloud-kit.git from cache (0.53s)
Fetching https://github.com/apple/swift-crypto
Fetching https://github.com/vapor/jwt.git
Fetching https://github.com/vapor/queues.git
Fetching https://github.com/mcrich23/vapordevicecheck.git
Fetching https://github.com/swift-server/async-http-client.git
[1/2757] Fetching jwt
[2/6184] Fetching jwt, queues
[6185/6352] Fetching jwt, queues, vapordevicecheck
Fetched https://github.com/mcrich23/vapordevicecheck.git from cache (0.55s)
Fetching https://github.com/vapor/vapor.git
Fetched https://github.com/vapor/jwt.git from cache (0.57s)
Fetched https://github.com/vapor/queues.git from cache (0.57s)
Fetching https://github.com/vapor/fluent-postgres-driver.git
Fetching https://github.com/vapor/jwt-kit.git
[1/16109] Fetching async-http-client
[1451/34375] Fetching async-http-client, swift-crypto
[17572/37103] Fetching async-http-client, swift-crypto, fluent-postgres-driver
[20482/46789] Fetching async-http-client, swift-crypto, fluent-postgres-driver, jwt-kit
Fetched https://github.com/swift-server/async-http-client.git from cache (1.44s)
Fetching https://github.com/vapor/fluent.git
[5975/30680] Fetching swift-crypto, fluent-postgres-driver, jwt-kit
[27394/109019] Fetching swift-crypto, fluent-postgres-driver, jwt-kit, vapor
[30682/122531] Fetching swift-crypto, fluent-postgres-driver, jwt-kit, vapor, fluent
Fetched https://github.com/vapor/fluent-postgres-driver.git from cache (1.45s)
[29440/119803] Fetching swift-crypto, jwt-kit, vapor, fluent
Fetched https://github.com/vapor/jwt-kit.git from cache (1.46s)
[20565/110117] Fetching swift-crypto, vapor, fluent
Fetched https://github.com/vapor/fluent.git from cache (0.97s)
[37851/96605] Fetching swift-crypto, vapor
Fetching https://github.com/apple/swift-nio.git
Fetched https://github.com/apple/swift-crypto from cache (2.59s)
[22719/78339] Fetching vapor
[78340/163604] Fetching vapor, swift-nio
Fetched https://github.com/vapor/vapor.git from cache (3.32s)
[34106/85265] Fetching swift-nio
Fetched https://github.com/apple/swift-nio.git from cache (4.17s)
Computing version for https://github.com/vapor/queues.git
Computed https://github.com/vapor/queues.git at 1.18.0 (7.00s)
Fetching https://github.com/apple/swift-metrics.git
[1/3451] Fetching swift-metrics
Fetched https://github.com/apple/swift-metrics.git from cache (1.61s)
Computing version for https://github.com/mcrich23/vapordevicecheck.git
Computed https://github.com/mcrich23/vapordevicecheck.git at 1.1.5 (1.84s)
Computing version for https://github.com/vapor/jwt.git
Computed https://github.com/vapor/jwt.git at 5.1.2 (0.19s)
Computing version for https://github.com/vapor/fluent.git
Computed https://github.com/vapor/fluent.git at 4.13.0 (0.15s)
Fetching https://github.com/vapor/fluent-kit.git
[1/13968] Fetching fluent-kit
Fetched https://github.com/vapor/fluent-kit.git from cache (0.73s)
Computing version for https://github.com/vapor/jwt-kit.git
Computed https://github.com/vapor/jwt-kit.git at 5.2.0 (0.15s)
Fetching https://github.com/apple/swift-certificates.git
Fetching https://github.com/apple/swift-log.git
[1/7953] Fetching swift-log
[7954/15404] Fetching swift-log, swift-certificates
Fetched https://github.com/apple/swift-certificates.git from cache (0.65s)
Fetched https://github.com/apple/swift-log.git from cache (0.65s)
Computing version for https://github.com/vapor/fluent-postgres-driver.git
Computed https://github.com/vapor/fluent-postgres-driver.git at 2.12.0 (0.80s)
Fetching https://github.com/vapor/postgres-kit.git
Fetching https://github.com/vapor/async-kit.git
[1/2504] Fetching async-kit
[2280/8017] Fetching async-kit, postgres-kit
Fetched https://github.com/vapor/async-kit.git from cache (0.56s)
Fetched https://github.com/vapor/postgres-kit.git from cache (0.56s)
Computing version for https://github.com/vapor/async-kit.git
Computed https://github.com/vapor/async-kit.git at 1.22.0 (0.82s)
Fetching https://github.com/apple/swift-algorithms.git
Fetching https://github.com/apple/swift-collections.git
[1/6093] Fetching swift-algorithms
[6094/32673] Fetching swift-algorithms, swift-collections
Fetched https://github.com/apple/swift-algorithms.git from cache (1.62s)
Fetched https://github.com/apple/swift-collections.git from cache (1.64s)
Computing version for https://github.com/apple/swift-algorithms.git
Computed https://github.com/apple/swift-algorithms.git at 1.2.1 (1.90s)
Fetching https://github.com/apple/swift-numerics.git
[1/6554] Fetching swift-numerics
Fetched https://github.com/apple/swift-numerics.git from cache (0.66s)
Computing version for https://github.com/vapor/postgres-kit.git
Computed https://github.com/vapor/postgres-kit.git at 2.16.1 (0.95s)
Fetching https://github.com/vapor/postgres-nio.git
Fetching https://github.com/vapor/sql-kit.git
[1/14591] Fetching postgres-nio
[14592/20949] Fetching postgres-nio, sql-kit
Fetched https://github.com/vapor/postgres-nio.git from cache (0.96s)
[64/6358] Fetching sql-kit
Fetched https://github.com/vapor/sql-kit.git from cache (2.79s)
Computing version for https://github.com/vapor/sql-kit.git
Computed https://github.com/vapor/sql-kit.git at 3.36.0 (3.08s)
Computing version for https://github.com/apple/swift-collections.git
Computed https://github.com/apple/swift-collections.git at 1.6.0 (0.38s)
Computing version for https://github.com/apple/swift-numerics.git
Computed https://github.com/apple/swift-numerics.git at 1.1.1 (0.17s)
Computing version for https://github.com/vapor/postgres-nio.git
Computed https://github.com/vapor/postgres-nio.git at 1.33.1 (0.17s)
Fetching https://github.com/apple/swift-nio-transport-services.git
Fetching https://github.com/apple/swift-atomics.git
Fetching https://github.com/swift-server/swift-service-lifecycle.git
Fetching https://github.com/apple/swift-nio-ssl.git
[1/2811] Fetching swift-service-lifecycle
[2/5671] Fetching swift-service-lifecycle, swift-nio-transport-services
[5672/7547] Fetching swift-service-lifecycle, swift-nio-transport-services, swift-atomics
[6986/23374] Fetching swift-service-lifecycle, swift-nio-transport-services, swift-atomics, swift-nio-ssl
Fetched https://github.com/apple/swift-nio-transport-services.git from cache (1.62s)
Fetched https://github.com/swift-server/swift-service-lifecycle.git from cache (1.62s)
Fetched https://github.com/apple/swift-atomics.git from cache (1.63s)
Fetched https://github.com/apple/swift-nio-ssl.git from cache (1.64s)
Computing version for https://github.com/apple/swift-atomics.git
Computed https://github.com/apple/swift-atomics.git at 1.3.1 (1.86s)
Computing version for https://github.com/vapor/fluent-kit.git
Computed https://github.com/vapor/fluent-kit.git at 1.57.0 (0.29s)
Fetching https://github.com/apple/swift-service-context.git
Fetching https://github.com/apple/swift-distributed-tracing.git
[1/5938] Fetching swift-distributed-tracing
Fetched https://github.com/apple/swift-distributed-tracing.git from cache (0.81s)
[1/1311] Fetching swift-service-context
Fetched https://github.com/apple/swift-service-context.git from cache (1.00s)
Computing version for https://github.com/apple/swift-distributed-tracing.git
Computed https://github.com/apple/swift-distributed-tracing.git at 1.4.1 (1.22s)
Computing version for https://github.com/swift-server/swift-service-lifecycle.git
Computed https://github.com/swift-server/swift-service-lifecycle.git at 2.11.0 (0.22s)
Fetching https://github.com/apple/swift-async-algorithms.git
[1/6655] Fetching swift-async-algorithms
Fetched https://github.com/apple/swift-async-algorithms.git from cache (1.26s)
Computing version for https://github.com/apple/swift-async-algorithms.git
Computed https://github.com/apple/swift-async-algorithms.git at 1.1.5 (1.47s)
Computing version for https://github.com/apple/swift-service-context.git
Computed https://github.com/apple/swift-service-context.git at 1.3.0 (0.15s)
Computing version for https://github.com/apple/swift-log.git
Computed https://github.com/apple/swift-log.git at 1.15.0 (0.16s)
Computing version for https://github.com/apple/swift-nio.git
Computed https://github.com/apple/swift-nio.git at 2.101.3 (0.34s)
Fetching https://github.com/apple/swift-system.git
[1/6677] Fetching swift-system
Fetched https://github.com/apple/swift-system.git from cache (0.66s)
Computing version for https://github.com/apple/swift-metrics.git
Computed https://github.com/apple/swift-metrics.git at 2.11.0 (0.81s)
Computing version for https://github.com/vapor/vapor.git
Computed https://github.com/vapor/vapor.git at 4.122.0 (0.17s)
Fetching https://github.com/vapor/websocket-kit.git
Fetching https://github.com/apple/swift-nio-http2.git
Fetching https://github.com/apple/swift-asn1.git
Fetching https://github.com/vapor/multipart-kit.git
Fetching https://github.com/vapor/console-kit.git
Fetching https://github.com/apple/swift-nio-extras.git
[1/1914] Fetching swift-asn1
[423/8560] Fetching swift-asn1, swift-nio-extras
[558/12570] Fetching swift-asn1, swift-nio-extras, multipart-kit
[3105/15240] Fetching swift-asn1, swift-nio-extras, multipart-kit, websocket-kit
[4729/21955] Fetching swift-asn1, swift-nio-extras, multipart-kit, websocket-kit, console-kit
Fetched https://github.com/vapor/websocket-kit.git from cache (0.52s)
Fetching https://github.com/vapor/routing-kit.git
Fetched https://github.com/apple/swift-nio-extras.git from cache (0.59s)
Fetched https://github.com/vapor/console-kit.git from cache (0.59s)
[3560/18136] Fetching swift-asn1, multipart-kit, swift-nio-http2
[15772/39581] Fetching swift-asn1, multipart-kit, swift-nio-http2, routing-kit
Fetched https://github.com/apple/swift-nio-http2.git from cache (1.00s)
[4323/27369] Fetching swift-asn1, multipart-kit, routing-kit
Fetched https://github.com/apple/swift-asn1.git from cache (1.10s)
[20309/25455] Fetching multipart-kit, routing-kit
Fetched https://github.com/vapor/multipart-kit.git from cache (1.12s)
[16513/21445] Fetching routing-kit
Fetched https://github.com/vapor/routing-kit.git from cache (0.76s)
Computing version for https://github.com/vapor/routing-kit.git
Computed https://github.com/vapor/routing-kit.git at 4.9.3 (1.43s)
Computing version for https://github.com/vapor/websocket-kit.git
Computed https://github.com/vapor/websocket-kit.git at 2.16.2 (0.15s)
Computing version for https://github.com/apple/swift-nio-ssl.git
Computed https://github.com/apple/swift-nio-ssl.git at 2.37.2 (0.18s)
Computing version for https://github.com/vapor/console-kit.git
Computed https://github.com/vapor/console-kit.git at 4.16.0 (0.15s)
Computing version for https://github.com/apple/swift-certificates.git
Computed https://github.com/apple/swift-certificates.git at 1.19.4 (0.92s)
Computing version for https://github.com/apple/swift-crypto
Computed https://github.com/apple/swift-crypto at 3.15.1 (0.41s)
Computing version for https://github.com/apple/swift-asn1.git
Computed https://github.com/apple/swift-asn1.git at 1.7.1 (0.18s)
Computing version for https://github.com/vapor/multipart-kit.git
Computed https://github.com/vapor/multipart-kit.git at 4.7.1 (0.15s)
Computing version for https://github.com/apple/swift-nio-transport-services.git
Computed https://github.com/apple/swift-nio-transport-services.git at 1.28.0 (0.32s)
Computing version for https://github.com/swift-server/async-http-client.git
Computed https://github.com/swift-server/async-http-client.git at 1.36.0 (0.45s)
Fetching https://github.com/apple/swift-configuration.git
[1/3648] Fetching swift-configuration
Fetched https://github.com/apple/swift-configuration.git from cache (0.87s)
Computing version for https://github.com/apple/swift-configuration.git
Computed https://github.com/apple/swift-configuration.git at 1.2.0 (1.19s)
Computing version for https://github.com/apple/swift-nio-http2.git
Computed https://github.com/apple/swift-nio-http2.git at 1.45.0 (0.29s)
Computing version for https://github.com/apple/swift-system.git
Computed https://github.com/apple/swift-system.git at 1.8.0 (0.53s)
Computing version for https://github.com/apple/swift-nio-extras.git
Computed https://github.com/apple/swift-nio-extras.git at 1.34.3 (1.16s)
Fetching https://github.com/apple/swift-http-structured-headers.git
Fetching https://github.com/apple/swift-http-types.git
[1/1229] Fetching swift-http-types
[1230/2482] Fetching swift-http-types, swift-http-structured-headers
Fetched https://github.com/apple/swift-http-types.git from cache (1.32s)
Fetched https://github.com/apple/swift-http-structured-headers.git from cache (1.32s)
Computing version for https://github.com/apple/swift-http-types.git
Computed https://github.com/apple/swift-http-types.git at 1.6.0 (1.48s)
Computing version for https://github.com/apple/swift-http-structured-headers.git
Computed https://github.com/apple/swift-http-structured-headers.git at 1.7.0 (0.15s)
Creating working copy for https://github.com/vapor/routing-kit.git
Working copy of https://github.com/vapor/routing-kit.git resolved at 4.9.3
Creating working copy for https://github.com/vapor/postgres-nio.git
Working copy of https://github.com/vapor/postgres-nio.git resolved at 1.33.1
Creating working copy for https://github.com/vapor/sql-kit.git
Working copy of https://github.com/vapor/sql-kit.git resolved at 3.36.0
Creating working copy for https://github.com/apple/swift-collections.git
Working copy of https://github.com/apple/swift-collections.git resolved at 1.6.0
Creating working copy for https://github.com/apple/swift-crypto
Working copy of https://github.com/apple/swift-crypto resolved at 3.15.1
Creating working copy for https://github.com/vapor/async-kit.git
Working copy of https://github.com/vapor/async-kit.git resolved at 1.22.0
Creating working copy for https://github.com/apple/swift-http-structured-headers.git
Working copy of https://github.com/apple/swift-http-structured-headers.git resolved at 1.7.0
Creating working copy for https://github.com/vapor/vapor.git
Working copy of https://github.com/vapor/vapor.git resolved at 4.122.0
Creating working copy for https://github.com/mcrich23/google-cloud-kit.git
Working copy of https://github.com/mcrich23/google-cloud-kit.git resolved at main (5284733)
Creating working copy for https://github.com/apple/swift-metrics.git
Working copy of https://github.com/apple/swift-metrics.git resolved at 2.11.0
Creating working copy for https://github.com/apple/swift-distributed-tracing.git
Working copy of https://github.com/apple/swift-distributed-tracing.git resolved at 1.4.1
Creating working copy for https://github.com/vapor/fluent.git
Working copy of https://github.com/vapor/fluent.git resolved at 4.13.0
Creating working copy for https://github.com/apple/swift-configuration.git
Working copy of https://github.com/apple/swift-configuration.git resolved at 1.2.0
Creating working copy for https://github.com/vapor/queues.git
Working copy of https://github.com/vapor/queues.git resolved at 1.18.0
Creating working copy for https://github.com/apple/swift-service-context.git
Working copy of https://github.com/apple/swift-service-context.git resolved at 1.3.0
Creating working copy for https://github.com/apple/swift-async-algorithms.git
Working copy of https://github.com/apple/swift-async-algorithms.git resolved at 1.1.5
Creating working copy for https://github.com/apple/swift-certificates.git
Working copy of https://github.com/apple/swift-certificates.git resolved at 1.19.4
Creating working copy for https://github.com/apple/swift-atomics.git
Working copy of https://github.com/apple/swift-atomics.git resolved at 1.3.1
Creating working copy for https://github.com/apple/swift-nio-extras.git
Working copy of https://github.com/apple/swift-nio-extras.git resolved at 1.34.3
Creating working copy for https://github.com/apple/swift-nio.git
Working copy of https://github.com/apple/swift-nio.git resolved at 2.101.3
Creating working copy for https://github.com/apple/swift-http-types.git
Working copy of https://github.com/apple/swift-http-types.git resolved at 1.6.0
Creating working copy for https://github.com/apple/swift-numerics.git
Working copy of https://github.com/apple/swift-numerics.git resolved at 1.1.1
Creating working copy for https://github.com/vapor/jwt-kit.git
Working copy of https://github.com/vapor/jwt-kit.git resolved at 5.2.0
Creating working copy for https://github.com/swift-server/swift-service-lifecycle.git
Working copy of https://github.com/swift-server/swift-service-lifecycle.git resolved at 2.11.0
Creating working copy for https://github.com/swift-server/async-http-client.git
Working copy of https://github.com/swift-server/async-http-client.git resolved at 1.36.0
Creating working copy for https://github.com/apple/swift-system.git
Working copy of https://github.com/apple/swift-system.git resolved at 1.8.0
Creating working copy for https://github.com/vapor/fluent-postgres-driver.git
Working copy of https://github.com/vapor/fluent-postgres-driver.git resolved at 2.12.0
Creating working copy for https://github.com/apple/swift-algorithms.git
Working copy of https://github.com/apple/swift-algorithms.git resolved at 1.2.1
Creating working copy for https://github.com/apple/swift-nio-ssl.git
Working copy of https://github.com/apple/swift-nio-ssl.git resolved at 2.37.2
Creating working copy for https://github.com/apple/swift-nio-transport-services.git
Working copy of https://github.com/apple/swift-nio-transport-services.git resolved at 1.28.0
Creating working copy for https://github.com/vapor/websocket-kit.git
Working copy of https://github.com/vapor/websocket-kit.git resolved at 2.16.2
Creating working copy for https://github.com/apple/swift-asn1.git
Working copy of https://github.com/apple/swift-asn1.git resolved at 1.7.1
Creating working copy for https://github.com/vapor/jwt.git
Working copy of https://github.com/vapor/jwt.git resolved at 5.1.2
Creating working copy for https://github.com/apple/swift-nio-http2.git
Working copy of https://github.com/apple/swift-nio-http2.git resolved at 1.45.0
Creating working copy for https://github.com/vapor/postgres-kit.git
Working copy of https://github.com/vapor/postgres-kit.git resolved at 2.16.1
Creating working copy for https://github.com/apple/swift-log.git
Working copy of https://github.com/apple/swift-log.git resolved at 1.15.0
Creating working copy for https://github.com/vapor/multipart-kit.git
Working copy of https://github.com/vapor/multipart-kit.git resolved at 4.7.1
Creating working copy for https://github.com/mcrich23/vapordevicecheck.git
Working copy of https://github.com/mcrich23/vapordevicecheck.git resolved at 1.1.5
Creating working copy for https://github.com/vapor/fluent-kit.git
Working copy of https://github.com/vapor/fluent-kit.git resolved at 1.57.0
Creating working copy for https://github.com/vapor/console-kit.git
Working copy of https://github.com/vapor/console-kit.git resolved at 4.16.0
warning: 'spi-builder-workspace': found 1 file(s) which are unhandled; explicitly declare them as resources or exclude from the target
    /host/spi-builder-workspace/Sources/ProxLock/Enterprise-Exclusive/LICENSE
warning: 'google-cloud-kit': found 1 file(s) which are unhandled; explicitly declare them as resources or exclude from the target
    /host/spi-builder-workspace/.build/checkouts/google-cloud-kit/Storage/Sources/README.md
warning: 'google-cloud-kit': found 1 file(s) which are unhandled; explicitly declare them as resources or exclude from the target
    /host/spi-builder-workspace/.build/checkouts/google-cloud-kit/SecretManager/Sources/README.md
warning: 'google-cloud-kit': found 1 file(s) which are unhandled; explicitly declare them as resources or exclude from the target
    /host/spi-builder-workspace/.build/checkouts/google-cloud-kit/IAMServiceAccountCredentials/Sources/README.md
warning: 'google-cloud-kit': found 1 file(s) which are unhandled; explicitly declare them as resources or exclude from the target
    /host/spi-builder-workspace/.build/checkouts/google-cloud-kit/Datastore/Sources/README.md
Building for debugging...
[0/959] Compiling a_d2i_fp.cc
[1/959] Compiling aes.cc
[1/959] Write sources
[1/959] Compiling a_i2d_fp.cc
[1/959] Write sources
[11/959] Compiling _NumericsShims _NumericsShims.c
[12/959] Write sources
[32/959] Compiling _AtomicsShims.c
[34/959] Write sources
[79/959] Write swift-version--11D90AFD9DD3AB2.txt
[80/959] Compiling CVaporBcrypt bcrypt.c
[81/959] Compiling CVaporBcrypt blf.c
[82/959] Compiling a_dup.cc
[83/959] Compiling CSystem shims.c
[84/965] Compiling a_gentm.cc
[84/967] Compiling a_bool.cc
[86/984] Compiling a_bitstr.cc
[87/987] Compiling a_int.cc
[89/1046] Emitting module _NIOBase64
[90/1046] Emitting module _NIODataStructures
[91/1046] Compiling SystemPackage Identifiers.swift
[92/1046] Compiling SystemPackage Stat.swift
[93/1048] Compiling Logging MultiplexLogHandler.swift
[94/1048] Compiling Logging StreamLogHandler.swift
[95/1048] Compiling Logging LogHandler.swift
[96/1048] Compiling SystemPackage ErrnoWindows.swift
[97/1048] Compiling RealModule Real.swift
[98/1048] Compiling ServiceContextModule ServiceContextKey.swift
[99/1049] Compiling Logging LoggingSystem.swift
[100/1050] Compiling RealModule RealFunctions.swift
[101/1050] Compiling _CertificateInternals _TinyArray.swift
[102/1050] Emitting module _CertificateInternals
[103/1051] Compiling Logging SwiftLogNoOpLogHandler.swift
[104/1051] Compiling Logging Locks.swift
[105/1051] Compiling Logging LogEvent.swift
[108/1051] Compiling Logging Logger+Attributes.swift
[109/1051] Emitting module RealModule
[110/1051] Compiling RealModule RelaxedArithmetic.swift
[111/1051] Compiling _NIODataStructures Heap.swift
[117/1051] Compiling _NIODataStructures _TinyArray.swift
[118/1051] Compiling _NIODataStructures PriorityQueue.swift
[119/1051] Compiling RealModule Float80+Real.swift
[120/1070] Emitting module ServiceContextModule
[122/1070] Compiling ServiceContextModule ServiceContext.swift
[123/1070] Compiling InternalCollectionsUtilities Descriptions.swift
[124/1070] Compiling InternalCollectionsUtilities FixedWidthInteger+roundUpToPowerOfTwo.swift
[125/1070] Compiling InternalCollectionsUtilities UnsafeBufferPointer+Extras.swift
[127/1071] Compiling InternalCollectionsUtilities UInt+first and last set bit.swift
[128/1071] Compiling InternalCollectionsUtilities UInt+reversed.swift
[129/1071] Compiling RealModule Float16+Real.swift
[130/1077] Compiling _NIOBase64 Base64.swift
[131/1077] Compiling Logging Logger+With.swift
[132/1077] Compiling Logging Logger.swift
[135/1078] Compiling InternalCollectionsUtilities UnsafeMutableRawBufferPointer+Extras.swift
[136/1078] Compiling InternalCollectionsUtilities UnsafeRawBufferPointer+Extras.swift
[137/1086] Compiling CoreMetrics WithMetricsFactory.swift
[138/1086] Compiling InternalCollectionsUtilities _SortedCollection.swift
[139/1086] Compiling InternalCollectionsUtilities _UniqueCollection.swift
[140/1086] Compiling InternalCollectionsUtilities LifetimeOverride.swift
[141/1086] Compiling InternalCollectionsUtilities RandomAccessCollection+Offsets.swift
[142/1086] Compiling InternalCollectionsUtilities Span+Extras.swift
[142/1086] Wrapping AST for _NIODataStructures for debugging
[143/1089] Wrapping AST for _NIOBase64 for debugging
[144/1089] Wrapping AST for _CertificateInternals for debugging
[146/1089] Emitting module ConcurrencyHelpers
[147/1089] Compiling Instrumentation NoOpInstrument.swift
[148/1089] Emitting module Instrumentation
[149/1089] Emitting module SwiftASN1
[149/1089] Wrapping AST for ServiceContextModule for debugging
[151/1089] Compiling ConcurrencyHelpers LockedValueBox.swift
[152/1089] Compiling Instrumentation MultiplexInstrument.swift
[152/1089] Wrapping AST for RealModule for debugging
[153/1089] Compiling CNIOWindows shim.c
[154/1089] Compiling CNIOWindows WSAStartup.c
[155/1089] Compiling CNIOWASI CNIOWASI.c
[156/1089] Compiling CNIOSHA1 c_nio_sha1.c
[158/1089] Compiling InternalCollectionsUtilities Debugging.swift
[161/1089] Compiling InternalCollectionsUtilities Integer rank.swift
[163/1089] Compiling CNIOPosix event_loop_id.c
[164/1089] Compiling CNIOOpenBSD shim.c
[165/1089] Compiling CNIOLinux shim.c
[166/1089] Compiling CNIOLinux liburing_shims.c
[168/1089] Emitting module InternalCollectionsUtilities
[171/1089] Compiling InternalCollectionsUtilities _UnsafeBitSet+_Word.swift
[172/1089] Compiling InternalCollectionsUtilities _UnsafeBitSet.swift
[174/1089] Compiling InternalCollectionsUtilities UnsafeMutableBufferPointer+Extras.swift
[175/1089] Compiling InternalCollectionsUtilities String+Padding.swift
[176/1089] Compiling InternalCollectionsUtilities _UnsafeBitSet+Index.swift
[177/1090] Compiling CNIOLLHTTP c_nio_llhttp.c
[178/1090] Compiling CNIOLLHTTP c_nio_http.c
[180/1217] Compiling CoreMetrics Metrics.swift
[181/1217] Compiling CoreMetrics MappingMetricsFactory.swift
[182/1217] Compiling _RopeModule BigString+Chunk+Counts.swift
[183/1217] Compiling _RopeModule BigString+Chunk+Description.swift
[184/1217] Compiling _RopeModule BigString+Chunk+Index.swift
[185/1217] Compiling _RopeModule BigString+Chunk+RopeElement.swift
[186/1217] Compiling _RopeModule BigString+Chunk+Splitting.swift
[187/1217] Compiling _RopeModule BigString+Chunk+UTF16.swift
[188/1217] Compiling _RopeModule BigString+Chunk+UTF8.swift
[189/1217] Compiling _RopeModule BigString+Chunk+UnicodeScalar.swift
[190/1224] Compiling _RopeModule _RopeItem.swift
[191/1224] Compiling _RopeModule _RopePath.swift
[192/1224] Compiling _RopeModule BigString+UTF16View.swift
[193/1224] Compiling _RopeModule BigString+UTF8View.swift
[194/1224] Compiling _RopeModule BigString+UnicodeScalarView.swift
[195/1224] Compiling _RopeModule BigSubstring+UTF16View.swift
[196/1224] Compiling _RopeModule BigSubstring+UTF8View.swift
[197/1224] Compiling _RopeModule BigSubstring+UnicodeScalarView.swift
[198/1224] Compiling _RopeModule BigString+Debugging.swift
[199/1224] Compiling _RopeModule BigString+Index.swift
[200/1224] Compiling _RopeModule BigString+Chunk+Character.swift
[205/1224] Compiling _RopeModule BigString+RemoveSubrange.swift
[206/1224] Compiling _RopeModule BigString+ReplaceSubrange.swift
[207/1224] Compiling _RopeModule BigString+Split.swift
[208/1224] Compiling _RopeModule Range+BigString.swift
[209/1224] Compiling _RopeModule BigString+Chunk+Breaks.swift
[210/1224] Compiling _RopeModule BigString+Builder.swift
[211/1224] Compiling _RopeModule BigString+Contents.swift
[212/1224] Emitting module Logging
[213/1224] Compiling Instrumentation InstrumentationSystem.swift
[214/1227] Compiling Instrumentation Instrument.swift
[215/1228] Compiling Instrumentation Locks.swift
[216/1229] Compiling Logging MetadataProvider.swift
[217/1230] Compiling _RopeModule BigString+BidirectionalCollection.swift
[218/1230] Compiling _RopeModule BigString+Comparable.swift
[219/1230] Compiling _RopeModule BigString+CustomDebugStringConvertible.swift
[220/1230] Compiling _RopeModule BigString+CustomStringConvertible.swift
[221/1230] Compiling _RopeModule BigString+Equatable.swift
[222/1231] Compiling _RopeModule BigString+TextOutputStream.swift
[223/1231] Compiling _RopeModule BigString+Append.swift
[224/1231] Compiling _RopeModule BigString+Initializers.swift
[225/1231] Compiling _RopeModule BigString+Insert.swift
[226/1231] Compiling _RopeModule BigString+Managing Breaks.swift
[229/1231] Compiling _RopeModule BigString+Chunk.swift
[231/1231] Compiling CoreMetrics Locks.swift
[238/1231] Emitting module CoreMetrics
[243/1233] Compiling _RopeModule BigString+ExpressibleByStringLiteral.swift
[244/1233] Compiling _RopeModule BigString+Hashing.swift
[245/1233] Compiling _RopeModule BigString+LosslessStringConvertible.swift
[246/1233] Compiling _RopeModule BigString+RangeReplaceableCollection.swift
[247/1233] Compiling _RopeModule BigString+Sequence.swift
[248/1233] Compiling _RopeModule BigString+Invariants.swift
[249/1233] Compiling _RopeModule BigString+Metrics.swift
[250/1233] Compiling _RopeModule BigString+Summary.swift
[251/1233] Compiling _RopeModule BigString.swift
[252/1233] Compiling _RopeModule BigString+Chunk+Append and Insert.swift
[254/1233] Emitting module SystemPackage
[259/1233] Compiling _RopeModule BigString+Ingester.swift
[261/1233] Compiling ConcurrencyHelpers Lock.swift
[264/1257] Compiling HeapModule Heap+Descriptions.swift
[281/1257] Compiling HeapModule Heap+ExpressibleByArrayLiteral.swift
[282/1333] Compiling HeapModule Heap+Invariants.swift
[283/1333] Compiling HeapModule _HeapNode.swift
[284/1333] Compiling HeapModule Heap+UnsafeHandle.swift
[285/1333] Compiling HeapModule Heap.swift
[286/1333] Compiling HashTreeCollections _HashNode+Primitive Insertions.swift
[287/1333] Compiling HashTreeCollections _HashTreeIterator.swift
[288/1333] Compiling HashTreeCollections _HashTreeStatistics.swift
[289/1333] Compiling HashTreeCollections _RawHashNode+UnsafeHandle.swift
[290/1333] Compiling HashTreeCollections _RawHashNode.swift
[291/1333] Compiling HashTreeCollections _UnmanagedHashNode.swift
[292/1333] Compiling HashTreeCollections _UnsafePath.swift
[293/1333] Compiling HashTreeCollections TreeDictionary+Codable.swift
[294/1333] Compiling HashTreeCollections TreeDictionary+Collection.swift
[295/1333] Compiling HashTreeCollections TreeDictionary+CustomReflectable.swift
[296/1333] Compiling HashTreeCollections TreeDictionary+Debugging.swift
[297/1333] Compiling HashTreeCollections TreeDictionary+Descriptions.swift
[298/1333] Compiling HashTreeCollections _HashNode+Primitive Removals.swift
[299/1333] Compiling HashTreeCollections _HashNode+Primitive Replacement.swift
[300/1333] Compiling HashTreeCollections _HashNode+Storage.swift
[301/1333] Compiling HashTreeCollections _HashNode+Structural compactMapValues.swift
[302/1333] Compiling HashTreeCollections _HashNode+Structural filter.swift
[303/1333] Compiling HashTreeCollections _HashNode+Structural intersection.swift
[304/1333] Compiling HashTreeCollections _HashNode+Structural isDisjoint.swift
[305/1333] Compiling HashTreeCollections _HashNode+Structural isEqualSet.swift
[306/1342] Compiling Tracing TracingTime.swift
[307/1342] Compiling HashTreeCollections TreeSet+Codable.swift
[308/1342] Compiling HashTreeCollections TreeSet+Collection.swift
[309/1342] Compiling HashTreeCollections TreeSet+CustomReflectable.swift
[310/1342] Compiling HashTreeCollections TreeSet+Debugging.swift
[311/1342] Compiling HashTreeCollections TreeSet+Descriptions.swift
[312/1342] Compiling HashTreeCollections TreeSet+Equatable.swift
[313/1342] Compiling HashTreeCollections TreeSet+ExpressibleByArrayLiteral.swift
[314/1342] Emitting module HeapModule
[315/1343] Compiling Tracing TracerProtocol+Legacy.swift
[317/1343] Compiling Tracing TracerProtocol.swift
[318/1343] Compiling Tracing Tracer.swift
[319/1343] Compiling HashTreeCollections _HashNode.swift
[320/1343] Compiling HashTreeCollections _HashNodeHeader.swift
[321/1343] Compiling HashTreeCollections _HashSlot.swift
[322/1343] Compiling HashTreeCollections _HashStack.swift
[323/1343] Compiling HashTreeCollections TreeDictionary+Equatable.swift
[324/1343] Compiling HashTreeCollections TreeDictionary+ExpressibleByDictionaryLiteral.swift
[325/1343] Compiling HashTreeCollections TreeDictionary+Filter.swift
[326/1343] Compiling HashTreeCollections TreeDictionary+Hashable.swift
[327/1343] Compiling Metrics Metrics.swift
[328/1343] Emitting module Metrics
[330/1347] Compiling HashTreeCollections _AncestorHashSlots.swift
[331/1347] Compiling HashTreeCollections _Bitmap.swift
[332/1347] Compiling HashTreeCollections _Bucket.swift
[333/1347] Compiling HashTreeCollections _Hash.swift
[334/1347] Compiling HashTreeCollections _HashLevel.swift
[335/1347] Compiling HashTreeCollections _HashNode+Builder.swift
[336/1347] Compiling HashTreeCollections _HashNode+Debugging.swift
[337/1347] Compiling HashTreeCollections _HashNode+Initializers.swift
[338/1383] Compiling HashTreeCollections TreeSet+Hashable.swift
[339/1383] Compiling HashTreeCollections TreeSet+Sendable.swift
[340/1383] Compiling HashTreeCollections TreeSet+Sequence.swift
[341/1383] Compiling HashTreeCollections TreeSet+SetAlgebra Initializers.swift
[342/1383] Compiling _RopeModule Rope+Join.swift
[343/1383] Compiling _RopeModule Rope+MutatingForEach.swift
[344/1383] Compiling _RopeModule Rope+Remove.swift
[345/1383] Compiling _RopeModule Rope+RemoveSubrange.swift
[346/1383] Compiling _RopeModule Rope+Split.swift
[347/1383] Compiling _RopeModule Optional Utilities.swift
[348/1393] Compiling Tracing SpanProtocol.swift
[349/1393] Compiling Tracing NoOpTracer.swift
[350/1393] Compiling Tracing InstrumentationSystem+Tracing.swift
[351/1393] Emitting module Tracing
[353/1394] Compiling ContainersPreview Container+SpanwiseZip.swift
[354/1394] Compiling ContainersPreview Container.swift
[355/1394] Compiling ContainersPreview ContainerIterator.swift
[356/1394] Compiling ContainersPreview DynamicContainer.swift
[357/1394] Compiling ContainersPreview MutableContainer.swift
[358/1394] Compiling ContainersPreview Drain+Map.swift
[359/1394] Compiling ContainersPreview Drain+Reduce.swift
[360/1394] Compiling ContainersPreview Drain.swift
[361/1394] Compiling ContainersPreview Producer+Collect.swift
[362/1394] Compiling ContainersPreview Producer+Filter.swift
[363/1398] Compiling ContainersPreview BorrowingSequence+Standard Conformances.swift
[364/1398] Compiling ContainersPreview BorrowingSequence+Utilities.swift
[365/1398] Compiling ContainersPreview BorrowingSequence.swift
[366/1398] Compiling ContainersPreview BidirectionalContainer.swift
[367/1398] Compiling ContainersPreview Container+Filter.swift
[368/1398] Emitting module UnixSignals
[369/1398] Compiling ContainersPreview Producer+Map.swift
[370/1398] Compiling ContainersPreview Producer+Reduce.swift
[371/1398] Compiling ContainersPreview Producer.swift
[372/1398] Compiling ContainersPreview InputSpan.swift
[373/1398] Compiling ContainersPreview MutableRef.swift
[374/1398] Compiling ContainersPreview PermutableContainer.swift
[375/1398] Compiling ContainersPreview RandomAccessContainer.swift
[376/1398] Compiling ContainersPreview RangeExpression2.swift
[377/1398] Compiling ContainersPreview RangeReplaceableContainer.swift
[378/1398] Compiling ContainersPreview Strideable+Limits.swift
[378/1398] Wrapping AST for Tracing for debugging
[380/1398] Compiling ContainersPreview Ref.swift
[381/1398] Compiling ContainersPreview Shared.swift
[382/1398] Compiling ContainersPreview SpanIterator.swift
[383/1398] Compiling ContainersPreview UniqueBox.swift
[383/1398] Wrapping AST for SwiftASN1 for debugging
[385/1398] Emitting module ContainersPreview
[386/1398] Compiling ContainersPreview BorrowingIteratorProtocol+Map.swift
[387/1398] Compiling ContainersPreview BorrowingIteratorProtocol+Reduce.swift
[388/1398] Compiling ContainersPreview BorrowingIteratorProtocol+SpanwiseZip.swift
[389/1398] Compiling ContainersPreview BorrowingIteratorProtocol.swift
[390/1398] Compiling ContainersPreview BorrowingSequence+Algorithms.swift
[391/1398] Compiling ContainersPreview OutputSpan+Extras.swift
[392/1398] Compiling ContainersPreview TemporaryAllocation.swift
[393/1398] Compiling ContainersPreview BorrowingIteratorProtocol+Copy.swift
[394/1398] Compiling ContainersPreview BorrowingIteratorProtocol+ElementsEqual.swift
[395/1398] Compiling ContainersPreview BorrowingIteratorProtocol+Filter.swift
[395/1399] Wrapping AST for Metrics for debugging
[397/1399] Wrapping AST for Logging for debugging
[399/1399] Compiling UnixSignals UnixSignalsSequence.swift
[400/1399] Compiling UnixSignals UnixSignal.swift
[401/1400] Compiling HashTreeCollections TreeDictionary.swift
[409/1400] Compiling HashTreeCollections TreeSet+Extras.swift
[410/1400] Compiling HashTreeCollections TreeSet+Filter.swift
[410/1400] Wrapping AST for InternalCollectionsUtilities for debugging
[412/1400] Wrapping AST for Instrumentation for debugging
[413/1401] Wrapping AST for UnixSignals for debugging
[423/1405] Compiling HashTreeCollections TreeDictionary+Initializers.swift
[424/1405] Compiling HashTreeCollections TreeDictionary+Keys.swift
[425/1405] Compiling DequeModule Deque+Codable.swift
[426/1405] Compiling DequeModule Deque+Collection.swift
[427/1405] Compiling DequeModule Deque+CustomReflectable.swift
[428/1405] Compiling DequeModule Deque+Descriptions.swift
[444/1405] Compiling HashTreeCollections _HashNode+UnsafeHandle.swift
[445/1412] Emitting module _RopeModule
[445/1412] Wrapping AST for HeapModule for debugging
[452/1416] Compiling HashTreeCollections TreeDictionary+MapValues.swift
[453/1416] Compiling HashTreeCollections TreeDictionary+Merge.swift
[454/1416] Compiling HashTreeCollections TreeDictionary+Sendable.swift
[455/1416] Compiling HashTreeCollections TreeDictionary+Sequence.swift
[456/1416] Compiling HashTreeCollections TreeDictionary+Values.swift
[457/1441] Wrapping AST for CoreMetrics for debugging
[459/1441] Compiling DequeModule UniqueDeque+Deprecated.swift
[460/1441] Compiling DequeModule UniqueDeque+Descriptions.swift
[461/1441] Compiling DequeModule UniqueDeque+Equatable.swift
[462/1441] Compiling DequeModule UniqueDeque+Experimental.swift
[463/1441] Wrapping AST for ContainersPreview for debugging
[465/1442] Wrapping AST for ConcurrencyHelpers for debugging
[466/1442] Compiling CNIOFreeBSD shim.c
[468/1442] Emitting module OrderedCollections
[468/1442] Compiling CNIOExtrasZlib zutil.c
[469/1443] Compiling CNIOLLHTTP c_nio_api.c
[470/1443] Wrapping AST for SystemPackage for debugging
[472/1443] Compiling CNIOExtrasZlib inflate.c
[473/1443] Compiling CNIOExtrasZlib trees.c
[474/1443] Compiling CNIOExtrasZlib inffast.c
[476/1443] Compiling DequeModule UniqueDeque+Container.swift
[480/1447] Compiling CNIOExtrasZlib inftrees.c
[481/1448] Wrapping AST for OrderedCollections for debugging
[482/1448] Compiling CNIODarwin shim.c
[484/1448] Compiling HashTreeCollections TreeSet+SetAlgebra isEqualSet.swift
[485/1448] Compiling HashTreeCollections TreeSet+SetAlgebra isStrictSubset.swift
[486/1448] Compiling HashTreeCollections TreeSet+SetAlgebra isStrictSuperset.swift
[487/1448] Compiling HashTreeCollections TreeSet+SetAlgebra isSubset.swift
[488/1448] Compiling HashTreeCollections TreeSet+SetAlgebra isSuperset.swift
[489/1448] Compiling HashTreeCollections TreeSet+SetAlgebra subtract.swift
[490/1448] Compiling HashTreeCollections TreeSet+SetAlgebra subtracting.swift
[491/1448] Compiling HashTreeCollections TreeSet+SetAlgebra symmetricDifference.swift
[492/1448] Compiling HashTreeCollections TreeSet+SetAlgebra union.swift
[493/1448] Compiling HashTreeCollections TreeSet.swift
[493/1448] Compiling CNIOExtrasZlib crc32.c
[494/1448] Compiling CNIOExtrasZlib adler32.c
[495/1448] Compiling fiat_p256_adx_mul.S
[495/1448] Compiling fiat_p256_adx_sqr.S
[497/1448] Compiling CNIOExtrasZlib deflate.c
[499/1448] Compiling DequeModule RigidDeque+Removals.swift
[500/1448] Compiling DequeModule RigidDeque+Replacements.swift
[501/1448] Compiling DequeModule RigidDeque+Testing.swift
[502/1448] Compiling DequeModule RigidDeque.swift
[503/1448] Compiling DequeModule UniqueDeque+Append.swift
[504/1448] Compiling DequeModule UniqueDeque+Consumption.swift
[505/1448] Compiling DequeModule UniqueDeque+Hashable.swift
[506/1448] Compiling DequeModule UniqueDeque+Initializers.swift
[507/1448] Compiling DequeModule UniqueDeque+Insertions.swift
[508/1448] Compiling DequeModule UniqueDeque+Prepend.swift
[509/1448] Compiling DequeModule UniqueDeque+Removals.swift
[509/1448] Compiling fiat_curve25519_adx_mul.S
[510/1448] Compiling fiat_curve25519_adx_square.S
[512/1448] Compiling DequeModule _DequeBuffer.swift
[513/1448] Compiling DequeModule _DequeBufferHeader.swift
[514/1448] Compiling DequeModule RigidDeque+Append.swift
[515/1448] Compiling DequeModule RigidDeque+Consumption.swift
[516/1448] Compiling DequeModule RigidDeque+Container.swift
[517/1448] Compiling DequeModule RigidDeque+Descriptions.swift
[518/1448] Compiling DequeModule RigidDeque+Equatable.swift
[519/1448] Compiling DequeModule RigidDeque+Experimental.swift
[520/1448] Compiling DequeModule RigidDeque+Hashable.swift
[521/1448] Compiling DequeModule RigidDeque+Initializers.swift
[522/1448] Compiling DequeModule RigidDeque+Insertions.swift
[523/1448] Compiling DequeModule RigidDeque+Prepend.swift
[523/1448] Compiling CNIOBoringSSLShims shims.c
[532/1448] Compiling DequeModule Deque+Extras.swift
[533/1448] Compiling DequeModule Deque+Hashable.swift
[534/1448] Compiling DequeModule Deque+Testing.swift
[535/1448] Compiling DequeModule Deque._Storage.swift
[559/1448] Compiling DequeModule Deque+Equatable.swift
[560/1448] Compiling DequeModule Deque+ExpressibleByArrayLiteral.swift
[579/1449] Compiling DequeModule Deque._UnsafeHandle.swift
[580/1449] Compiling DequeModule Deque.swift
[588/1449] Emitting module RoutingKit
[588/1449] Compiling tls_method.cc
[589/1449] Wrapping AST for _RopeModule for debugging
[602/1449] Compiling RoutingKit PathComponent.swift
[610/1449] Compiling DequeModule UniqueDeque+Replacements.swift
[611/1449] Compiling DequeModule UniqueDeque.swift
[612/1449] Compiling DequeModule _DequeSlot.swift
[613/1449] Compiling DequeModule _UnsafeDequeHandle.swift
[614/1449] Compiling RoutingKit Router.swift
[615/1449] Compiling RoutingKit TrieRouter.swift
[615/1449] Compiling tls13_enc.cc
[616/1449] Compiling tls_record.cc
[617/1449] Compiling tls13_server.cc
[619/1449] Emitting module HashTreeCollections
[621/1450] Compiling RoutingKit AnyRouter.swift
[622/1450] Compiling RoutingKit Parameters.swift
[623/1451] Wrapping AST for HashTreeCollections for debugging
[629/1451] Compiling DequeModule _UnsafeDequeSegments.swift
[629/1451] Compiling tls13_both.cc
[630/1451] Wrapping AST for RoutingKit for debugging
[632/1451] Emitting module DequeModule
[633/1452] Compiling tls13_client.cc
[634/1452] Compiling t1_enc.cc
[635/1458] Wrapping AST for DequeModule for debugging
[636/1495] Compiling ssl_x509.cc
[637/1495] Compiling ssl_versions.cc
[639/1495] Compiling Configuration JSONSnapshot.swift
[640/1495] Compiling Configuration PropertyListSnapshot.swift
[641/1495] Compiling Configuration ReloadingFileProvider.swift
[642/1495] Compiling Configuration ReloadingFileProviderMetrics.swift
[643/1495] Compiling Configuration YAMLSnapshot.swift
[644/1495] Compiling Configuration InMemoryProvider.swift
[644/1500] Compiling ssl_privkey.cc
[645/1500] Compiling ssl_transcript.cc
[646/1500] Compiling ssl_stat.cc
[648/1500] Compiling Configuration EnvironmentKeyEncoder.swift
[649/1500] Compiling Configuration EnvironmentVariablesProvider.swift
[650/1500] Compiling Configuration CommonProviderFileSystem.swift
[651/1500] Compiling Configuration DirectoryFilesProvider.swift
[652/1500] Compiling Configuration FileProvider.swift
[653/1500] Compiling Configuration FileProviderSnapshot.swift
[653/1500] Compiling ssl_session.cc
[654/1500] Compiling ssl_file.cc
[655/1500] Compiling ssl_key_share.cc
[656/1500] Compiling ssl_lib.cc
[657/1500] Compiling ssl_buffer.cc
[658/1500] Compiling ssl_credential.cc
[659/1500] Compiling ssl_cipher.cc
[660/1500] Compiling ssl_cert.cc
[662/1500] Compiling Configuration SeparatorKeyEncoder.swift
[663/1500] Compiling Configuration MultiProvider.swift
[664/1500] Compiling Configuration CLIArgumentParser.swift
[665/1500] Compiling Configuration CLISnapshot.swift
[666/1500] Compiling Configuration CommandLineArgumentsProvider.swift
[667/1500] Compiling Configuration EnvironmentFileParser.swift
[668/1500] Compiling Configuration CombineLatestManyStorage.swift
[669/1500] Compiling Configuration AsyncSequences.swift
[670/1500] Compiling Configuration FoundationExtensions.swift
[671/1500] Compiling Configuration Span.swift
[672/1500] Compiling Configuration ConfigBytesFromStringDecoder.swift
[672/1500] Compiling ssl_asn1.cc
[674/1500] Compiling Configuration MutableInMemoryProvider.swift
[675/1500] Compiling Configuration ConfigProvider+Operators.swift
[676/1500] Compiling Configuration KeyMappingProvider.swift
[677/1500] Compiling Configuration SecretsSpecifier.swift
[678/1500] Compiling Configuration AsyncCombineLatestManySequence.swift
[679/1500] Compiling Configuration CombineLatestManyStateMachine.swift
[680/1500] Emitting module Configuration
[680/1500] Compiling ssl_aead_ctx.cc
[681/1500] Compiling s3_lib.cc
[682/1500] Compiling s3_pkt.cc
[683/1500] Compiling s3_both.cc
[685/1500] Compiling Configuration AccessReporter.swift
[686/1500] Compiling Configuration AccessLogger.swift
[687/1500] Compiling Configuration FileAccessLogger.swift
[688/1500] Compiling Configuration ConfigContext.swift
[689/1500] Compiling Configuration ConfigKey.swift
[690/1500] Compiling Configuration ConfigProvider.swift
[691/1500] Compiling Configuration Deprecations.swift
[692/1500] Compiling Configuration ExpressibleByConfigInt.swift
[693/1500] Compiling Configuration ExpressibleByConfigString.swift
[694/1500] Compiling Configuration CLIKeyEncoder.swift
[695/1500] Compiling Configuration ConfigKeyEncoder.swift
[696/1500] Compiling Configuration DotSeparatorKeyDecoder.swift
[697/1500] Compiling Configuration ConfigProviderHelpers.swift
[698/1500] Compiling Configuration ConfigReader+internalHelpers.swift
[699/1500] Compiling Configuration ConfigReader+methods.swift
[700/1500] Compiling Configuration ConfigReader.swift
[701/1500] Compiling Configuration ConfigSnapshotReader+methods.swift
[702/1500] Compiling Configuration ConfigSnapshotReader.swift
[702/1500] Compiling handshake.cc
[704/1501] Compiling encrypted_client_hello.cc
[705/1501] Wrapping AST for Configuration for debugging
[706/1501] Compiling handoff.cc
[706/1501] Compiling handshake_server.cc
[708/1501] Compiling handshake_client.cc
[709/1501] Compiling extensions.cc
[710/1501] Compiling md5-x86_64-linux.S
[711/1501] Compiling md5-x86_64-apple.S
[712/1501] Compiling dtls_method.cc
[713/1501] Compiling md5-586-apple.S
[714/1501] Compiling md5-586-linux.S
[715/1501] Compiling d1_srtp.cc
[716/1501] Compiling chacha20_poly1305_x86_64-linux.S
[717/1501] Compiling dtls_record.cc
[718/1501] Compiling chacha20_poly1305_armv8-win.S
[719/1501] Compiling chacha20_poly1305_x86_64-apple.S
[720/1501] Compiling chacha20_poly1305_armv8-apple.S
[721/1501] Compiling chacha-x86_64-linux.S
[722/1501] Compiling chacha20_poly1305_armv8-linux.S
[723/1501] Compiling chacha-x86_64-apple.S
[724/1501] Compiling chacha-x86-apple.S
[725/1501] Compiling chacha-x86-linux.S
[726/1501] Compiling chacha-armv8-win.S
[727/1501] Compiling chacha-armv8-apple.S
[728/1501] Compiling chacha-armv4-linux.S
[729/1501] Compiling chacha-armv8-linux.S
[730/1501] Compiling aes128gcmsiv-x86_64-linux.S
[731/1501] Compiling d1_pkt.cc
[732/1501] Compiling aes128gcmsiv-x86_64-apple.S
[733/1501] Compiling x86_64-mont5-apple.S
[734/1501] Compiling x86_64-mont-linux.S
[735/1501] Compiling x86_64-mont5-linux.S
[736/1501] Compiling x86_64-mont-apple.S
[737/1501] Compiling x86-mont-linux.S
[738/1501] Compiling x86-mont-apple.S
[739/1501] Compiling vpaes-x86_64-linux.S
[740/1501] Compiling vpaes-x86_64-apple.S
[741/1501] Compiling vpaes-x86-linux.S
[742/1501] Compiling vpaes-x86-apple.S
[743/1501] Compiling vpaes-armv8-win.S
[744/1501] Compiling vpaes-armv8-linux.S
[745/1501] Compiling vpaes-armv7-linux.S
[746/1501] Compiling sha512-x86_64-linux.S
[747/1501] Compiling vpaes-armv8-apple.S
[748/1501] Compiling sha512-x86_64-apple.S
[749/1501] Compiling sha512-armv8-win.S
[750/1501] Compiling sha512-armv8-apple.S
[751/1501] Compiling sha512-586-apple.S
[752/1501] Compiling sha512-armv4-linux.S
[753/1501] Compiling sha512-586-linux.S
[754/1501] Compiling sha512-armv8-linux.S
[755/1501] Compiling err_data.cc
[756/1501] Compiling sha256-x86_64-linux.S
[757/1501] Compiling sha256-x86_64-apple.S
[758/1501] Compiling sha256-armv8-win.S
[759/1501] Compiling sha256-armv4-linux.S
[760/1501] Compiling sha256-586-linux.S
[761/1501] Compiling sha256-armv8-apple.S
[762/1501] Compiling sha256-armv8-linux.S
[763/1501] Compiling sha256-586-apple.S
[764/1501] Compiling sha1-x86_64-apple.S
[765/1501] Compiling sha1-x86_64-linux.S
[766/1501] Compiling bio_ssl.cc
[767/1501] Compiling sha1-armv8-win.S
[768/1501] Compiling sha1-armv8-apple.S
[769/1501] Compiling sha1-armv4-large-linux.S
[770/1501] Compiling sha1-586-apple.S
[771/1501] Compiling sha1-586-linux.S
[772/1501] Compiling sha1-armv8-linux.S
[773/1501] Compiling rsaz-avx2-linux.S
[774/1501] Compiling rsaz-avx2-apple.S
[775/1501] Compiling rdrand-x86_64-linux.S
[776/1501] Compiling rdrand-x86_64-apple.S
[777/1501] Compiling p256_beeu-x86_64-asm-apple.S
[778/1501] Compiling p256_beeu-x86_64-asm-linux.S
[779/1501] Compiling p256_beeu-armv8-asm-win.S
[780/1501] Compiling p256_beeu-armv8-asm-linux.S
[781/1501] Compiling p256_beeu-armv8-asm-apple.S
[782/1501] Compiling p256-x86_64-asm-apple.S
[783/1501] Compiling p256-armv8-asm-win.S
[784/1501] Compiling p256-x86_64-asm-linux.S
[785/1501] Compiling ghashv8-armv7-linux.S
[786/1501] Compiling ghashv8-armv8-win.S
[787/1501] Compiling p256-armv8-asm-apple.S
[788/1501] Compiling p256-armv8-asm-linux.S
[789/1501] Compiling ghashv8-armv8-linux.S
[790/1501] Compiling ghashv8-armv8-apple.S
[791/1501] Compiling ghash-x86-linux.S
[792/1501] Compiling ghash-x86_64-linux.S
[793/1501] Compiling ghash-x86_64-apple.S
[794/1501] Compiling ghash-ssse3-x86-linux.S
[795/1501] Compiling ghash-x86-apple.S
[796/1501] Compiling ghash-ssse3-x86_64-linux.S
[797/1501] Compiling ghash-ssse3-x86-apple.S
[798/1501] Compiling ghash-ssse3-x86_64-apple.S
[799/1501] Compiling ghash-neon-armv8-win.S
[800/1501] Compiling ghash-neon-armv8-linux.S
[801/1501] Compiling ghash-neon-armv8-apple.S
[802/1501] Compiling ghash-armv4-linux.S
[803/1501] Compiling co-586-apple.S
[804/1501] Compiling d1_lib.cc
[805/1501] Compiling co-586-linux.S
[806/1501] Compiling bsaes-armv7-linux.S
[807/1501] Compiling bn-armv8-linux.S
[808/1501] Compiling bn-armv8-win.S
[809/1501] Compiling bn-armv8-apple.S
[810/1501] Compiling bn-586-apple.S
[811/1501] Compiling armv8-mont-apple.S
[812/1501] Compiling bn-586-linux.S
[813/1501] Compiling armv8-mont-win.S
[814/1501] Compiling armv8-mont-linux.S
[815/1501] Compiling armv4-mont-linux.S
[816/1501] Compiling aesv8-armv8-win.S
[817/1501] Compiling aesv8-gcm-armv8-win.S
[818/1501] Compiling aesv8-gcm-armv8-apple.S
[819/1501] Compiling aesv8-armv7-linux.S
[820/1501] Compiling aesv8-gcm-armv8-linux.S
[821/1501] Compiling aesv8-armv8-linux.S
[822/1501] Compiling aesv8-armv8-apple.S
[823/1501] Compiling aesni-x86_64-apple.S
[824/1501] Compiling aesni-x86_64-linux.S
[825/1501] Compiling d1_both.cc
[826/1501] Compiling aesni-gcm-x86_64-linux.S
[827/1501] Compiling aesni-x86-linux.S
[828/1501] Compiling aesni-x86-apple.S
[829/1501] Compiling aes-gcm-avx2-x86_64-linux.S
[830/1501] Compiling aesni-gcm-x86_64-apple.S
[831/1501] Compiling aes-gcm-avx2-x86_64-apple.S
[832/1501] Compiling aes-gcm-avx10-x86_64-linux.S
[833/1501] Compiling aes-gcm-avx10-x86_64-apple.S
[834/1501] Compiling x_pubkey.cc
[835/1501] Compiling x_x509.cc
[836/1501] Compiling x_val.cc
[837/1501] Compiling x_spki.cc
[838/1501] Compiling x_sig.cc
[839/1501] Compiling x_req.cc
[840/1501] Compiling x_exten.cc
[841/1501] Compiling x_x509a.cc
[842/1501] Compiling x_name.cc
[843/1501] Compiling x_attrib.cc
[844/1501] Compiling x_crl.cc
[845/1501] Compiling x509rset.cc
[846/1501] Compiling x_all.cc
[847/1501] Compiling x509spki.cc
[848/1501] Compiling x_algor.cc
[849/1501] Compiling x509name.cc
[850/1501] Compiling x509cset.cc
[851/1501] Compiling x509_vpm.cc
[852/1501] Compiling x509_v3.cc
[853/1501] Compiling x509_txt.cc
[854/1501] Compiling x509_vfy.cc
[855/1501] Compiling x509_trs.cc
[856/1501] Compiling x509_set.cc
[857/1501] Compiling x509_obj.cc
[858/1501] Compiling x509_req.cc
[859/1501] Compiling x509_att.cc
[860/1501] Compiling x509_def.cc
[861/1501] Compiling x509_d2.cc
[862/1501] Compiling x509_lu.cc
[863/1501] Compiling x509_ext.cc
[864/1501] Compiling x509_cmp.cc
[865/1501] Compiling x509.cc
[866/1501] Compiling v3_utl.cc
[867/1501] Compiling v3_skey.cc
[868/1501] Compiling v3_prn.cc
[869/1501] Compiling v3_purp.cc
[870/1501] Compiling v3_ocsp.cc
[871/1501] Compiling v3_pcons.cc
[872/1501] Compiling v3_pmaps.cc
[873/1501] Compiling v3_ncons.cc
[874/1501] Compiling v3_lib.cc
[875/1501] Compiling v3_int.cc
[876/1501] Compiling v3_info.cc
[877/1501] Compiling v3_genn.cc
[878/1501] Compiling v3_ia5.cc
[879/1501] Compiling v3_extku.cc
[880/1501] Compiling v3_enum.cc
[881/1501] Compiling v3_crld.cc
[882/1501] Compiling v3_cpols.cc
[883/1501] Compiling v3_conf.cc
[884/1501] Compiling v3_bitst.cc
[885/1501] Compiling v3_akey.cc
[885/1501] Compiling v3_bcons.cc
[885/1501] Compiling v3_akeya.cc
[888/1501] Compiling v3_alt.cc
[889/1501] Compiling t_x509a.cc
[890/1501] Compiling t_x509.cc
[891/1501] Compiling i2d_pr.cc
[892/1501] Compiling t_req.cc
[893/1501] Compiling t_crl.cc
[894/1501] Compiling policy.cc
[895/1501] Compiling name_print.cc
[896/1501] Compiling rsa_pss.cc
[897/1501] Compiling by_file.cc
[898/1501] Compiling by_dir.cc
[899/1501] Compiling asn1_gen.cc
[900/1501] Compiling algorithm.cc
[901/1501] Compiling voprf.cc
[902/1501] Compiling a_verify.cc
[903/1501] Compiling a_sign.cc
[904/1501] Compiling a_digest.cc
[905/1501] Compiling thread_win.cc
[905/1501] Compiling thread_none.cc
[907/1501] Compiling trust_token.cc
[908/1501] Compiling thread_pthread.cc
[909/1501] Compiling thread.cc
[909/1501] Compiling pmbtoken.cc
[911/1501] Compiling stack.cc
[912/1501] Compiling siphash.cc
[913/1501] Compiling spake2plus.cc
[914/1501] Compiling sha256.cc
[915/1501] Compiling sha512.cc
[916/1501] Compiling slhdsa.cc
[917/1501] Compiling sha1.cc
[918/1501] Compiling rsa_print.cc
[919/1501] Compiling rsa_crypt.cc
[920/1501] Compiling rsa_extra.cc
[921/1501] Compiling refcount.cc
[922/1501] Compiling rc4.cc
[923/1501] Compiling rsa_asn1.cc
[924/1501] Compiling trusty.cc
[925/1501] Compiling windows.cc
[926/1501] Compiling ios.cc
[927/1501] Compiling urandom.cc
[928/1501] Compiling rand.cc
[929/1501] Compiling poly1305_arm_asm.S
[930/1501] Compiling passive.cc
[931/1501] Compiling getentropy.cc
[932/1501] Compiling forkunsafe.cc
[933/1501] Compiling deterministic.cc
[934/1501] Compiling fork_detect.cc
[935/1501] Compiling poly1305_vec.cc
[936/1501] Compiling poly1305_arm.cc
[937/1501] Compiling poly1305.cc
[938/1501] Compiling pool.cc
[939/1501] Compiling pkcs8_x509.cc
[940/1501] Compiling pkcs7.cc
[941/1501] Compiling p5_pbev2.cc
[942/1501] Compiling pkcs7_x509.cc
[943/1501] Compiling pkcs8.cc
[944/1501] Compiling pem_xaux.cc
[945/1501] Compiling pem_x509.cc
[946/1501] Compiling pem_pkey.cc
[947/1501] Compiling pem_oth.cc
[948/1501] Compiling mlkem.cc
[949/1501] Compiling pem_pk8.cc
[950/1501] Compiling pem_lib.cc
[951/1501] Compiling pem_info.cc
[952/1501] Compiling pem_all.cc
[953/1501] Compiling obj_xref.cc
[954/1501] Compiling obj.cc
[955/1501] Compiling mldsa.cc
[956/1501] Compiling poly_rq_mul.S
[957/1501] Compiling fips_shared_support.cc
[958/1501] Compiling mem.cc
[959/1501] Compiling lhash.cc
[960/1501] Compiling md5.cc
[961/1501] Compiling md4.cc
[962/1501] Compiling kyber.cc
[963/1501] Compiling sign.cc
[964/1501] Compiling ex_data.cc
[965/1501] Compiling scrypt.cc
[966/1501] Compiling hrss.cc
[967/1501] Compiling hpke.cc
[968/1501] Compiling print.cc
[969/1501] Compiling pbkdf.cc
[970/1501] Compiling p_x25519.cc
[971/1501] Compiling p_x25519_asn1.cc
[972/1501] Compiling p_rsa_asn1.cc
[973/1501] Compiling p_ed25519_asn1.cc
[974/1501] Compiling p_rsa.cc
[975/1501] Compiling p_hkdf.cc
[976/1501] Compiling p_ed25519.cc
[977/1501] Compiling p_ec.cc
[978/1501] Compiling p_ec_asn1.cc
[979/1501] Compiling p_dh_asn1.cc
[980/1501] Compiling p_dh.cc
[981/1501] Compiling evp_ctx.cc
[982/1501] Compiling p_dsa_asn1.cc
[983/1501] Compiling evp.cc
[984/1501] Compiling err.cc
[985/1501] Compiling engine.cc
[986/1501] Compiling evp_asn1.cc
[987/1501] Compiling ecdh.cc
[988/1501] Compiling hash_to_curve.cc
[989/1501] Compiling ec_derive.cc
[990/1501] Compiling ecdsa_asn1.cc
[991/1501] Compiling dsa.cc
[992/1501] Compiling ec_asn1.cc
[993/1501] Compiling bcm.cc
[994/1501] Compiling digest_extra.cc
[995/1501] Compiling x25519-asm-arm.S
[996/1501] Compiling des.cc
[997/1501] Compiling dsa_asn1.cc
[998/1501] Compiling params.cc
[999/1501] Compiling dh_asn1.cc
[1000/1501] Compiling curve25519_64_adx.cc
[1001/1501] Compiling spake25519.cc
[1002/1501] Compiling crypto.cc
[1003/1501] Compiling curve25519.cc
[1004/1501] Compiling cpu_intel.cc
[1005/1501] Compiling cpu_aarch64_win.cc
[1006/1501] Compiling cpu_arm_linux.cc
[1007/1501] Compiling cpu_arm_freebsd.cc
[1008/1501] Compiling cpu_aarch64_sysreg.cc
[1009/1501] Compiling cpu_aarch64_openbsd.cc
[1010/1501] Compiling cpu_aarch64_fuchsia.cc
[1011/1501] Compiling cpu_aarch64_linux.cc
[1012/1501] Compiling cpu_aarch64_apple.cc
[1013/1501] Compiling tls_cbc.cc
[1014/1501] Compiling get_cipher.cc
[1014/1501] Compiling conf.cc
[1016/1501] Compiling e_tls.cc
[1017/1501] Compiling e_rc4.cc
[1018/1501] Compiling e_null.cc
[1019/1501] Compiling e_rc2.cc
[1020/1501] Compiling e_des.cc
[1021/1501] Compiling e_aesctrhmac.cc
[1022/1501] Compiling e_aesgcmsiv.cc
[1023/1501] Compiling e_chacha20poly1305.cc
[1024/1501] Compiling derive_key.cc
[1025/1501] Compiling chacha.cc
[1026/1501] Compiling buf.cc
[1027/1501] Compiling unicode.cc
[1028/1501] Compiling cbb.cc
[1029/1501] Compiling cbs.cc
[1030/1501] Compiling ber.cc
[1031/1501] Compiling asn1_compat.cc
[1032/1501] Compiling convert.cc
[1033/1501] Compiling socket_helper.cc
[1034/1501] Compiling blake2.cc
[1035/1501] Compiling printf.cc
[1036/1501] Compiling bn_asn1.cc
[1037/1501] Compiling socket.cc
[1038/1501] Compiling pair.cc
[1039/1501] Compiling hexdump.cc
[1040/1501] Compiling file.cc
[1041/1501] Compiling errno.cc
[1042/1501] Compiling fd.cc
[1043/1501] Compiling bio_mem.cc
[1044/1501] Compiling connect.cc
[1045/1501] Compiling base64.cc
[1046/1501] Compiling bio.cc
[1047/1501] Compiling tasn_typ.cc
[1048/1501] Compiling tasn_fre.cc
[1049/1501] Compiling tasn_utl.cc
[1050/1501] Compiling tasn_new.cc
[1051/1501] Compiling tasn_enc.cc
[1052/1501] Compiling posix_time.cc
[1053/1501] Compiling f_string.cc
[1054/1501] Compiling asn_pack.cc
[1055/1501] Compiling f_int.cc
[1056/1501] Compiling tasn_dec.cc
[1057/1501] Compiling asn1_par.cc
[1058/1501] Compiling asn1_lib.cc
[1059/1501] Compiling a_octet.cc
[1060/1501] Compiling a_type.cc
[1061/1501] Compiling a_utctm.cc
[1062/1501] Compiling a_time.cc
[1063/1501] Compiling a_strnid.cc
[1064/1501] Compiling a_strex.cc
[1065/1501] Compiling a_object.cc
[1066/1501] Compiling a_i2d_fp.cc
[1067/1501] Compiling a_d2i_fp.cc
[1068/1501] Compiling a_mbstr.cc
[1069/1501] Compiling a_dup.cc
[1070/1501] Compiling a_int.cc
[1071/1501] Compiling fiat_p256_adx_sqr.S
[1072/1501] Compiling a_gentm.cc
[1073/1501] Compiling fiat_p256_adx_mul.S
[1074/1501] Compiling fiat_curve25519_adx_square.S
[1075/1501] Compiling fiat_curve25519_adx_mul.S
[1076/1501] Compiling md5-x86_64-apple.S
[1077/1501] Compiling md5-x86_64-linux.S
[1078/1501] Compiling md5-586-linux.S
[1079/1501] Compiling md5-586-apple.S
[1080/1501] Compiling a_bitstr.cc
[1081/1501] Compiling chacha20_poly1305_x86_64-linux.S
[1082/1501] Compiling chacha20_poly1305_armv8-win.S
[1082/1501] Compiling chacha20_poly1305_x86_64-apple.S
[1084/1501] Compiling CCryptoBoringSSLShims shims.c
[1085/1501] Compiling chacha-x86_64-linux.S
[1086/1501] Compiling chacha-x86-linux.S
[1087/1501] Compiling chacha20_poly1305_armv8-apple.S
[1088/1501] Compiling chacha-x86_64-apple.S
[1089/1501] Compiling chacha20_poly1305_armv8-linux.S
[1090/1501] Compiling chacha-x86-apple.S
[1091/1501] Compiling chacha-armv8-win.S
[1092/1501] Compiling chacha-armv8-apple.S
[1093/1501] Compiling chacha-armv8-linux.S
[1094/1501] Compiling a_bool.cc
[1095/1501] Compiling chacha-armv4-linux.S
[1096/1501] Compiling aes128gcmsiv-x86_64-linux.S
[1097/1501] Compiling aes128gcmsiv-x86_64-apple.S
[1098/1501] Compiling x86_64-mont5-linux.S
[1099/1501] Compiling x86_64-mont5-apple.S
[1100/1501] Compiling x86_64-mont-linux.S
[1101/1501] Compiling x86_64-mont-apple.S
[1102/1501] Compiling x86-mont-linux.S
[1103/1501] Compiling x86-mont-apple.S
[1104/1501] Compiling vpaes-x86_64-apple.S
[1104/1501] Compiling vpaes-x86_64-linux.S
[1106/1501] Compiling vpaes-x86-linux.S
[1107/1501] Compiling vpaes-x86-apple.S
[1108/1501] Compiling vpaes-armv8-win.S
[1109/1501] Compiling vpaes-armv8-apple.S
[1110/1501] Compiling vpaes-armv8-linux.S
[1111/1501] Compiling sha512-x86_64-linux.S
[1112/1501] Compiling vpaes-armv7-linux.S
[1113/1501] Compiling sha512-armv8-win.S
[1114/1501] Compiling sha512-x86_64-apple.S
[1115/1501] Compiling err_data.cc
[1116/1501] Compiling sha512-armv8-apple.S
[1117/1501] Compiling sha512-armv8-linux.S
[1118/1501] Compiling sha512-armv4-linux.S
[1119/1501] Compiling sha256-x86_64-linux.S
[1120/1501] Compiling sha512-586-apple.S
[1121/1501] Compiling sha512-586-linux.S
[1122/1501] Compiling sha256-armv8-win.S
[1123/1501] Compiling sha256-x86_64-apple.S
[1124/1501] Compiling sha256-586-linux.S
[1125/1501] Compiling sha256-armv8-apple.S
[1126/1501] Compiling sha256-armv8-linux.S
[1127/1501] Compiling sha256-586-apple.S
[1128/1501] Compiling sha256-armv4-linux.S
[1129/1501] Compiling sha1-x86_64-linux.S
[1130/1501] Compiling sha1-x86_64-apple.S
[1131/1501] Compiling sha1-armv8-apple.S
[1132/1501] Compiling sha1-armv4-large-linux.S
[1132/1501] Compiling sha1-armv8-linux.S
[1134/1501] Compiling sha1-armv8-win.S
[1135/1501] Compiling sha1-586-linux.S
[1136/1501] Compiling rdrand-x86_64-apple.S
[1137/1501] Compiling rsaz-avx2-linux.S
[1138/1501] Compiling sha1-586-apple.S
[1139/1501] Compiling rdrand-x86_64-linux.S
[1140/1501] Compiling p256_beeu-x86_64-asm-linux.S
[1141/1501] Compiling rsaz-avx2-apple.S
[1142/1501] Compiling p256_beeu-armv8-asm-apple.S
[1143/1501] Compiling p256_beeu-armv8-asm-win.S
[1144/1501] Compiling p256_beeu-x86_64-asm-apple.S
[1145/1501] Compiling p256-x86_64-asm-linux.S
[1146/1501] Compiling p256-x86_64-asm-apple.S
[1146/1501] Compiling p256_beeu-armv8-asm-linux.S
[1148/1501] Compiling p256-armv8-asm-win.S
[1149/1501] Compiling p256-armv8-asm-apple.S
[1150/1501] Compiling ghashv8-armv8-win.S
[1151/1501] Compiling ghashv8-armv8-apple.S
[1152/1501] Compiling p256-armv8-asm-linux.S
[1153/1501] Compiling ghashv8-armv8-linux.S
[1154/1501] Compiling ghash-x86_64-linux.S
[1155/1501] Compiling ghashv8-armv7-linux.S
[1156/1501] Compiling ghash-x86-linux.S
[1157/1501] Compiling ghash-x86_64-apple.S
[1158/1501] Compiling ghash-ssse3-x86_64-apple.S
[1159/1501] Compiling ghash-x86-apple.S
[1160/1501] Compiling ghash-ssse3-x86-apple.S
[1160/1501] Compiling ghash-ssse3-x86-linux.S
[1162/1501] Compiling ghash-ssse3-x86_64-linux.S
[1163/1501] Compiling ghash-neon-armv8-win.S
[1164/1501] Compiling ghash-neon-armv8-linux.S
[1165/1501] Compiling ghash-neon-armv8-apple.S
[1166/1501] Compiling co-586-apple.S
[1167/1501] Compiling bsaes-armv7-linux.S
[1168/1501] Compiling co-586-linux.S
[1169/1501] Compiling ghash-armv4-linux.S
[1170/1501] Compiling bn-armv8-linux.S
[1171/1501] Compiling bn-armv8-win.S
[1172/1501] Compiling bn-armv8-apple.S
[1173/1501] Compiling armv8-mont-win.S
[1174/1501] Compiling bn-586-apple.S
[1175/1501] Compiling bn-586-linux.S
[1176/1501] Compiling armv8-mont-apple.S
[1177/1501] Compiling armv4-mont-linux.S
[1178/1501] Compiling aesv8-gcm-armv8-win.S
[1179/1501] Compiling armv8-mont-linux.S
[1180/1501] Compiling aesv8-gcm-armv8-apple.S
[1181/1501] Compiling aesv8-gcm-armv8-linux.S
[1182/1501] Compiling aesv8-armv8-win.S
[1183/1501] Compiling aesv8-armv7-linux.S
[1184/1501] Compiling aesv8-armv8-apple.S
[1185/1501] Compiling aesv8-armv8-linux.S
[1186/1501] Compiling aesni-x86_64-linux.S
[1187/1501] Compiling aesni-x86_64-apple.S
[1188/1501] Compiling aesni-x86-linux.S
[1189/1501] Compiling aesni-x86-apple.S
[1190/1501] Compiling aesni-gcm-x86_64-linux.S
[1191/1501] Compiling aesni-gcm-x86_64-apple.S
[1192/1501] Compiling aes-gcm-avx512-x86_64-linux.S
[1193/1501] Compiling aes-gcm-avx512-x86_64-apple.S
[1194/1501] Compiling aes-gcm-avx2-x86_64-apple.S
[1195/1501] Compiling aes-gcm-avx2-x86_64-linux.S
[1196/1501] Compiling xwing.cc
[1197/1501] Compiling x_spki.cc
[1198/1501] Compiling x_sig.cc
[1199/1501] Compiling x_req.cc
[1200/1501] Compiling x_x509a.cc
[1201/1501] Compiling c-nioatomics.c
[1202/1501] Compiling x_x509.cc
[1203/1501] Compiling x_pubkey.cc
[1204/1501] Compiling x_exten.cc
[1205/1501] Compiling x_attrib.cc
[1206/1501] Compiling x_name.cc
[1207/1501] Compiling x_crl.cc
[1208/1501] Compiling x_all.cc
[1209/1501] Compiling c-atomics.c
[1210/1501] Compiling x_algor.cc
[1212/1508] Compiling NIOConcurrencyHelpers NIOLockedValueBox.swift
[1212/1508] Compiling x509spki.cc
[1214/1508] Compiling NIOConcurrencyHelpers NIOLock.swift
[1215/1508] Compiling NIOConcurrencyHelpers lock.swift
[1216/1508] Compiling NIOConcurrencyHelpers NIOAtomic.swift
[1217/1508] Emitting module NIOConcurrencyHelpers
[1217/1508] Compiling x509cset.cc
[1219/1508] Compiling NIOConcurrencyHelpers atomics.swift
[1220/1508] Compiling NIOConcurrencyHelpers NIOThreadPoolWorkAvailable.swift
[1221/1509] Compiling x509name.cc
[1222/1532] Compiling x509rset.cc
[1223/1535] Wrapping AST for NIOConcurrencyHelpers for debugging
[1224/1535] Compiling x509_vpm.cc
[1225/1535] Compiling x509_vfy.cc
[1226/1535] Compiling x509_v3.cc
[1228/1535] Compiling ConsoleKitTerminal Console+Ephemeral.swift
[1229/1535] Compiling ConsoleKitTerminal ConsoleClear.swift
[1230/1535] Compiling ConsoleKitTerminal Console+Ask.swift
[1231/1535] Compiling ConsoleKitTerminal Console+Choose.swift
[1231/1538] Compiling x509_txt.cc
[1233/1538] Compiling ConsoleKitTerminal CustomActivity.swift
[1234/1538] Compiling ConsoleKitTerminal LoadingBar.swift
[1235/1538] Compiling ConsoleKitTerminal ProgressBar.swift
[1236/1538] Compiling ConsoleKitTerminal Console+Clear.swift
[1237/1538] Compiling ConsoleKitTerminal ActivityBar.swift
[1238/1538] Compiling ConsoleKitTerminal ActivityIndicator.swift
[1239/1538] Compiling ConsoleKitTerminal ActivityIndicatorRenderer.swift
[1240/1538] Compiling ConsoleKitTerminal ActivityIndicatorState.swift
[1241/1538] Emitting module ConsoleKitTerminal
[1242/1538] Compiling ConsoleKitTerminal Console+Confirm.swift
[1243/1538] Compiling ConsoleKitTerminal Console+Input.swift
[1244/1538] Compiling ConsoleKitTerminal Console+Center.swift
[1245/1538] Compiling ConsoleKitTerminal Console+Output.swift
[1246/1538] Compiling ConsoleKitTerminal ConsoleText.swift
[1247/1538] Compiling ConsoleKitTerminal ConsoleTextFragment.swift
[1248/1538] Compiling ConsoleKitTerminal ANSI.swift
[1248/1538] Compiling x509_trs.cc
[1249/1538] Compiling x509_obj.cc
[1250/1538] Compiling x509_lu.cc
[1252/1538] Compiling ConsoleKitTerminal Console+Wait.swift
[1253/1538] Compiling ConsoleKitTerminal ConsoleColor.swift
[1254/1538] Compiling ConsoleKitTerminal ConsoleStyle.swift
[1255/1538] Compiling ConsoleKitTerminal Console.swift
[1256/1538] Compiling ConsoleKitTerminal Terminal.swift
[1257/1538] Compiling ConsoleKitTerminal readpassphrase_linux.swift
[1257/1538] Compiling x509_ext.cc
[1258/1538] Compiling x509_req.cc
[1259/1538] Compiling x509_set.cc
[1261/1538] Compiling ConsoleKitTerminal AnySendableHashable.swift
[1262/1538] Compiling ConsoleKitTerminal ConsoleLogger.swift
[1263/1538] Compiling ConsoleKitTerminal LoggerFragment.swift
[1264/1539] Compiling x509_def.cc
[1265/1539] Compiling x509_d2.cc
[1266/1539] Wrapping AST for ConsoleKitTerminal for debugging
[1267/1561] Compiling x509_att.cc
[1268/1561] Compiling v3_skey.cc
[1269/1561] Compiling x509.cc
[1271/1561] Compiling ConsoleKitCommands CommandSignature.swift
[1272/1561] Compiling ConsoleKitCommands Flag.swift
[1273/1561] Compiling ConsoleKitCommands Option.swift
[1273/1563] Compiling x509_cmp.cc
[1275/1563] Compiling ConsoleKitCommands Command.swift
[1276/1563] Compiling ConsoleKitCommands CommandContext.swift
[1277/1563] Compiling ConsoleKitCommands CommandError.swift
[1278/1563] Compiling ConsoleKitCommands AnyAsyncCommand.swift
[1279/1563] Compiling ConsoleKitCommands AsyncCommand.swift
[1280/1563] Compiling ConsoleKitCommands AsyncCommandGroup.swift
[1281/1563] Compiling ConsoleKitCommands AsyncCommands.swift
[1282/1563] Compiling ConsoleKitCommands GenerateAsyncAutocompleteCommand.swift
[1283/1563] Compiling ConsoleKitCommands AnyCommand.swift
[1284/1563] Emitting module ConsoleKitCommands
[1285/1563] Compiling ConsoleKitCommands GenerateAutocompleteCommand.swift
[1286/1563] Compiling ConsoleKitCommands MergedAsyncCommandGroup.swift
[1287/1563] Compiling ConsoleKitCommands Argument.swift
[1287/1563] Compiling v3_utl.cc
[1289/1563] Compiling ConsoleKitCommands String+LevenshteinDistance.swift
[1290/1563] Compiling ConsoleKitCommands Utilities.swift
[1290/1563] Compiling v3_purp.cc
[1291/1563] Compiling v3_prn.cc
[1292/1563] Compiling v3_pcons.cc
[1293/1563] Compiling v3_ocsp.cc
[1294/1563] Compiling v3_pmaps.cc
[1296/1563] Compiling ConsoleKitCommands Console+Run.swift
[1297/1563] Compiling ConsoleKitCommands ConsoleError.swift
[1298/1563] Compiling ConsoleKitCommands Completion.swift
[1299/1563] Compiling ConsoleKitCommands CommandGroup.swift
[1300/1563] Compiling ConsoleKitCommands CommandInput.swift
[1301/1563] Compiling ConsoleKitCommands Commands.swift
[1301/1564] Compiling v3_ncons.cc
[1302/1564] Compiling v3_lib.cc
[1304/1564] Compiling v3_int.cc
[1305/1566] Compiling v3_info.cc
[1306/1566] Wrapping AST for ConsoleKitCommands for debugging
[1308/1566] Emitting module ConsoleKit
[1309/1566] Compiling ConsoleKit Exports.swift
[1310/1567] Compiling v3_genn.cc
[1311/1567] Wrapping AST for ConsoleKit for debugging
[1312/1567] Compiling v3_extku.cc
[1313/1567] Compiling v3_ia5.cc
[1314/1567] Compiling v3_enum.cc
[1315/1567] Compiling v3_crld.cc
[1316/1567] Compiling v3_cpols.cc
[1317/1567] Compiling v3_conf.cc
[1318/1567] Compiling v3_bitst.cc
[1319/1567] Compiling v3_akey.cc
[1320/1567] Compiling v3_alt.cc
[1321/1567] Compiling v3_bcons.cc
[1322/1567] Compiling v3_akeya.cc
[1323/1567] Compiling t_x509a.cc
[1324/1567] Compiling t_x509.cc
[1325/1567] Compiling i2d_pr.cc
[1326/1567] Compiling t_crl.cc
[1327/1567] Compiling policy.cc
[1328/1567] Compiling t_req.cc
[1329/1567] Compiling rsa_pss.cc
[1330/1567] Compiling name_print.cc
[1331/1567] Compiling by_dir.cc
[1332/1567] Compiling by_file.cc
[1333/1567] Compiling asn1_gen.cc
[1334/1567] Compiling voprf.cc
[1335/1567] Compiling a_verify.cc
[1336/1567] Compiling algorithm.cc
[1337/1567] Compiling a_digest.cc
[1338/1567] Compiling thread_win.cc
[1339/1567] Compiling trust_token.cc
[1340/1567] Compiling a_sign.cc
[1341/1567] Compiling pmbtoken.cc
[1342/1567] Compiling thread_pthread.cc
[1343/1567] Compiling thread.cc
[1344/1567] Compiling thread_none.cc
[1345/1567] Compiling siphash.cc
[1346/1567] Compiling stack.cc
[1347/1567] Compiling sha512.cc
[1348/1567] Compiling slhdsa.cc
[1349/1567] Compiling sha256.cc
[1350/1567] Compiling spake2plus.cc
[1351/1567] Compiling sha1.cc
[1352/1567] Compiling rsa_print.cc
[1353/1567] Compiling rsa_extra.cc
[1354/1567] Compiling rsa_crypt.cc
[1355/1567] Compiling rc4.cc
[1356/1567] Compiling refcount.cc
[1357/1567] Compiling windows.cc
[1358/1567] Compiling trusty.cc
[1359/1567] Compiling urandom.cc
[1360/1567] Compiling rand.cc
[1361/1567] Compiling rsa_asn1.cc
[1362/1567] Compiling ios.cc
[1363/1567] Compiling poly1305_arm_asm.S
[1364/1567] Compiling passive.cc
[1365/1567] Compiling getentropy.cc
[1366/1567] Compiling forkunsafe.cc
[1367/1567] Compiling fork_detect.cc
[1368/1567] Compiling poly1305_vec.cc
[1369/1567] Compiling deterministic.cc
[1370/1567] Compiling poly1305_arm.cc
[1371/1567] Compiling poly1305.cc
[1372/1567] Compiling pool.cc
[1373/1567] Compiling pkcs8.cc
[1374/1567] Compiling pkcs7_x509.cc
[1375/1567] Compiling pkcs8_x509.cc
[1376/1567] Compiling pkcs7.cc
[1377/1567] Compiling p5_pbev2.cc
[1378/1567] Compiling pem_xaux.cc
[1379/1567] Compiling pem_pkey.cc
[1380/1567] Compiling pem_x509.cc
[1381/1567] Compiling pem_oth.cc
[1382/1567] Compiling pem_pk8.cc
[1383/1567] Compiling obj_xref.cc
[1384/1567] Compiling mlkem.cc
[1385/1567] Compiling pem_info.cc
[1386/1567] Compiling pem_lib.cc
[1387/1567] Compiling pem_all.cc
[1388/1567] Compiling mem.cc
[1389/1567] Compiling mldsa.cc
[1390/1567] Compiling poly_rq_mul.S
[1391/1567] Compiling obj.cc
[1392/1567] Compiling fips_shared_support.cc
[1393/1567] Compiling lhash.cc
[1394/1567] Compiling md5.cc
[1395/1567] Compiling fuzzer_mode.cc
[1396/1567] Compiling kyber.cc
[1397/1567] Compiling md4.cc
[1398/1567] Compiling ex_data.cc
[1399/1567] Compiling hrss.cc
[1400/1567] Compiling hpke.cc
[1401/1567] Compiling scrypt.cc
[1402/1567] Compiling print.cc
[1403/1567] Compiling pbkdf.cc
[1404/1567] Compiling sign.cc
[1405/1567] Compiling p_x25519.cc
[1406/1567] Compiling p_x25519_asn1.cc
[1407/1567] Compiling p_rsa_asn1.cc
[1408/1567] Compiling p_ed25519_asn1.cc
[1409/1567] Compiling p_rsa.cc
[1410/1567] Compiling p_hkdf.cc
[1411/1567] Compiling p_ed25519.cc
[1412/1567] Compiling p_ec.cc
[1413/1567] Compiling p_ec_asn1.cc
[1414/1567] Compiling p_dh_asn1.cc
[1415/1567] Compiling p_dsa_asn1.cc
[1416/1567] Compiling p_dh.cc
[1417/1567] Compiling evp_ctx.cc
[1418/1567] Compiling err.cc
[1419/1567] Compiling ecdsa_p1363.cc
[1420/1567] Compiling evp_asn1.cc
[1421/1567] Compiling engine.cc
[1422/1567] Compiling evp.cc
[1423/1567] Compiling ecdh.cc
[1424/1567] Compiling ecdsa_asn1.cc
[1425/1567] Compiling ec_derive.cc
[1426/1567] Compiling dsa.cc
[1427/1567] Compiling hash_to_curve.cc
[1428/1567] Compiling digest_extra.cc
[1429/1567] Compiling dsa_asn1.cc
[1430/1567] Compiling ec_asn1.cc
[1431/1567] Compiling x25519-asm-arm.S
[1432/1567] Compiling des.cc
[1433/1567] Compiling params.cc
[1434/1567] Compiling dh_asn1.cc
[1435/1567] Compiling curve25519_64_adx.cc
[1436/1567] Compiling spake25519.cc
[1437/1567] Compiling crypto.cc
[1438/1567] Compiling cpu_intel.cc
[1439/1567] Compiling curve25519.cc
[1440/1567] Compiling cpu_arm_linux.cc
[1441/1567] Compiling cpu_arm_freebsd.cc
[1442/1567] Compiling cpu_aarch64_sysreg.cc
[1443/1567] Compiling cpu_aarch64_win.cc
[1444/1567] Compiling cpu_aarch64_linux.cc
[1445/1567] Compiling cpu_aarch64_openbsd.cc
[1446/1567] Compiling cpu_aarch64_fuchsia.cc
[1447/1567] Compiling tls_cbc.cc
[1448/1567] Compiling cpu_aarch64_apple.cc
[1449/1567] Compiling conf.cc
[1450/1567] Compiling get_cipher.cc
[1451/1567] Compiling e_rc4.cc
[1452/1567] Compiling e_tls.cc
[1453/1567] Compiling cms.cc
[1454/1567] Compiling e_null.cc
[1455/1567] Compiling e_rc2.cc
[1456/1567] Compiling e_des.cc
[1457/1567] Compiling e_aesctrhmac.cc
[1458/1567] Compiling e_chacha20poly1305.cc
[1459/1567] Compiling e_aeseax.cc
[1460/1567] Compiling derive_key.cc
[1461/1567] Compiling chacha.cc
[1462/1567] Compiling e_aesgcmsiv.cc
[1463/1567] Compiling unicode.cc
[1464/1567] Compiling buf.cc
[1465/1567] Compiling asn1_compat.cc
[1466/1567] Compiling sqrt.cc
[1467/1567] Compiling cbb.cc
[1467/1567] Compiling cbs.cc
[1469/1567] Compiling ber.cc
[1470/1567] Compiling exponentiation.cc
[1471/1567] Compiling div.cc
[1472/1567] Compiling convert.cc
[1473/1567] Compiling blake2.cc
[1474/1567] Compiling printf.cc
[1475/1567] Compiling hexdump.cc
[1476/1567] Compiling bn_asn1.cc
[1477/1567] Compiling pair.cc
[1478/1567] Compiling file.cc
[1479/1567] Compiling fd.cc
[1480/1567] Compiling errno.cc
[1481/1567] Compiling tasn_typ.cc
[1482/1567] Compiling bio.cc
[1482/1567] Compiling bio_mem.cc
[1484/1567] Compiling base64.cc
[1485/1567] Compiling f_string.cc
[1486/1567] Compiling tasn_utl.cc
[1487/1567] Compiling tasn_enc.cc
[1488/1567] Compiling tasn_new.cc
[1489/1567] Compiling tasn_fre.cc
[1490/1567] Compiling posix_time.cc
[1491/1567] Compiling f_int.cc
[1492/1567] Compiling asn1_par.cc
[1493/1567] Compiling tasn_dec.cc
[1494/1567] Compiling bcm.cc
[1495/1567] Compiling asn_pack.cc
[1496/1567] Compiling asn1_lib.cc
[1497/1567] Compiling a_utctm.cc
[1498/1567] Compiling CAsyncHTTPClient CAsyncHTTPClient.c
[1498/1567] Write sources
[1505/1567] Compiling a_octet.cc
[1506/1619] Compiling a_strex.cc
[1507/1649] Compiling a_time.cc
[1508/1692] Compiling a_type.cc
[1510/1717] Compiling Algorithms FlattenCollection.swift
[1511/1717] Compiling Algorithms Grouped.swift
[1512/1717] Compiling Algorithms Indexed.swift
[1513/1719] Compiling Algorithms Chunked.swift
[1514/1719] Compiling Algorithms Combinations.swift
[1515/1719] Compiling Algorithms Partition.swift
[1516/1719] Compiling Algorithms Permutations.swift
[1517/1719] Compiling Algorithms Joined.swift
[1518/1719] Compiling Algorithms Keyed.swift
[1519/1719] Compiling Algorithms EitherSequence.swift
[1520/1719] Compiling Algorithms FirstNonNil.swift
[1520/1719] Compiling a_mbstr.cc
[1521/1719] Compiling a_strnid.cc
[1525/1719] Compiling Algorithms MinMax.swift
[1526/1719] Compiling Algorithms AdjacentPairs.swift
[1527/1719] Compiling Algorithms Chain.swift
[1531/1726] Compiling Atomics IntegerOperations.swift
[1532/1726] Compiling Atomics Unmanaged extensions.swift
[1533/1726] Compiling AsyncAlgorithms UnboundedBufferStateMachine.swift
[1534/1726] Compiling AsyncAlgorithms UnboundedBufferStorage.swift
[1535/1726] Compiling AsyncAlgorithms AsyncChannel.swift
[1536/1726] Compiling AsyncAlgorithms AsyncThrowingChannel.swift
[1537/1726] Compiling AsyncAlgorithms ChannelStateMachine.swift
[1538/1726] Compiling AsyncAlgorithms ChannelStorage.swift
[1539/1726] Compiling AsyncAlgorithms AsyncCombineLatest2Sequence.swift
[1540/1726] Compiling AsyncAlgorithms AsyncCombineLatest3Sequence.swift
[1540/1726] Compiling a_object.cc
[1545/1734] Compiling AsyncAlgorithms CombineLatestStateMachine.swift
[1546/1734] Compiling AsyncAlgorithms CombineLatestStorage.swift
[1547/1734] Compiling AsyncAlgorithms AsyncDebounceSequence.swift
[1548/1734] Compiling AsyncAlgorithms DebounceStateMachine.swift
[1549/1734] Compiling AsyncAlgorithms DebounceStorage.swift
[1550/1734] Compiling AsyncAlgorithms Dictionary.swift
[1551/1734] Compiling AsyncAlgorithms AsyncFlatMapLatestSequence.swift
[1552/1734] Compiling AsyncAlgorithms FlatMapLatestStateMachine.swift
[1553/1734] Compiling AsyncAlgorithms FlatMapLatestStorage.swift
[1554/1734] Compiling AsyncAlgorithms Disconnected.swift
[1555/1734] Compiling AsyncAlgorithms _TinyArray.swift
[1556/1734] Compiling AsyncAlgorithms AsyncInterspersedSequence.swift
[1557/1734] Compiling AsyncAlgorithms Locking.swift
[1558/1734] Compiling AsyncAlgorithms AsyncMerge2Sequence.swift
[1559/1734] Compiling AsyncAlgorithms AsyncMerge3Sequence.swift
[1560/1734] Compiling AsyncAlgorithms MergeStateMachine.swift
[1561/1734] Compiling AsyncAlgorithms MergeStorage.swift
[1562/1734] Compiling AsyncAlgorithms MultiProducerSingleConsumerAsyncChannel+Internal.swift
[1563/1734] Compiling AsyncAlgorithms MultiProducerSingleConsumerAsyncChannel.swift
[1564/1734] Compiling AsyncAlgorithms RangeReplaceableCollection.swift
[1565/1734] Compiling BitCollections BitSet.Counted.swift
[1567/1734] Compiling Algorithms Stride.swift
[1568/1734] Compiling Algorithms Suffix.swift
[1569/1737] Compiling Algorithms RandomSample.swift
[1570/1737] Compiling Algorithms Reductions.swift
[1571/1737] Compiling Algorithms Rotate.swift
[1575/1737] Compiling Algorithms Intersperse.swift
[1576/1737] Compiling Algorithms Compacted.swift
[1577/1737] Compiling Algorithms Cycle.swift
[1580/1737] Emitting module BitCollections
[1581/1737] Compiling CryptoBoringWrapper RandomBytes.swift
[1582/1737] Compiling BitCollections BitSet.Index.swift
[1583/1737] Compiling BitCollections BitSet._UnsafeHandle.swift
[1584/1737] Compiling BitCollections BitSet.swift
[1585/1737] Compiling BitCollections Range+Utilities.swift
[1586/1737] Compiling BitCollections Slice+Utilities.swift
[1587/1737] Compiling BitCollections UInt+Tricks.swift
[1588/1737] Compiling BitCollections _Word.swift
[1601/1738] Compiling CryptoBoringWrapper CryptoKitErrors_boring.swift
[1601/1738] Wrapping AST for BitCollections for debugging
[1611/1751] Compiling CryptoBoringWrapper EllipticCurve.swift
[1612/1751] Compiling CryptoBoringWrapper FiniteFieldArithmeticContext.swift
[1613/1751] Compiling Collections OrderedCollections reexports.swift
[1614/1751] Compiling Collections DequeModule reexports.swift
[1615/1751] Compiling Collections HashTreeCollections reexports.swift
[1616/1751] Compiling Collections HeapModule reexports.swift
[1617/1751] Compiling Collections BitCollections reexports.swift
[1618/1751] Emitting module Collections
[1628/1752] Emitting module CryptoBoringWrapper
[1629/1752] Compiling CryptoBoringWrapper BoringSSLAEAD.swift
[1630/1752] Emitting module AsyncAlgorithms
[1630/1752] Wrapping AST for Collections for debugging
[1632/1752] Compiling Algorithms Trim.swift
[1633/1752] Compiling Algorithms Unique.swift
[1634/1752] Compiling Algorithms Windows.swift
[1635/1752] Compiling CryptoBoringWrapper EllipticCurvePoint.swift
[1636/1752] Compiling CryptoBoringWrapper ArbitraryPrecisionInteger.swift
[1653/1753] Wrapping AST for CryptoBoringWrapper for debugging
[1655/1824] Emitting module Atomics
[1656/1824] Compiling Crypto ChaChaPoly.swift
[1657/1824] Compiling Crypto Cipher.swift
[1658/1824] Compiling Crypto Nonces.swift
[1659/1832] Wrapping AST for Atomics for debugging
[1661/1904] Compiling NIOCore NIOAsyncSequenceProducer.swift
[1662/1904] Compiling NIOCore NIOAsyncSequenceProducerStrategies.swift
[1663/1905] Compiling NIOCore ChannelInvoker.swift
[1664/1905] Compiling NIOCore ChannelOption.swift
[1665/1905] Compiling NIOCore ChannelPipeline.swift
[1666/1905] Compiling NIOCore CircularBuffer.swift
[1667/1905] Compiling NIOCore Codec.swift
[1668/1905] Compiling NIOCore ConvenienceOptionSupport.swift
[1669/1905] Compiling NIOCore DeadChannel.swift
[1670/1905] Compiling NIOCore DispatchQueue+WithFuture.swift
[1671/1905] Compiling NIOCore EventLoop+Deprecated.swift
[1672/1905] Compiling NIOCore EventLoop+SerialExecutor.swift
[1673/1905] Compiling NIOCore EventLoop.swift
[1674/1905] Compiling NIOCore EventLoopFuture+AssumeIsolated.swift
[1675/1905] Compiling NIOCore EventLoopFuture+Deprecated.swift
[1676/1905] Compiling NIOCore EventLoopFuture+WithEventLoop.swift
[1677/1905] Compiling NIOCore NIOTransportAccessibleChannelCore.swift
[1678/1905] Compiling NIOCore RecvByteBufferAllocator.swift
[1679/1905] Compiling NIOCore IPProtocol.swift
[1680/1905] Compiling NIOCore IntegerBitPacking.swift
[1681/1905] Compiling NIOCore IntegerTypes.swift
[1682/1905] Compiling NIOCore Interfaces.swift
[1683/1905] Compiling NIOCore Linux.swift
[1684/1905] Compiling NIOCore EventLoopFuture.swift
[1685/1905] Compiling NIOCore FileDescriptor.swift
[1686/1905] Compiling NIOCore FileHandle.swift
[1687/1905] Compiling NIOCore FileRegion.swift
[1688/1905] Compiling NIOCore GlobalSingletons.swift
[1689/1905] Compiling NIOCore IO.swift
[1690/1905] Compiling NIOCore IOData.swift
[1691/1905] Compiling NIOCore NIOCoreSendableMetatype.swift
[1692/1905] Compiling NIOCore NIODecodedAsyncSequence.swift
[1693/1905] Compiling NIOCore NIOLoopBound.swift
[1694/1905] Compiling NIOCore NIOPooledRecvBufferAllocator.swift
[1695/1905] Compiling NIOCore NIOScheduledCallback.swift
[1696/1905] Compiling NIOCore NIOSendable.swift
[1697/1905] Compiling NIOCore NIOSplitLinesMessageDecoder.swift
[1698/1906] Compiling NIOCore ByteBuffer-aux.swift
[1699/1906] Compiling NIOCore ByteBuffer-binaryEncodedLengthPrefix.swift
[1700/1906] Compiling NIOCore ByteBuffer-conversions.swift
[1701/1906] Compiling NIOCore ByteBuffer-core.swift
[1702/1906] Compiling NIOCore NIOAsyncWriter.swift
[1703/1906] Compiling NIOCore NIOThrowingAsyncSequenceProducer.swift
[1704/1906] Compiling NIOCore BSDSocketAPI.swift
[1705/1906] Emitting module Algorithms
[1707/1907] Wrapping AST for AsyncAlgorithms for debugging
[1709/1916] Compiling NIOCore AsyncChannelInboundStream.swift
[1710/1916] Compiling NIOCore AsyncChannelOutboundWriter.swift
[1711/1916] Compiling NIOCore AsyncChannel.swift
[1712/1916] Compiling NIOCore AsyncChannelHandler.swift
[1712/1916] Wrapping AST for Algorithms for debugging
[1714/1916] Compiling _ConnectionPoolModule TinyFastSequence.swift
[1715/1916] Compiling ServiceLifecycle CancellationWaiter.swift
/host/spi-builder-workspace/.build/checkouts/postgres-nio/Sources/ConnectionPoolModule/PoolStateMachine.swift:888:48: error: cannot find 'pow' in scope
886 |
887 |         let start = Double(100_000_000)
888 |         let backoffNanosecondsDouble = start * pow(1.25, Double(attempts - 1))
    |                                                `- error: cannot find 'pow' in scope
889 |
890 |         // Cap to 60s _before_ we convert to Int64, to avoid trapping in the Int64 initializer.
/host/spi-builder-workspace/.build/checkouts/postgres-nio/Sources/ConnectionPoolModule/PoolStateMachine.swift:898:74: error: referencing instance method 'randomElement()' on 'ClosedRange' requires that 'Float16' conform to 'SignedInteger'
896 |         let jitterRange = (backoffNanoseconds / 100) * 3
897 |         // Pick a random element from the range +/- jitter range.
898 |         let jitter: Duration = .nanoseconds((-jitterRange...jitterRange).randomElement()!)
    |                                                                          `- error: referencing instance method 'randomElement()' on 'ClosedRange' requires that 'Float16' conform to 'SignedInteger'
899 |         let jitteredBackoff = backoff + jitter
900 |         return jitteredBackoff
Swift.ClosedRange:1:11: note: requirement from conditional conformance of 'ClosedRange<Float16>' to 'Collection'
 1 | extension ClosedRange : Collection, BidirectionalCollection, RandomAccessCollection where Bound : Strideable, Bound.Stride : SignedInteger {
   |           `- note: requirement from conditional conformance of 'ClosedRange<Float16>' to 'Collection'
 2 |     public typealias SubSequence = Slice<ClosedRange<Bound>>
 3 |     @inlinable public var startIndex: ClosedRange<Bound>.Index { get }
/host/spi-builder-workspace/.build/checkouts/postgres-nio/Sources/ConnectionPoolModule/PoolStateMachine.swift:888:48: error: cannot find 'pow' in scope
886 |
887 |         let start = Double(100_000_000)
888 |         let backoffNanosecondsDouble = start * pow(1.25, Double(attempts - 1))
    |                                                `- error: cannot find 'pow' in scope
889 |
890 |         // Cap to 60s _before_ we convert to Int64, to avoid trapping in the Int64 initializer.
/host/spi-builder-workspace/.build/checkouts/postgres-nio/Sources/ConnectionPoolModule/PoolStateMachine.swift:898:74: error: referencing instance method 'randomElement()' on 'ClosedRange' requires that 'Float16' conform to 'SignedInteger'
896 |         let jitterRange = (backoffNanoseconds / 100) * 3
897 |         // Pick a random element from the range +/- jitter range.
898 |         let jitter: Duration = .nanoseconds((-jitterRange...jitterRange).randomElement()!)
    |                                                                          `- error: referencing instance method 'randomElement()' on 'ClosedRange' requires that 'Float16' conform to 'SignedInteger'
899 |         let jitteredBackoff = backoff + jitter
900 |         return jitteredBackoff
Swift.ClosedRange:1:11: note: requirement from conditional conformance of 'ClosedRange<Float16>' to 'Collection'
 1 | extension ClosedRange : Collection, BidirectionalCollection, RandomAccessCollection where Bound : Strideable, Bound.Stride : SignedInteger {
   |           `- note: requirement from conditional conformance of 'ClosedRange<Float16>' to 'Collection'
 2 |     public typealias SubSequence = Slice<ClosedRange<Bound>>
 3 |     @inlinable public var startIndex: ClosedRange<Bound>.Index { get }
[1718/1917] Compiling ServiceLifecycle ServiceGroupConfiguration.swift
[1719/1917] Compiling ServiceLifecycle AsyncCancelOnGracefulShutdownSequence.swift
[1720/1917] Compiling ServiceLifecycle AsyncGracefulShutdownSequence.swift
[1721/1917] Emitting module ServiceLifecycle
[1727/1917] Compiling NIOCore ByteBuffer-hex.swift
[1728/1917] Compiling NIOCore ByteBuffer-int.swift
[1729/1917] Compiling NIOCore ByteBuffer-lengthPrefix.swift
[1730/1917] Compiling NIOCore ByteBuffer-multi-int.swift
[1731/1917] Compiling NIOCore ByteBuffer-quicBinaryEncodingStrategy.swift
[1732/1927] Emitting module Crypto
[1733/1927] Compiling ServiceLifecycle ClosureService.swift
[1753/1935] Compiling ServiceLifecycle ServiceRunnerError.swift
[1754/1935] Compiling NIOCore MulticastChannel.swift
[1755/1935] Compiling NIOCore NIOAny.swift
[1756/1935] Compiling NIOCore NIOCloseOnErrorHandler.swift
[1757/1935] Compiling NIOCore SingleStepByteToMessageDecoder.swift
[1758/1935] Compiling NIOCore SocketAddresses.swift
[1759/1935] Compiling NIOCore SocketOptionProvider.swift
[1760/1935] Compiling NIOCore SystemCallHelpers.swift
[1761/1935] Compiling NIOCore TimeAmount+Duration.swift
[1762/1935] Compiling NIOCore TypeAssistedChannelHandler.swift
[1763/1935] Compiling NIOCore UniversalBootstrapSupport.swift
[1768/1935] Compiling ServiceLifecycle Service.swift
[1769/1935] Compiling ServiceLifecycle GracefulShutdown.swift
[1770/1935] Compiling ServiceLifecycle ServiceGroup.swift
[1771/1936] Wrapping AST for ServiceLifecycle for debugging
[1773/1936] Emitting module _ConnectionPoolModule
[1793/1936] Compiling NIOCore MarkedCircularBuffer.swift
[1813/1936] Compiling NIOCore ByteBuffer-views.swift
[1814/1936] Compiling NIOCore Channel.swift
[1815/1936] Compiling NIOCore ChannelHandler.swift
[1816/1936] Compiling NIOCore ChannelHandlers.swift
[1832/1936] Compiling NIOCore Utilities.swift
[1833/1936] Compiling Crypto Signature.swift
[1834/1936] Compiling Crypto CryptoKitErrors_boring.swift
[1835/1936] Compiling Crypto RNG_boring.swift
[1836/1936] Compiling Crypto SafeCompare_boring.swift
[1837/1936] Compiling Crypto Zeroization_boring.swift
[1838/1936] Compiling Crypto PrettyBytes.swift
[1839/1936] Compiling Crypto SafeCompare.swift
[1840/1936] Compiling Crypto SecureBytes.swift
[1841/1936] Compiling Crypto Zeroization.swift
[1842/1937] Wrapping AST for Crypto for debugging
[1852/1991] Compiling _CryptoExtras KDF.swift
[1853/1991] Compiling _CryptoExtras PBKDF2_boring.swift
BUILD FAILURE 6.2 android