The Swift Package Index logo.Swift Package Index

Build Information

Failed to build GenieMax, reference main (476550), with Swift 6.1 for Wasm on 11 Jul 2026 03:50:14 UTC.

Build Command

bash -c docker run --pull=always --rm -v "checkouts-53886770-0":/host -w "$PWD" -e JAVA_HOME="/root/.sdkman/candidates/java/current" -e SPI_BUILD="1" -e SPI_PROCESSING="1" registry.gitlab.com/saguaro1/spi-images:wasm-6.1-latest swift build --swift-sdk wasm32-unknown-wasi 2>&1

Build Log

========================================
RunAll
========================================
Builder version: 0e64495ecc1688c3b3e031a5ef1348b5c05091ae
Interrupt handler set up.
========================================
Checkout
========================================
Clone URL: https://github.com/satayutata/geniemax-core.git
Reference: main
Initialized empty Git repository in /host/spi-builder-workspace/.git/
hint: Using 'master' as the name for the initial branch. This default branch name
hint: is subject to change. To configure the initial branch name to use in all
hint: of your new repositories, which will suppress this warning, call:
hint:
hint: 	git config --global init.defaultBranch <name>
hint:
hint: Names commonly chosen instead of 'master' are 'main', 'trunk' and
hint: 'development'. The just-created branch can be renamed via this command:
hint:
hint: 	git branch -m <name>
From https://github.com/satayutata/geniemax-core
 * branch            main       -> FETCH_HEAD
 * [new branch]      main       -> origin/main
HEAD is now at 4765501 docs: drop Goose link placeholder (name only)
Cloned https://github.com/satayutata/geniemax-core.git
Revision (git rev-parse @):
476550124c9e3fa08de40dbc99b11db4bd3186eb
SUCCESS checkout https://github.com/satayutata/geniemax-core.git at main
========================================
Build
========================================
Selected platform:         wasm
Swift version:             6.1
Building package at path:  $PWD
https://github.com/satayutata/geniemax-core.git
https://github.com/satayutata/geniemax-core.git
WARNING: environment variable SUPPRESS_SWIFT_6_FLAGS is not set
Running build ...
bash -c docker run --pull=always --rm -v "checkouts-53886770-0":/host -w "$PWD" -e JAVA_HOME="/root/.sdkman/candidates/java/current" -e SPI_BUILD="1" -e SPI_PROCESSING="1" registry.gitlab.com/saguaro1/spi-images:wasm-6.1-latest swift build --swift-sdk wasm32-unknown-wasi -Xswiftc -Xfrontend -Xswiftc -stats-output-dir -Xswiftc -Xfrontend -Xswiftc .stats -Xswiftc -strict-concurrency=complete -Xswiftc -enable-upcoming-feature -Xswiftc StrictConcurrency -Xswiftc -enable-upcoming-feature -Xswiftc DisableOutwardActorInference -Xswiftc -enable-upcoming-feature -Xswiftc GlobalActorIsolatedTypesUsability -Xswiftc -enable-upcoming-feature -Xswiftc InferSendableFromCaptures 2>&1
wasm-6.1-latest: Pulling from saguaro1/spi-images
Digest: sha256:1ad245dad3d2ae0004e1afbc92334bd39884ed9ca587cf04d0a8d5f640fb02e9
Status: Image is up to date for registry.gitlab.com/saguaro1/spi-images:wasm-6.1-latest
Fetching https://github.com/jedisct1/swift-sodium
[1/5008] Fetching swift-sodium
Fetched https://github.com/jedisct1/swift-sodium from cache (4.41s)
Computing version for https://github.com/jedisct1/swift-sodium
Computed https://github.com/jedisct1/swift-sodium at 0.11.0 (4.63s)
Creating working copy for https://github.com/jedisct1/swift-sodium
Working copy of https://github.com/jedisct1/swift-sodium resolved at 0.11.0
warning: 'swift-sodium': found 1 file(s) which are unhandled; explicitly declare them as resources or exclude from the target
    /host/spi-builder-workspace/.build/checkouts/swift-sodium/Sources/Sodium/Info.plist
Building for debugging...
[0/4] Write sources
[3/4] Write swift-version-24593BA9C3E375BF.txt
error: emit-module command failed with exit code 1 (use -v to see invocation)
[5/6] Emitting module _Clibsodium
/host/spi-builder-workspace/.build/checkouts/swift-sodium/Sources/_Clibsodium/Clibsodium.swift:1:19: error: no such module 'Clibsodium'
1 | @_exported import Clibsodium
  |                   `- error: no such module 'Clibsodium'
2 |
[6/6] Compiling _Clibsodium Clibsodium.swift
/host/spi-builder-workspace/.build/checkouts/swift-sodium/Sources/_Clibsodium/Clibsodium.swift:1:19: error: no such module 'Clibsodium'
1 | @_exported import Clibsodium
  |                   `- error: no such module 'Clibsodium'
2 |
Running build ...
bash -c docker run --pull=always --rm -v "checkouts-53886770-0":/host -w "$PWD" -e JAVA_HOME="/root/.sdkman/candidates/java/current" -e SPI_BUILD="1" -e SPI_PROCESSING="1" registry.gitlab.com/saguaro1/spi-images:wasm-6.1-latest swift build --swift-sdk wasm32-unknown-wasi 2>&1
wasm-6.1-latest: Pulling from saguaro1/spi-images
Digest: sha256:1ad245dad3d2ae0004e1afbc92334bd39884ed9ca587cf04d0a8d5f640fb02e9
Status: Image is up to date for registry.gitlab.com/saguaro1/spi-images:wasm-6.1-latest
warning: 'swift-sodium': found 1 file(s) which are unhandled; explicitly declare them as resources or exclude from the target
    /host/spi-builder-workspace/.build/checkouts/swift-sodium/Sources/Sodium/Info.plist
[0/1] Planning build
Building for debugging...
[0/1] Write swift-version-24593BA9C3E375BF.txt
error: emit-module command failed with exit code 1 (use -v to see invocation)
[2/3] Emitting module _Clibsodium
/host/spi-builder-workspace/.build/checkouts/swift-sodium/Sources/_Clibsodium/Clibsodium.swift:1:19: error: no such module 'Clibsodium'
1 | @_exported import Clibsodium
  |                   `- error: no such module 'Clibsodium'
2 |
[3/3] Compiling _Clibsodium Clibsodium.swift
/host/spi-builder-workspace/.build/checkouts/swift-sodium/Sources/_Clibsodium/Clibsodium.swift:1:19: error: no such module 'Clibsodium'
1 | @_exported import Clibsodium
  |                   `- error: no such module 'Clibsodium'
2 |
BUILD FAILURE 6.1 wasm