The Swift Package Index logo.Swift Package Index

Build Information

Failed to build MGUtils, reference main (6bae52), with Swift 6.4 for visionOS using Xcode 27.0 on 22 Sep 2026 18:20:08 UTC.

Build Command

env DEVELOPER_DIR=/Applications/Xcode-27.0.0-Release.Candidate.app xcrun xcodebuild -IDEClonedSourcePackagesDirPathOverride=$PWD/.dependencies -skipMacroValidation -skipPackagePluginValidation -derivedDataPath $PWD/.derivedData build -scheme MGUtils -destination generic/platform=xrOS

Build Log

========================================
RunAll
========================================
Builder version: 5.1.0
Interrupt handler set up.
========================================
Checkout
========================================
Clone URL: https://github.com/dongzs0907/MGUtils.git
Reference: main
Initialized empty Git repository in /Users/admin/builder/spi-builder-workspace/.git/
From https://github.com/dongzs0907/MGUtils
 * branch            main       -> FETCH_HEAD
 * [new branch]      main       -> origin/main
HEAD is now at 6bae527 完善
Cloned https://github.com/dongzs0907/MGUtils.git
Revision (git rev-parse @):
6bae527ed7172d03720dd40b89f32af6882913f2
SUCCESS checkout https://github.com/dongzs0907/MGUtils.git at main
========================================
Build
========================================
Selected platform:         visionOS
Swift version:             6.4
Building package at path:  $PWD
https://github.com/dongzs0907/MGUtils.git
Command line invocation:
    /Applications/Xcode-27.0.0-Release.Candidate.app/Contents/Developer/usr/bin/xcodebuild -IDEClonedSourcePackagesDirPathOverride=/Users/admin/builder/spi-builder-workspace/.dependencies -resolvePackageDependencies
Resolve Package Graph
Resolve Package Graph
Resolved source packages:
  MGUtils: /Users/admin/builder/spi-builder-workspace
resolved source packages: MGUtils
2026-09-22 14:19:19.239 xcodebuild[529:3044] [MT] IDERunDestination: Supported platforms for the buildables in the current scheme is empty.
{
  "dependencies" : [
  ],
  "manifest_display_name" : "MGUtils",
  "name" : "MGUtils",
  "path" : "/Users/admin/builder/spi-builder-workspace",
  "platforms" : [
    {
      "name" : "ios",
      "version" : "15.0"
    }
  ],
  "products" : [
    {
      "name" : "MGUtils",
      "targets" : [
        "MGUtils"
      ],
      "type" : {
        "library" : [
          "automatic"
        ]
      }
    }
  ],
  "targets" : [
    {
      "c99name" : "MGUtilsTests",
      "module_type" : "SwiftTarget",
      "name" : "MGUtilsTests",
      "path" : "Tests/MGUtilsTests",
      "sources" : [
        "MGUtilsTests.swift"
      ],
      "target_dependencies" : [
        "MGUtils"
      ],
      "type" : "test"
    },
    {
      "c99name" : "MGUtils",
      "module_type" : "SwiftTarget",
      "name" : "MGUtils",
      "path" : "Sources/MGUtils",
      "product_memberships" : [
        "MGUtils"
      ],
      "resources" : [
        {
          "path" : "/Users/admin/builder/spi-builder-workspace/Sources/MGUtils/Resources/Media.xcassets",
          "rule" : {
            "process" : {
            }
          }
        }
      ],
      "sources" : [
        "Functions/Array(extension).swift",
        "Functions/Date(extension).swift",
        "Functions/Number(extension).swift",
        "Functions/String(extension).swift",
        "Functions/UIColor(extension).swift",
        "Functions/UIViewController(extension).swift",
        "Libs/MBProgressHUD.swift",
        "MGUtils.swift",
        "UIKit/CALayer+Heartbeat.swift",
        "UIKit/IB_UIKit.swift",
        "UIKit/UIButton+ImageTitleSpacing.swift",
        "UIKit/UITableView(extension).swift",
        "UIKit/UIView(extension).swift",
        "Utils/DeviceUtils.swift",
        "Utils/LaunchManage.swift",
        "Utils/Toast.swift"
      ],
      "type" : "library"
    }
  ],
  "tools_version" : "5.9"
}
{
  "workspace" : {
    "name" : "MGUtils",
    "schemes" : [
      "MGUtils"
    ]
  }
}
2026-09-22 14:19:51.026 xcodebuild[626:3864] [MT] IDERunDestination: Supported platforms for the buildables in the current scheme is empty.
Running build ...
env DEVELOPER_DIR=/Applications/Xcode-27.0.0-Release.Candidate.app xcrun xcodebuild -IDEClonedSourcePackagesDirPathOverride=$PWD/.dependencies -skipMacroValidation -skipPackagePluginValidation -derivedDataPath $PWD/.derivedData build -scheme MGUtils -destination generic/platform=xrOS
Command line invocation:
    /Applications/Xcode-27.0.0-Release.Candidate.app/Contents/Developer/usr/bin/xcodebuild -IDEClonedSourcePackagesDirPathOverride=/Users/admin/builder/spi-builder-workspace/.dependencies -skipMacroValidation -skipPackagePluginValidation -derivedDataPath /Users/admin/builder/spi-builder-workspace/.derivedData build -scheme MGUtils -destination generic/platform=xrOS
Resolve Package Graph
Resolved source packages:
  MGUtils: /Users/admin/builder/spi-builder-workspace
ComputePackagePrebuildTargetDependencyGraph
Prepare packages
CreateBuildRequest
SendProjectDescription
CreateBuildOperation
ComputeTargetDependencyGraph
note: Building targets in dependency order
note: Target dependency graph (3 targets)
    Target 'MGUtils-product' in project 'MGUtils'
        ➜ Explicit dependency on target 'MGUtils' in project 'MGUtils'
        ➜ Explicit dependency on target 'MGUtils_MGUtils' in project 'MGUtils'
    Target 'MGUtils' in project 'MGUtils'
        ➜ Explicit dependency on target 'MGUtils_MGUtils' in project 'MGUtils'
    Target 'MGUtils_MGUtils' in project 'MGUtils' (no dependencies)
GatherProvisioningInputs
CreateBuildDescription
ExecuteExternalTool /Applications/Xcode-27.0.0-Release.Candidate.app/Contents/Developer/Toolchains/XcodeDefault.xctoolchain/usr/bin/clang -v -E -dM -isysroot /Applications/Xcode-27.0.0-Release.Candidate.app/Contents/Developer/Platforms/XROS.platform/Developer/SDKs/XROS27.0.sdk -x c -c /dev/null
ExecuteExternalTool /Applications/Xcode-27.0.0-Release.Candidate.app/Contents/Developer/usr/bin/actool --version --output-format xml1
ExecuteExternalTool /Applications/Xcode-27.0.0-Release.Candidate.app/Contents/Developer/Toolchains/XcodeDefault.xctoolchain/usr/bin/swiftc --version
ExecuteExternalTool /Applications/Xcode-27.0.0-Release.Candidate.app/Contents/Developer/Toolchains/XcodeDefault.xctoolchain/usr/bin/ld -version_details
Build description signature: b9b7d5d2dd2047adcbd2d54aa3234749
Build description path: /Users/admin/builder/spi-builder-workspace/.derivedData/Build/Intermediates.noindex/XCBuildData/b9b7d5d2dd2047adcbd2d54aa3234749.xcbuilddata
CreateBuildDirectory /Users/admin/builder/spi-builder-workspace/.derivedData/SDKExplicitPrecompiledModules
    cd /Users/admin/builder/spi-builder-workspace/.swiftpm/xcode
    builtin-create-build-directory /Users/admin/builder/spi-builder-workspace/.derivedData/SDKExplicitPrecompiledModules
CreateBuildDirectory /Users/admin/builder/spi-builder-workspace/.derivedData/CompilationCache.noindex
    cd /Users/admin/builder/spi-builder-workspace/.swiftpm/xcode
    builtin-create-build-directory /Users/admin/builder/spi-builder-workspace/.derivedData/CompilationCache.noindex
CreateBuildDirectory /Users/admin/builder/spi-builder-workspace/.derivedData/ModuleCache.noindex
    cd /Users/admin/builder/spi-builder-workspace/.swiftpm/xcode
    builtin-create-build-directory /Users/admin/builder/spi-builder-workspace/.derivedData/ModuleCache.noindex
CreateBuildDirectory /Users/admin/builder/spi-builder-workspace/.derivedData/Build/Products
    cd /Users/admin/builder/spi-builder-workspace/.swiftpm/xcode
    builtin-create-build-directory /Users/admin/builder/spi-builder-workspace/.derivedData/Build/Products
CreateBuildDirectory /Users/admin/builder/spi-builder-workspace/.derivedData/Build/Intermediates.noindex
    cd /Users/admin/builder/spi-builder-workspace/.swiftpm/xcode
    builtin-create-build-directory /Users/admin/builder/spi-builder-workspace/.derivedData/Build/Intermediates.noindex
ClangStatCache /Applications/Xcode-27.0.0-Release.Candidate.app/Contents/Developer/Toolchains/XcodeDefault.xctoolchain/usr/bin/clang-stat-cache /Applications/Xcode-27.0.0-Release.Candidate.app/Contents/Developer/Platforms/XROS.platform/Developer/SDKs/XROS27.0.sdk /Users/admin/builder/spi-builder-workspace/.derivedData/SDKStatCaches.noindex/xros27.0-24M361-e829b21a6f8c9b70876ba0858053c044735bd543db762f57723cac368afd1ce4.sdkstatcache
    cd /Users/admin/builder/spi-builder-workspace/.swiftpm/xcode
    /Applications/Xcode-27.0.0-Release.Candidate.app/Contents/Developer/Toolchains/XcodeDefault.xctoolchain/usr/bin/clang-stat-cache /Applications/Xcode-27.0.0-Release.Candidate.app/Contents/Developer/Platforms/XROS.platform/Developer/SDKs/XROS27.0.sdk -o /Users/admin/builder/spi-builder-workspace/.derivedData/SDKStatCaches.noindex/xros27.0-24M361-e829b21a6f8c9b70876ba0858053c044735bd543db762f57723cac368afd1ce4.sdkstatcache
CreateBuildDirectory /Users/admin/builder/spi-builder-workspace/.derivedData/Build/Intermediates.noindex/SwiftExplicitPrecompiledModules
    cd /Users/admin/builder/spi-builder-workspace/.swiftpm/xcode
    builtin-create-build-directory /Users/admin/builder/spi-builder-workspace/.derivedData/Build/Intermediates.noindex/SwiftExplicitPrecompiledModules
CreateBuildDirectory /Users/admin/builder/spi-builder-workspace/.derivedData/Build/Intermediates.noindex/PrecompiledHeaders
    cd /Users/admin/builder/spi-builder-workspace/.swiftpm/xcode
    builtin-create-build-directory /Users/admin/builder/spi-builder-workspace/.derivedData/Build/Intermediates.noindex/PrecompiledHeaders
CreateBuildDirectory /Users/admin/builder/spi-builder-workspace/.derivedData/Build/Intermediates.noindex/ExplicitPrecompiledModules
    cd /Users/admin/builder/spi-builder-workspace/.swiftpm/xcode
    builtin-create-build-directory /Users/admin/builder/spi-builder-workspace/.derivedData/Build/Intermediates.noindex/ExplicitPrecompiledModules
CreateBuildDirectory /Users/admin/builder/spi-builder-workspace/.derivedData/Build/Intermediates.noindex/EagerLinkingTBDs/Debug-xros
    cd /Users/admin/builder/spi-builder-workspace/.swiftpm/xcode
    builtin-create-build-directory /Users/admin/builder/spi-builder-workspace/.derivedData/Build/Intermediates.noindex/EagerLinkingTBDs/Debug-xros
CreateBuildDirectory /Users/admin/builder/spi-builder-workspace/.derivedData/Build/Products/Debug-xros
    cd /Users/admin/builder/spi-builder-workspace/.swiftpm/xcode
    builtin-create-build-directory /Users/admin/builder/spi-builder-workspace/.derivedData/Build/Products/Debug-xros
CreateBuildDirectory /Users/admin/builder/spi-builder-workspace/.derivedData/Build/Products/Debug-xros/PackageFrameworks
    cd /Users/admin/builder/spi-builder-workspace/.swiftpm/xcode
    builtin-create-build-directory /Users/admin/builder/spi-builder-workspace/.derivedData/Build/Products/Debug-xros/PackageFrameworks
MkDir /Users/admin/builder/spi-builder-workspace/.derivedData/Build/Products/Debug-xros/MGUtils_MGUtils.bundle (in target 'MGUtils_MGUtils' from project 'MGUtils')
    cd /Users/admin/builder/spi-builder-workspace
    /bin/mkdir -p /Users/admin/builder/spi-builder-workspace/.derivedData/Build/Products/Debug-xros/MGUtils_MGUtils.bundle
WriteAuxiliaryFile /Users/admin/builder/spi-builder-workspace/.derivedData/Build/Intermediates.noindex/MGUtils.build/Debug-xros/MGUtils_MGUtils-b.build/MGUtils_MGUtils.DependencyStaticMetadataFileList (in target 'MGUtils_MGUtils' from project 'MGUtils')
    cd /Users/admin/builder/spi-builder-workspace
    write-file /Users/admin/builder/spi-builder-workspace/.derivedData/Build/Intermediates.noindex/MGUtils.build/Debug-xros/MGUtils_MGUtils-b.build/MGUtils_MGUtils.DependencyStaticMetadataFileList
WriteAuxiliaryFile /Users/admin/builder/spi-builder-workspace/.derivedData/Build/Intermediates.noindex/MGUtils.build/Debug-xros/MGUtils_MGUtils-b.build/empty-MGUtils_MGUtils.plist (in target 'MGUtils_MGUtils' from project 'MGUtils')
    cd /Users/admin/builder/spi-builder-workspace
    write-file /Users/admin/builder/spi-builder-workspace/.derivedData/Build/Intermediates.noindex/MGUtils.build/Debug-xros/MGUtils_MGUtils-b.build/empty-MGUtils_MGUtils.plist
WriteAuxiliaryFile /Users/admin/builder/spi-builder-workspace/.derivedData/Build/Intermediates.noindex/MGUtils.build/Debug-xros/MGUtils_MGUtils-b.build/MGUtils_MGUtils.DependencyMetadataFileList (in target 'MGUtils_MGUtils' from project 'MGUtils')
    cd /Users/admin/builder/spi-builder-workspace
    write-file /Users/admin/builder/spi-builder-workspace/.derivedData/Build/Intermediates.noindex/MGUtils.build/Debug-xros/MGUtils_MGUtils-b.build/MGUtils_MGUtils.DependencyMetadataFileList
WriteAuxiliaryFile /Users/admin/builder/spi-builder-workspace/.derivedData/Build/Intermediates.noindex/MGUtils.build/Debug-xros/MGUtils-t.build/Objects-normal/arm64/MGUtils.SwiftConstValuesFileList (in target 'MGUtils' from project 'MGUtils')
    cd /Users/admin/builder/spi-builder-workspace
    write-file /Users/admin/builder/spi-builder-workspace/.derivedData/Build/Intermediates.noindex/MGUtils.build/Debug-xros/MGUtils-t.build/Objects-normal/arm64/MGUtils.SwiftConstValuesFileList
WriteAuxiliaryFile /Users/admin/builder/spi-builder-workspace/.derivedData/Build/Intermediates.noindex/MGUtils.build/Debug-xros/MGUtils-t.build/Objects-normal/arm64/MGUtils.SwiftFileList (in target 'MGUtils' from project 'MGUtils')
    cd /Users/admin/builder/spi-builder-workspace
    write-file /Users/admin/builder/spi-builder-workspace/.derivedData/Build/Intermediates.noindex/MGUtils.build/Debug-xros/MGUtils-t.build/Objects-normal/arm64/MGUtils.SwiftFileList
WriteAuxiliaryFile /Users/admin/builder/spi-builder-workspace/.derivedData/Build/Intermediates.noindex/MGUtils.build/Debug-xros/MGUtils-t.build/Objects-normal/arm64/MGUtils.LinkFileList (in target 'MGUtils' from project 'MGUtils')
    cd /Users/admin/builder/spi-builder-workspace
    write-file /Users/admin/builder/spi-builder-workspace/.derivedData/Build/Intermediates.noindex/MGUtils.build/Debug-xros/MGUtils-t.build/Objects-normal/arm64/MGUtils.LinkFileList
WriteAuxiliaryFile /Users/admin/builder/spi-builder-workspace/.derivedData/Build/Intermediates.noindex/MGUtils.build/Debug-xros/MGUtils-t.build/Objects-normal/arm64/MGUtils_const_extract_protocols.json (in target 'MGUtils' from project 'MGUtils')
    cd /Users/admin/builder/spi-builder-workspace
    write-file /Users/admin/builder/spi-builder-workspace/.derivedData/Build/Intermediates.noindex/MGUtils.build/Debug-xros/MGUtils-t.build/Objects-normal/arm64/MGUtils_const_extract_protocols.json
WriteAuxiliaryFile /Users/admin/builder/spi-builder-workspace/.derivedData/Build/Intermediates.noindex/MGUtils.build/Debug-xros/MGUtils-t.build/Objects-normal/arm64/MGUtils-OutputFileMap.json (in target 'MGUtils' from project 'MGUtils')
    cd /Users/admin/builder/spi-builder-workspace
    write-file /Users/admin/builder/spi-builder-workspace/.derivedData/Build/Intermediates.noindex/MGUtils.build/Debug-xros/MGUtils-t.build/Objects-normal/arm64/MGUtils-OutputFileMap.json
WriteAuxiliaryFile /Users/admin/builder/spi-builder-workspace/.derivedData/Build/Intermediates.noindex/MGUtils.build/Debug-xros/MGUtils-t.build/MGUtils.modulemap (in target 'MGUtils' from project 'MGUtils')
    cd /Users/admin/builder/spi-builder-workspace
    write-file /Users/admin/builder/spi-builder-workspace/.derivedData/Build/Intermediates.noindex/MGUtils.build/Debug-xros/MGUtils-t.build/MGUtils.modulemap
WriteAuxiliaryFile /Users/admin/builder/spi-builder-workspace/.derivedData/Build/Intermediates.noindex/MGUtils.build/Debug-xros/MGUtils-t.build/MGUtils.DependencyStaticMetadataFileList (in target 'MGUtils' from project 'MGUtils')
    cd /Users/admin/builder/spi-builder-workspace
    write-file /Users/admin/builder/spi-builder-workspace/.derivedData/Build/Intermediates.noindex/MGUtils.build/Debug-xros/MGUtils-t.build/MGUtils.DependencyStaticMetadataFileList
WriteAuxiliaryFile /Users/admin/builder/spi-builder-workspace/.derivedData/Build/Intermediates.noindex/MGUtils.build/Debug-xros/MGUtils-t.build/MGUtils.DependencyMetadataFileList (in target 'MGUtils' from project 'MGUtils')
    cd /Users/admin/builder/spi-builder-workspace
    write-file /Users/admin/builder/spi-builder-workspace/.derivedData/Build/Intermediates.noindex/MGUtils.build/Debug-xros/MGUtils-t.build/MGUtils.DependencyMetadataFileList
WriteAuxiliaryFile /Users/admin/builder/spi-builder-workspace/.derivedData/Build/Intermediates.noindex/MGUtils.build/Debug-xros/MGUtils-t.build/DerivedSources/resource_bundle_accessor.swift (in target 'MGUtils' from project 'MGUtils')
    cd /Users/admin/builder/spi-builder-workspace
    write-file /Users/admin/builder/spi-builder-workspace/.derivedData/Build/Intermediates.noindex/MGUtils.build/Debug-xros/MGUtils-t.build/DerivedSources/resource_bundle_accessor.swift
Copy /Users/admin/builder/spi-builder-workspace/.derivedData/Build/Intermediates.noindex/GeneratedModuleMaps-xros/MGUtils.modulemap /Users/admin/builder/spi-builder-workspace/.derivedData/Build/Intermediates.noindex/MGUtils.build/Debug-xros/MGUtils-t.build/MGUtils.modulemap (in target 'MGUtils' from project 'MGUtils')
    cd /Users/admin/builder/spi-builder-workspace
    builtin-copy -exclude .DS_Store -exclude CVS -exclude .svn -exclude .git -exclude .hg -resolve-src-symlinks /Users/admin/builder/spi-builder-workspace/.derivedData/Build/Intermediates.noindex/MGUtils.build/Debug-xros/MGUtils-t.build/MGUtils.modulemap /Users/admin/builder/spi-builder-workspace/.derivedData/Build/Intermediates.noindex/GeneratedModuleMaps-xros
MkDir /Users/admin/builder/spi-builder-workspace/.derivedData/Build/Intermediates.noindex/MGUtils.build/Debug-xros/MGUtils_MGUtils-b.build/assetcatalog_output/unthinned (in target 'MGUtils_MGUtils' from project 'MGUtils')
    cd /Users/admin/builder/spi-builder-workspace
    /bin/mkdir -p /Users/admin/builder/spi-builder-workspace/.derivedData/Build/Intermediates.noindex/MGUtils.build/Debug-xros/MGUtils_MGUtils-b.build/assetcatalog_output/unthinned
MkDir /Users/admin/builder/spi-builder-workspace/.derivedData/Build/Intermediates.noindex/MGUtils.build/Debug-xros/MGUtils_MGUtils-b.build/assetcatalog_output/thinned (in target 'MGUtils_MGUtils' from project 'MGUtils')
    cd /Users/admin/builder/spi-builder-workspace
    /bin/mkdir -p /Users/admin/builder/spi-builder-workspace/.derivedData/Build/Intermediates.noindex/MGUtils.build/Debug-xros/MGUtils_MGUtils-b.build/assetcatalog_output/thinned
CompileAssetCatalogVariant thinned /Users/admin/builder/spi-builder-workspace/.derivedData/Build/Products/Debug-xros/MGUtils_MGUtils.bundle /Users/admin/builder/spi-builder-workspace/Sources/MGUtils/Resources/Media.xcassets (in target 'MGUtils_MGUtils' from project 'MGUtils')
    cd /Users/admin/builder/spi-builder-workspace
    /Applications/Xcode-27.0.0-Release.Candidate.app/Contents/Developer/usr/bin/actool /Users/admin/builder/spi-builder-workspace/Sources/MGUtils/Resources/Media.xcassets --compile /Users/admin/builder/spi-builder-workspace/.derivedData/Build/Intermediates.noindex/MGUtils.build/Debug-xros/MGUtils_MGUtils-b.build/assetcatalog_output/thinned --output-format human-readable-text --notices --warnings --export-dependency-info /Users/admin/builder/spi-builder-workspace/.derivedData/Build/Intermediates.noindex/MGUtils.build/Debug-xros/MGUtils_MGUtils-b.build/assetcatalog_dependencies_thinned --output-partial-info-plist /Users/admin/builder/spi-builder-workspace/.derivedData/Build/Intermediates.noindex/MGUtils.build/Debug-xros/MGUtils_MGUtils-b.build/assetcatalog_generated_info.plist_thinned --compress-pngs --enable-on-demand-resources NO --development-region en --target-device vision --minimum-deployment-target 1.0 --platform xros
/* com.apple.actool.compilation-results */
/Users/admin/builder/spi-builder-workspace/.derivedData/Build/Intermediates.noindex/MGUtils.build/Debug-xros/MGUtils_MGUtils-b.build/assetcatalog_generated_info.plist_thinned
/Users/admin/builder/spi-builder-workspace/.derivedData/Build/Intermediates.noindex/MGUtils.build/Debug-xros/MGUtils_MGUtils-b.build/assetcatalog_output/thinned/Assets.car
GenerateAssetSymbols /Users/admin/builder/spi-builder-workspace/Sources/MGUtils/Resources/Media.xcassets (in target 'MGUtils' from project 'MGUtils')
    cd /Users/admin/builder/spi-builder-workspace
    /Applications/Xcode-27.0.0-Release.Candidate.app/Contents/Developer/usr/bin/actool /Users/admin/builder/spi-builder-workspace/Sources/MGUtils/Resources/Media.xcassets --compile /Users/admin/builder/spi-builder-workspace/.derivedData/Build/Products/Debug-xros --output-format human-readable-text --notices --warnings --export-dependency-info /Users/admin/builder/spi-builder-workspace/.derivedData/Build/Intermediates.noindex/MGUtils.build/Debug-xros/MGUtils-t.build/assetcatalog_dependencies --output-partial-info-plist /Users/admin/builder/spi-builder-workspace/.derivedData/Build/Intermediates.noindex/MGUtils.build/Debug-xros/MGUtils-t.build/assetcatalog_generated_info.plist --compress-pngs --enable-on-demand-resources NO --development-region en --target-device vision --minimum-deployment-target 1.0 --platform xros --bundle-identifier spi-builder-workspace.MGUtils --generate-swift-asset-symbol-extensions NO --generate-swift-asset-symbols /Users/admin/builder/spi-builder-workspace/.derivedData/Build/Intermediates.noindex/MGUtils.build/Debug-xros/MGUtils-t.build/DerivedSources/GeneratedAssetSymbols.swift --generate-objc-asset-symbols /Users/admin/builder/spi-builder-workspace/.derivedData/Build/Intermediates.noindex/MGUtils.build/Debug-xros/MGUtils-t.build/DerivedSources/GeneratedAssetSymbols.h --generate-asset-symbol-index /Users/admin/builder/spi-builder-workspace/.derivedData/Build/Intermediates.noindex/MGUtils.build/Debug-xros/MGUtils-t.build/DerivedSources/GeneratedAssetSymbols-Index.plist
/* com.apple.actool.compilation-results */
/Users/admin/builder/spi-builder-workspace/.derivedData/Build/Intermediates.noindex/MGUtils.build/Debug-xros/MGUtils-t.build/DerivedSources/GeneratedAssetSymbols-Index.plist
/Users/admin/builder/spi-builder-workspace/.derivedData/Build/Intermediates.noindex/MGUtils.build/Debug-xros/MGUtils-t.build/DerivedSources/GeneratedAssetSymbols.h
/Users/admin/builder/spi-builder-workspace/.derivedData/Build/Intermediates.noindex/MGUtils.build/Debug-xros/MGUtils-t.build/DerivedSources/GeneratedAssetSymbols.swift
LinkAssetCatalog /Users/admin/builder/spi-builder-workspace/Sources/MGUtils/Resources/Media.xcassets (in target 'MGUtils_MGUtils' from project 'MGUtils')
    cd /Users/admin/builder/spi-builder-workspace
    builtin-linkAssetCatalog --thinned /Users/admin/builder/spi-builder-workspace/.derivedData/Build/Intermediates.noindex/MGUtils.build/Debug-xros/MGUtils_MGUtils-b.build/assetcatalog_output/thinned --thinned-dependencies /Users/admin/builder/spi-builder-workspace/.derivedData/Build/Intermediates.noindex/MGUtils.build/Debug-xros/MGUtils_MGUtils-b.build/assetcatalog_dependencies_thinned --thinned-info-plist-content /Users/admin/builder/spi-builder-workspace/.derivedData/Build/Intermediates.noindex/MGUtils.build/Debug-xros/MGUtils_MGUtils-b.build/assetcatalog_generated_info.plist_thinned --unthinned /Users/admin/builder/spi-builder-workspace/.derivedData/Build/Intermediates.noindex/MGUtils.build/Debug-xros/MGUtils_MGUtils-b.build/assetcatalog_output/unthinned --unthinned-dependencies /Users/admin/builder/spi-builder-workspace/.derivedData/Build/Intermediates.noindex/MGUtils.build/Debug-xros/MGUtils_MGUtils-b.build/assetcatalog_dependencies_unthinned --unthinned-info-plist-content /Users/admin/builder/spi-builder-workspace/.derivedData/Build/Intermediates.noindex/MGUtils.build/Debug-xros/MGUtils_MGUtils-b.build/assetcatalog_generated_info.plist_unthinned --output /Users/admin/builder/spi-builder-workspace/.derivedData/Build/Products/Debug-xros/MGUtils_MGUtils.bundle --plist-output /Users/admin/builder/spi-builder-workspace/.derivedData/Build/Intermediates.noindex/MGUtils.build/Debug-xros/MGUtils_MGUtils-b.build/assetcatalog_generated_info.plist
note: Emplaced /Users/admin/builder/spi-builder-workspace/.derivedData/Build/Products/Debug-xros/MGUtils_MGUtils.bundle/Assets.car (in target 'MGUtils_MGUtils' from project 'MGUtils')
ProcessInfoPlistFile /Users/admin/builder/spi-builder-workspace/.derivedData/Build/Products/Debug-xros/MGUtils_MGUtils.bundle/Info.plist /Users/admin/builder/spi-builder-workspace/.derivedData/Build/Intermediates.noindex/MGUtils.build/Debug-xros/MGUtils_MGUtils-b.build/empty-MGUtils_MGUtils.plist (in target 'MGUtils_MGUtils' from project 'MGUtils')
    cd /Users/admin/builder/spi-builder-workspace
    builtin-infoPlistUtility /Users/admin/builder/spi-builder-workspace/.derivedData/Build/Intermediates.noindex/MGUtils.build/Debug-xros/MGUtils_MGUtils-b.build/empty-MGUtils_MGUtils.plist -producttype com.apple.product-type.bundle -expandbuildsettings -format binary -platform xros -additionalcontentfile /Users/admin/builder/spi-builder-workspace/.derivedData/Build/Intermediates.noindex/MGUtils.build/Debug-xros/MGUtils_MGUtils-b.build/assetcatalog_generated_info.plist -o /Users/admin/builder/spi-builder-workspace/.derivedData/Build/Products/Debug-xros/MGUtils_MGUtils.bundle/Info.plist
RegisterExecutionPolicyException /Users/admin/builder/spi-builder-workspace/.derivedData/Build/Products/Debug-xros/MGUtils_MGUtils.bundle (in target 'MGUtils_MGUtils' from project 'MGUtils')
    cd /Users/admin/builder/spi-builder-workspace
    builtin-RegisterExecutionPolicyException /Users/admin/builder/spi-builder-workspace/.derivedData/Build/Products/Debug-xros/MGUtils_MGUtils.bundle
Touch /Users/admin/builder/spi-builder-workspace/.derivedData/Build/Products/Debug-xros/MGUtils_MGUtils.bundle (in target 'MGUtils_MGUtils' from project 'MGUtils')
    cd /Users/admin/builder/spi-builder-workspace
    /usr/bin/touch -c /Users/admin/builder/spi-builder-workspace/.derivedData/Build/Products/Debug-xros/MGUtils_MGUtils.bundle
SwiftDriver MGUtils normal arm64 com.apple.xcode.tools.swift.compiler (in target 'MGUtils' from project 'MGUtils')
    cd /Users/admin/builder/spi-builder-workspace/.swiftpm/xcode
    builtin-SwiftDriver -- /Applications/Xcode-27.0.0-Release.Candidate.app/Contents/Developer/Toolchains/XcodeDefault.xctoolchain/usr/bin/swiftc -parse-as-library -module-name MGUtils -Onone @/Users/admin/builder/spi-builder-workspace/.derivedData/Build/Intermediates.noindex/MGUtils.build/Debug-xros/MGUtils-t.build/Objects-normal/arm64/MGUtils.SwiftFileList -DSWIFT_PACKAGE -DDEBUG -DSWIFT_MODULE_RESOURCE_BUNDLE_AVAILABLE -DXcode -plugin-path /Applications/Xcode-27.0.0-Release.Candidate.app/Contents/Developer/Toolchains/XcodeDefault.xctoolchain/usr/lib/swift/host/plugins/testing -enable-experimental-feature DebugDescriptionMacro -sdk /Applications/Xcode-27.0.0-Release.Candidate.app/Contents/Developer/Platforms/XROS.platform/Developer/SDKs/XROS27.0.sdk -target arm64-apple-xros1.0 -g -module-cache-path /Users/admin/builder/spi-builder-workspace/.derivedData/ModuleCache.noindex -Xfrontend -serialize-debugging-options -profile-coverage-mapping -profile-generate -enable-testing -index-store-path /Users/admin/builder/spi-builder-workspace/.derivedData/Index.noindex/DataStore -Xcc -D_LIBCPP_HARDENING_MODE\=_LIBCPP_HARDENING_MODE_DEBUG -swift-version 5 -I /Users/admin/builder/spi-builder-workspace/.derivedData/Build/Products/Debug-xros -Isystem /Applications/Xcode-27.0.0-Release.Candidate.app/Contents/Developer/Platforms/XROS.platform/Developer/usr/lib -F /Users/admin/builder/spi-builder-workspace/.derivedData/Build/Products/Debug-xros -F /Applications/Xcode-27.0.0-Release.Candidate.app/Contents/Developer/Platforms/XROS.platform/Developer/Library/Frameworks -F /Applications/Xcode-27.0.0-Release.Candidate.app/Contents/Developer/Platforms/XROS.platform/Developer/SDKs/XROS27.0.sdk/Developer/Library/Frameworks -c -j10 -enable-batch-mode -incremental -Xcc -ivfsstatcache -Xcc /Users/admin/builder/spi-builder-workspace/.derivedData/SDKStatCaches.noindex/xros27.0-24M361-e829b21a6f8c9b70876ba0858053c044735bd543db762f57723cac368afd1ce4.sdkstatcache -output-file-map /Users/admin/builder/spi-builder-workspace/.derivedData/Build/Intermediates.noindex/MGUtils.build/Debug-xros/MGUtils-t.build/Objects-normal/arm64/MGUtils-OutputFileMap.json -save-temps -no-color-diagnostics -explicit-module-build -module-cache-path /Users/admin/builder/spi-builder-workspace/.derivedData/Build/Intermediates.noindex/SwiftExplicitPrecompiledModules -clang-scanner-module-cache-path /Users/admin/builder/spi-builder-workspace/.derivedData/ModuleCache.noindex -sdk-module-cache-path /Users/admin/builder/spi-builder-workspace/.derivedData/SDKExplicitPrecompiledModules -emit-dependencies -emit-module -emit-module-path /Users/admin/builder/spi-builder-workspace/.derivedData/Build/Intermediates.noindex/MGUtils.build/Debug-xros/MGUtils-t.build/Objects-normal/arm64/MGUtils.swiftmodule -serialize-diagnostics -dependency-scan-serialize-diagnostics-path /Users/admin/builder/spi-builder-workspace/.derivedData/Build/Intermediates.noindex/MGUtils.build/Debug-xros/MGUtils-t.build/Objects-normal/arm64/MGUtils-dependency-scan.dia -validate-clang-modules-once -clang-build-session-file /Users/admin/builder/spi-builder-workspace/.derivedData/ModuleCache.noindex/Session.modulevalidation -Xcc -fmodules-prune-interval\=86400 -Xcc -fmodules-prune-after\=345600 -package-name spi_builder_workspace -emit-const-values -const-gather-protocols-list /Users/admin/builder/spi-builder-workspace/.derivedData/Build/Intermediates.noindex/MGUtils.build/Debug-xros/MGUtils-t.build/Objects-normal/arm64/MGUtils_const_extract_protocols.json -Xcc -I/Users/admin/builder/spi-builder-workspace/.derivedData/Build/Products/Debug-xros/include -Xcc -I/Users/admin/builder/spi-builder-workspace/.derivedData/Build/Intermediates.noindex/MGUtils.build/Debug-xros/MGUtils-t.build/DerivedSources-normal/arm64 -Xcc -I/Users/admin/builder/spi-builder-workspace/.derivedData/Build/Intermediates.noindex/MGUtils.build/Debug-xros/MGUtils-t.build/DerivedSources/arm64 -Xcc -I/Users/admin/builder/spi-builder-workspace/.derivedData/Build/Intermediates.noindex/MGUtils.build/Debug-xros/MGUtils-t.build/DerivedSources -Xcc -DSWIFT_PACKAGE -Xcc -DDEBUG\=1 -emit-objc-header -emit-objc-header-path /Users/admin/builder/spi-builder-workspace/.derivedData/Build/Intermediates.noindex/MGUtils.build/Debug-xros/MGUtils-t.build/Objects-normal/arm64/MGUtils-Swift.h -working-directory /Users/admin/builder/spi-builder-workspace/.swiftpm/xcode -experimental-emit-module-separately -disable-cmo
SwiftExplicitDependencyGeneratePcm arm64 /Users/admin/builder/spi-builder-workspace/.derivedData/SDKExplicitPrecompiledModules/_SwiftConcurrencyShims-C8XHKSHX96D5YYALNM4W70Z0O.pcm
SwiftExplicitDependencyGeneratePcm arm64 /Users/admin/builder/spi-builder-workspace/.derivedData/SDKExplicitPrecompiledModules/_Builtin_float-6WKHNW5S40U2QGHXXGETUDIRA.pcm
SwiftExplicitDependencyGeneratePcm arm64 /Users/admin/builder/spi-builder-workspace/.derivedData/SDKExplicitPrecompiledModules/_Builtin_stdbool-5BU2ADS7JXQMYENKQHW9X8XOU.pcm
SwiftExplicitDependencyGeneratePcm arm64 /Users/admin/builder/spi-builder-workspace/.derivedData/SDKExplicitPrecompiledModules/SwiftShims-CI4H5RO9IYFFWQ2COB512Q2S9.pcm
SwiftExplicitDependencyGeneratePcm arm64 /Users/admin/builder/spi-builder-workspace/.derivedData/SDKExplicitPrecompiledModules/DeveloperToolsSupport-46GOQP8J1QTHLYQSJW81T8UZ3.pcm
SwiftExplicitDependencyGeneratePcm arm64 /Users/admin/builder/spi-builder-workspace/.derivedData/SDKExplicitPrecompiledModules/_Builtin_stddef-5NQ9Z1GV07GBSRQGAQCGXGVRI.pcm
SwiftExplicitDependencyGeneratePcm arm64 /Users/admin/builder/spi-builder-workspace/.derivedData/SDKExplicitPrecompiledModules/_Builtin_stdarg-CDA349K2K4US766844K8E0PVA.pcm
SwiftExplicitDependencyGeneratePcm arm64 /Users/admin/builder/spi-builder-workspace/.derivedData/SDKExplicitPrecompiledModules/ptrcheck-BXA97MNLI4BB0HF5I8MJE403D.pcm
SwiftExplicitDependencyGeneratePcm arm64 /Users/admin/builder/spi-builder-workspace/.derivedData/SDKExplicitPrecompiledModules/_AvailabilityInternal-1Q8IQP6M38UWSGZ95UCEY2M44.pcm
SwiftExplicitDependencyGeneratePcm arm64 /Users/admin/builder/spi-builder-workspace/.derivedData/SDKExplicitPrecompiledModules/ptrauth-1WBA714DZSVUL5JQDJ08CLKZ.pcm
SwiftExplicitDependencyGeneratePcm arm64 /Users/admin/builder/spi-builder-workspace/.derivedData/SDKExplicitPrecompiledModules/_DarwinFoundation1-5RGRVV2TZ6WC4WZW5IXF8NQ04.pcm
SwiftExplicitDependencyGeneratePcm arm64 /Users/admin/builder/spi-builder-workspace/.derivedData/SDKExplicitPrecompiledModules/_DarwinFoundation2-ENTECK156YEWITZRRBTOCE4KR.pcm
SwiftExplicitDependencyGeneratePcm arm64 /Users/admin/builder/spi-builder-workspace/.derivedData/SDKExplicitPrecompiledModules/_Builtin_limits-425JDMN5HPM3D0UEI8LEHP6NM.pcm
SwiftExplicitDependencyGeneratePcm arm64 /Users/admin/builder/spi-builder-workspace/.derivedData/SDKExplicitPrecompiledModules/string_h-2GT67HHHHK5CF1V1S31LH0PU2.pcm
SwiftExplicitDependencyGeneratePcm arm64 /Users/admin/builder/spi-builder-workspace/.derivedData/SDKExplicitPrecompiledModules/_Builtin_tgmath-BPYSMHWI520EQRL2HW519ZY7Z.pcm
SwiftExplicitDependencyGeneratePcm arm64 /Users/admin/builder/spi-builder-workspace/.derivedData/SDKExplicitPrecompiledModules/sys_types-AYM0BHR77VKMWZCO2T0XGV2HF.pcm
SwiftExplicitDependencyGeneratePcm arm64 /Users/admin/builder/spi-builder-workspace/.derivedData/SDKExplicitPrecompiledModules/_Builtin_stdint-8OR6T47OOYJA90ZBO3N1USDE.pcm
SwiftExplicitDependencyGeneratePcm arm64 /Users/admin/builder/spi-builder-workspace/.derivedData/SDKExplicitPrecompiledModules/_Builtin_stdatomic-1VUZPM79PNCAHXVBERD53WRSF.pcm
SwiftExplicitDependencyGeneratePcm arm64 /Users/admin/builder/spi-builder-workspace/.derivedData/SDKExplicitPrecompiledModules/_DarwinFoundation3-9ZHN6JKBS40BBA81RQMV8H0IC.pcm
SwiftExplicitDependencyGeneratePcm arm64 /Users/admin/builder/spi-builder-workspace/.derivedData/SDKExplicitPrecompiledModules/_Builtin_intrinsics-BC5IJI3YI34RQ61ZNVDRDZ6RN.pcm
SwiftExplicitDependencyGeneratePcm arm64 /Users/admin/builder/spi-builder-workspace/.derivedData/SDKExplicitPrecompiledModules/_Builtin_inttypes-11B64KJD36B3YOHBR1BBXBJY8.pcm
SwiftExplicitDependencyGeneratePcm arm64 /Users/admin/builder/spi-builder-workspace/.derivedData/SDKExplicitPrecompiledModules/Darwin-60P5LVNQO3ESRRM5DCJ05PFNK.pcm
SwiftExplicitDependencyGeneratePcm arm64 /Users/admin/builder/spi-builder-workspace/.derivedData/SDKExplicitPrecompiledModules/simd-9XXAB17Y6E4BBPQADD61NZ23.pcm
SwiftExplicitDependencyGeneratePcm arm64 /Users/admin/builder/spi-builder-workspace/.derivedData/SDKExplicitPrecompiledModules/MachO-3XTHY7HWV6RF3KXKYQVHUBUXK.pcm
SwiftExplicitDependencyGeneratePcm arm64 /Users/admin/builder/spi-builder-workspace/.derivedData/SDKExplicitPrecompiledModules/ObjectiveC-26TIBFYCEJZVP216ZZAU1X8KN.pcm
SwiftExplicitDependencyGeneratePcm arm64 /Users/admin/builder/spi-builder-workspace/.derivedData/SDKExplicitPrecompiledModules/os_object-692CJ8BG6RE5H04487EJJOVXW.pcm
SwiftExplicitDependencyGeneratePcm arm64 /Users/admin/builder/spi-builder-workspace/.derivedData/SDKExplicitPrecompiledModules/os_workgroup-4U1VXMWIZD80E7PRUQF2G7P9X.pcm
SwiftExplicitDependencyGeneratePcm arm64 /Users/admin/builder/spi-builder-workspace/.derivedData/SDKExplicitPrecompiledModules/Dispatch-CLT3466HKC22GCKAWSCNG0H7T.pcm
SwiftExplicitDependencyGeneratePcm arm64 /Users/admin/builder/spi-builder-workspace/.derivedData/SDKExplicitPrecompiledModules/Spatial-5E0I2846LO3ZE24CSVR2O57TI.pcm
SwiftExplicitDependencyGeneratePcm arm64 /Users/admin/builder/spi-builder-workspace/.derivedData/SDKExplicitPrecompiledModules/CoreFoundation-AVLTZVCXBU2TO75JCN4AGU8XJ.pcm
SwiftExplicitDependencyGeneratePcm arm64 /Users/admin/builder/spi-builder-workspace/.derivedData/SDKExplicitPrecompiledModules/XPC-EP5EU7FNGP4VOA3EDM18P1KHO.pcm
SwiftExplicitDependencyGeneratePcm arm64 /Users/admin/builder/spi-builder-workspace/.derivedData/SDKExplicitPrecompiledModules/os-1004XEJ3IXOOAU0KL58SM3D0K.pcm
SwiftExplicitDependencyGeneratePcm arm64 /Users/admin/builder/spi-builder-workspace/.derivedData/SDKExplicitPrecompiledModules/Security-8TH2M8WJIQMET4SADWX0N8372.pcm
SwiftExplicitDependencyGeneratePcm arm64 /Users/admin/builder/spi-builder-workspace/.derivedData/SDKExplicitPrecompiledModules/CoreGraphics-BFUJ177R223UT2ZI327ZTZY91.pcm
SwiftExplicitDependencyGeneratePcm arm64 /Users/admin/builder/spi-builder-workspace/.derivedData/SDKExplicitPrecompiledModules/CFNetwork-5MI70N1VLDQSWTX4COWLMSIRO.pcm
SwiftExplicitDependencyGeneratePcm arm64 /Users/admin/builder/spi-builder-workspace/.derivedData/SDKExplicitPrecompiledModules/Foundation-8GON1KVEKRN3NOQI8RETBRWJP.pcm
SwiftExplicitDependencyGeneratePcm arm64 /Users/admin/builder/spi-builder-workspace/.derivedData/SDKExplicitPrecompiledModules/CoreText-6F9TY5TEPCCZ1K2KYM4GMEGHD.pcm
SwiftExplicitDependencyGeneratePcm arm64 /Users/admin/builder/spi-builder-workspace/.derivedData/SDKExplicitPrecompiledModules/ImageIO-5CC6COR9KJYI1UBL7CSHLU2OG.pcm
SwiftExplicitDependencyGeneratePcm arm64 /Users/admin/builder/spi-builder-workspace/.derivedData/SDKExplicitPrecompiledModules/UniformTypeIdentifiers-E5KMWDZEKS4QW9RO1KBRDEXV6.pcm
SwiftExplicitDependencyGeneratePcm arm64 /Users/admin/builder/spi-builder-workspace/.derivedData/SDKExplicitPrecompiledModules/Symbols-8G2XC01RPQ5HYIZE6JNUT864I.pcm
SwiftExplicitDependencyGeneratePcm arm64 /Users/admin/builder/spi-builder-workspace/.derivedData/SDKExplicitPrecompiledModules/Accessibility-1DR4J4YDVDGAYQTZ0FKZ1PU09.pcm
SwiftExplicitDependencyGeneratePcm arm64 /Users/admin/builder/spi-builder-workspace/.derivedData/SDKExplicitPrecompiledModules/FileProvider-C9I28SI56F2SEVH1BCWTKGODO.pcm
SwiftExplicitDependencyGeneratePcm arm64 /Users/admin/builder/spi-builder-workspace/.derivedData/SDKExplicitPrecompiledModules/UIUtilities-AOVGLUWEAN6CG2UZFNESGSP6C.pcm
SwiftExplicitDependencyGeneratePcm arm64 /Users/admin/builder/spi-builder-workspace/.derivedData/SDKExplicitPrecompiledModules/OSLog-BNGT87TS0GMBFF7TY70HHB69.pcm
SwiftExplicitDependencyGeneratePcm arm64 /Users/admin/builder/spi-builder-workspace/.derivedData/SDKExplicitPrecompiledModules/_LocationEssentials-8GQGFVARUE99D8VJX3TINY0VP.pcm
SwiftExplicitDependencyGeneratePcm arm64 /Users/admin/builder/spi-builder-workspace/.derivedData/SDKExplicitPrecompiledModules/IOSurface-5FE9U89GVFF9A7X7AGO2R8ENI.pcm
SwiftExplicitDependencyGeneratePcm arm64 /Users/admin/builder/spi-builder-workspace/.derivedData/SDKExplicitPrecompiledModules/UserNotifications-8IIV1V1FPNAPA4LY1Y23LOM2N.pcm
SwiftExplicitDependencyGeneratePcm arm64 /Users/admin/builder/spi-builder-workspace/.derivedData/SDKExplicitPrecompiledModules/DataDetection-BANTQ3WXXGKZJYC0LLB3MD9K0.pcm
SwiftExplicitDependencyGeneratePcm arm64 /Users/admin/builder/spi-builder-workspace/.derivedData/SDKExplicitPrecompiledModules/CoreTransferable-8TBYAKHCX6UC8QQSS7BD8GQK5.pcm
SwiftExplicitDependencyGeneratePcm arm64 /Users/admin/builder/spi-builder-workspace/.derivedData/SDKExplicitPrecompiledModules/CoreLocation-1SN37095DAPVJ068LLP9TBDQX.pcm
SwiftExplicitDependencyGeneratePcm arm64 /Users/admin/builder/spi-builder-workspace/.derivedData/SDKExplicitPrecompiledModules/OpenGLES-56BKSYXNVAP91BYZRWAKQZKGI.pcm
SwiftExplicitDependencyGeneratePcm arm64 /Users/admin/builder/spi-builder-workspace/.derivedData/SDKExplicitPrecompiledModules/Metal-EKNUM9P3PRIBHZK1ZBD6BA2T7.pcm
SwiftExplicitDependencyGeneratePcm arm64 /Users/admin/builder/spi-builder-workspace/.derivedData/SDKExplicitPrecompiledModules/CoreMotion-10LV922UPGE28QX2SOIO7ALIZ.pcm
SwiftExplicitDependencyGeneratePcm arm64 /Users/admin/builder/spi-builder-workspace/.derivedData/SDKExplicitPrecompiledModules/CoreVideo-E12HJSJSLO0YKWYBES11UKJ02.pcm
SwiftExplicitDependencyGeneratePcm arm64 /Users/admin/builder/spi-builder-workspace/.derivedData/SDKExplicitPrecompiledModules/QuartzCore-12T8WVKUNCL1N7VXH87MM4YOB.pcm
SwiftExplicitDependencyGeneratePcm arm64 /Users/admin/builder/spi-builder-workspace/.derivedData/SDKExplicitPrecompiledModules/CoreImage-8WF1P230U10QM666EQMNV7OF1.pcm
SwiftExplicitDependencyGeneratePcm arm64 /Users/admin/builder/spi-builder-workspace/.derivedData/SDKExplicitPrecompiledModules/SwiftUICore-6OBBMA39VFD4CB6SG2PE41FAP.pcm
SwiftExplicitDependencyGeneratePcm arm64 /Users/admin/builder/spi-builder-workspace/.derivedData/SDKExplicitPrecompiledModules/UIKit-2D2PMAAE45TMO6S28UCGCO5BR.pcm
SwiftEmitModule normal arm64 Emitting\ module\ for\ MGUtils (in target 'MGUtils' from project 'MGUtils')
SwiftCompile normal arm64 (in target 'MGUtils' from project 'MGUtils')
    cd /Users/admin/builder/spi-builder-workspace/.swiftpm/xcode

/Users/admin/builder/spi-builder-workspace/Sources/MGUtils/Utils/Toast.swift:15:65: warning: 'windows' was deprecated in visionOS 1.0: Use UIWindowScene.windows on a relevant window scene instead [#DeprecatedDeclaration]
 13 |     public static let afterDelay:Float = 2
 14 |
 15 |     public static let keyWindow:UIWindow = UIApplication.shared.windows.filter {$0.isKeyWindow}.first!
    |                                                                 `- warning: 'windows' was deprecated in visionOS 1.0: Use UIWindowScene.windows on a relevant window scene instead [#DeprecatedDeclaration]
 16 |
 17 |
[#DeprecatedDeclaration]: <https://docs.swift.org/compiler/documentation/diagnostics/deprecated-declaration>
SwiftCompile normal arm64 Compiling\ GeneratedAssetSymbols.swift /Users/admin/builder/spi-builder-workspace/.derivedData/Build/Intermediates.noindex/MGUtils.build/Debug-xros/MGUtils-t.build/DerivedSources/GeneratedAssetSymbols.swift (in target 'MGUtils' from project 'MGUtils')
SwiftCompile normal arm64 /Users/admin/builder/spi-builder-workspace/.derivedData/Build/Intermediates.noindex/MGUtils.build/Debug-xros/MGUtils-t.build/DerivedSources/GeneratedAssetSymbols.swift (in target 'MGUtils' from project 'MGUtils')
    cd /Users/admin/builder/spi-builder-workspace/.swiftpm/xcode
    builtin-SwiftPerFileCompile GeneratedAssetSymbols.swift
SwiftCompile normal arm64 Compiling\ UITableView(extension).swift,\ UIView(extension).swift /Users/admin/builder/spi-builder-workspace/Sources/MGUtils/UIKit/UITableView(extension).swift /Users/admin/builder/spi-builder-workspace/Sources/MGUtils/UIKit/UIView(extension).swift (in target 'MGUtils' from project 'MGUtils')
SwiftCompile normal arm64 /Users/admin/builder/spi-builder-workspace/Sources/MGUtils/UIKit/UITableView(extension).swift (in target 'MGUtils' from project 'MGUtils')
    cd /Users/admin/builder/spi-builder-workspace/.swiftpm/xcode
    builtin-SwiftPerFileCompile UITableView\(extension\).swift
SwiftCompile normal arm64 /Users/admin/builder/spi-builder-workspace/Sources/MGUtils/UIKit/UIView(extension).swift (in target 'MGUtils' from project 'MGUtils')
    cd /Users/admin/builder/spi-builder-workspace/.swiftpm/xcode
    builtin-SwiftPerFileCompile UIView\(extension\).swift
/Users/admin/builder/spi-builder-workspace/Sources/MGUtils/UIKit/UITableView(extension).swift:58:9: warning: 'register(_:forCellReuseIdentifier:)' was deprecated in visionOS 1.0: Loading Interface Builder products will not be supported in a future version of visionOS. [#DeprecatedDeclaration]
56 |     /** 注册Nib cell */
57 |     public func registerNib<T:UITableViewCell>(CellWithNib name: T.Type){
58 |         register(UINib.init(nibName: String.init(describing: name), bundle: Bundle.main), forCellReuseIdentifier: String.init(describing: name))
   |         `- warning: 'register(_:forCellReuseIdentifier:)' was deprecated in visionOS 1.0: Loading Interface Builder products will not be supported in a future version of visionOS. [#DeprecatedDeclaration]
59 |     }
60 |
/Users/admin/builder/spi-builder-workspace/Sources/MGUtils/UIKit/UITableView(extension).swift:58:18: warning: 'UINib' was deprecated in visionOS 1.0: Loading Interface Builder products will not be supported in a future version of visionOS. [#DeprecatedDeclaration]
56 |     /** 注册Nib cell */
57 |     public func registerNib<T:UITableViewCell>(CellWithNib name: T.Type){
58 |         register(UINib.init(nibName: String.init(describing: name), bundle: Bundle.main), forCellReuseIdentifier: String.init(describing: name))
   |                  `- warning: 'UINib' was deprecated in visionOS 1.0: Loading Interface Builder products will not be supported in a future version of visionOS. [#DeprecatedDeclaration]
59 |     }
60 |
[#DeprecatedDeclaration]: <https://docs.swift.org/compiler/documentation/diagnostics/deprecated-declaration>
SwiftCompile normal arm64 Compiling\ IB_UIKit.swift,\ UIButton+ImageTitleSpacing.swift /Users/admin/builder/spi-builder-workspace/Sources/MGUtils/UIKit/IB_UIKit.swift /Users/admin/builder/spi-builder-workspace/Sources/MGUtils/UIKit/UIButton+ImageTitleSpacing.swift (in target 'MGUtils' from project 'MGUtils')
/Users/admin/builder/spi-builder-workspace/Sources/MGUtils/UIKit/UIButton+ImageTitleSpacing.swift:50:14: warning: 'titleEdgeInsets' was deprecated in visionOS 1.0: This property is ignored when using UIButtonConfiguration [#DeprecatedDeclaration]
48 |         }
49 |
50 |         self.titleEdgeInsets = labelEdgeInsets;
   |              `- warning: 'titleEdgeInsets' was deprecated in visionOS 1.0: This property is ignored when using UIButtonConfiguration [#DeprecatedDeclaration]
51 |         self.imageEdgeInsets = imageEdgeInsets;
52 |     }
/Users/admin/builder/spi-builder-workspace/Sources/MGUtils/UIKit/UIButton+ImageTitleSpacing.swift:51:14: warning: 'imageEdgeInsets' was deprecated in visionOS 1.0: This property is ignored when using UIButtonConfiguration [#DeprecatedDeclaration]
49 |
50 |         self.titleEdgeInsets = labelEdgeInsets;
51 |         self.imageEdgeInsets = imageEdgeInsets;
   |              `- warning: 'imageEdgeInsets' was deprecated in visionOS 1.0: This property is ignored when using UIButtonConfiguration [#DeprecatedDeclaration]
52 |     }
53 | }
[#DeprecatedDeclaration]: <https://docs.swift.org/compiler/documentation/diagnostics/deprecated-declaration>
SwiftCompile normal arm64 /Users/admin/builder/spi-builder-workspace/Sources/MGUtils/UIKit/IB_UIKit.swift (in target 'MGUtils' from project 'MGUtils')
    cd /Users/admin/builder/spi-builder-workspace/.swiftpm/xcode
    builtin-SwiftPerFileCompile IB_UIKit.swift
SwiftCompile normal arm64 /Users/admin/builder/spi-builder-workspace/Sources/MGUtils/UIKit/UIButton+ImageTitleSpacing.swift (in target 'MGUtils' from project 'MGUtils')
    cd /Users/admin/builder/spi-builder-workspace/.swiftpm/xcode
    builtin-SwiftPerFileCompile UIButton+ImageTitleSpacing.swift
SwiftCompile normal arm64 Compiling\ DeviceUtils.swift,\ LaunchManage.swift /Users/admin/builder/spi-builder-workspace/Sources/MGUtils/Utils/DeviceUtils.swift /Users/admin/builder/spi-builder-workspace/Sources/MGUtils/Utils/LaunchManage.swift (in target 'MGUtils' from project 'MGUtils')
/Users/admin/builder/spi-builder-workspace/Sources/MGUtils/Utils/DeviceUtils.swift:17:16: error: 'UIScreen' is unavailable in visionOS
 15 |     /// 获取设备宽
 16 |     public var screenWidth:CGFloat {
 17 |         return UIScreen.main.bounds.width;
    |                `- error: 'UIScreen' is unavailable in visionOS
 18 |     };
 19 |
/Applications/Xcode-27.0.0-Release.Candidate.app/Contents/Developer/Platforms/XROS.platform/Developer/SDKs/XROS27.0.sdk/System/Library/Frameworks/UIKit.framework/Headers/UIScreen.h:54:12: note: 'UIScreen' has been explicitly marked unavailable here
 52 |
 53 | UIKIT_EXTERN API_AVAILABLE(ios(2.0)) API_UNAVAILABLE(visionos, watchos) NS_SWIFT_UI_ACTOR
 54 | @interface UIScreen : NSObject <UITraitEnvironment>
    |            `- note: 'UIScreen' has been explicitly marked unavailable here
 55 |
 56 | @property(class, nonatomic, readonly) NSArray<UIScreen *> *screens API_DEPRECATED("Use UIApplication.shared.openSessions to find open sessions with scenes from other screens", ios(3.2, 16.0), visionos(1.0, 1.0)) API_UNAVAILABLE(watchos); // all screens currently attached to the device
/Users/admin/builder/spi-builder-workspace/Sources/MGUtils/Utils/DeviceUtils.swift:22:16: error: 'UIScreen' is unavailable in visionOS
 20 |     /// 获取设备高
 21 |     public var screenHeight:CGFloat{
 22 |         return UIScreen.main.bounds.height;
    |                `- error: 'UIScreen' is unavailable in visionOS
 23 |     };
 24 |
/Applications/Xcode-27.0.0-Release.Candidate.app/Contents/Developer/Platforms/XROS.platform/Developer/SDKs/XROS27.0.sdk/System/Library/Frameworks/UIKit.framework/Headers/UIScreen.h:54:12: note: 'UIScreen' has been explicitly marked unavailable here
 52 |
 53 | UIKIT_EXTERN API_AVAILABLE(ios(2.0)) API_UNAVAILABLE(visionos, watchos) NS_SWIFT_UI_ACTOR
 54 | @interface UIScreen : NSObject <UITraitEnvironment>
    |            `- note: 'UIScreen' has been explicitly marked unavailable here
 55 |
 56 | @property(class, nonatomic, readonly) NSArray<UIScreen *> *screens API_DEPRECATED("Use UIApplication.shared.openSessions to find open sessions with scenes from other screens", ios(3.2, 16.0), visionos(1.0, 1.0)) API_UNAVAILABLE(watchos); // all screens currently attached to the device
/Users/admin/builder/spi-builder-workspace/Sources/MGUtils/Utils/DeviceUtils.swift:30:40: error: 'statusBarFrame' is unavailable in visionOS
 28 |             return UIApplication.shared.currentKeyWindow!.windowScene!.statusBarManager!.statusBarFrame.height
 29 |         } else {
 30 |            return UIApplication.shared.statusBarFrame.height
    |                                        `- error: 'statusBarFrame' is unavailable in visionOS
 31 |         };
 32 |     }
/Applications/Xcode-27.0.0-Release.Candidate.app/Contents/Developer/Platforms/XROS.platform/Developer/SDKs/XROS27.0.sdk/System/Library/Frameworks/UIKit.framework/Headers/UIApplication.h:131:38: note: 'statusBarFrame' has been explicitly marked unavailable here
129 |
130 | @property(nonatomic,readonly) NSTimeInterval statusBarOrientationAnimationDuration API_DEPRECATED("Use viewWillTransitionToSize:withTransitionCoordinator: instead.", ios(2.0, 13.0)) API_UNAVAILABLE(tvos) API_UNAVAILABLE(visionos, watchos); // Returns the animation duration for the status bar during a 90 degree orientation change.  It should be doubled for a 180 degree orientation change.
131 | @property(nonatomic,readonly) CGRect statusBarFrame API_DEPRECATED("Use the statusBarManager property of the window scene instead.", ios(2.0, 13.0)) API_UNAVAILABLE(tvos) API_UNAVAILABLE(visionos, watchos); // returns CGRectZero if the status bar is hidden
    |                                      `- note: 'statusBarFrame' has been explicitly marked unavailable here
132 |
133 | @property(nonatomic) NSInteger applicationIconBadgeNumber API_DEPRECATED("Use -[UNUserNotificationCenter setBadgeCount:withCompletionHandler:] instead.", ios(2.0, 17.0)) API_UNAVAILABLE(watchos);
/Users/admin/builder/spi-builder-workspace/Sources/MGUtils/Utils/DeviceUtils.swift:149:20: error: 'keyWindow' is unavailable in visionOS
147 |                 .first(where: \.isKeyWindow)
148 |         } else {
149 |             return keyWindow
    |                    `- error: 'keyWindow' is unavailable in visionOS
150 |         }
151 |     }
/Applications/Xcode-27.0.0-Release.Candidate.app/Contents/Developer/Platforms/XROS.platform/Developer/SDKs/XROS27.0.sdk/System/Library/Frameworks/UIKit.framework/Headers/UIApplication.h:108:51: note: 'keyWindow' has been explicitly marked unavailable here
106 | - (void)sendEvent:(UIEvent *)event;
107 |
108 | @property(nullable, nonatomic,readonly) UIWindow *keyWindow API_DEPRECATED("Should not be used for applications that support multiple scenes as it returns a key window across all connected scenes", ios(2.0, 13.0)) API_UNAVAILABLE(visionos, watchos);
    |                                                   `- note: 'keyWindow' has been explicitly marked unavailable here
109 | @property(nonatomic,readonly) NSArray<__kindof UIWindow *>  *windows API_DEPRECATED("Use UIWindowScene.windows on a relevant window scene instead", ios(2.0, 15.0), visionos(1.0, 1.0)) API_UNAVAILABLE(watchos);
110 |
Failed frontend command:
/Applications/Xcode-27.0.0-Release.Candidate.app/Contents/Developer/Toolchains/XcodeDefault.xctoolchain/usr/bin/swift-frontend -frontend -c /Users/admin/builder/spi-builder-workspace/.derivedData/Build/Intermediates.noindex/MGUtils.build/Debug-xros/MGUtils-t.build/DerivedSources/resource_bundle_accessor.swift /Users/admin/builder/spi-builder-workspace/Sources/MGUtils/Functions/Array\(extension\).swift /Users/admin/builder/spi-builder-workspace/Sources/MGUtils/Functions/Date\(extension\).swift /Users/admin/builder/spi-builder-workspace/Sources/MGUtils/Functions/Number\(extension\).swift /Users/admin/builder/spi-builder-workspace/Sources/MGUtils/Functions/String\(extension\).swift /Users/admin/builder/spi-builder-workspace/Sources/MGUtils/Functions/UIColor\(extension\).swift /Users/admin/builder/spi-builder-workspace/Sources/MGUtils/Functions/UIViewController\(extension\).swift /Users/admin/builder/spi-builder-workspace/Sources/MGUtils/Libs/MBProgressHUD.swift /Users/admin/builder/spi-builder-workspace/Sources/MGUtils/MGUtils.swift /Users/admin/builder/spi-builder-workspace/Sources/MGUtils/UIKit/CALayer+Heartbeat.swift /Users/admin/builder/spi-builder-workspace/Sources/MGUtils/UIKit/IB_UIKit.swift /Users/admin/builder/spi-builder-workspace/Sources/MGUtils/UIKit/UIButton+ImageTitleSpacing.swift /Users/admin/builder/spi-builder-workspace/Sources/MGUtils/UIKit/UITableView\(extension\).swift /Users/admin/builder/spi-builder-workspace/Sources/MGUtils/UIKit/UIView\(extension\).swift -primary-file /Users/admin/builder/spi-builder-workspace/Sources/MGUtils/Utils/DeviceUtils.swift -primary-file /Users/admin/builder/spi-builder-workspace/Sources/MGUtils/Utils/LaunchManage.swift /Users/admin/builder/spi-builder-workspace/Sources/MGUtils/Utils/Toast.swift /Users/admin/builder/spi-builder-workspace/.derivedData/Build/Intermediates.noindex/MGUtils.build/Debug-xros/MGUtils-t.build/DerivedSources/GeneratedAssetSymbols.swift -emit-dependencies-path /Users/admin/builder/spi-builder-workspace/.derivedData/Build/Intermediates.noindex/MGUtils.build/Debug-xros/MGUtils-t.build/Objects-normal/arm64/DeviceUtils.d -emit-const-values-path /Users/admin/builder/spi-builder-workspace/.derivedData/Build/Intermediates.noindex/MGUtils.build/Debug-xros/MGUtils-t.build/Objects-normal/arm64/DeviceUtils.swiftconstvalues -emit-reference-dependencies-path /Users/admin/builder/spi-builder-workspace/.derivedData/Build/Intermediates.noindex/MGUtils.build/Debug-xros/MGUtils-t.build/Objects-normal/arm64/DeviceUtils.swiftdeps -serialize-diagnostics-path /Users/admin/builder/spi-builder-workspace/.derivedData/Build/Intermediates.noindex/MGUtils.build/Debug-xros/MGUtils-t.build/Objects-normal/arm64/DeviceUtils.dia -emit-dependencies-path /Users/admin/builder/spi-builder-workspace/.derivedData/Build/Intermediates.noindex/MGUtils.build/Debug-xros/MGUtils-t.build/Objects-normal/arm64/LaunchManage.d -emit-const-values-path /Users/admin/builder/spi-builder-workspace/.derivedData/Build/Intermediates.noindex/MGUtils.build/Debug-xros/MGUtils-t.build/Objects-normal/arm64/LaunchManage.swiftconstvalues -emit-reference-dependencies-path /Users/admin/builder/spi-builder-workspace/.derivedData/Build/Intermediates.noindex/MGUtils.build/Debug-xros/MGUtils-t.build/Objects-normal/arm64/LaunchManage.swiftdeps -serialize-diagnostics-path /Users/admin/builder/spi-builder-workspace/.derivedData/Build/Intermediates.noindex/MGUtils.build/Debug-xros/MGUtils-t.build/Objects-normal/arm64/LaunchManage.dia -target arm64-apple-xros1.0 -module-can-import-version DeveloperToolsSupport 24.0.24 24.0.24 -module-can-import-version UIKit 9127.0.84.1 9127.0.84 -disable-cross-import-overlay-search -load-resolved-plugin /Applications/Xcode-27.0.0-Release.Candidate.app/Contents/Developer/Platforms/XROS.platform/Developer/usr/lib/swift/host/plugins/libFoundationMacros.dylib\#/Applications/Xcode-27.0.0-Release.Candidate.app/Contents/Developer/Platforms/XROS.platform/Developer/usr/bin/swift-plugin-server\#FoundationMacros -load-resolved-plugin /Applications/Xcode-27.0.0-Release.Candidate.app/Contents/Developer/Platforms/XROS.platform/Developer/usr/lib/swift/host/plugins/libObservationMacros.dylib\#/Applications/Xcode-27.0.0-Release.Candidate.app/Contents/Developer/Platforms/XROS.platform/Developer/usr/bin/swift-plugin-server\#ObservationMacros -load-resolved-plugin /Applications/Xcode-27.0.0-Release.Candidate.app/Contents/Developer/Platforms/XROS.platform/Developer/usr/lib/swift/host/plugins/libPreviewsMacros.dylib\#/Applications/Xcode-27.0.0-Release.Candidate.app/Contents/Developer/Platforms/XROS.platform/Developer/usr/bin/swift-plugin-server\#PreviewsMacros -load-resolved-plugin /Applications/Xcode-27.0.0-Release.Candidate.app/Contents/Developer/Platforms/XROS.platform/Developer/usr/lib/swift/host/plugins/libSwiftMacros.dylib\#/Applications/Xcode-27.0.0-Release.Candidate.app/Contents/Developer/Platforms/XROS.platform/Developer/usr/bin/swift-plugin-server\#SwiftMacros -load-resolved-plugin /Applications/Xcode-27.0.0-Release.Candidate.app/Contents/Developer/Platforms/XROS.platform/Developer/usr/lib/swift/host/plugins/libSwiftUIMacros.dylib\#/Applications/Xcode-27.0.0-Release.Candidate.app/Contents/Developer/Platforms/XROS.platform/Developer/usr/bin/swift-plugin-server\#SwiftUIMacros -disable-implicit-swift-modules -Xcc -fno-implicit-modules -Xcc -fno-implicit-module-maps -explicit-swift-module-map-file /Users/admin/builder/spi-builder-workspace/.derivedData/Build/Intermediates.noindex/MGUtils.build/Debug-xros/MGUtils-t.build/Objects-normal/arm64/MGUtils-dependencies-1.json -Xllvm -aarch64-use-tbi -enable-objc-interop -stack-check -sdk /Applications/Xcode-27.0.0-Release.Candidate.app/Contents/Developer/Platforms/XROS.platform/Developer/SDKs/XROS27.0.sdk -I /Users/admin/builder/spi-builder-workspace/.derivedData/Build/Products/Debug-xros -Isystem /Applications/Xcode-27.0.0-Release.Candidate.app/Contents/Developer/Platforms/XROS.platform/Developer/usr/lib -F /Users/admin/builder/spi-builder-workspace/.derivedData/Build/Products/Debug-xros -F /Applications/Xcode-27.0.0-Release.Candidate.app/Contents/Developer/Platforms/XROS.platform/Developer/Library/Frameworks -F /Applications/Xcode-27.0.0-Release.Candidate.app/Contents/Developer/Platforms/XROS.platform/Developer/SDKs/XROS27.0.sdk/Developer/Library/Frameworks -module-cache-path /Users/admin/builder/spi-builder-workspace/.derivedData/Build/Intermediates.noindex/SwiftExplicitPrecompiledModules -no-color-diagnostics -Xcc -fno-color-diagnostics -enable-testing -g -debug-info-format\=dwarf -dwarf-version\=4 -profile-generate -profile-coverage-mapping -swift-version 5 -Onone -D SWIFT_PACKAGE -D DEBUG -D SWIFT_MODULE_RESOURCE_BUNDLE_AVAILABLE -D Xcode -serialize-debugging-options -enable-experimental-feature DebugDescriptionMacro -empty-abi-descriptor -validate-clang-modules-once -clang-build-session-file /Users/admin/builder/spi-builder-workspace/.derivedData/ModuleCache.noindex/Session.modulevalidation -Xcc -working-directory -Xcc /Users/admin/builder/spi-builder-workspace/.swiftpm/xcode -enable-anonymous-context-mangled-names -file-compilation-dir /Users/admin/builder/spi-builder-workspace/.swiftpm/xcode -Xcc -D_LIBCPP_HARDENING_MODE\=_LIBCPP_HARDENING_MODE_DEBUG -Xcc -ivfsstatcache -Xcc /Users/admin/builder/spi-builder-workspace/.derivedData/SDKStatCaches.noindex/xros27.0-24M361-e829b21a6f8c9b70876ba0858053c044735bd543db762f57723cac368afd1ce4.sdkstatcache -Xcc -fmodules-prune-interval\=86400 -Xcc -fmodules-prune-after\=345600 -Xcc -I/Users/admin/builder/spi-builder-workspace/.derivedData/Build/Products/Debug-xros/include -Xcc -I/Users/admin/builder/spi-builder-workspace/.derivedData/Build/Intermediates.noindex/MGUtils.build/Debug-xros/MGUtils-t.build/DerivedSources-normal/arm64 -Xcc -I/Users/admin/builder/spi-builder-workspace/.derivedData/Build/Intermediates.noindex/MGUtils.build/Debug-xros/MGUtils-t.build/DerivedSources/arm64 -Xcc -I/Users/admin/builder/spi-builder-workspace/.derivedData/Build/Intermediates.noindex/MGUtils.build/Debug-xros/MGUtils-t.build/DerivedSources -Xcc -DSWIFT_PACKAGE -Xcc -DDEBUG\=1 -no-auto-bridging-header-chaining -module-name MGUtils -package-name spi_builder_workspace -const-gather-protocols-file /Users/admin/builder/spi-builder-workspace/.derivedData/Build/Intermediates.noindex/MGUtils.build/Debug-xros/MGUtils-t.build/Objects-normal/arm64/MGUtils_const_extract_protocols.json -disable-clang-spi -clang-target arm64-apple-xros27.0 -target-sdk-version 27.0 -target-sdk-name xros27.0 -in-process-plugin-server-path /Applications/Xcode-27.0.0-Release.Candidate.app/Contents/Developer/Toolchains/XcodeDefault.xctoolchain/usr/lib/swift/host/libSwiftInProcPluginServer.dylib -parse-as-library -o /Users/admin/builder/spi-builder-workspace/.derivedData/Build/Intermediates.noindex/MGUtils.build/Debug-xros/MGUtils-t.build/Objects-normal/arm64/DeviceUtils.o -o /Users/admin/builder/spi-builder-workspace/.derivedData/Build/Intermediates.noindex/MGUtils.build/Debug-xros/MGUtils-t.build/Objects-normal/arm64/LaunchManage.o -debug-module-path /Users/admin/builder/spi-builder-workspace/.derivedData/Build/Intermediates.noindex/MGUtils.build/Debug-xros/MGUtils-t.build/Objects-normal/arm64/MGUtils.swiftmodule -index-unit-output-path /MGUtils.build/Debug-xros/MGUtils-t.build/Objects-normal/arm64/DeviceUtils.o -index-unit-output-path /MGUtils.build/Debug-xros/MGUtils-t.build/Objects-normal/arm64/LaunchManage.o -index-store-path /Users/admin/builder/spi-builder-workspace/.derivedData/Index.noindex/DataStore -index-system-modules
SwiftCompile normal arm64 /Users/admin/builder/spi-builder-workspace/Sources/MGUtils/Utils/DeviceUtils.swift (in target 'MGUtils' from project 'MGUtils')
    cd /Users/admin/builder/spi-builder-workspace/.swiftpm/xcode
    builtin-SwiftPerFileCompile DeviceUtils.swift
SwiftCompile normal arm64 /Users/admin/builder/spi-builder-workspace/Sources/MGUtils/Utils/LaunchManage.swift (in target 'MGUtils' from project 'MGUtils')
    cd /Users/admin/builder/spi-builder-workspace/.swiftpm/xcode
    builtin-SwiftPerFileCompile LaunchManage.swift
SwiftCompile normal arm64 Compiling\ Toast.swift /Users/admin/builder/spi-builder-workspace/Sources/MGUtils/Utils/Toast.swift (in target 'MGUtils' from project 'MGUtils')
SwiftCompile normal arm64 /Users/admin/builder/spi-builder-workspace/Sources/MGUtils/Utils/Toast.swift (in target 'MGUtils' from project 'MGUtils')
    cd /Users/admin/builder/spi-builder-workspace/.swiftpm/xcode
    builtin-SwiftPerFileCompile Toast.swift
SwiftCompile normal arm64 Compiling\ MGUtils.swift,\ CALayer+Heartbeat.swift /Users/admin/builder/spi-builder-workspace/Sources/MGUtils/MGUtils.swift /Users/admin/builder/spi-builder-workspace/Sources/MGUtils/UIKit/CALayer+Heartbeat.swift (in target 'MGUtils' from project 'MGUtils')
SwiftCompile normal arm64 /Users/admin/builder/spi-builder-workspace/Sources/MGUtils/MGUtils.swift (in target 'MGUtils' from project 'MGUtils')
    cd /Users/admin/builder/spi-builder-workspace/.swiftpm/xcode
    builtin-SwiftPerFileCompile MGUtils.swift
SwiftCompile normal arm64 /Users/admin/builder/spi-builder-workspace/Sources/MGUtils/UIKit/CALayer+Heartbeat.swift (in target 'MGUtils' from project 'MGUtils')
    cd /Users/admin/builder/spi-builder-workspace/.swiftpm/xcode
    builtin-SwiftPerFileCompile CALayer+Heartbeat.swift
SwiftCompile normal arm64 Compiling\ resource_bundle_accessor.swift,\ Array(extension).swift /Users/admin/builder/spi-builder-workspace/.derivedData/Build/Intermediates.noindex/MGUtils.build/Debug-xros/MGUtils-t.build/DerivedSources/resource_bundle_accessor.swift /Users/admin/builder/spi-builder-workspace/Sources/MGUtils/Functions/Array(extension).swift (in target 'MGUtils' from project 'MGUtils')
SwiftCompile normal arm64 /Users/admin/builder/spi-builder-workspace/.derivedData/Build/Intermediates.noindex/MGUtils.build/Debug-xros/MGUtils-t.build/DerivedSources/resource_bundle_accessor.swift (in target 'MGUtils' from project 'MGUtils')
    cd /Users/admin/builder/spi-builder-workspace/.swiftpm/xcode
    builtin-SwiftPerFileCompile resource_bundle_accessor.swift
SwiftCompile normal arm64 /Users/admin/builder/spi-builder-workspace/Sources/MGUtils/Functions/Array(extension).swift (in target 'MGUtils' from project 'MGUtils')
    cd /Users/admin/builder/spi-builder-workspace/.swiftpm/xcode
    builtin-SwiftPerFileCompile Array\(extension\).swift
SwiftCompile normal arm64 Compiling\ String(extension).swift,\ UIColor(extension).swift /Users/admin/builder/spi-builder-workspace/Sources/MGUtils/Functions/String(extension).swift /Users/admin/builder/spi-builder-workspace/Sources/MGUtils/Functions/UIColor(extension).swift (in target 'MGUtils' from project 'MGUtils')
SwiftCompile normal arm64 /Users/admin/builder/spi-builder-workspace/Sources/MGUtils/Functions/String(extension).swift (in target 'MGUtils' from project 'MGUtils')
    cd /Users/admin/builder/spi-builder-workspace/.swiftpm/xcode
    builtin-SwiftPerFileCompile String\(extension\).swift
SwiftCompile normal arm64 /Users/admin/builder/spi-builder-workspace/Sources/MGUtils/Functions/UIColor(extension).swift (in target 'MGUtils' from project 'MGUtils')
    cd /Users/admin/builder/spi-builder-workspace/.swiftpm/xcode
    builtin-SwiftPerFileCompile UIColor\(extension\).swift
SwiftCompile normal arm64 Compiling\ UIViewController(extension).swift,\ MBProgressHUD.swift /Users/admin/builder/spi-builder-workspace/Sources/MGUtils/Functions/UIViewController(extension).swift /Users/admin/builder/spi-builder-workspace/Sources/MGUtils/Libs/MBProgressHUD.swift (in target 'MGUtils' from project 'MGUtils')
/Users/admin/builder/spi-builder-workspace/Sources/MGUtils/Functions/UIViewController(extension).swift:35:16: warning: 'UIStoryboard' was deprecated in visionOS 1.0: Loading Interface Builder products will not be supported in a future version of visionOS. [#DeprecatedDeclaration]
33 |
34 |     public class func initStoryboard(_ storyboard:String) -> UIViewController{
35 |         return UIStoryboard(name: storyboard, bundle: Bundle.main).instantiateViewController(withIdentifier: NSStringFromClass(self).components(separatedBy: ".").last!)
   |                `- warning: 'UIStoryboard' was deprecated in visionOS 1.0: Loading Interface Builder products will not be supported in a future version of visionOS. [#DeprecatedDeclaration]
36 |     }
37 |
/Users/admin/builder/spi-builder-workspace/Sources/MGUtils/Libs/MBProgressHUD.swift:466:73: error: 'whiteLarge' is unavailable in visionOS
 464 |                     activityIndicator.color = .white
 465 |                 } else {
 466 |                     activityIndicator = UIActivityIndicatorView(style: .whiteLarge)
     |                                                                         `- error: 'whiteLarge' is unavailable in visionOS
 467 |                 }
 468 |                 activityIndicator.startAnimating()
UIKit.UIActivityIndicatorView.Style.whiteLarge:5:10: note: 'whiteLarge' has been explicitly marked unavailable here
3 | @available(iOS, introduced: 2.0, deprecated: 13.0, renamed: "UIActivityIndicatorView.Style.large")
4 |     @available(visionOS, unavailable)
5 |     case whiteLarge  }
  |          `- note: 'whiteLarge' has been explicitly marked unavailable here
6 | }
7 |
/Users/admin/builder/spi-builder-workspace/Sources/MGUtils/Libs/MBProgressHUD.swift:586:33: error: 'didChangeStatusBarOrientationNotification' is unavailable in visionOS
 584 |             self,
 585 |             selector: #selector(statusBarOrientationDidChange),
 586 |             name: UIApplication.didChangeStatusBarOrientationNotification,
     |                                 `- error: 'didChangeStatusBarOrientationNotification' is unavailable in visionOS
 587 |             object: nil
 588 |         )
/Applications/Xcode-27.0.0-Release.Candidate.app/Contents/Developer/Platforms/XROS.platform/Developer/SDKs/XROS27.0.sdk/System/Library/Frameworks/UIKit.framework/Headers/UIApplication.h:579:39: note: 'didChangeStatusBarOrientationNotification' has been explicitly marked unavailable here
577 | UIKIT_EXTERN NSNotificationName const UIApplicationSignificantTimeChangeNotification API_UNAVAILABLE(watchos) NS_SWIFT_NONISOLATED;
578 | UIKIT_EXTERN NSNotificationName const UIApplicationWillChangeStatusBarOrientationNotification API_DEPRECATED("Use viewWillTransitionToSize:withTransitionCoordinator: instead.", ios(2.0, 13.0)) API_UNAVAILABLE(tvos) API_UNAVAILABLE(visionos, watchos) NS_SWIFT_NONISOLATED; // userInfo contains NSNumber with new orientation
579 | UIKIT_EXTERN NSNotificationName const UIApplicationDidChangeStatusBarOrientationNotification API_DEPRECATED("Use viewWillTransitionToSize:withTransitionCoordinator: instead.", ios(2.0, 13.0)) API_UNAVAILABLE(tvos) API_UNAVAILABLE(visionos, watchos) NS_SWIFT_NONISOLATED;  // userInfo contains NSNumber with old orientation
    |                                       `- note: 'didChangeStatusBarOrientationNotification' has been explicitly marked unavailable here
580 | UIKIT_EXTERN NSString *const UIApplicationStatusBarOrientationUserInfoKey API_DEPRECATED("Use viewWillTransitionToSize:withTransitionCoordinator: instead.", ios(2.0, 13.0)) API_UNAVAILABLE(tvos) API_UNAVAILABLE(visionos, watchos) NS_SWIFT_NONISOLATED;            // userInfo dictionary key for status bar orientation
581 | UIKIT_EXTERN NSNotificationName const UIApplicationWillChangeStatusBarFrameNotification API_DEPRECATED("Use viewWillTransitionToSize:withTransitionCoordinator: instead.", ios(2.0, 13.0)) API_UNAVAILABLE(tvos) API_UNAVAILABLE(visionos, watchos) NS_SWIFT_NONISOLATED;       // userInfo contains NSValue with new frame
[#DeprecatedDeclaration]: <https://docs.swift.org/compiler/documentation/diagnostics/deprecated-declaration>
SwiftCompile normal arm64 /Users/admin/builder/spi-builder-workspace/Sources/MGUtils/Functions/UIViewController(extension).swift (in target 'MGUtils' from project 'MGUtils')
    cd /Users/admin/builder/spi-builder-workspace/.swiftpm/xcode
    builtin-SwiftPerFileCompile UIViewController\(extension\).swift
SwiftCompile normal arm64 /Users/admin/builder/spi-builder-workspace/Sources/MGUtils/Libs/MBProgressHUD.swift (in target 'MGUtils' from project 'MGUtils')
    cd /Users/admin/builder/spi-builder-workspace/.swiftpm/xcode
    builtin-SwiftPerFileCompile MBProgressHUD.swift
SwiftCompile normal arm64 Compiling\ Date(extension).swift,\ Number(extension).swift /Users/admin/builder/spi-builder-workspace/Sources/MGUtils/Functions/Date(extension).swift /Users/admin/builder/spi-builder-workspace/Sources/MGUtils/Functions/Number(extension).swift (in target 'MGUtils' from project 'MGUtils')
/Users/admin/builder/spi-builder-workspace/Sources/MGUtils/Functions/Number(extension).swift:72:29: error: 'UIScreen' is unavailable in visionOS
70 | func Adaptive(_ num:CGFloat) -> CGFloat{
71 |     if UIDevice.current.userInterfaceIdiom == UIUserInterfaceIdiom.pad {
72 |         return num / 768 * [UIScreen.main.bounds.width,UIScreen.main.bounds.height].min()!;
   |                             `- error: 'UIScreen' is unavailable in visionOS
73 |     }
74 |     return num / 375 * [UIScreen.main.bounds.width,UIScreen.main.bounds.height].min()!;
/Applications/Xcode-27.0.0-Release.Candidate.app/Contents/Developer/Platforms/XROS.platform/Developer/SDKs/XROS27.0.sdk/System/Library/Frameworks/UIKit.framework/Headers/UIScreen.h:54:12: note: 'UIScreen' has been explicitly marked unavailable here
 52 |
 53 | UIKIT_EXTERN API_AVAILABLE(ios(2.0)) API_UNAVAILABLE(visionos, watchos) NS_SWIFT_UI_ACTOR
 54 | @interface UIScreen : NSObject <UITraitEnvironment>
    |            `- note: 'UIScreen' has been explicitly marked unavailable here
 55 |
 56 | @property(class, nonatomic, readonly) NSArray<UIScreen *> *screens API_DEPRECATED("Use UIApplication.shared.openSessions to find open sessions with scenes from other screens", ios(3.2, 16.0), visionos(1.0, 1.0)) API_UNAVAILABLE(watchos); // all screens currently attached to the device
/Users/admin/builder/spi-builder-workspace/Sources/MGUtils/Functions/Number(extension).swift:72:56: error: 'UIScreen' is unavailable in visionOS
70 | func Adaptive(_ num:CGFloat) -> CGFloat{
71 |     if UIDevice.current.userInterfaceIdiom == UIUserInterfaceIdiom.pad {
72 |         return num / 768 * [UIScreen.main.bounds.width,UIScreen.main.bounds.height].min()!;
   |                                                        `- error: 'UIScreen' is unavailable in visionOS
73 |     }
74 |     return num / 375 * [UIScreen.main.bounds.width,UIScreen.main.bounds.height].min()!;
/Applications/Xcode-27.0.0-Release.Candidate.app/Contents/Developer/Platforms/XROS.platform/Developer/SDKs/XROS27.0.sdk/System/Library/Frameworks/UIKit.framework/Headers/UIScreen.h:54:12: note: 'UIScreen' has been explicitly marked unavailable here
 52 |
 53 | UIKIT_EXTERN API_AVAILABLE(ios(2.0)) API_UNAVAILABLE(visionos, watchos) NS_SWIFT_UI_ACTOR
 54 | @interface UIScreen : NSObject <UITraitEnvironment>
    |            `- note: 'UIScreen' has been explicitly marked unavailable here
 55 |
 56 | @property(class, nonatomic, readonly) NSArray<UIScreen *> *screens API_DEPRECATED("Use UIApplication.shared.openSessions to find open sessions with scenes from other screens", ios(3.2, 16.0), visionos(1.0, 1.0)) API_UNAVAILABLE(watchos); // all screens currently attached to the device
/Users/admin/builder/spi-builder-workspace/Sources/MGUtils/Functions/Number(extension).swift:74:25: error: 'UIScreen' is unavailable in visionOS
72 |         return num / 768 * [UIScreen.main.bounds.width,UIScreen.main.bounds.height].min()!;
73 |     }
74 |     return num / 375 * [UIScreen.main.bounds.width,UIScreen.main.bounds.height].min()!;
   |                         `- error: 'UIScreen' is unavailable in visionOS
75 | }
76 | #endif
/Applications/Xcode-27.0.0-Release.Candidate.app/Contents/Developer/Platforms/XROS.platform/Developer/SDKs/XROS27.0.sdk/System/Library/Frameworks/UIKit.framework/Headers/UIScreen.h:54:12: note: 'UIScreen' has been explicitly marked unavailable here
 52 |
 53 | UIKIT_EXTERN API_AVAILABLE(ios(2.0)) API_UNAVAILABLE(visionos, watchos) NS_SWIFT_UI_ACTOR
 54 | @interface UIScreen : NSObject <UITraitEnvironment>
    |            `- note: 'UIScreen' has been explicitly marked unavailable here
 55 |
 56 | @property(class, nonatomic, readonly) NSArray<UIScreen *> *screens API_DEPRECATED("Use UIApplication.shared.openSessions to find open sessions with scenes from other screens", ios(3.2, 16.0), visionos(1.0, 1.0)) API_UNAVAILABLE(watchos); // all screens currently attached to the device
/Users/admin/builder/spi-builder-workspace/Sources/MGUtils/Functions/Number(extension).swift:74:52: error: 'UIScreen' is unavailable in visionOS
72 |         return num / 768 * [UIScreen.main.bounds.width,UIScreen.main.bounds.height].min()!;
73 |     }
74 |     return num / 375 * [UIScreen.main.bounds.width,UIScreen.main.bounds.height].min()!;
   |                                                    `- error: 'UIScreen' is unavailable in visionOS
75 | }
76 | #endif
/Applications/Xcode-27.0.0-Release.Candidate.app/Contents/Developer/Platforms/XROS.platform/Developer/SDKs/XROS27.0.sdk/System/Library/Frameworks/UIKit.framework/Headers/UIScreen.h:54:12: note: 'UIScreen' has been explicitly marked unavailable here
 52 |
 53 | UIKIT_EXTERN API_AVAILABLE(ios(2.0)) API_UNAVAILABLE(visionos, watchos) NS_SWIFT_UI_ACTOR
 54 | @interface UIScreen : NSObject <UITraitEnvironment>
    |            `- note: 'UIScreen' has been explicitly marked unavailable here
 55 |
 56 | @property(class, nonatomic, readonly) NSArray<UIScreen *> *screens API_DEPRECATED("Use UIApplication.shared.openSessions to find open sessions with scenes from other screens", ios(3.2, 16.0), visionos(1.0, 1.0)) API_UNAVAILABLE(watchos); // all screens currently attached to the device
Failed frontend command:
/Applications/Xcode-27.0.0-Release.Candidate.app/Contents/Developer/Toolchains/XcodeDefault.xctoolchain/usr/bin/swift-frontend -frontend -c /Users/admin/builder/spi-builder-workspace/.derivedData/Build/Intermediates.noindex/MGUtils.build/Debug-xros/MGUtils-t.build/DerivedSources/resource_bundle_accessor.swift /Users/admin/builder/spi-builder-workspace/Sources/MGUtils/Functions/Array\(extension\).swift -primary-file /Users/admin/builder/spi-builder-workspace/Sources/MGUtils/Functions/Date\(extension\).swift -primary-file /Users/admin/builder/spi-builder-workspace/Sources/MGUtils/Functions/Number\(extension\).swift /Users/admin/builder/spi-builder-workspace/Sources/MGUtils/Functions/String\(extension\).swift /Users/admin/builder/spi-builder-workspace/Sources/MGUtils/Functions/UIColor\(extension\).swift /Users/admin/builder/spi-builder-workspace/Sources/MGUtils/Functions/UIViewController\(extension\).swift /Users/admin/builder/spi-builder-workspace/Sources/MGUtils/Libs/MBProgressHUD.swift /Users/admin/builder/spi-builder-workspace/Sources/MGUtils/MGUtils.swift /Users/admin/builder/spi-builder-workspace/Sources/MGUtils/UIKit/CALayer+Heartbeat.swift /Users/admin/builder/spi-builder-workspace/Sources/MGUtils/UIKit/IB_UIKit.swift /Users/admin/builder/spi-builder-workspace/Sources/MGUtils/UIKit/UIButton+ImageTitleSpacing.swift /Users/admin/builder/spi-builder-workspace/Sources/MGUtils/UIKit/UITableView\(extension\).swift /Users/admin/builder/spi-builder-workspace/Sources/MGUtils/UIKit/UIView\(extension\).swift /Users/admin/builder/spi-builder-workspace/Sources/MGUtils/Utils/DeviceUtils.swift /Users/admin/builder/spi-builder-workspace/Sources/MGUtils/Utils/LaunchManage.swift /Users/admin/builder/spi-builder-workspace/Sources/MGUtils/Utils/Toast.swift /Users/admin/builder/spi-builder-workspace/.derivedData/Build/Intermediates.noindex/MGUtils.build/Debug-xros/MGUtils-t.build/DerivedSources/GeneratedAssetSymbols.swift -emit-dependencies-path /Users/admin/builder/spi-builder-workspace/.derivedData/Build/Intermediates.noindex/MGUtils.build/Debug-xros/MGUtils-t.build/Objects-normal/arm64/Date\(extension\).d -emit-const-values-path /Users/admin/builder/spi-builder-workspace/.derivedData/Build/Intermediates.noindex/MGUtils.build/Debug-xros/MGUtils-t.build/Objects-normal/arm64/Date\(extension\).swiftconstvalues -emit-reference-dependencies-path /Users/admin/builder/spi-builder-workspace/.derivedData/Build/Intermediates.noindex/MGUtils.build/Debug-xros/MGUtils-t.build/Objects-normal/arm64/Date\(extension\).swiftdeps -serialize-diagnostics-path /Users/admin/builder/spi-builder-workspace/.derivedData/Build/Intermediates.noindex/MGUtils.build/Debug-xros/MGUtils-t.build/Objects-normal/arm64/Date\(extension\).dia -emit-dependencies-path /Users/admin/builder/spi-builder-workspace/.derivedData/Build/Intermediates.noindex/MGUtils.build/Debug-xros/MGUtils-t.build/Objects-normal/arm64/Number\(extension\).d -emit-const-values-path /Users/admin/builder/spi-builder-workspace/.derivedData/Build/Intermediates.noindex/MGUtils.build/Debug-xros/MGUtils-t.build/Objects-normal/arm64/Number\(extension\).swiftconstvalues -emit-reference-dependencies-path /Users/admin/builder/spi-builder-workspace/.derivedData/Build/Intermediates.noindex/MGUtils.build/Debug-xros/MGUtils-t.build/Objects-normal/arm64/Number\(extension\).swiftdeps -serialize-diagnostics-path /Users/admin/builder/spi-builder-workspace/.derivedData/Build/Intermediates.noindex/MGUtils.build/Debug-xros/MGUtils-t.build/Objects-normal/arm64/Number\(extension\).dia -target arm64-apple-xros1.0 -module-can-import-version DeveloperToolsSupport 24.0.24 24.0.24 -module-can-import-version UIKit 9127.0.84.1 9127.0.84 -disable-cross-import-overlay-search -load-resolved-plugin /Applications/Xcode-27.0.0-Release.Candidate.app/Contents/Developer/Platforms/XROS.platform/Developer/usr/lib/swift/host/plugins/libFoundationMacros.dylib\#/Applications/Xcode-27.0.0-Release.Candidate.app/Contents/Developer/Platforms/XROS.platform/Developer/usr/bin/swift-plugin-server\#FoundationMacros -load-resolved-plugin /Applications/Xcode-27.0.0-Release.Candidate.app/Contents/Developer/Platforms/XROS.platform/Developer/usr/lib/swift/host/plugins/libObservationMacros.dylib\#/Applications/Xcode-27.0.0-Release.Candidate.app/Contents/Developer/Platforms/XROS.platform/Developer/usr/bin/swift-plugin-server\#ObservationMacros -load-resolved-plugin /Applications/Xcode-27.0.0-Release.Candidate.app/Contents/Developer/Platforms/XROS.platform/Developer/usr/lib/swift/host/plugins/libPreviewsMacros.dylib\#/Applications/Xcode-27.0.0-Release.Candidate.app/Contents/Developer/Platforms/XROS.platform/Developer/usr/bin/swift-plugin-server\#PreviewsMacros -load-resolved-plugin /Applications/Xcode-27.0.0-Release.Candidate.app/Contents/Developer/Platforms/XROS.platform/Developer/usr/lib/swift/host/plugins/libSwiftMacros.dylib\#/Applications/Xcode-27.0.0-Release.Candidate.app/Contents/Developer/Platforms/XROS.platform/Developer/usr/bin/swift-plugin-server\#SwiftMacros -load-resolved-plugin /Applications/Xcode-27.0.0-Release.Candidate.app/Contents/Developer/Platforms/XROS.platform/Developer/usr/lib/swift/host/plugins/libSwiftUIMacros.dylib\#/Applications/Xcode-27.0.0-Release.Candidate.app/Contents/Developer/Platforms/XROS.platform/Developer/usr/bin/swift-plugin-server\#SwiftUIMacros -disable-implicit-swift-modules -Xcc -fno-implicit-modules -Xcc -fno-implicit-module-maps -explicit-swift-module-map-file /Users/admin/builder/spi-builder-workspace/.derivedData/Build/Intermediates.noindex/MGUtils.build/Debug-xros/MGUtils-t.build/Objects-normal/arm64/MGUtils-dependencies-1.json -Xllvm -aarch64-use-tbi -enable-objc-interop -stack-check -sdk /Applications/Xcode-27.0.0-Release.Candidate.app/Contents/Developer/Platforms/XROS.platform/Developer/SDKs/XROS27.0.sdk -I /Users/admin/builder/spi-builder-workspace/.derivedData/Build/Products/Debug-xros -Isystem /Applications/Xcode-27.0.0-Release.Candidate.app/Contents/Developer/Platforms/XROS.platform/Developer/usr/lib -F /Users/admin/builder/spi-builder-workspace/.derivedData/Build/Products/Debug-xros -F /Applications/Xcode-27.0.0-Release.Candidate.app/Contents/Developer/Platforms/XROS.platform/Developer/Library/Frameworks -F /Applications/Xcode-27.0.0-Release.Candidate.app/Contents/Developer/Platforms/XROS.platform/Developer/SDKs/XROS27.0.sdk/Developer/Library/Frameworks -module-cache-path /Users/admin/builder/spi-builder-workspace/.derivedData/Build/Intermediates.noindex/SwiftExplicitPrecompiledModules -no-color-diagnostics -Xcc -fno-color-diagnostics -enable-testing -g -debug-info-format\=dwarf -dwarf-version\=4 -profile-generate -profile-coverage-mapping -swift-version 5 -Onone -D SWIFT_PACKAGE -D DEBUG -D SWIFT_MODULE_RESOURCE_BUNDLE_AVAILABLE -D Xcode -serialize-debugging-options -enable-experimental-feature DebugDescriptionMacro -empty-abi-descriptor -validate-clang-modules-once -clang-build-session-file /Users/admin/builder/spi-builder-workspace/.derivedData/ModuleCache.noindex/Session.modulevalidation -Xcc -working-directory -Xcc /Users/admin/builder/spi-builder-workspace/.swiftpm/xcode -enable-anonymous-context-mangled-names -file-compilation-dir /Users/admin/builder/spi-builder-workspace/.swiftpm/xcode -Xcc -D_LIBCPP_HARDENING_MODE\=_LIBCPP_HARDENING_MODE_DEBUG -Xcc -ivfsstatcache -Xcc /Users/admin/builder/spi-builder-workspace/.derivedData/SDKStatCaches.noindex/xros27.0-24M361-e829b21a6f8c9b70876ba0858053c044735bd543db762f57723cac368afd1ce4.sdkstatcache -Xcc -fmodules-prune-interval\=86400 -Xcc -fmodules-prune-after\=345600 -Xcc -I/Users/admin/builder/spi-builder-workspace/.derivedData/Build/Products/Debug-xros/include -Xcc -I/Users/admin/builder/spi-builder-workspace/.derivedData/Build/Intermediates.noindex/MGUtils.build/Debug-xros/MGUtils-t.build/DerivedSources-normal/arm64 -Xcc -I/Users/admin/builder/spi-builder-workspace/.derivedData/Build/Intermediates.noindex/MGUtils.build/Debug-xros/MGUtils-t.build/DerivedSources/arm64 -Xcc -I/Users/admin/builder/spi-builder-workspace/.derivedData/Build/Intermediates.noindex/MGUtils.build/Debug-xros/MGUtils-t.build/DerivedSources -Xcc -DSWIFT_PACKAGE -Xcc -DDEBUG\=1 -no-auto-bridging-header-chaining -module-name MGUtils -package-name spi_builder_workspace -const-gather-protocols-file /Users/admin/builder/spi-builder-workspace/.derivedData/Build/Intermediates.noindex/MGUtils.build/Debug-xros/MGUtils-t.build/Objects-normal/arm64/MGUtils_const_extract_protocols.json -disable-clang-spi -clang-target arm64-apple-xros27.0 -target-sdk-version 27.0 -target-sdk-name xros27.0 -in-process-plugin-server-path /Applications/Xcode-27.0.0-Release.Candidate.app/Contents/Developer/Toolchains/XcodeDefault.xctoolchain/usr/lib/swift/host/libSwiftInProcPluginServer.dylib -parse-as-library -o /Users/admin/builder/spi-builder-workspace/.derivedData/Build/Intermediates.noindex/MGUtils.build/Debug-xros/MGUtils-t.build/Objects-normal/arm64/Date\(extension\).o -o /Users/admin/builder/spi-builder-workspace/.derivedData/Build/Intermediates.noindex/MGUtils.build/Debug-xros/MGUtils-t.build/Objects-normal/arm64/Number\(extension\).o -debug-module-path /Users/admin/builder/spi-builder-workspace/.derivedData/Build/Intermediates.noindex/MGUtils.build/Debug-xros/MGUtils-t.build/Objects-normal/arm64/MGUtils.swiftmodule -index-unit-output-path /MGUtils.build/Debug-xros/MGUtils-t.build/Objects-normal/arm64/Date\(extension\).o -index-unit-output-path /MGUtils.build/Debug-xros/MGUtils-t.build/Objects-normal/arm64/Number\(extension\).o -index-store-path /Users/admin/builder/spi-builder-workspace/.derivedData/Index.noindex/DataStore -index-system-modules
SwiftCompile normal arm64 /Users/admin/builder/spi-builder-workspace/Sources/MGUtils/Functions/Date(extension).swift (in target 'MGUtils' from project 'MGUtils')
    cd /Users/admin/builder/spi-builder-workspace/.swiftpm/xcode
    builtin-SwiftPerFileCompile Date\(extension\).swift
SwiftCompile normal arm64 /Users/admin/builder/spi-builder-workspace/Sources/MGUtils/Functions/Number(extension).swift (in target 'MGUtils' from project 'MGUtils')
    cd /Users/admin/builder/spi-builder-workspace/.swiftpm/xcode
    builtin-SwiftPerFileCompile Number\(extension\).swift
SwiftDriverJobDiscovery normal arm64 Emitting module for MGUtils (in target 'MGUtils' from project 'MGUtils')
SwiftDriver\ Compilation\ Requirements MGUtils normal arm64 com.apple.xcode.tools.swift.compiler (in target 'MGUtils' from project 'MGUtils')
    cd /Users/admin/builder/spi-builder-workspace/.swiftpm/xcode
    builtin-Swift-Compilation-Requirements -- /Applications/Xcode-27.0.0-Release.Candidate.app/Contents/Developer/Toolchains/XcodeDefault.xctoolchain/usr/bin/swiftc -parse-as-library -module-name MGUtils -Onone @/Users/admin/builder/spi-builder-workspace/.derivedData/Build/Intermediates.noindex/MGUtils.build/Debug-xros/MGUtils-t.build/Objects-normal/arm64/MGUtils.SwiftFileList -DSWIFT_PACKAGE -DDEBUG -DSWIFT_MODULE_RESOURCE_BUNDLE_AVAILABLE -DXcode -plugin-path /Applications/Xcode-27.0.0-Release.Candidate.app/Contents/Developer/Toolchains/XcodeDefault.xctoolchain/usr/lib/swift/host/plugins/testing -enable-experimental-feature DebugDescriptionMacro -sdk /Applications/Xcode-27.0.0-Release.Candidate.app/Contents/Developer/Platforms/XROS.platform/Developer/SDKs/XROS27.0.sdk -target arm64-apple-xros1.0 -g -module-cache-path /Users/admin/builder/spi-builder-workspace/.derivedData/ModuleCache.noindex -Xfrontend -serialize-debugging-options -profile-coverage-mapping -profile-generate -enable-testing -index-store-path /Users/admin/builder/spi-builder-workspace/.derivedData/Index.noindex/DataStore -Xcc -D_LIBCPP_HARDENING_MODE\=_LIBCPP_HARDENING_MODE_DEBUG -swift-version 5 -I /Users/admin/builder/spi-builder-workspace/.derivedData/Build/Products/Debug-xros -Isystem /Applications/Xcode-27.0.0-Release.Candidate.app/Contents/Developer/Platforms/XROS.platform/Developer/usr/lib -F /Users/admin/builder/spi-builder-workspace/.derivedData/Build/Products/Debug-xros -F /Applications/Xcode-27.0.0-Release.Candidate.app/Contents/Developer/Platforms/XROS.platform/Developer/Library/Frameworks -F /Applications/Xcode-27.0.0-Release.Candidate.app/Contents/Developer/Platforms/XROS.platform/Developer/SDKs/XROS27.0.sdk/Developer/Library/Frameworks -c -j10 -enable-batch-mode -incremental -Xcc -ivfsstatcache -Xcc /Users/admin/builder/spi-builder-workspace/.derivedData/SDKStatCaches.noindex/xros27.0-24M361-e829b21a6f8c9b70876ba0858053c044735bd543db762f57723cac368afd1ce4.sdkstatcache -output-file-map /Users/admin/builder/spi-builder-workspace/.derivedData/Build/Intermediates.noindex/MGUtils.build/Debug-xros/MGUtils-t.build/Objects-normal/arm64/MGUtils-OutputFileMap.json -save-temps -no-color-diagnostics -explicit-module-build -module-cache-path /Users/admin/builder/spi-builder-workspace/.derivedData/Build/Intermediates.noindex/SwiftExplicitPrecompiledModules -clang-scanner-module-cache-path /Users/admin/builder/spi-builder-workspace/.derivedData/ModuleCache.noindex -sdk-module-cache-path /Users/admin/builder/spi-builder-workspace/.derivedData/SDKExplicitPrecompiledModules -emit-dependencies -emit-module -emit-module-path /Users/admin/builder/spi-builder-workspace/.derivedData/Build/Intermediates.noindex/MGUtils.build/Debug-xros/MGUtils-t.build/Objects-normal/arm64/MGUtils.swiftmodule -serialize-diagnostics -dependency-scan-serialize-diagnostics-path /Users/admin/builder/spi-builder-workspace/.derivedData/Build/Intermediates.noindex/MGUtils.build/Debug-xros/MGUtils-t.build/Objects-normal/arm64/MGUtils-dependency-scan.dia -validate-clang-modules-once -clang-build-session-file /Users/admin/builder/spi-builder-workspace/.derivedData/ModuleCache.noindex/Session.modulevalidation -Xcc -fmodules-prune-interval\=86400 -Xcc -fmodules-prune-after\=345600 -package-name spi_builder_workspace -emit-const-values -const-gather-protocols-list /Users/admin/builder/spi-builder-workspace/.derivedData/Build/Intermediates.noindex/MGUtils.build/Debug-xros/MGUtils-t.build/Objects-normal/arm64/MGUtils_const_extract_protocols.json -Xcc -I/Users/admin/builder/spi-builder-workspace/.derivedData/Build/Products/Debug-xros/include -Xcc -I/Users/admin/builder/spi-builder-workspace/.derivedData/Build/Intermediates.noindex/MGUtils.build/Debug-xros/MGUtils-t.build/DerivedSources-normal/arm64 -Xcc -I/Users/admin/builder/spi-builder-workspace/.derivedData/Build/Intermediates.noindex/MGUtils.build/Debug-xros/MGUtils-t.build/DerivedSources/arm64 -Xcc -I/Users/admin/builder/spi-builder-workspace/.derivedData/Build/Intermediates.noindex/MGUtils.build/Debug-xros/MGUtils-t.build/DerivedSources -Xcc -DSWIFT_PACKAGE -Xcc -DDEBUG\=1 -emit-objc-header -emit-objc-header-path /Users/admin/builder/spi-builder-workspace/.derivedData/Build/Intermediates.noindex/MGUtils.build/Debug-xros/MGUtils-t.build/Objects-normal/arm64/MGUtils-Swift.h -working-directory /Users/admin/builder/spi-builder-workspace/.swiftpm/xcode -experimental-emit-module-separately -disable-cmo
SwiftDriverJobDiscovery normal arm64 Compiling resource_bundle_accessor.swift, Array(extension).swift (in target 'MGUtils' from project 'MGUtils')
SwiftMergeGeneratedHeaders /Users/admin/builder/spi-builder-workspace/.derivedData/Build/Intermediates.noindex/GeneratedModuleMaps-xros/MGUtils-Swift.h /Users/admin/builder/spi-builder-workspace/.derivedData/Build/Intermediates.noindex/MGUtils.build/Debug-xros/MGUtils-t.build/Objects-normal/arm64/MGUtils-Swift.h (in target 'MGUtils' from project 'MGUtils')
    cd /Users/admin/builder/spi-builder-workspace
    builtin-swiftHeaderTool -arch arm64 /Users/admin/builder/spi-builder-workspace/.derivedData/Build/Intermediates.noindex/MGUtils.build/Debug-xros/MGUtils-t.build/Objects-normal/arm64/MGUtils-Swift.h -o /Users/admin/builder/spi-builder-workspace/.derivedData/Build/Intermediates.noindex/GeneratedModuleMaps-xros/MGUtils-Swift.h
Copy /Users/admin/builder/spi-builder-workspace/.derivedData/Build/Products/Debug-xros/MGUtils.swiftmodule/arm64-apple-xros.swiftmodule /Users/admin/builder/spi-builder-workspace/.derivedData/Build/Intermediates.noindex/MGUtils.build/Debug-xros/MGUtils-t.build/Objects-normal/arm64/MGUtils.swiftmodule (in target 'MGUtils' from project 'MGUtils')
    cd /Users/admin/builder/spi-builder-workspace
    builtin-copy -exclude .DS_Store -exclude CVS -exclude .svn -exclude .git -exclude .hg -resolve-src-symlinks -rename /Users/admin/builder/spi-builder-workspace/.derivedData/Build/Intermediates.noindex/MGUtils.build/Debug-xros/MGUtils-t.build/Objects-normal/arm64/MGUtils.swiftmodule /Users/admin/builder/spi-builder-workspace/.derivedData/Build/Products/Debug-xros/MGUtils.swiftmodule/arm64-apple-xros.swiftmodule
Copy /Users/admin/builder/spi-builder-workspace/.derivedData/Build/Products/Debug-xros/MGUtils.swiftmodule/arm64-apple-xros.swiftdoc /Users/admin/builder/spi-builder-workspace/.derivedData/Build/Intermediates.noindex/MGUtils.build/Debug-xros/MGUtils-t.build/Objects-normal/arm64/MGUtils.swiftdoc (in target 'MGUtils' from project 'MGUtils')
    cd /Users/admin/builder/spi-builder-workspace
    builtin-copy -exclude .DS_Store -exclude CVS -exclude .svn -exclude .git -exclude .hg -resolve-src-symlinks -rename /Users/admin/builder/spi-builder-workspace/.derivedData/Build/Intermediates.noindex/MGUtils.build/Debug-xros/MGUtils-t.build/Objects-normal/arm64/MGUtils.swiftdoc /Users/admin/builder/spi-builder-workspace/.derivedData/Build/Products/Debug-xros/MGUtils.swiftmodule/arm64-apple-xros.swiftdoc
Copy /Users/admin/builder/spi-builder-workspace/.derivedData/Build/Products/Debug-xros/MGUtils.swiftmodule/arm64-apple-xros.abi.json /Users/admin/builder/spi-builder-workspace/.derivedData/Build/Intermediates.noindex/MGUtils.build/Debug-xros/MGUtils-t.build/Objects-normal/arm64/MGUtils.abi.json (in target 'MGUtils' from project 'MGUtils')
    cd /Users/admin/builder/spi-builder-workspace
    builtin-copy -exclude .DS_Store -exclude CVS -exclude .svn -exclude .git -exclude .hg -resolve-src-symlinks -rename /Users/admin/builder/spi-builder-workspace/.derivedData/Build/Intermediates.noindex/MGUtils.build/Debug-xros/MGUtils-t.build/Objects-normal/arm64/MGUtils.abi.json /Users/admin/builder/spi-builder-workspace/.derivedData/Build/Products/Debug-xros/MGUtils.swiftmodule/arm64-apple-xros.abi.json
Copy /Users/admin/builder/spi-builder-workspace/.derivedData/Build/Products/Debug-xros/MGUtils.swiftmodule/Project/arm64-apple-xros.swiftsourceinfo /Users/admin/builder/spi-builder-workspace/.derivedData/Build/Intermediates.noindex/MGUtils.build/Debug-xros/MGUtils-t.build/Objects-normal/arm64/MGUtils.swiftsourceinfo (in target 'MGUtils' from project 'MGUtils')
    cd /Users/admin/builder/spi-builder-workspace
    builtin-copy -exclude .DS_Store -exclude CVS -exclude .svn -exclude .git -exclude .hg -resolve-src-symlinks -rename /Users/admin/builder/spi-builder-workspace/.derivedData/Build/Intermediates.noindex/MGUtils.build/Debug-xros/MGUtils-t.build/Objects-normal/arm64/MGUtils.swiftsourceinfo /Users/admin/builder/spi-builder-workspace/.derivedData/Build/Products/Debug-xros/MGUtils.swiftmodule/Project/arm64-apple-xros.swiftsourceinfo
SwiftDriverJobDiscovery normal arm64 Compiling GeneratedAssetSymbols.swift (in target 'MGUtils' from project 'MGUtils')
SwiftDriverJobDiscovery normal arm64 Compiling MGUtils.swift, CALayer+Heartbeat.swift (in target 'MGUtils' from project 'MGUtils')
PruneExplicitPrecompiledModules /Users/admin/builder/spi-builder-workspace/.derivedData/Build/Intermediates.noindex/ExplicitPrecompiledModules
PruneExplicitPrecompiledModules /Users/admin/builder/spi-builder-workspace/.derivedData/Build/Intermediates.noindex/SwiftExplicitPrecompiledModules
PruneExplicitPrecompiledModules /Users/admin/builder/spi-builder-workspace/.derivedData/SDKExplicitPrecompiledModules
2026-09-22 14:19:52.592 xcodebuild[627:3909] [MT] IDERunDestination: Supported platforms for the buildables in the current scheme is empty.
** BUILD FAILED **
The following build commands failed:
	SwiftCompile normal arm64 Compiling\ DeviceUtils.swift,\ LaunchManage.swift /Users/admin/builder/spi-builder-workspace/Sources/MGUtils/Utils/DeviceUtils.swift /Users/admin/builder/spi-builder-workspace/Sources/MGUtils/Utils/LaunchManage.swift (in target 'MGUtils' from project 'MGUtils')
	SwiftCompile normal arm64 /Users/admin/builder/spi-builder-workspace/Sources/MGUtils/Utils/DeviceUtils.swift (in target 'MGUtils' from project 'MGUtils')
	SwiftCompile normal arm64 Compiling\ Date(extension).swift,\ Number(extension).swift /Users/admin/builder/spi-builder-workspace/Sources/MGUtils/Functions/Date(extension).swift /Users/admin/builder/spi-builder-workspace/Sources/MGUtils/Functions/Number(extension).swift (in target 'MGUtils' from project 'MGUtils')
	SwiftCompile normal arm64 /Users/admin/builder/spi-builder-workspace/Sources/MGUtils/Functions/Number(extension).swift (in target 'MGUtils' from project 'MGUtils')
	Building workspace MGUtils with scheme MGUtils
(5 failures)
Command line invocation:
    /Applications/Xcode-27.0.0-Release.Candidate.app/Contents/Developer/usr/bin/xcodebuild -IDEClonedSourcePackagesDirPathOverride=/Users/admin/builder/spi-builder-workspace/.dependencies -resolvePackageDependencies
Resolve Package Graph
Resolved source packages:
  MGUtils: /Users/admin/builder/spi-builder-workspace
resolved source packages: MGUtils
2026-09-22 14:20:05.232 xcodebuild[753:4560] [MT] IDERunDestination: Supported platforms for the buildables in the current scheme is empty.
{
  "dependencies" : [
  ],
  "manifest_display_name" : "MGUtils",
  "name" : "MGUtils",
  "path" : "/Users/admin/builder/spi-builder-workspace",
  "platforms" : [
    {
      "name" : "ios",
      "version" : "15.0"
    }
  ],
  "products" : [
    {
      "name" : "MGUtils",
      "targets" : [
        "MGUtils"
      ],
      "type" : {
        "library" : [
          "automatic"
        ]
      }
    }
  ],
  "targets" : [
    {
      "c99name" : "MGUtilsTests",
      "module_type" : "SwiftTarget",
      "name" : "MGUtilsTests",
      "path" : "Tests/MGUtilsTests",
      "sources" : [
        "MGUtilsTests.swift"
      ],
      "target_dependencies" : [
        "MGUtils"
      ],
      "type" : "test"
    },
    {
      "c99name" : "MGUtils",
      "module_type" : "SwiftTarget",
      "name" : "MGUtils",
      "path" : "Sources/MGUtils",
      "product_memberships" : [
        "MGUtils"
      ],
      "resources" : [
        {
          "path" : "/Users/admin/builder/spi-builder-workspace/Sources/MGUtils/Resources/Media.xcassets",
          "rule" : {
            "process" : {
            }
          }
        }
      ],
      "sources" : [
        "Functions/Array(extension).swift",
        "Functions/Date(extension).swift",
        "Functions/Number(extension).swift",
        "Functions/String(extension).swift",
        "Functions/UIColor(extension).swift",
        "Functions/UIViewController(extension).swift",
        "Libs/MBProgressHUD.swift",
        "MGUtils.swift",
        "UIKit/CALayer+Heartbeat.swift",
        "UIKit/IB_UIKit.swift",
        "UIKit/UIButton+ImageTitleSpacing.swift",
        "UIKit/UITableView(extension).swift",
        "UIKit/UIView(extension).swift",
        "Utils/DeviceUtils.swift",
        "Utils/LaunchManage.swift",
        "Utils/Toast.swift"
      ],
      "type" : "library"
    }
  ],
  "tools_version" : "5.9"
}
{
  "workspace" : {
    "name" : "MGUtils",
    "schemes" : [
      "MGUtils"
    ]
  }
}
2026-09-22 14:20:06.578 xcodebuild[761:4630] [MT] IDERunDestination: Supported platforms for the buildables in the current scheme is empty.
Running build ...
env DEVELOPER_DIR=/Applications/Xcode-27.0.0-Release.Candidate.app xcrun xcodebuild -IDEClonedSourcePackagesDirPathOverride=$PWD/.dependencies -skipMacroValidation -skipPackagePluginValidation -derivedDataPath $PWD/.derivedData build -scheme MGUtils -destination generic/platform=xrOS
Command line invocation:
    /Applications/Xcode-27.0.0-Release.Candidate.app/Contents/Developer/usr/bin/xcodebuild -IDEClonedSourcePackagesDirPathOverride=/Users/admin/builder/spi-builder-workspace/.dependencies -skipMacroValidation -skipPackagePluginValidation -derivedDataPath /Users/admin/builder/spi-builder-workspace/.derivedData build -scheme MGUtils -destination generic/platform=xrOS
Resolve Package Graph
Resolved source packages:
  MGUtils: /Users/admin/builder/spi-builder-workspace
ComputePackagePrebuildTargetDependencyGraph
Prepare packages
CreateBuildRequest
SendProjectDescription
CreateBuildOperation
ComputeTargetDependencyGraph
note: Building targets in dependency order
note: Target dependency graph (3 targets)
    Target 'MGUtils-product' in project 'MGUtils'
        ➜ Explicit dependency on target 'MGUtils' in project 'MGUtils'
        ➜ Explicit dependency on target 'MGUtils_MGUtils' in project 'MGUtils'
    Target 'MGUtils' in project 'MGUtils'
        ➜ Explicit dependency on target 'MGUtils_MGUtils' in project 'MGUtils'
    Target 'MGUtils_MGUtils' in project 'MGUtils' (no dependencies)
GatherProvisioningInputs
CreateBuildDescription
ClangStatCache /Applications/Xcode-27.0.0-Release.Candidate.app/Contents/Developer/Toolchains/XcodeDefault.xctoolchain/usr/bin/clang-stat-cache /Applications/Xcode-27.0.0-Release.Candidate.app/Contents/Developer/Platforms/XROS.platform/Developer/SDKs/XROS27.0.sdk /Users/admin/builder/spi-builder-workspace/.derivedData/SDKStatCaches.noindex/xros27.0-24M361-e829b21a6f8c9b70876ba0858053c044735bd543db762f57723cac368afd1ce4.sdkstatcache
    cd /Users/admin/builder/spi-builder-workspace/.swiftpm/xcode
    /Applications/Xcode-27.0.0-Release.Candidate.app/Contents/Developer/Toolchains/XcodeDefault.xctoolchain/usr/bin/clang-stat-cache /Applications/Xcode-27.0.0-Release.Candidate.app/Contents/Developer/Platforms/XROS.platform/Developer/SDKs/XROS27.0.sdk -o /Users/admin/builder/spi-builder-workspace/.derivedData/SDKStatCaches.noindex/xros27.0-24M361-e829b21a6f8c9b70876ba0858053c044735bd543db762f57723cac368afd1ce4.sdkstatcache
SwiftDriver MGUtils normal arm64 com.apple.xcode.tools.swift.compiler (in target 'MGUtils' from project 'MGUtils')
    cd /Users/admin/builder/spi-builder-workspace/.swiftpm/xcode
    builtin-SwiftDriver -- /Applications/Xcode-27.0.0-Release.Candidate.app/Contents/Developer/Toolchains/XcodeDefault.xctoolchain/usr/bin/swiftc -parse-as-library -module-name MGUtils -Onone @/Users/admin/builder/spi-builder-workspace/.derivedData/Build/Intermediates.noindex/MGUtils.build/Debug-xros/MGUtils-t.build/Objects-normal/arm64/MGUtils.SwiftFileList -DSWIFT_PACKAGE -DDEBUG -DSWIFT_MODULE_RESOURCE_BUNDLE_AVAILABLE -DXcode -plugin-path /Applications/Xcode-27.0.0-Release.Candidate.app/Contents/Developer/Toolchains/XcodeDefault.xctoolchain/usr/lib/swift/host/plugins/testing -enable-experimental-feature DebugDescriptionMacro -sdk /Applications/Xcode-27.0.0-Release.Candidate.app/Contents/Developer/Platforms/XROS.platform/Developer/SDKs/XROS27.0.sdk -target arm64-apple-xros1.0 -g -module-cache-path /Users/admin/builder/spi-builder-workspace/.derivedData/ModuleCache.noindex -Xfrontend -serialize-debugging-options -profile-coverage-mapping -profile-generate -enable-testing -index-store-path /Users/admin/builder/spi-builder-workspace/.derivedData/Index.noindex/DataStore -Xcc -D_LIBCPP_HARDENING_MODE\=_LIBCPP_HARDENING_MODE_DEBUG -swift-version 5 -I /Users/admin/builder/spi-builder-workspace/.derivedData/Build/Products/Debug-xros -Isystem /Applications/Xcode-27.0.0-Release.Candidate.app/Contents/Developer/Platforms/XROS.platform/Developer/usr/lib -F /Users/admin/builder/spi-builder-workspace/.derivedData/Build/Products/Debug-xros -F /Applications/Xcode-27.0.0-Release.Candidate.app/Contents/Developer/Platforms/XROS.platform/Developer/Library/Frameworks -F /Applications/Xcode-27.0.0-Release.Candidate.app/Contents/Developer/Platforms/XROS.platform/Developer/SDKs/XROS27.0.sdk/Developer/Library/Frameworks -c -j10 -enable-batch-mode -incremental -Xcc -ivfsstatcache -Xcc /Users/admin/builder/spi-builder-workspace/.derivedData/SDKStatCaches.noindex/xros27.0-24M361-e829b21a6f8c9b70876ba0858053c044735bd543db762f57723cac368afd1ce4.sdkstatcache -output-file-map /Users/admin/builder/spi-builder-workspace/.derivedData/Build/Intermediates.noindex/MGUtils.build/Debug-xros/MGUtils-t.build/Objects-normal/arm64/MGUtils-OutputFileMap.json -save-temps -no-color-diagnostics -explicit-module-build -module-cache-path /Users/admin/builder/spi-builder-workspace/.derivedData/Build/Intermediates.noindex/SwiftExplicitPrecompiledModules -clang-scanner-module-cache-path /Users/admin/builder/spi-builder-workspace/.derivedData/ModuleCache.noindex -sdk-module-cache-path /Users/admin/builder/spi-builder-workspace/.derivedData/SDKExplicitPrecompiledModules -emit-dependencies -emit-module -emit-module-path /Users/admin/builder/spi-builder-workspace/.derivedData/Build/Intermediates.noindex/MGUtils.build/Debug-xros/MGUtils-t.build/Objects-normal/arm64/MGUtils.swiftmodule -serialize-diagnostics -dependency-scan-serialize-diagnostics-path /Users/admin/builder/spi-builder-workspace/.derivedData/Build/Intermediates.noindex/MGUtils.build/Debug-xros/MGUtils-t.build/Objects-normal/arm64/MGUtils-dependency-scan.dia -validate-clang-modules-once -clang-build-session-file /Users/admin/builder/spi-builder-workspace/.derivedData/ModuleCache.noindex/Session.modulevalidation -Xcc -fmodules-prune-interval\=86400 -Xcc -fmodules-prune-after\=345600 -package-name spi_builder_workspace -emit-const-values -const-gather-protocols-list /Users/admin/builder/spi-builder-workspace/.derivedData/Build/Intermediates.noindex/MGUtils.build/Debug-xros/MGUtils-t.build/Objects-normal/arm64/MGUtils_const_extract_protocols.json -Xcc -I/Users/admin/builder/spi-builder-workspace/.derivedData/Build/Products/Debug-xros/include -Xcc -I/Users/admin/builder/spi-builder-workspace/.derivedData/Build/Intermediates.noindex/MGUtils.build/Debug-xros/MGUtils-t.build/DerivedSources-normal/arm64 -Xcc -I/Users/admin/builder/spi-builder-workspace/.derivedData/Build/Intermediates.noindex/MGUtils.build/Debug-xros/MGUtils-t.build/DerivedSources/arm64 -Xcc -I/Users/admin/builder/spi-builder-workspace/.derivedData/Build/Intermediates.noindex/MGUtils.build/Debug-xros/MGUtils-t.build/DerivedSources -Xcc -DSWIFT_PACKAGE -Xcc -DDEBUG\=1 -emit-objc-header -emit-objc-header-path /Users/admin/builder/spi-builder-workspace/.derivedData/Build/Intermediates.noindex/MGUtils.build/Debug-xros/MGUtils-t.build/Objects-normal/arm64/MGUtils-Swift.h -working-directory /Users/admin/builder/spi-builder-workspace/.swiftpm/xcode -experimental-emit-module-separately -disable-cmo
SwiftCompile normal arm64 Compiling\ String(extension).swift,\ UIColor(extension).swift /Users/admin/builder/spi-builder-workspace/Sources/MGUtils/Functions/String(extension).swift /Users/admin/builder/spi-builder-workspace/Sources/MGUtils/Functions/UIColor(extension).swift (in target 'MGUtils' from project 'MGUtils')
SwiftCompile normal arm64 /Users/admin/builder/spi-builder-workspace/Sources/MGUtils/Functions/String(extension).swift (in target 'MGUtils' from project 'MGUtils')
    cd /Users/admin/builder/spi-builder-workspace/.swiftpm/xcode
    builtin-SwiftPerFileCompile String\(extension\).swift
SwiftCompile normal arm64 /Users/admin/builder/spi-builder-workspace/Sources/MGUtils/Functions/UIColor(extension).swift (in target 'MGUtils' from project 'MGUtils')
    cd /Users/admin/builder/spi-builder-workspace/.swiftpm/xcode
    builtin-SwiftPerFileCompile UIColor\(extension\).swift
SwiftCompile normal arm64 Compiling\ UIViewController(extension).swift,\ MBProgressHUD.swift /Users/admin/builder/spi-builder-workspace/Sources/MGUtils/Functions/UIViewController(extension).swift /Users/admin/builder/spi-builder-workspace/Sources/MGUtils/Libs/MBProgressHUD.swift (in target 'MGUtils' from project 'MGUtils')
SwiftCompile normal arm64 /Users/admin/builder/spi-builder-workspace/Sources/MGUtils/Functions/UIViewController(extension).swift (in target 'MGUtils' from project 'MGUtils')
    cd /Users/admin/builder/spi-builder-workspace/.swiftpm/xcode
    builtin-SwiftPerFileCompile UIViewController\(extension\).swift
SwiftCompile normal arm64 /Users/admin/builder/spi-builder-workspace/Sources/MGUtils/Libs/MBProgressHUD.swift (in target 'MGUtils' from project 'MGUtils')
    cd /Users/admin/builder/spi-builder-workspace/.swiftpm/xcode
    builtin-SwiftPerFileCompile MBProgressHUD.swift
SwiftCompile normal arm64 Compiling\ IB_UIKit.swift /Users/admin/builder/spi-builder-workspace/Sources/MGUtils/UIKit/IB_UIKit.swift (in target 'MGUtils' from project 'MGUtils')
SwiftCompile normal arm64 /Users/admin/builder/spi-builder-workspace/Sources/MGUtils/UIKit/IB_UIKit.swift (in target 'MGUtils' from project 'MGUtils')
    cd /Users/admin/builder/spi-builder-workspace/.swiftpm/xcode
    builtin-SwiftPerFileCompile IB_UIKit.swift
SwiftCompile normal arm64 Compiling\ Date(extension).swift,\ Number(extension).swift /Users/admin/builder/spi-builder-workspace/Sources/MGUtils/Functions/Date(extension).swift /Users/admin/builder/spi-builder-workspace/Sources/MGUtils/Functions/Number(extension).swift (in target 'MGUtils' from project 'MGUtils')
/Users/admin/builder/spi-builder-workspace/Sources/MGUtils/Functions/Number(extension).swift:72:29: error: 'UIScreen' is unavailable in visionOS
70 | func Adaptive(_ num:CGFloat) -> CGFloat{
71 |     if UIDevice.current.userInterfaceIdiom == UIUserInterfaceIdiom.pad {
72 |         return num / 768 * [UIScreen.main.bounds.width,UIScreen.main.bounds.height].min()!;
   |                             `- error: 'UIScreen' is unavailable in visionOS
73 |     }
74 |     return num / 375 * [UIScreen.main.bounds.width,UIScreen.main.bounds.height].min()!;
/Applications/Xcode-27.0.0-Release.Candidate.app/Contents/Developer/Platforms/XROS.platform/Developer/SDKs/XROS27.0.sdk/System/Library/Frameworks/UIKit.framework/Headers/UIScreen.h:54:12: note: 'UIScreen' has been explicitly marked unavailable here
 52 |
 53 | UIKIT_EXTERN API_AVAILABLE(ios(2.0)) API_UNAVAILABLE(visionos, watchos) NS_SWIFT_UI_ACTOR
 54 | @interface UIScreen : NSObject <UITraitEnvironment>
    |            `- note: 'UIScreen' has been explicitly marked unavailable here
 55 |
 56 | @property(class, nonatomic, readonly) NSArray<UIScreen *> *screens API_DEPRECATED("Use UIApplication.shared.openSessions to find open sessions with scenes from other screens", ios(3.2, 16.0), visionos(1.0, 1.0)) API_UNAVAILABLE(watchos); // all screens currently attached to the device
/Users/admin/builder/spi-builder-workspace/Sources/MGUtils/Functions/Number(extension).swift:72:56: error: 'UIScreen' is unavailable in visionOS
70 | func Adaptive(_ num:CGFloat) -> CGFloat{
71 |     if UIDevice.current.userInterfaceIdiom == UIUserInterfaceIdiom.pad {
72 |         return num / 768 * [UIScreen.main.bounds.width,UIScreen.main.bounds.height].min()!;
   |                                                        `- error: 'UIScreen' is unavailable in visionOS
73 |     }
74 |     return num / 375 * [UIScreen.main.bounds.width,UIScreen.main.bounds.height].min()!;
/Applications/Xcode-27.0.0-Release.Candidate.app/Contents/Developer/Platforms/XROS.platform/Developer/SDKs/XROS27.0.sdk/System/Library/Frameworks/UIKit.framework/Headers/UIScreen.h:54:12: note: 'UIScreen' has been explicitly marked unavailable here
 52 |
 53 | UIKIT_EXTERN API_AVAILABLE(ios(2.0)) API_UNAVAILABLE(visionos, watchos) NS_SWIFT_UI_ACTOR
 54 | @interface UIScreen : NSObject <UITraitEnvironment>
    |            `- note: 'UIScreen' has been explicitly marked unavailable here
 55 |
 56 | @property(class, nonatomic, readonly) NSArray<UIScreen *> *screens API_DEPRECATED("Use UIApplication.shared.openSessions to find open sessions with scenes from other screens", ios(3.2, 16.0), visionos(1.0, 1.0)) API_UNAVAILABLE(watchos); // all screens currently attached to the device
/Users/admin/builder/spi-builder-workspace/Sources/MGUtils/Functions/Number(extension).swift:74:25: error: 'UIScreen' is unavailable in visionOS
72 |         return num / 768 * [UIScreen.main.bounds.width,UIScreen.main.bounds.height].min()!;
73 |     }
74 |     return num / 375 * [UIScreen.main.bounds.width,UIScreen.main.bounds.height].min()!;
   |                         `- error: 'UIScreen' is unavailable in visionOS
75 | }
76 | #endif
/Applications/Xcode-27.0.0-Release.Candidate.app/Contents/Developer/Platforms/XROS.platform/Developer/SDKs/XROS27.0.sdk/System/Library/Frameworks/UIKit.framework/Headers/UIScreen.h:54:12: note: 'UIScreen' has been explicitly marked unavailable here
 52 |
 53 | UIKIT_EXTERN API_AVAILABLE(ios(2.0)) API_UNAVAILABLE(visionos, watchos) NS_SWIFT_UI_ACTOR
 54 | @interface UIScreen : NSObject <UITraitEnvironment>
    |            `- note: 'UIScreen' has been explicitly marked unavailable here
 55 |
 56 | @property(class, nonatomic, readonly) NSArray<UIScreen *> *screens API_DEPRECATED("Use UIApplication.shared.openSessions to find open sessions with scenes from other screens", ios(3.2, 16.0), visionos(1.0, 1.0)) API_UNAVAILABLE(watchos); // all screens currently attached to the device
/Users/admin/builder/spi-builder-workspace/Sources/MGUtils/Functions/Number(extension).swift:74:52: error: 'UIScreen' is unavailable in visionOS
72 |         return num / 768 * [UIScreen.main.bounds.width,UIScreen.main.bounds.height].min()!;
73 |     }
74 |     return num / 375 * [UIScreen.main.bounds.width,UIScreen.main.bounds.height].min()!;
   |                                                    `- error: 'UIScreen' is unavailable in visionOS
75 | }
76 | #endif
/Applications/Xcode-27.0.0-Release.Candidate.app/Contents/Developer/Platforms/XROS.platform/Developer/SDKs/XROS27.0.sdk/System/Library/Frameworks/UIKit.framework/Headers/UIScreen.h:54:12: note: 'UIScreen' has been explicitly marked unavailable here
 52 |
 53 | UIKIT_EXTERN API_AVAILABLE(ios(2.0)) API_UNAVAILABLE(visionos, watchos) NS_SWIFT_UI_ACTOR
 54 | @interface UIScreen : NSObject <UITraitEnvironment>
    |            `- note: 'UIScreen' has been explicitly marked unavailable here
 55 |
 56 | @property(class, nonatomic, readonly) NSArray<UIScreen *> *screens API_DEPRECATED("Use UIApplication.shared.openSessions to find open sessions with scenes from other screens", ios(3.2, 16.0), visionos(1.0, 1.0)) API_UNAVAILABLE(watchos); // all screens currently attached to the device
Failed frontend command:
/Applications/Xcode-27.0.0-Release.Candidate.app/Contents/Developer/Toolchains/XcodeDefault.xctoolchain/usr/bin/swift-frontend -frontend -c /Users/admin/builder/spi-builder-workspace/.derivedData/Build/Intermediates.noindex/MGUtils.build/Debug-xros/MGUtils-t.build/DerivedSources/resource_bundle_accessor.swift /Users/admin/builder/spi-builder-workspace/Sources/MGUtils/Functions/Array\(extension\).swift -primary-file /Users/admin/builder/spi-builder-workspace/Sources/MGUtils/Functions/Date\(extension\).swift -primary-file /Users/admin/builder/spi-builder-workspace/Sources/MGUtils/Functions/Number\(extension\).swift /Users/admin/builder/spi-builder-workspace/Sources/MGUtils/Functions/String\(extension\).swift /Users/admin/builder/spi-builder-workspace/Sources/MGUtils/Functions/UIColor\(extension\).swift /Users/admin/builder/spi-builder-workspace/Sources/MGUtils/Functions/UIViewController\(extension\).swift /Users/admin/builder/spi-builder-workspace/Sources/MGUtils/Libs/MBProgressHUD.swift /Users/admin/builder/spi-builder-workspace/Sources/MGUtils/MGUtils.swift /Users/admin/builder/spi-builder-workspace/Sources/MGUtils/UIKit/CALayer+Heartbeat.swift /Users/admin/builder/spi-builder-workspace/Sources/MGUtils/UIKit/IB_UIKit.swift /Users/admin/builder/spi-builder-workspace/Sources/MGUtils/UIKit/UIButton+ImageTitleSpacing.swift /Users/admin/builder/spi-builder-workspace/Sources/MGUtils/UIKit/UITableView\(extension\).swift /Users/admin/builder/spi-builder-workspace/Sources/MGUtils/UIKit/UIView\(extension\).swift /Users/admin/builder/spi-builder-workspace/Sources/MGUtils/Utils/DeviceUtils.swift /Users/admin/builder/spi-builder-workspace/Sources/MGUtils/Utils/LaunchManage.swift /Users/admin/builder/spi-builder-workspace/Sources/MGUtils/Utils/Toast.swift /Users/admin/builder/spi-builder-workspace/.derivedData/Build/Intermediates.noindex/MGUtils.build/Debug-xros/MGUtils-t.build/DerivedSources/GeneratedAssetSymbols.swift -emit-dependencies-path /Users/admin/builder/spi-builder-workspace/.derivedData/Build/Intermediates.noindex/MGUtils.build/Debug-xros/MGUtils-t.build/Objects-normal/arm64/Date\(extension\).d -emit-const-values-path /Users/admin/builder/spi-builder-workspace/.derivedData/Build/Intermediates.noindex/MGUtils.build/Debug-xros/MGUtils-t.build/Objects-normal/arm64/Date\(extension\).swiftconstvalues -emit-reference-dependencies-path /Users/admin/builder/spi-builder-workspace/.derivedData/Build/Intermediates.noindex/MGUtils.build/Debug-xros/MGUtils-t.build/Objects-normal/arm64/Date\(extension\).swiftdeps -serialize-diagnostics-path /Users/admin/builder/spi-builder-workspace/.derivedData/Build/Intermediates.noindex/MGUtils.build/Debug-xros/MGUtils-t.build/Objects-normal/arm64/Date\(extension\).dia -emit-dependencies-path /Users/admin/builder/spi-builder-workspace/.derivedData/Build/Intermediates.noindex/MGUtils.build/Debug-xros/MGUtils-t.build/Objects-normal/arm64/Number\(extension\).d -emit-const-values-path /Users/admin/builder/spi-builder-workspace/.derivedData/Build/Intermediates.noindex/MGUtils.build/Debug-xros/MGUtils-t.build/Objects-normal/arm64/Number\(extension\).swiftconstvalues -emit-reference-dependencies-path /Users/admin/builder/spi-builder-workspace/.derivedData/Build/Intermediates.noindex/MGUtils.build/Debug-xros/MGUtils-t.build/Objects-normal/arm64/Number\(extension\).swiftdeps -serialize-diagnostics-path /Users/admin/builder/spi-builder-workspace/.derivedData/Build/Intermediates.noindex/MGUtils.build/Debug-xros/MGUtils-t.build/Objects-normal/arm64/Number\(extension\).dia -target arm64-apple-xros1.0 -module-can-import-version DeveloperToolsSupport 24.0.24 24.0.24 -module-can-import-version UIKit 9127.0.84.1 9127.0.84 -disable-cross-import-overlay-search -load-resolved-plugin /Applications/Xcode-27.0.0-Release.Candidate.app/Contents/Developer/Platforms/XROS.platform/Developer/usr/lib/swift/host/plugins/libFoundationMacros.dylib\#/Applications/Xcode-27.0.0-Release.Candidate.app/Contents/Developer/Platforms/XROS.platform/Developer/usr/bin/swift-plugin-server\#FoundationMacros -load-resolved-plugin /Applications/Xcode-27.0.0-Release.Candidate.app/Contents/Developer/Platforms/XROS.platform/Developer/usr/lib/swift/host/plugins/libObservationMacros.dylib\#/Applications/Xcode-27.0.0-Release.Candidate.app/Contents/Developer/Platforms/XROS.platform/Developer/usr/bin/swift-plugin-server\#ObservationMacros -load-resolved-plugin /Applications/Xcode-27.0.0-Release.Candidate.app/Contents/Developer/Platforms/XROS.platform/Developer/usr/lib/swift/host/plugins/libPreviewsMacros.dylib\#/Applications/Xcode-27.0.0-Release.Candidate.app/Contents/Developer/Platforms/XROS.platform/Developer/usr/bin/swift-plugin-server\#PreviewsMacros -load-resolved-plugin /Applications/Xcode-27.0.0-Release.Candidate.app/Contents/Developer/Platforms/XROS.platform/Developer/usr/lib/swift/host/plugins/libSwiftMacros.dylib\#/Applications/Xcode-27.0.0-Release.Candidate.app/Contents/Developer/Platforms/XROS.platform/Developer/usr/bin/swift-plugin-server\#SwiftMacros -load-resolved-plugin /Applications/Xcode-27.0.0-Release.Candidate.app/Contents/Developer/Platforms/XROS.platform/Developer/usr/lib/swift/host/plugins/libSwiftUIMacros.dylib\#/Applications/Xcode-27.0.0-Release.Candidate.app/Contents/Developer/Platforms/XROS.platform/Developer/usr/bin/swift-plugin-server\#SwiftUIMacros -disable-implicit-swift-modules -Xcc -fno-implicit-modules -Xcc -fno-implicit-module-maps -explicit-swift-module-map-file /Users/admin/builder/spi-builder-workspace/.derivedData/Build/Intermediates.noindex/MGUtils.build/Debug-xros/MGUtils-t.build/Objects-normal/arm64/MGUtils-dependencies-1.json -Xllvm -aarch64-use-tbi -enable-objc-interop -stack-check -sdk /Applications/Xcode-27.0.0-Release.Candidate.app/Contents/Developer/Platforms/XROS.platform/Developer/SDKs/XROS27.0.sdk -I /Users/admin/builder/spi-builder-workspace/.derivedData/Build/Products/Debug-xros -Isystem /Applications/Xcode-27.0.0-Release.Candidate.app/Contents/Developer/Platforms/XROS.platform/Developer/usr/lib -F /Users/admin/builder/spi-builder-workspace/.derivedData/Build/Products/Debug-xros -F /Applications/Xcode-27.0.0-Release.Candidate.app/Contents/Developer/Platforms/XROS.platform/Developer/Library/Frameworks -F /Applications/Xcode-27.0.0-Release.Candidate.app/Contents/Developer/Platforms/XROS.platform/Developer/SDKs/XROS27.0.sdk/Developer/Library/Frameworks -module-cache-path /Users/admin/builder/spi-builder-workspace/.derivedData/Build/Intermediates.noindex/SwiftExplicitPrecompiledModules -no-color-diagnostics -Xcc -fno-color-diagnostics -enable-testing -g -debug-info-format\=dwarf -dwarf-version\=4 -profile-generate -profile-coverage-mapping -swift-version 5 -Onone -D SWIFT_PACKAGE -D DEBUG -D SWIFT_MODULE_RESOURCE_BUNDLE_AVAILABLE -D Xcode -serialize-debugging-options -enable-experimental-feature DebugDescriptionMacro -empty-abi-descriptor -validate-clang-modules-once -clang-build-session-file /Users/admin/builder/spi-builder-workspace/.derivedData/ModuleCache.noindex/Session.modulevalidation -Xcc -working-directory -Xcc /Users/admin/builder/spi-builder-workspace/.swiftpm/xcode -enable-anonymous-context-mangled-names -file-compilation-dir /Users/admin/builder/spi-builder-workspace/.swiftpm/xcode -Xcc -D_LIBCPP_HARDENING_MODE\=_LIBCPP_HARDENING_MODE_DEBUG -Xcc -ivfsstatcache -Xcc /Users/admin/builder/spi-builder-workspace/.derivedData/SDKStatCaches.noindex/xros27.0-24M361-e829b21a6f8c9b70876ba0858053c044735bd543db762f57723cac368afd1ce4.sdkstatcache -Xcc -fmodules-prune-interval\=86400 -Xcc -fmodules-prune-after\=345600 -Xcc -I/Users/admin/builder/spi-builder-workspace/.derivedData/Build/Products/Debug-xros/include -Xcc -I/Users/admin/builder/spi-builder-workspace/.derivedData/Build/Intermediates.noindex/MGUtils.build/Debug-xros/MGUtils-t.build/DerivedSources-normal/arm64 -Xcc -I/Users/admin/builder/spi-builder-workspace/.derivedData/Build/Intermediates.noindex/MGUtils.build/Debug-xros/MGUtils-t.build/DerivedSources/arm64 -Xcc -I/Users/admin/builder/spi-builder-workspace/.derivedData/Build/Intermediates.noindex/MGUtils.build/Debug-xros/MGUtils-t.build/DerivedSources -Xcc -DSWIFT_PACKAGE -Xcc -DDEBUG\=1 -no-auto-bridging-header-chaining -module-name MGUtils -package-name spi_builder_workspace -const-gather-protocols-file /Users/admin/builder/spi-builder-workspace/.derivedData/Build/Intermediates.noindex/MGUtils.build/Debug-xros/MGUtils-t.build/Objects-normal/arm64/MGUtils_const_extract_protocols.json -disable-clang-spi -clang-target arm64-apple-xros27.0 -target-sdk-version 27.0 -target-sdk-name xros27.0 -in-process-plugin-server-path /Applications/Xcode-27.0.0-Release.Candidate.app/Contents/Developer/Toolchains/XcodeDefault.xctoolchain/usr/lib/swift/host/libSwiftInProcPluginServer.dylib -parse-as-library -o /Users/admin/builder/spi-builder-workspace/.derivedData/Build/Intermediates.noindex/MGUtils.build/Debug-xros/MGUtils-t.build/Objects-normal/arm64/Date\(extension\).o -o /Users/admin/builder/spi-builder-workspace/.derivedData/Build/Intermediates.noindex/MGUtils.build/Debug-xros/MGUtils-t.build/Objects-normal/arm64/Number\(extension\).o -debug-module-path /Users/admin/builder/spi-builder-workspace/.derivedData/Build/Intermediates.noindex/MGUtils.build/Debug-xros/MGUtils-t.build/Objects-normal/arm64/MGUtils.swiftmodule -index-unit-output-path /MGUtils.build/Debug-xros/MGUtils-t.build/Objects-normal/arm64/Date\(extension\).o -index-unit-output-path /MGUtils.build/Debug-xros/MGUtils-t.build/Objects-normal/arm64/Number\(extension\).o -index-store-path /Users/admin/builder/spi-builder-workspace/.derivedData/Index.noindex/DataStore -index-system-modules
SwiftCompile normal arm64 /Users/admin/builder/spi-builder-workspace/Sources/MGUtils/Functions/Date(extension).swift (in target 'MGUtils' from project 'MGUtils')
    cd /Users/admin/builder/spi-builder-workspace/.swiftpm/xcode
    builtin-SwiftPerFileCompile Date\(extension\).swift
SwiftCompile normal arm64 /Users/admin/builder/spi-builder-workspace/Sources/MGUtils/Functions/Number(extension).swift (in target 'MGUtils' from project 'MGUtils')
    cd /Users/admin/builder/spi-builder-workspace/.swiftpm/xcode
    builtin-SwiftPerFileCompile Number\(extension\).swift
SwiftCompile normal arm64 Compiling\ UITableView(extension).swift /Users/admin/builder/spi-builder-workspace/Sources/MGUtils/UIKit/UITableView(extension).swift (in target 'MGUtils' from project 'MGUtils')
/Users/admin/builder/spi-builder-workspace/Sources/MGUtils/UIKit/UITableView(extension).swift:58:9: warning: 'register(_:forCellReuseIdentifier:)' was deprecated in visionOS 1.0: Loading Interface Builder products will not be supported in a future version of visionOS. [#DeprecatedDeclaration]
56 |     /** 注册Nib cell */
57 |     public func registerNib<T:UITableViewCell>(CellWithNib name: T.Type){
58 |         register(UINib.init(nibName: String.init(describing: name), bundle: Bundle.main), forCellReuseIdentifier: String.init(describing: name))
   |         `- warning: 'register(_:forCellReuseIdentifier:)' was deprecated in visionOS 1.0: Loading Interface Builder products will not be supported in a future version of visionOS. [#DeprecatedDeclaration]
59 |     }
60 |
/Users/admin/builder/spi-builder-workspace/Sources/MGUtils/UIKit/UITableView(extension).swift:58:18: warning: 'UINib' was deprecated in visionOS 1.0: Loading Interface Builder products will not be supported in a future version of visionOS. [#DeprecatedDeclaration]
56 |     /** 注册Nib cell */
57 |     public func registerNib<T:UITableViewCell>(CellWithNib name: T.Type){
58 |         register(UINib.init(nibName: String.init(describing: name), bundle: Bundle.main), forCellReuseIdentifier: String.init(describing: name))
   |                  `- warning: 'UINib' was deprecated in visionOS 1.0: Loading Interface Builder products will not be supported in a future version of visionOS. [#DeprecatedDeclaration]
59 |     }
60 |
[#DeprecatedDeclaration]: <https://docs.swift.org/compiler/documentation/diagnostics/deprecated-declaration>
SwiftCompile normal arm64 /Users/admin/builder/spi-builder-workspace/Sources/MGUtils/UIKit/UITableView(extension).swift (in target 'MGUtils' from project 'MGUtils')
    cd /Users/admin/builder/spi-builder-workspace/.swiftpm/xcode
    builtin-SwiftPerFileCompile UITableView\(extension\).swift
SwiftCompile normal arm64 Compiling\ UIButton+ImageTitleSpacing.swift /Users/admin/builder/spi-builder-workspace/Sources/MGUtils/UIKit/UIButton+ImageTitleSpacing.swift (in target 'MGUtils' from project 'MGUtils')
/Users/admin/builder/spi-builder-workspace/Sources/MGUtils/UIKit/UIButton+ImageTitleSpacing.swift:50:14: warning: 'titleEdgeInsets' was deprecated in visionOS 1.0: This property is ignored when using UIButtonConfiguration [#DeprecatedDeclaration]
48 |         }
49 |
50 |         self.titleEdgeInsets = labelEdgeInsets;
   |              `- warning: 'titleEdgeInsets' was deprecated in visionOS 1.0: This property is ignored when using UIButtonConfiguration [#DeprecatedDeclaration]
51 |         self.imageEdgeInsets = imageEdgeInsets;
52 |     }
SwiftCompile normal arm64 /Users/admin/builder/spi-builder-workspace/Sources/MGUtils/UIKit/UIButton+ImageTitleSpacing.swift (in target 'MGUtils' from project 'MGUtils')
    cd /Users/admin/builder/spi-builder-workspace/.swiftpm/xcode
    builtin-SwiftPerFileCompile UIButton+ImageTitleSpacing.swift
SwiftCompile normal arm64 Compiling\ UIView(extension).swift /Users/admin/builder/spi-builder-workspace/Sources/MGUtils/UIKit/UIView(extension).swift (in target 'MGUtils' from project 'MGUtils')
SwiftCompile normal arm64 /Users/admin/builder/spi-builder-workspace/Sources/MGUtils/UIKit/UIView(extension).swift (in target 'MGUtils' from project 'MGUtils')
    cd /Users/admin/builder/spi-builder-workspace/.swiftpm/xcode
    builtin-SwiftPerFileCompile UIView\(extension\).swift
SwiftCompile normal arm64 Compiling\ LaunchManage.swift /Users/admin/builder/spi-builder-workspace/Sources/MGUtils/Utils/LaunchManage.swift (in target 'MGUtils' from project 'MGUtils')
SwiftCompile normal arm64 /Users/admin/builder/spi-builder-workspace/Sources/MGUtils/Utils/LaunchManage.swift (in target 'MGUtils' from project 'MGUtils')
    cd /Users/admin/builder/spi-builder-workspace/.swiftpm/xcode
    builtin-SwiftPerFileCompile LaunchManage.swift
SwiftCompile normal arm64 Compiling\ Toast.swift /Users/admin/builder/spi-builder-workspace/Sources/MGUtils/Utils/Toast.swift (in target 'MGUtils' from project 'MGUtils')
SwiftCompile normal arm64 /Users/admin/builder/spi-builder-workspace/Sources/MGUtils/Utils/Toast.swift (in target 'MGUtils' from project 'MGUtils')
    cd /Users/admin/builder/spi-builder-workspace/.swiftpm/xcode
    builtin-SwiftPerFileCompile Toast.swift
SwiftEmitModule normal arm64 Emitting\ module\ for\ MGUtils (in target 'MGUtils' from project 'MGUtils')
SwiftCompile normal arm64 (in target 'MGUtils' from project 'MGUtils')
    cd /Users/admin/builder/spi-builder-workspace/.swiftpm/xcode

SwiftCompile normal arm64 Compiling\ DeviceUtils.swift /Users/admin/builder/spi-builder-workspace/Sources/MGUtils/Utils/DeviceUtils.swift (in target 'MGUtils' from project 'MGUtils')
SwiftCompile normal arm64 /Users/admin/builder/spi-builder-workspace/Sources/MGUtils/Utils/DeviceUtils.swift (in target 'MGUtils' from project 'MGUtils')
    cd /Users/admin/builder/spi-builder-workspace/.swiftpm/xcode
    builtin-SwiftPerFileCompile DeviceUtils.swift
SwiftDriverJobDiscovery normal arm64 Compiling IB_UIKit.swift (in target 'MGUtils' from project 'MGUtils')
SwiftDriverJobDiscovery normal arm64 Compiling UITableView(extension).swift (in target 'MGUtils' from project 'MGUtils')
SwiftDriverJobDiscovery normal arm64 Compiling LaunchManage.swift (in target 'MGUtils' from project 'MGUtils')
PruneExplicitPrecompiledModules /Users/admin/builder/spi-builder-workspace/.derivedData/Build/Intermediates.noindex/ExplicitPrecompiledModules
PruneExplicitPrecompiledModules /Users/admin/builder/spi-builder-workspace/.derivedData/Build/Intermediates.noindex/SwiftExplicitPrecompiledModules
PruneExplicitPrecompiledModules /Users/admin/builder/spi-builder-workspace/.derivedData/SDKExplicitPrecompiledModules
2026-09-22 14:20:07.577 xcodebuild[762:4658] [MT] IDERunDestination: Supported platforms for the buildables in the current scheme is empty.
** BUILD FAILED **
The following build commands failed:
	SwiftCompile normal arm64 Compiling\ Date(extension).swift,\ Number(extension).swift /Users/admin/builder/spi-builder-workspace/Sources/MGUtils/Functions/Date(extension).swift /Users/admin/builder/spi-builder-workspace/Sources/MGUtils/Functions/Number(extension).swift (in target 'MGUtils' from project 'MGUtils')
	SwiftCompile normal arm64 /Users/admin/builder/spi-builder-workspace/Sources/MGUtils/Functions/Number(extension).swift (in target 'MGUtils' from project 'MGUtils')
	Building workspace MGUtils with scheme MGUtils
(3 failures)
BUILD FAILURE 6.4 visionOS