Build Information
Failed to build jwt-kit, reference main (8bda2e), with Swift 6.3 for Wasm on 30 Oct 2026 22:00:28 UTC.
Build Command
bash -c docker run --pull=always --rm -v "checkouts-53886768-0":/host -w "$PWD" -e JAVA_HOME="/root/.sdkman/candidates/java/current" -e SPI_BUILD="1" -e SPI_PROCESSING="1" registry.gitlab.com/saguaro1/spi-images:wasm-6.3-latest swift build --swift-sdk swift-6.3.2-RELEASE_wasm 2>&1Build Log
========================================
RunAll
========================================
Builder version: 5.1.4
Interrupt handler set up.
========================================
Checkout
========================================
Clone URL: https://github.com/vapor/jwt-kit.git
Reference: main
Initialized empty Git repository in /host/spi-builder-workspace/.git/
hint: Using 'master' as the name for the initial branch. This default branch name
hint: is subject to change. To configure the initial branch name to use in all
hint: of your new repositories, which will suppress this warning, call:
hint:
hint: git config --global init.defaultBranch <name>
hint:
hint: Names commonly chosen instead of 'master' are 'main', 'trunk' and
hint: 'development'. The just-created branch can be renamed via this command:
hint:
hint: git branch -m <name>
From https://github.com/vapor/jwt-kit
* branch main -> FETCH_HEAD
* [new branch] main -> origin/main
HEAD is now at 8bda2e7 Bump benchmark
Cloned https://github.com/vapor/jwt-kit.git
Revision (git rev-parse @):
8bda2e7fe7d0e48f98b9d33d5e0b360fe9a5368d
SPI manifest file found: $PWD/.spi.yml
SUCCESS checkout https://github.com/vapor/jwt-kit.git at main
========================================
Build
========================================
Selected platform: wasm
Swift version: 6.3
Building package at path: $PWD
https://github.com/vapor/jwt-kit.git
Running build ...
bash -c docker run --pull=always --rm -v "checkouts-53886768-0":/host -w "$PWD" -e JAVA_HOME="/root/.sdkman/candidates/java/current" -e SPI_BUILD="1" -e SPI_PROCESSING="1" registry.gitlab.com/saguaro1/spi-images:wasm-6.3-latest swift build --swift-sdk swift-6.3.2-RELEASE_wasm 2>&1
wasm-6.3-latest: Pulling from saguaro1/spi-images
Digest: sha256:eea66feda95ad8894091082dbcb77ec1fc917891d37888fd1938b0b68455d992
Status: Image is up to date for registry.gitlab.com/saguaro1/spi-images:wasm-6.3-latest
Fetching https://github.com/apple/swift-certificates.git
Fetching https://github.com/apple/swift-crypto.git
Fetching https://github.com/apple/swift-log.git
Fetching https://github.com/swift-extras/swift-extras-base64
[1/954] Fetching swift-extras-base64
[78/9340] Fetching swift-extras-base64, swift-log
[1962/28209] Fetching swift-extras-base64, swift-log, swift-crypto
[9719/35816] Fetching swift-extras-base64, swift-log, swift-crypto, swift-certificates
Fetched https://github.com/swift-extras/swift-extras-base64 from cache (0.50s)
[10965/34862] Fetching swift-log, swift-crypto, swift-certificates
Fetched https://github.com/apple/swift-log.git from cache (0.50s)
[2655/26476] Fetching swift-crypto, swift-certificates
Fetched https://github.com/apple/swift-certificates.git from cache (0.61s)
[2076/18869] Fetching swift-crypto
Fetched https://github.com/apple/swift-crypto.git from cache (1.25s)
Computing version for https://github.com/swift-extras/swift-extras-base64
Computed https://github.com/swift-extras/swift-extras-base64 at 1.2.0 (1.39s)
Computing version for https://github.com/apple/swift-crypto.git
Computed https://github.com/apple/swift-crypto.git at 5.0.3 (0.93s)
Fetching https://github.com/apple/swift-asn1.git
[1/2051] Fetching swift-asn1
Fetched https://github.com/apple/swift-asn1.git from cache (0.45s)
Computing version for https://github.com/apple/swift-asn1.git
Computed https://github.com/apple/swift-asn1.git at 1.7.3 (0.63s)
Computing version for https://github.com/apple/swift-certificates.git
Computed https://github.com/apple/swift-certificates.git at 1.21.1 (0.21s)
Computing version for https://github.com/apple/swift-log.git
Computed https://github.com/apple/swift-log.git at 1.16.2 (0.15s)
Creating working copy for https://github.com/apple/swift-certificates.git
Working copy of https://github.com/apple/swift-certificates.git resolved at 1.21.1
Creating working copy for https://github.com/apple/swift-log.git
Working copy of https://github.com/apple/swift-log.git resolved at 1.16.2
Creating working copy for https://github.com/apple/swift-asn1.git
Working copy of https://github.com/apple/swift-asn1.git resolved at 1.7.3
Creating working copy for https://github.com/apple/swift-crypto.git
Working copy of https://github.com/apple/swift-crypto.git resolved at 5.0.3
Creating working copy for https://github.com/swift-extras/swift-extras-base64
Working copy of https://github.com/swift-extras/swift-extras-base64 resolved at 1.2.0
Building for debugging...
[0/400] Compiling ghash-x86-linux.S
[1/400] Compiling ghash-x86_64-apple.S
[2/400] Compiling ghash-x86-apple.S
[3/400] Write sources
[5/400] Compiling ghash-x86_64-linux.S
[6/400] Compiling ghash-ssse3-x86_64-linux.S
[7/400] Write sources
[17/400] Compiling CXKCPShims shims.c
[18/400] Compiling SimpleFIPS202.c
[19/400] Compiling KeccakSponge.c
[20/400] Write swift-version-24593BA9C3E375BF.txt
[21/400] Compiling KeccakHash.c
[22/400] Compiling fiat_p256_adx_mul.S
[23/400] Compiling fiat_p256_adx_sqr.S
[24/400] Compiling fiat_curve25519_adx_square.S
[25/435] Compiling hexdump.cc
[26/435] Compiling asn1_par.cc
[27/435] Compiling a_octet.cc
[28/435] Compiling fiat_curve25519_adx_mul.S
[29/435] Compiling md5-x86_64-linux.S
[30/435] Compiling md5-586-linux.S
[31/435] Compiling md5-586-apple.S
[32/435] Compiling md5-x86_64-apple.S
[33/435] Compiling chacha20_poly1305_x86_64-linux.S
[34/435] Compiling chacha20_poly1305_x86_64-apple.S
[35/435] Compiling chacha20_poly1305_armv8-win.S
[36/435] Compiling chacha20_poly1305_armv8-linux.S
[37/435] Compiling chacha20_poly1305_armv8-apple.S
[38/435] Compiling chacha-x86_64-linux.S
[39/435] Compiling chacha-x86_64-apple.S
[40/435] Compiling chacha-x86-linux.S
[41/435] Compiling chacha-x86-apple.S
[42/435] Compiling chacha-armv8-win.S
[43/435] Compiling chacha-armv8-linux.S
[44/435] Compiling chacha-armv8-apple.S
[45/435] Compiling chacha-armv4-linux.S
[46/435] Compiling aes128gcmsiv-x86_64-linux.S
[47/435] Compiling aes128gcmsiv-x86_64-apple.S
[48/435] Compiling x86_64-mont5-linux.S
[49/435] Compiling x86_64-mont5-apple.S
[50/435] Compiling x86_64-mont-linux.S
[51/435] Compiling x86_64-mont-apple.S
[52/435] Compiling err_data.cc
[53/435] Compiling x86-mont-linux.S
[54/435] Compiling vpaes-x86_64-linux.S
[55/435] Compiling vpaes-x86_64-apple.S
[56/435] Compiling x86-mont-apple.S
[57/435] Compiling vpaes-x86-apple.S
[58/435] Compiling vpaes-armv8-win.S
[59/435] Compiling vpaes-x86-linux.S
[60/435] Compiling vpaes-armv8-apple.S
[61/435] Compiling vpaes-armv7-linux.S
[62/435] Compiling vpaes-armv8-linux.S
[63/435] Compiling sha512-x86_64-linux.S
[64/435] Compiling sha512-x86_64-apple.S
[65/435] Compiling sha512-armv8-win.S
[66/435] Compiling sha512-armv8-linux.S
[67/435] Compiling sha512-armv8-apple.S
[68/435] Compiling sha512-armv4-linux.S
[69/435] Compiling sha512-586-apple.S
[70/435] Compiling sha512-586-linux.S
[71/435] Compiling sha256-x86_64-linux.S
[72/435] Compiling sha256-x86_64-apple.S
[73/435] Compiling sha256-armv8-win.S
[74/435] Compiling sha256-armv8-linux.S
[75/435] Compiling sha256-armv8-apple.S
[76/435] Compiling sha256-armv4-linux.S
[77/435] Compiling sha256-586-linux.S
[78/435] Compiling sha256-586-apple.S
[79/435] Compiling sha1-x86_64-linux.S
[80/435] Compiling sha1-x86_64-apple.S
[81/435] Compiling sha1-armv8-win.S
[82/435] Compiling sha1-armv8-linux.S
[83/435] Compiling sha1-armv8-apple.S
[84/435] Compiling sha1-586-linux.S
[85/435] Compiling sha1-armv4-large-linux.S
[86/435] Compiling sha1-586-apple.S
[87/435] Compiling rdrand-x86_64-linux.S
[88/435] Compiling rsaz-avx2-apple.S
[89/435] Compiling rsaz-avx2-linux.S
[90/435] Compiling p256_beeu-x86_64-asm-linux.S
[91/435] Compiling rdrand-x86_64-apple.S
[92/435] Compiling p256_beeu-x86_64-asm-apple.S
[93/435] Compiling p256_beeu-armv8-asm-win.S
[94/435] Compiling p256_beeu-armv8-asm-apple.S
[94/435] Compiling p256_beeu-armv8-asm-linux.S
[96/435] Compiling p256-x86_64-asm-apple.S
[97/435] Compiling p256-x86_64-asm-linux.S
[98/435] Compiling p256-armv8-asm-win.S
[99/435] Compiling p256-armv8-asm-apple.S
[100/435] Compiling p256-armv8-asm-linux.S
[101/435] Compiling ghashv8-armv8-win.S
[102/435] Compiling ghashv8-armv8-linux.S
[103/435] Compiling ghashv8-armv8-apple.S
[104/435] Compiling ghashv8-armv7-linux.S
[105/435] Compiling ghash-ssse3-x86-linux.S
[106/435] Compiling ghash-ssse3-x86_64-apple.S
[107/435] Compiling ghash-ssse3-x86-apple.S
[108/435] Compiling ghash-neon-armv8-win.S
[109/435] Compiling ghash-neon-armv8-linux.S
[110/435] Compiling ghash-neon-armv8-apple.S
[111/435] Compiling ghash-armv4-linux.S
[112/435] Compiling co-586-linux.S
[113/435] Compiling co-586-apple.S
[114/435] Compiling bsaes-armv7-linux.S
[115/435] Compiling bn-armv8-win.S
[116/435] Compiling bn-armv8-linux.S
[117/435] Compiling bn-586-linux.S
[118/435] Compiling bn-armv8-apple.S
[119/435] Compiling bn-586-apple.S
[120/435] Compiling armv8-mont-win.S
[121/435] Compiling armv8-mont-apple.S
[122/435] Compiling armv8-mont-linux.S
[123/435] Compiling armv4-mont-linux.S
[124/435] Compiling aesv8-gcm-armv8-win.S
[125/435] Compiling aesv8-gcm-armv8-linux.S
[126/435] Compiling aesv8-armv8-win.S
[127/435] Compiling aesv8-gcm-armv8-apple.S
[128/435] Compiling aesv8-armv8-linux.S
[129/435] Compiling aesv8-armv8-apple.S
[130/435] Compiling aesv8-armv7-linux.S
[131/435] Compiling aesni-x86_64-linux.S
[132/435] Compiling aesni-x86_64-apple.S
[133/435] Compiling aesni-x86-linux.S
[134/435] Compiling aesni-gcm-x86_64-linux.S
[135/435] Compiling aesni-x86-apple.S
[136/435] Compiling aesni-gcm-x86_64-apple.S
[137/435] Compiling aes-gcm-avx512-x86_64-apple.S
[138/435] Compiling aes-gcm-avx512-x86_64-linux.S
[139/435] Compiling aes-gcm-avx2-x86_64-linux.S
[140/435] Compiling aes-gcm-avx2-x86_64-apple.S
[141/435] Compiling xwing.cc
[143/435] Emitting module SwiftASN1
[143/437] Compiling x_x509.cc
[144/437] Compiling x_x509a.cc
[145/437] Compiling x_sig.cc
[146/437] Compiling x_req.cc
[148/437] Compiling SwiftASN1 TimeUtilities.swift
[149/437] Compiling SwiftASN1 UTCTime.swift
[149/437] Compiling x_spki.cc
[151/437] Compiling SwiftASN1 DER.swift
[152/437] Compiling SwiftASN1 Errors.swift
[153/437] Compiling Logging LoggingSystem.swift
[154/438] Compiling SwiftASN1 ASN1Integer.swift
[155/438] Compiling SwiftASN1 ASN1Null.swift
[156/438] Compiling SwiftASN1 ASN1OctetString.swift
[157/438] Compiling SwiftASN1 ASN1Strings.swift
[158/438] Compiling SwiftASN1 ASN1BitString.swift
[159/438] Compiling SwiftASN1 ASN1Boolean.swift
[160/438] Compiling SwiftASN1 ASN1Identifier.swift
[161/438] Compiling SwiftASN1 ASN1.swift
[162/438] Compiling SwiftASN1 BER.swift
[163/438] Compiling SwiftASN1 ASN1Any.swift
[164/438] Compiling ExtrasBase64 Base32+Span.swift
[165/438] Compiling Logging MetadataProvider.swift
[166/438] Compiling SwiftASN1 ArraySliceBigint.swift
[167/438] Compiling SwiftASN1 GeneralizedTime.swift
[170/438] Compiling Logging Logger+Attributes.swift
[171/438] Compiling SwiftASN1 ObjectIdentifier.swift
[172/438] Compiling SwiftASN1 PEMDocument.swift
[178/439] Emitting module Logging
[178/439] Compiling x_name.cc
[180/439] Emitting module ExtrasBase64
[181/439] Compiling Logging Logger+With.swift
[182/439] Compiling ExtrasBase64 Base32.swift
[183/439] Compiling ExtrasBase64 Base64+Span.swift
[184/439] Compiling ExtrasBase64 Base64.swift
[185/439] Compiling Logging Logger.swift
[186/441] Compiling _CertificateInternals _TinyArray.swift
[187/441] Emitting module _CertificateInternals
[187/442] Compiling x_pubkey.cc
[190/442] Wrapping AST for SwiftASN1 for debugging
[192/442] Wrapping AST for Logging for debugging
[193/442] Wrapping AST for ExtrasBase64 for debugging
[194/442] Wrapping AST for _CertificateInternals for debugging
[195/442] Compiling x_exten.cc
[196/442] Compiling x_attrib.cc
[197/442] Compiling x509spki.cc
[198/442] Compiling x_algor.cc
[199/442] Compiling x_all.cc
[200/442] Compiling x509rset.cc
[201/442] Compiling x_crl.cc
[202/442] Compiling x509name.cc
[203/442] Compiling x509cset.cc
[204/442] Compiling x509_vpm.cc
[205/442] Compiling x509_v3.cc
[206/442] Compiling x509_txt.cc
[207/442] Compiling x509_vfy.cc
[208/442] Compiling x509_trs.cc
[209/442] Compiling x509_set.cc
[210/442] Compiling KeccakP-1600-opt64.c
[211/442] Compiling x509_req.cc
[212/442] Compiling x509_obj.cc
[213/442] Compiling x509_def.cc
[214/442] Compiling x509_ext.cc
[215/442] Compiling x509_lu.cc
[216/442] Compiling x509_d2.cc
[217/442] Compiling x509_cmp.cc
[218/442] Compiling x509_att.cc
[219/442] Compiling x509.cc
[220/442] Compiling v3_skey.cc
[221/442] Compiling v3_prn.cc
[222/442] Compiling v3_purp.cc
[223/442] Compiling v3_utl.cc
[224/442] Compiling v3_pmaps.cc
[225/442] Compiling v3_pcons.cc
[226/442] Compiling v3_ocsp.cc
[227/442] Compiling v3_ncons.cc
[228/442] Compiling v3_int.cc
[229/442] Compiling v3_lib.cc
[230/442] Compiling v3_ia5.cc
[231/442] Compiling v3_info.cc
[232/442] Compiling v3_genn.cc
[233/442] Compiling v3_extku.cc
[234/442] Compiling v3_enum.cc
[235/442] Compiling v3_crld.cc
[236/442] Compiling v3_bitst.cc
[237/442] Compiling v3_cpols.cc
[238/442] Compiling v3_bcons.cc
[239/442] Compiling v3_conf.cc
[240/442] Compiling v3_alt.cc
[241/442] Compiling v3_akeya.cc
[242/442] Compiling v3_akey.cc
[243/442] Compiling t_x509a.cc
[244/442] Compiling t_crl.cc
[245/442] Compiling t_req.cc
[246/442] Compiling t_x509.cc
[247/442] Compiling rsa_pss.cc
[248/442] Compiling policy.cc
[249/442] Compiling i2d_pr.cc
[250/442] Compiling name_print.cc
[251/442] Compiling by_file.cc
[252/442] Compiling by_dir.cc
[253/442] Compiling algorithm.cc
[254/442] Compiling a_verify.cc
[255/442] Compiling asn1_gen.cc
[256/442] Compiling a_sign.cc
[257/442] Compiling a_digest.cc
[258/442] Compiling voprf.cc
[259/442] Compiling thread_win.cc
[260/442] Compiling thread_pthread.cc
[261/442] Compiling thread_none.cc
[262/442] Compiling trust_token.cc
[263/442] Compiling thread.cc
[264/442] Compiling pmbtoken.cc
[265/442] Compiling stack.cc
[266/442] Compiling sha512.cc
[267/442] Compiling siphash.cc
[268/442] Compiling spake2plus.cc
[269/442] Compiling sha256.cc
[270/442] Compiling slhdsa.cc
[271/442] Compiling sha1.cc
[272/442] Compiling rsa_extra.cc
[273/442] Compiling rsa_print.cc
[274/442] Compiling refcount.cc
[275/442] Compiling rsa_crypt.cc
[276/442] Compiling rc4.cc
[277/442] Compiling windows.cc
[278/442] Compiling urandom.cc
[279/442] Compiling trusty.cc
[280/442] Compiling rand.cc
[281/442] Compiling rsa_asn1.cc
[282/442] Compiling ios.cc
[283/442] Compiling getentropy.cc
[284/442] Compiling passive.cc
[285/442] Compiling poly1305_arm_asm.S
[286/442] Compiling forkunsafe.cc
[287/442] Compiling deterministic.cc
[288/442] Compiling fork_detect.cc
[289/442] Compiling poly1305_vec.cc
[290/442] Compiling pool.cc
[291/442] Compiling poly1305_arm.cc
[292/442] Compiling poly1305.cc
[293/442] Compiling pkcs8.cc
[294/442] Compiling pkcs8_x509.cc
[295/442] Compiling pkcs7.cc
[296/442] Compiling p5_pbev2.cc
[297/442] Compiling pkcs7_x509.cc
[298/442] Compiling pem_xaux.cc
[299/442] Compiling pem_x509.cc
[300/442] Compiling pem_pkey.cc
[301/442] Compiling pem_pk8.cc
[302/442] Compiling pem_oth.cc
[303/442] Compiling pem_info.cc
[304/442] Compiling mlkem.cc
[305/442] Compiling obj_xref.cc
[306/442] Compiling pem_lib.cc
[307/442] Compiling pem_all.cc
[308/442] Compiling obj.cc
[309/442] Compiling poly_rq_mul.S
[310/442] Compiling mldsa.cc
[311/442] Compiling mem.cc
[312/442] Compiling lhash.cc
[313/442] Compiling fips_shared_support.cc
[314/442] Compiling md5.cc
[315/442] Compiling hrss.cc
[316/442] Compiling md4.cc
[317/442] Compiling kyber.cc
[318/442] Compiling fuzzer_mode.cc
[319/442] Compiling ex_data.cc
[320/442] Compiling hpke.cc
[321/442] Compiling scrypt.cc
[322/442] Compiling pbkdf.cc
[322/442] Compiling print.cc
[324/442] Compiling sign.cc
[325/442] Compiling p_x25519_asn1.cc
[326/442] Compiling p_x25519.cc
[327/442] Compiling p_rsa_asn1.cc
[328/442] Compiling p_ed25519_asn1.cc
[329/442] Compiling p_rsa.cc
[330/442] Compiling p_hkdf.cc
[331/442] Compiling p_ed25519.cc
[332/442] Compiling p_ec_asn1.cc
[333/442] Compiling p_ec.cc
[334/442] Compiling p_dsa_asn1.cc
[335/442] Compiling p_dh_asn1.cc
[336/442] Compiling p_dh.cc
[337/442] Compiling evp_ctx.cc
[338/442] Compiling evp_asn1.cc
[339/442] Compiling err.cc
[340/442] Compiling engine.cc
[341/442] Compiling evp.cc
[342/442] Compiling ecdsa_p1363.cc
[343/442] Compiling ecdh.cc
[344/442] Compiling ecdsa_asn1.cc
[345/442] Compiling ec_derive.cc
[346/442] Compiling hash_to_curve.cc
[347/442] Compiling dsa_asn1.cc
[348/442] Compiling dsa.cc
[349/442] Compiling bcm.cc
[350/442] Compiling ec_asn1.cc
[351/442] Compiling x25519-asm-arm.S
[352/442] Compiling digest_extra.cc
[353/442] Compiling params.cc
[354/442] Compiling des.cc
[355/442] Compiling dh_asn1.cc
[356/442] Compiling curve25519_64_adx.cc
[357/442] Compiling cpu_intel.cc
[358/442] Compiling crypto.cc
[359/442] Compiling spake25519.cc
[360/442] Compiling cpu_arm_linux.cc
[361/442] Compiling curve25519.cc
[362/442] Compiling cpu_arm_freebsd.cc
[363/442] Compiling cpu_aarch64_win.cc
[364/442] Compiling cpu_aarch64_sysreg.cc
[365/442] Compiling cpu_aarch64_openbsd.cc
[366/442] Compiling cpu_aarch64_linux.cc
[367/442] Compiling cpu_aarch64_fuchsia.cc
[368/442] Compiling cpu_aarch64_apple.cc
[369/442] Compiling conf.cc
[370/442] Compiling get_cipher.cc
[371/442] Compiling tls_cbc.cc
[372/442] Compiling e_tls.cc
[373/442] Compiling e_rc4.cc
[374/442] Compiling e_rc2.cc
[375/442] Compiling cms.cc
[376/442] Compiling e_null.cc
[377/442] Compiling e_des.cc
[378/442] Compiling e_chacha20poly1305.cc
[379/442] Compiling e_aesgcmsiv.cc
[380/442] Compiling e_aeseax.cc
[381/442] Compiling e_aesctrhmac.cc
[382/442] Compiling derive_key.cc
[383/442] Compiling chacha.cc
[384/442] Compiling unicode.cc
[385/442] Compiling buf.cc
[386/442] Compiling sqrt.cc
[387/442] Compiling cbs.cc
[388/442] Compiling cbb.cc
[389/442] Compiling ber.cc
[390/442] Compiling exponentiation.cc
[391/442] Compiling asn1_compat.cc
[392/442] Compiling div.cc
[393/442] Compiling blake2.cc
[394/442] Compiling printf.cc
[395/442] Compiling pair.cc
[396/442] Compiling bn_asn1.cc
[397/442] Compiling file.cc
[398/442] Compiling fd.cc
[399/442] Compiling convert.cc
[400/442] Compiling errno.cc
[401/442] Compiling bio_mem.cc
[402/442] Compiling bio.cc
[403/442] Compiling base64.cc
[404/442] Compiling tasn_fre.cc
[405/442] Compiling tasn_typ.cc
[406/442] Compiling tasn_utl.cc
[407/442] Compiling tasn_new.cc
[408/442] Compiling tasn_enc.cc
[409/442] Compiling posix_time.cc
[410/442] Compiling f_string.cc
[411/442] Compiling f_int.cc
[412/442] Compiling asn_pack.cc
[413/442] Compiling tasn_dec.cc
[414/442] Compiling asn1_lib.cc
[415/442] Compiling a_utctm.cc
[416/442] Compiling a_type.cc
[417/442] Compiling a_time.cc
[418/442] Compiling a_strnid.cc
[419/442] Compiling a_strex.cc
[420/442] Compiling a_object.cc
[421/442] Compiling a_mbstr.cc
[422/442] Compiling a_i2d_fp.cc
[423/442] Compiling a_int.cc
[424/442] Compiling a_dup.cc
[425/442] Compiling a_gentm.cc
[426/442] Compiling aes.cc
[427/442] Compiling a_d2i_fp.cc
[428/442] Compiling a_bool.cc
[429/442] Compiling a_bitstr.cc
[431/450] Compiling CryptoBoringWrapper FiniteFieldArithmeticContext.swift
[432/451] Compiling CryptoBoringWrapper CryptoKitErrors_boring.swift
[433/451] Compiling CryptoBoringWrapper Data+Span.swift
[434/451] Compiling CryptoBoringWrapper EllipticCurve.swift
[435/451] Compiling CryptoBoringWrapper RandomBytes.swift
[436/451] Compiling CryptoBoringWrapper BoringSSLAEAD.swift
[437/451] Compiling CryptoBoringWrapper EllipticCurvePoint.swift
[438/451] Compiling CryptoBoringWrapper ArbitraryPrecisionInteger.swift
[439/451] Emitting module CryptoBoringWrapper
[440/452] Wrapping AST for CryptoBoringWrapper for debugging
[442/538] Compiling Crypto AESWrap.swift
[443/538] Compiling Crypto AESWrap_boring.swift
[444/538] Compiling Crypto Ed25519_boring.swift
[445/538] Compiling Crypto NISTCurvesKeys_boring.swift
[446/538] Compiling Crypto X25519Keys_boring.swift
[447/538] Compiling Crypto Curve25519.swift
[448/538] Compiling Crypto Ed25519Keys.swift
[449/538] Compiling Crypto NISTCurvesKeys.swift
[450/538] Compiling Crypto X25519Keys.swift
[451/538] Compiling Crypto SymmetricKeys.swift
[452/538] Compiling Crypto HMAC.swift
[453/538] Compiling Crypto MACFunctions.swift
[454/550] Compiling Crypto Digest_boring.swift
[455/550] Compiling Crypto Digest.swift
[456/550] Compiling Crypto Digests.swift
[457/550] Compiling Crypto HashFunctions.swift
[458/550] Compiling Crypto HashFunctions_SHA2.swift
[459/550] Compiling Crypto HashFunctions_SHA3.swift
[460/550] Compiling Crypto Digest_xkcp.swift
[461/550] Compiling Crypto HPKE-AEAD.swift
[462/550] Compiling Crypto HPKE-Ciphersuite.swift
[463/550] Compiling Crypto HPKE-KDF.swift
[464/550] Compiling Crypto HPKE-KexKeyDerivation.swift
[465/550] Compiling Crypto HPKE-LabeledExtract.swift
[466/550] Compiling Crypto ASN1OctetString.swift
[467/550] Compiling Crypto ASN1Strings.swift
[468/550] Compiling Crypto ArraySliceBigint.swift
[469/550] Compiling Crypto GeneralizedTime.swift
[470/550] Compiling Crypto ObjectIdentifier.swift
[471/550] Compiling Crypto ECDSASignature.swift
[472/550] Compiling Crypto PEMDocument.swift
[473/550] Compiling Crypto PKCS8PrivateKey.swift
[474/550] Compiling Crypto SEC1PrivateKey.swift
[475/550] Compiling Crypto SubjectPublicKeyInfo.swift
[476/550] Compiling Crypto CryptoError_boring.swift
[477/550] Compiling Crypto CryptoKitErrors.swift
[478/550] Emitting module Crypto
[479/550] Compiling Crypto AES-GCM.swift
[480/550] Compiling Crypto AES-GCM_boring.swift
[481/550] Compiling Crypto ChaChaPoly_boring.swift
[482/550] Compiling Crypto ChaChaPoly.swift
[483/550] Compiling Crypto Cipher.swift
[484/550] Compiling Crypto Nonces.swift
[485/550] Compiling Crypto ASN1.swift
[486/550] Compiling Crypto ASN1Any.swift
[487/550] Compiling Crypto ASN1BitString.swift
[488/550] Compiling Crypto ASN1Boolean.swift
[489/550] Compiling Crypto ASN1Identifier.swift
[490/550] Compiling Crypto ASN1Integer.swift
[491/550] Compiling Crypto ASN1Null.swift
[492/550] Compiling Crypto MessageAuthenticationCode.swift
[493/550] Compiling Crypto AES.swift
[494/550] Compiling Crypto ECDSASignature_boring.swift
[495/550] Compiling Crypto ECDSA_boring.swift
[496/550] Compiling Crypto EdDSA_boring.swift
[497/550] Compiling Crypto MLDSA_boring.swift
[498/550] Compiling Crypto MLDSA_wrapper.swift
[499/550] Compiling Crypto ECDSA.swift
[500/550] Compiling Crypto Ed25519.swift
[501/550] Compiling Crypto MLDSA.swift
[502/550] Compiling Crypto Signature.swift
[503/550] Compiling Crypto ArraySpanHelpers.swift
[504/550] Compiling Crypto CryptoKitErrors_boring.swift
[505/550] Compiling Crypto InlineArray+withBytes_boring.swift
[506/550] Compiling Crypto Optional+withUnsafeBytes_boring.swift
[507/550] Compiling Crypto RNG_boring.swift
[508/550] Compiling Crypto SafeCompare_boring.swift
[509/550] Compiling Crypto Zeroization_boring.swift
[510/550] Compiling Crypto _CryptoModuleAnchor.swift
[511/550] Compiling Crypto Data+ArraySpan.swift
[512/550] Compiling Crypto PrettyBytes.swift
[513/550] Compiling Crypto SafeCompare.swift
[514/550] Compiling Crypto SecureBytes.swift
[515/550] Compiling Crypto Zeroization.swift
[516/550] Compiling Crypto HPKE-Utils.swift
[517/550] Compiling Crypto DHKEM.swift
[518/550] Compiling Crypto HPKE-KEM-Curve25519.swift
[519/550] Compiling Crypto HPKE-NIST-EC-KEMs.swift
[520/550] Compiling Crypto HPKE-KEM.swift
[521/550] Compiling Crypto HPKE-Errors.swift
[522/550] Compiling Crypto HPKE.swift
[523/550] Compiling Crypto HPKE-Context.swift
[524/550] Compiling Crypto HPKE-KeySchedule.swift
[525/550] Compiling Crypto HPKE-Modes.swift
[526/550] Compiling Crypto Insecure.swift
[527/550] Compiling Crypto Insecure_HashFunctions.swift
[528/550] Compiling Crypto MLKEM_boring.swift
[529/550] Compiling Crypto MLKEM_wrapper.swift
[530/550] Compiling Crypto XWing_boring.swift
[531/550] Compiling Crypto KEM-Errors.swift
[532/550] Compiling Crypto KEM.swift
[533/550] Compiling Crypto MLKEM.swift
[534/550] Compiling Crypto XWing.swift
[535/550] Compiling Crypto ECDH_boring.swift
[536/550] Compiling Crypto DH.swift
[537/550] Compiling Crypto ECDH.swift
[538/550] Compiling Crypto ANSIx963.swift
[539/550] Compiling Crypto HKDF.swift
[540/551] Wrapping AST for Crypto for debugging
error: emit-module command failed with exit code 1 (use -v to see invocation)
[542/613] Emitting module CryptoExtras
/host/spi-builder-workspace/.build/checkouts/swift-crypto/Sources/CryptoExtras/Util/ThreadSpecific/ThreadSpecific.swift:33:36: error: cannot find type 'ThreadOpsSystem' in scope
31 |
32 | private final class Key {
33 | private var underlyingKey: ThreadOpsSystem.ThreadSpecificKey
| `- error: cannot find type 'ThreadOpsSystem' in scope
34 |
35 | internal init(destructor: @escaping ThreadOpsSystem.ThreadSpecificKeyDestructor) {
/host/spi-builder-workspace/.build/checkouts/swift-crypto/Sources/CryptoExtras/Util/ThreadSpecific/ThreadSpecific.swift:35:45: error: cannot find type 'ThreadOpsSystem' in scope
33 | private var underlyingKey: ThreadOpsSystem.ThreadSpecificKey
34 |
35 | internal init(destructor: @escaping ThreadOpsSystem.ThreadSpecificKeyDestructor) {
| `- error: cannot find type 'ThreadOpsSystem' in scope
36 | self.underlyingKey = ThreadOpsSystem.allocateThreadSpecificValue(destructor: destructor)
37 | }
/host/spi-builder-workspace/.build/checkouts/swift-crypto/Sources/CryptoExtras/Util/ThreadSpecific/ThreadSpecific.swift:35:35: error: '@escaping' only applies to function types
33 | private var underlyingKey: ThreadOpsSystem.ThreadSpecificKey
34 |
35 | internal init(destructor: @escaping ThreadOpsSystem.ThreadSpecificKeyDestructor) {
| `- error: '@escaping' only applies to function types
36 | self.underlyingKey = ThreadOpsSystem.allocateThreadSpecificValue(destructor: destructor)
37 | }
[543/621] Compiling CryptoExtras PKCS8DERRepresentation.swift
[544/621] Compiling CryptoExtras PKCS8PrivateKey.swift
[545/621] Compiling CryptoExtras RFC8410AlgorithmIdentifier.swift
[546/621] Compiling CryptoExtras ECToolbox_boring.swift
[547/621] Compiling CryptoExtras ECToolbox.swift
[548/621] Compiling CryptoExtras HashToField.swift
[549/621] Compiling CryptoExtras KDF.swift
[550/621] Compiling CryptoExtras PBKDF2_boring.swift
[551/621] Compiling CryptoExtras PBKDF2_commoncrypto.swift
[552/621] Compiling CryptoExtras ARCServer.swift
[553/621] Compiling CryptoExtras ChaCha20CTR_boring.swift
[554/621] Compiling CryptoExtras ChaCha20CTR.swift
[555/621] Compiling CryptoExtras BoringSSLSHA512256Context.swift
[556/621] Compiling CryptoExtras BoringSSLSHA512256HashFunction.swift
[557/621] Compiling CryptoExtras SHA512256.swift
[558/621] Compiling CryptoExtras SHA512256Digest.swift
[559/621] Compiling CryptoExtras Curve25519+PEM.swift
[560/621] Compiling CryptoExtras ObjectIdentifier.swift
[561/621] Compiling CryptoExtras Data+Extensions.swift
[562/621] Compiling CryptoExtras DigestType.swift
[563/621] Compiling CryptoExtras Error.swift
[564/621] Compiling CryptoExtras I2OSP.swift
[565/621] Compiling CryptoExtras IntegerEncoding.swift
[566/621] Compiling CryptoExtras PEMDocument.swift
[567/621] Compiling CryptoExtras PrettyBytes.swift
[568/621] Compiling CryptoExtras SubjectPublicKeyInfo.swift
[569/621] Compiling CryptoExtras ThreadOps.swift
/host/spi-builder-workspace/.build/checkouts/swift-crypto/Sources/CryptoExtras/Util/ThreadSpecific/ThreadSpecific.swift:33:36: error: cannot find type 'ThreadOpsSystem' in scope
31 |
32 | private final class Key {
33 | private var underlyingKey: ThreadOpsSystem.ThreadSpecificKey
| `- error: cannot find type 'ThreadOpsSystem' in scope
34 |
35 | internal init(destructor: @escaping ThreadOpsSystem.ThreadSpecificKeyDestructor) {
/host/spi-builder-workspace/.build/checkouts/swift-crypto/Sources/CryptoExtras/Util/ThreadSpecific/ThreadSpecific.swift:35:45: error: cannot find type 'ThreadOpsSystem' in scope
33 | private var underlyingKey: ThreadOpsSystem.ThreadSpecificKey
34 |
35 | internal init(destructor: @escaping ThreadOpsSystem.ThreadSpecificKeyDestructor) {
| `- error: cannot find type 'ThreadOpsSystem' in scope
36 | self.underlyingKey = ThreadOpsSystem.allocateThreadSpecificValue(destructor: destructor)
37 | }
/host/spi-builder-workspace/.build/checkouts/swift-crypto/Sources/CryptoExtras/Util/ThreadSpecific/ThreadSpecific.swift:35:35: error: '@escaping' only applies to function types
33 | private var underlyingKey: ThreadOpsSystem.ThreadSpecificKey
34 |
35 | internal init(destructor: @escaping ThreadOpsSystem.ThreadSpecificKeyDestructor) {
| `- error: '@escaping' only applies to function types
36 | self.underlyingKey = ThreadOpsSystem.allocateThreadSpecificValue(destructor: destructor)
37 | }
/host/spi-builder-workspace/.build/checkouts/swift-crypto/Sources/CryptoExtras/Util/ThreadSpecific/ThreadSpecific.swift:36:34: error: cannot find 'ThreadOpsSystem' in scope
34 |
35 | internal init(destructor: @escaping ThreadOpsSystem.ThreadSpecificKeyDestructor) {
36 | self.underlyingKey = ThreadOpsSystem.allocateThreadSpecificValue(destructor: destructor)
| `- error: cannot find 'ThreadOpsSystem' in scope
37 | }
38 |
/host/spi-builder-workspace/.build/checkouts/swift-crypto/Sources/CryptoExtras/Util/ThreadSpecific/ThreadSpecific.swift:40:13: error: cannot find 'ThreadOpsSystem' in scope
38 |
39 | deinit {
40 | ThreadOpsSystem.deallocateThreadSpecificValue(self.underlyingKey)
| `- error: cannot find 'ThreadOpsSystem' in scope
41 | }
42 |
/host/spi-builder-workspace/.build/checkouts/swift-crypto/Sources/CryptoExtras/Util/ThreadSpecific/ThreadSpecific.swift:44:13: error: cannot find 'ThreadOpsSystem' in scope
42 |
43 | func get() -> UnsafeMutableRawPointer? {
44 | ThreadOpsSystem.getThreadSpecificValue(self.underlyingKey)
| `- error: cannot find 'ThreadOpsSystem' in scope
45 | }
46 |
/host/spi-builder-workspace/.build/checkouts/swift-crypto/Sources/CryptoExtras/Util/ThreadSpecific/ThreadSpecific.swift:48:13: error: cannot find 'ThreadOpsSystem' in scope
46 |
47 | func set(value: UnsafeMutableRawPointer?) {
48 | ThreadOpsSystem.setThreadSpecificValue(key: self.underlyingKey, value: value)
| `- error: cannot find 'ThreadOpsSystem' in scope
49 | }
50 | }
[570/621] Compiling CryptoExtras ThreadPosix.swift
/host/spi-builder-workspace/.build/checkouts/swift-crypto/Sources/CryptoExtras/Util/ThreadSpecific/ThreadSpecific.swift:33:36: error: cannot find type 'ThreadOpsSystem' in scope
31 |
32 | private final class Key {
33 | private var underlyingKey: ThreadOpsSystem.ThreadSpecificKey
| `- error: cannot find type 'ThreadOpsSystem' in scope
34 |
35 | internal init(destructor: @escaping ThreadOpsSystem.ThreadSpecificKeyDestructor) {
/host/spi-builder-workspace/.build/checkouts/swift-crypto/Sources/CryptoExtras/Util/ThreadSpecific/ThreadSpecific.swift:35:45: error: cannot find type 'ThreadOpsSystem' in scope
33 | private var underlyingKey: ThreadOpsSystem.ThreadSpecificKey
34 |
35 | internal init(destructor: @escaping ThreadOpsSystem.ThreadSpecificKeyDestructor) {
| `- error: cannot find type 'ThreadOpsSystem' in scope
36 | self.underlyingKey = ThreadOpsSystem.allocateThreadSpecificValue(destructor: destructor)
37 | }
/host/spi-builder-workspace/.build/checkouts/swift-crypto/Sources/CryptoExtras/Util/ThreadSpecific/ThreadSpecific.swift:35:35: error: '@escaping' only applies to function types
33 | private var underlyingKey: ThreadOpsSystem.ThreadSpecificKey
34 |
35 | internal init(destructor: @escaping ThreadOpsSystem.ThreadSpecificKeyDestructor) {
| `- error: '@escaping' only applies to function types
36 | self.underlyingKey = ThreadOpsSystem.allocateThreadSpecificValue(destructor: destructor)
37 | }
/host/spi-builder-workspace/.build/checkouts/swift-crypto/Sources/CryptoExtras/Util/ThreadSpecific/ThreadSpecific.swift:36:34: error: cannot find 'ThreadOpsSystem' in scope
34 |
35 | internal init(destructor: @escaping ThreadOpsSystem.ThreadSpecificKeyDestructor) {
36 | self.underlyingKey = ThreadOpsSystem.allocateThreadSpecificValue(destructor: destructor)
| `- error: cannot find 'ThreadOpsSystem' in scope
37 | }
38 |
/host/spi-builder-workspace/.build/checkouts/swift-crypto/Sources/CryptoExtras/Util/ThreadSpecific/ThreadSpecific.swift:40:13: error: cannot find 'ThreadOpsSystem' in scope
38 |
39 | deinit {
40 | ThreadOpsSystem.deallocateThreadSpecificValue(self.underlyingKey)
| `- error: cannot find 'ThreadOpsSystem' in scope
41 | }
42 |
/host/spi-builder-workspace/.build/checkouts/swift-crypto/Sources/CryptoExtras/Util/ThreadSpecific/ThreadSpecific.swift:44:13: error: cannot find 'ThreadOpsSystem' in scope
42 |
43 | func get() -> UnsafeMutableRawPointer? {
44 | ThreadOpsSystem.getThreadSpecificValue(self.underlyingKey)
| `- error: cannot find 'ThreadOpsSystem' in scope
45 | }
46 |
/host/spi-builder-workspace/.build/checkouts/swift-crypto/Sources/CryptoExtras/Util/ThreadSpecific/ThreadSpecific.swift:48:13: error: cannot find 'ThreadOpsSystem' in scope
46 |
47 | func set(value: UnsafeMutableRawPointer?) {
48 | ThreadOpsSystem.setThreadSpecificValue(key: self.underlyingKey, value: value)
| `- error: cannot find 'ThreadOpsSystem' in scope
49 | }
50 | }
[571/621] Compiling CryptoExtras ThreadSpecific.swift
/host/spi-builder-workspace/.build/checkouts/swift-crypto/Sources/CryptoExtras/Util/ThreadSpecific/ThreadSpecific.swift:33:36: error: cannot find type 'ThreadOpsSystem' in scope
31 |
32 | private final class Key {
33 | private var underlyingKey: ThreadOpsSystem.ThreadSpecificKey
| `- error: cannot find type 'ThreadOpsSystem' in scope
34 |
35 | internal init(destructor: @escaping ThreadOpsSystem.ThreadSpecificKeyDestructor) {
/host/spi-builder-workspace/.build/checkouts/swift-crypto/Sources/CryptoExtras/Util/ThreadSpecific/ThreadSpecific.swift:35:45: error: cannot find type 'ThreadOpsSystem' in scope
33 | private var underlyingKey: ThreadOpsSystem.ThreadSpecificKey
34 |
35 | internal init(destructor: @escaping ThreadOpsSystem.ThreadSpecificKeyDestructor) {
| `- error: cannot find type 'ThreadOpsSystem' in scope
36 | self.underlyingKey = ThreadOpsSystem.allocateThreadSpecificValue(destructor: destructor)
37 | }
/host/spi-builder-workspace/.build/checkouts/swift-crypto/Sources/CryptoExtras/Util/ThreadSpecific/ThreadSpecific.swift:35:35: error: '@escaping' only applies to function types
33 | private var underlyingKey: ThreadOpsSystem.ThreadSpecificKey
34 |
35 | internal init(destructor: @escaping ThreadOpsSystem.ThreadSpecificKeyDestructor) {
| `- error: '@escaping' only applies to function types
36 | self.underlyingKey = ThreadOpsSystem.allocateThreadSpecificValue(destructor: destructor)
37 | }
/host/spi-builder-workspace/.build/checkouts/swift-crypto/Sources/CryptoExtras/Util/ThreadSpecific/ThreadSpecific.swift:36:34: error: cannot find 'ThreadOpsSystem' in scope
34 |
35 | internal init(destructor: @escaping ThreadOpsSystem.ThreadSpecificKeyDestructor) {
36 | self.underlyingKey = ThreadOpsSystem.allocateThreadSpecificValue(destructor: destructor)
| `- error: cannot find 'ThreadOpsSystem' in scope
37 | }
38 |
/host/spi-builder-workspace/.build/checkouts/swift-crypto/Sources/CryptoExtras/Util/ThreadSpecific/ThreadSpecific.swift:40:13: error: cannot find 'ThreadOpsSystem' in scope
38 |
39 | deinit {
40 | ThreadOpsSystem.deallocateThreadSpecificValue(self.underlyingKey)
| `- error: cannot find 'ThreadOpsSystem' in scope
41 | }
42 |
/host/spi-builder-workspace/.build/checkouts/swift-crypto/Sources/CryptoExtras/Util/ThreadSpecific/ThreadSpecific.swift:44:13: error: cannot find 'ThreadOpsSystem' in scope
42 |
43 | func get() -> UnsafeMutableRawPointer? {
44 | ThreadOpsSystem.getThreadSpecificValue(self.underlyingKey)
| `- error: cannot find 'ThreadOpsSystem' in scope
45 | }
46 |
/host/spi-builder-workspace/.build/checkouts/swift-crypto/Sources/CryptoExtras/Util/ThreadSpecific/ThreadSpecific.swift:48:13: error: cannot find 'ThreadOpsSystem' in scope
46 |
47 | func set(value: UnsafeMutableRawPointer?) {
48 | ThreadOpsSystem.setThreadSpecificValue(key: self.underlyingKey, value: value)
| `- error: cannot find 'ThreadOpsSystem' in scope
49 | }
50 | }
[572/621] Compiling CryptoExtras ThreadWindows.swift
/host/spi-builder-workspace/.build/checkouts/swift-crypto/Sources/CryptoExtras/Util/ThreadSpecific/ThreadSpecific.swift:33:36: error: cannot find type 'ThreadOpsSystem' in scope
31 |
32 | private final class Key {
33 | private var underlyingKey: ThreadOpsSystem.ThreadSpecificKey
| `- error: cannot find type 'ThreadOpsSystem' in scope
34 |
35 | internal init(destructor: @escaping ThreadOpsSystem.ThreadSpecificKeyDestructor) {
/host/spi-builder-workspace/.build/checkouts/swift-crypto/Sources/CryptoExtras/Util/ThreadSpecific/ThreadSpecific.swift:35:45: error: cannot find type 'ThreadOpsSystem' in scope
33 | private var underlyingKey: ThreadOpsSystem.ThreadSpecificKey
34 |
35 | internal init(destructor: @escaping ThreadOpsSystem.ThreadSpecificKeyDestructor) {
| `- error: cannot find type 'ThreadOpsSystem' in scope
36 | self.underlyingKey = ThreadOpsSystem.allocateThreadSpecificValue(destructor: destructor)
37 | }
/host/spi-builder-workspace/.build/checkouts/swift-crypto/Sources/CryptoExtras/Util/ThreadSpecific/ThreadSpecific.swift:35:35: error: '@escaping' only applies to function types
33 | private var underlyingKey: ThreadOpsSystem.ThreadSpecificKey
34 |
35 | internal init(destructor: @escaping ThreadOpsSystem.ThreadSpecificKeyDestructor) {
| `- error: '@escaping' only applies to function types
36 | self.underlyingKey = ThreadOpsSystem.allocateThreadSpecificValue(destructor: destructor)
37 | }
/host/spi-builder-workspace/.build/checkouts/swift-crypto/Sources/CryptoExtras/Util/ThreadSpecific/ThreadSpecific.swift:36:34: error: cannot find 'ThreadOpsSystem' in scope
34 |
35 | internal init(destructor: @escaping ThreadOpsSystem.ThreadSpecificKeyDestructor) {
36 | self.underlyingKey = ThreadOpsSystem.allocateThreadSpecificValue(destructor: destructor)
| `- error: cannot find 'ThreadOpsSystem' in scope
37 | }
38 |
/host/spi-builder-workspace/.build/checkouts/swift-crypto/Sources/CryptoExtras/Util/ThreadSpecific/ThreadSpecific.swift:40:13: error: cannot find 'ThreadOpsSystem' in scope
38 |
39 | deinit {
40 | ThreadOpsSystem.deallocateThreadSpecificValue(self.underlyingKey)
| `- error: cannot find 'ThreadOpsSystem' in scope
41 | }
42 |
/host/spi-builder-workspace/.build/checkouts/swift-crypto/Sources/CryptoExtras/Util/ThreadSpecific/ThreadSpecific.swift:44:13: error: cannot find 'ThreadOpsSystem' in scope
42 |
43 | func get() -> UnsafeMutableRawPointer? {
44 | ThreadOpsSystem.getThreadSpecificValue(self.underlyingKey)
| `- error: cannot find 'ThreadOpsSystem' in scope
45 | }
46 |
/host/spi-builder-workspace/.build/checkouts/swift-crypto/Sources/CryptoExtras/Util/ThreadSpecific/ThreadSpecific.swift:48:13: error: cannot find 'ThreadOpsSystem' in scope
46 |
47 | func set(value: UnsafeMutableRawPointer?) {
48 | ThreadOpsSystem.setThreadSpecificValue(key: self.underlyingKey, value: value)
| `- error: cannot find 'ThreadOpsSystem' in scope
49 | }
50 | }
[573/621] Compiling CryptoExtras DLEQ.swift
/host/spi-builder-workspace/.build/checkouts/swift-crypto/Sources/CryptoExtras/Util/ThreadSpecific/ThreadSpecific.swift:33:36: error: cannot find type 'ThreadOpsSystem' in scope
31 |
32 | private final class Key {
33 | private var underlyingKey: ThreadOpsSystem.ThreadSpecificKey
| `- error: cannot find type 'ThreadOpsSystem' in scope
34 |
35 | internal init(destructor: @escaping ThreadOpsSystem.ThreadSpecificKeyDestructor) {
/host/spi-builder-workspace/.build/checkouts/swift-crypto/Sources/CryptoExtras/Util/ThreadSpecific/ThreadSpecific.swift:35:45: error: cannot find type 'ThreadOpsSystem' in scope
33 | private var underlyingKey: ThreadOpsSystem.ThreadSpecificKey
34 |
35 | internal init(destructor: @escaping ThreadOpsSystem.ThreadSpecificKeyDestructor) {
| `- error: cannot find type 'ThreadOpsSystem' in scope
36 | self.underlyingKey = ThreadOpsSystem.allocateThreadSpecificValue(destructor: destructor)
37 | }
/host/spi-builder-workspace/.build/checkouts/swift-crypto/Sources/CryptoExtras/Util/ThreadSpecific/ThreadSpecific.swift:35:35: error: '@escaping' only applies to function types
33 | private var underlyingKey: ThreadOpsSystem.ThreadSpecificKey
34 |
35 | internal init(destructor: @escaping ThreadOpsSystem.ThreadSpecificKeyDestructor) {
| `- error: '@escaping' only applies to function types
36 | self.underlyingKey = ThreadOpsSystem.allocateThreadSpecificValue(destructor: destructor)
37 | }
/host/spi-builder-workspace/.build/checkouts/swift-crypto/Sources/CryptoExtras/Util/ThreadSpecific/ThreadSpecific.swift:36:34: error: cannot find 'ThreadOpsSystem' in scope
34 |
35 | internal init(destructor: @escaping ThreadOpsSystem.ThreadSpecificKeyDestructor) {
36 | self.underlyingKey = ThreadOpsSystem.allocateThreadSpecificValue(destructor: destructor)
| `- error: cannot find 'ThreadOpsSystem' in scope
37 | }
38 |
/host/spi-builder-workspace/.build/checkouts/swift-crypto/Sources/CryptoExtras/Util/ThreadSpecific/ThreadSpecific.swift:40:13: error: cannot find 'ThreadOpsSystem' in scope
38 |
39 | deinit {
40 | ThreadOpsSystem.deallocateThreadSpecificValue(self.underlyingKey)
| `- error: cannot find 'ThreadOpsSystem' in scope
41 | }
42 |
/host/spi-builder-workspace/.build/checkouts/swift-crypto/Sources/CryptoExtras/Util/ThreadSpecific/ThreadSpecific.swift:44:13: error: cannot find 'ThreadOpsSystem' in scope
42 |
43 | func get() -> UnsafeMutableRawPointer? {
44 | ThreadOpsSystem.getThreadSpecificValue(self.underlyingKey)
| `- error: cannot find 'ThreadOpsSystem' in scope
45 | }
46 |
/host/spi-builder-workspace/.build/checkouts/swift-crypto/Sources/CryptoExtras/Util/ThreadSpecific/ThreadSpecific.swift:48:13: error: cannot find 'ThreadOpsSystem' in scope
46 |
47 | func set(value: UnsafeMutableRawPointer?) {
48 | ThreadOpsSystem.setThreadSpecificValue(key: self.underlyingKey, value: value)
| `- error: cannot find 'ThreadOpsSystem' in scope
49 | }
50 | }
[574/621] Compiling CryptoExtras Prover.swift
/host/spi-builder-workspace/.build/checkouts/swift-crypto/Sources/CryptoExtras/Util/ThreadSpecific/ThreadSpecific.swift:33:36: error: cannot find type 'ThreadOpsSystem' in scope
31 |
32 | private final class Key {
33 | private var underlyingKey: ThreadOpsSystem.ThreadSpecificKey
| `- error: cannot find type 'ThreadOpsSystem' in scope
34 |
35 | internal init(destructor: @escaping ThreadOpsSystem.ThreadSpecificKeyDestructor) {
/host/spi-builder-workspace/.build/checkouts/swift-crypto/Sources/CryptoExtras/Util/ThreadSpecific/ThreadSpecific.swift:35:45: error: cannot find type 'ThreadOpsSystem' in scope
33 | private var underlyingKey: ThreadOpsSystem.ThreadSpecificKey
34 |
35 | internal init(destructor: @escaping ThreadOpsSystem.ThreadSpecificKeyDestructor) {
| `- error: cannot find type 'ThreadOpsSystem' in scope
36 | self.underlyingKey = ThreadOpsSystem.allocateThreadSpecificValue(destructor: destructor)
37 | }
/host/spi-builder-workspace/.build/checkouts/swift-crypto/Sources/CryptoExtras/Util/ThreadSpecific/ThreadSpecific.swift:35:35: error: '@escaping' only applies to function types
33 | private var underlyingKey: ThreadOpsSystem.ThreadSpecificKey
34 |
35 | internal init(destructor: @escaping ThreadOpsSystem.ThreadSpecificKeyDestructor) {
| `- error: '@escaping' only applies to function types
36 | self.underlyingKey = ThreadOpsSystem.allocateThreadSpecificValue(destructor: destructor)
37 | }
/host/spi-builder-workspace/.build/checkouts/swift-crypto/Sources/CryptoExtras/Util/ThreadSpecific/ThreadSpecific.swift:36:34: error: cannot find 'ThreadOpsSystem' in scope
34 |
35 | internal init(destructor: @escaping ThreadOpsSystem.ThreadSpecificKeyDestructor) {
36 | self.underlyingKey = ThreadOpsSystem.allocateThreadSpecificValue(destructor: destructor)
| `- error: cannot find 'ThreadOpsSystem' in scope
37 | }
38 |
/host/spi-builder-workspace/.build/checkouts/swift-crypto/Sources/CryptoExtras/Util/ThreadSpecific/ThreadSpecific.swift:40:13: error: cannot find 'ThreadOpsSystem' in scope
38 |
39 | deinit {
40 | ThreadOpsSystem.deallocateThreadSpecificValue(self.underlyingKey)
| `- error: cannot find 'ThreadOpsSystem' in scope
41 | }
42 |
/host/spi-builder-workspace/.build/checkouts/swift-crypto/Sources/CryptoExtras/Util/ThreadSpecific/ThreadSpecific.swift:44:13: error: cannot find 'ThreadOpsSystem' in scope
42 |
43 | func get() -> UnsafeMutableRawPointer? {
44 | ThreadOpsSystem.getThreadSpecificValue(self.underlyingKey)
| `- error: cannot find 'ThreadOpsSystem' in scope
45 | }
46 |
/host/spi-builder-workspace/.build/checkouts/swift-crypto/Sources/CryptoExtras/Util/ThreadSpecific/ThreadSpecific.swift:48:13: error: cannot find 'ThreadOpsSystem' in scope
46 |
47 | func set(value: UnsafeMutableRawPointer?) {
48 | ThreadOpsSystem.setThreadSpecificValue(key: self.underlyingKey, value: value)
| `- error: cannot find 'ThreadOpsSystem' in scope
49 | }
50 | }
[575/621] Compiling CryptoExtras Verifier.swift
/host/spi-builder-workspace/.build/checkouts/swift-crypto/Sources/CryptoExtras/Util/ThreadSpecific/ThreadSpecific.swift:33:36: error: cannot find type 'ThreadOpsSystem' in scope
31 |
32 | private final class Key {
33 | private var underlyingKey: ThreadOpsSystem.ThreadSpecificKey
| `- error: cannot find type 'ThreadOpsSystem' in scope
34 |
35 | internal init(destructor: @escaping ThreadOpsSystem.ThreadSpecificKeyDestructor) {
/host/spi-builder-workspace/.build/checkouts/swift-crypto/Sources/CryptoExtras/Util/ThreadSpecific/ThreadSpecific.swift:35:45: error: cannot find type 'ThreadOpsSystem' in scope
33 | private var underlyingKey: ThreadOpsSystem.ThreadSpecificKey
34 |
35 | internal init(destructor: @escaping ThreadOpsSystem.ThreadSpecificKeyDestructor) {
| `- error: cannot find type 'ThreadOpsSystem' in scope
36 | self.underlyingKey = ThreadOpsSystem.allocateThreadSpecificValue(destructor: destructor)
37 | }
/host/spi-builder-workspace/.build/checkouts/swift-crypto/Sources/CryptoExtras/Util/ThreadSpecific/ThreadSpecific.swift:35:35: error: '@escaping' only applies to function types
33 | private var underlyingKey: ThreadOpsSystem.ThreadSpecificKey
34 |
35 | internal init(destructor: @escaping ThreadOpsSystem.ThreadSpecificKeyDestructor) {
| `- error: '@escaping' only applies to function types
36 | self.underlyingKey = ThreadOpsSystem.allocateThreadSpecificValue(destructor: destructor)
37 | }
/host/spi-builder-workspace/.build/checkouts/swift-crypto/Sources/CryptoExtras/Util/ThreadSpecific/ThreadSpecific.swift:36:34: error: cannot find 'ThreadOpsSystem' in scope
34 |
35 | internal init(destructor: @escaping ThreadOpsSystem.ThreadSpecificKeyDestructor) {
36 | self.underlyingKey = ThreadOpsSystem.allocateThreadSpecificValue(destructor: destructor)
| `- error: cannot find 'ThreadOpsSystem' in scope
37 | }
38 |
/host/spi-builder-workspace/.build/checkouts/swift-crypto/Sources/CryptoExtras/Util/ThreadSpecific/ThreadSpecific.swift:40:13: error: cannot find 'ThreadOpsSystem' in scope
38 |
39 | deinit {
40 | ThreadOpsSystem.deallocateThreadSpecificValue(self.underlyingKey)
| `- error: cannot find 'ThreadOpsSystem' in scope
41 | }
42 |
/host/spi-builder-workspace/.build/checkouts/swift-crypto/Sources/CryptoExtras/Util/ThreadSpecific/ThreadSpecific.swift:44:13: error: cannot find 'ThreadOpsSystem' in scope
42 |
43 | func get() -> UnsafeMutableRawPointer? {
44 | ThreadOpsSystem.getThreadSpecificValue(self.underlyingKey)
| `- error: cannot find 'ThreadOpsSystem' in scope
45 | }
46 |
/host/spi-builder-workspace/.build/checkouts/swift-crypto/Sources/CryptoExtras/Util/ThreadSpecific/ThreadSpecific.swift:48:13: error: cannot find 'ThreadOpsSystem' in scope
46 |
47 | func set(value: UnsafeMutableRawPointer?) {
48 | ThreadOpsSystem.setThreadSpecificValue(key: self.underlyingKey, value: value)
| `- error: cannot find 'ThreadOpsSystem' in scope
49 | }
50 | }
[576/621] Compiling CryptoExtras ZKPToolbox.swift
/host/spi-builder-workspace/.build/checkouts/swift-crypto/Sources/CryptoExtras/Util/ThreadSpecific/ThreadSpecific.swift:33:36: error: cannot find type 'ThreadOpsSystem' in scope
31 |
32 | private final class Key {
33 | private var underlyingKey: ThreadOpsSystem.ThreadSpecificKey
| `- error: cannot find type 'ThreadOpsSystem' in scope
34 |
35 | internal init(destructor: @escaping ThreadOpsSystem.ThreadSpecificKeyDestructor) {
/host/spi-builder-workspace/.build/checkouts/swift-crypto/Sources/CryptoExtras/Util/ThreadSpecific/ThreadSpecific.swift:35:45: error: cannot find type 'ThreadOpsSystem' in scope
33 | private var underlyingKey: ThreadOpsSystem.ThreadSpecificKey
34 |
35 | internal init(destructor: @escaping ThreadOpsSystem.ThreadSpecificKeyDestructor) {
| `- error: cannot find type 'ThreadOpsSystem' in scope
36 | self.underlyingKey = ThreadOpsSystem.allocateThreadSpecificValue(destructor: destructor)
37 | }
/host/spi-builder-workspace/.build/checkouts/swift-crypto/Sources/CryptoExtras/Util/ThreadSpecific/ThreadSpecific.swift:35:35: error: '@escaping' only applies to function types
33 | private var underlyingKey: ThreadOpsSystem.ThreadSpecificKey
34 |
35 | internal init(destructor: @escaping ThreadOpsSystem.ThreadSpecificKeyDestructor) {
| `- error: '@escaping' only applies to function types
36 | self.underlyingKey = ThreadOpsSystem.allocateThreadSpecificValue(destructor: destructor)
37 | }
/host/spi-builder-workspace/.build/checkouts/swift-crypto/Sources/CryptoExtras/Util/ThreadSpecific/ThreadSpecific.swift:36:34: error: cannot find 'ThreadOpsSystem' in scope
34 |
35 | internal init(destructor: @escaping ThreadOpsSystem.ThreadSpecificKeyDestructor) {
36 | self.underlyingKey = ThreadOpsSystem.allocateThreadSpecificValue(destructor: destructor)
| `- error: cannot find 'ThreadOpsSystem' in scope
37 | }
38 |
/host/spi-builder-workspace/.build/checkouts/swift-crypto/Sources/CryptoExtras/Util/ThreadSpecific/ThreadSpecific.swift:40:13: error: cannot find 'ThreadOpsSystem' in scope
38 |
39 | deinit {
40 | ThreadOpsSystem.deallocateThreadSpecificValue(self.underlyingKey)
| `- error: cannot find 'ThreadOpsSystem' in scope
41 | }
42 |
/host/spi-builder-workspace/.build/checkouts/swift-crypto/Sources/CryptoExtras/Util/ThreadSpecific/ThreadSpecific.swift:44:13: error: cannot find 'ThreadOpsSystem' in scope
42 |
43 | func get() -> UnsafeMutableRawPointer? {
44 | ThreadOpsSystem.getThreadSpecificValue(self.underlyingKey)
| `- error: cannot find 'ThreadOpsSystem' in scope
45 | }
46 |
/host/spi-builder-workspace/.build/checkouts/swift-crypto/Sources/CryptoExtras/Util/ThreadSpecific/ThreadSpecific.swift:48:13: error: cannot find 'ThreadOpsSystem' in scope
46 |
47 | func set(value: UnsafeMutableRawPointer?) {
48 | ThreadOpsSystem.setThreadSpecificValue(key: self.underlyingKey, value: value)
| `- error: cannot find 'ThreadOpsSystem' in scope
49 | }
50 | }
[577/621] Compiling CryptoExtras PBKDF2.swift
[578/621] Compiling CryptoExtras Scrypt_boring.swift
[579/621] Compiling CryptoExtras Scrypt.swift
[580/621] Compiling CryptoExtras OPRF.swift
[581/621] Compiling CryptoExtras OPRFClient.swift
[582/621] Compiling CryptoExtras OPRFServer.swift
[583/621] Compiling CryptoExtras VOPRF+API.swift
[584/621] Compiling CryptoExtras VOPRFClient.swift
[585/621] Compiling CryptoExtras VOPRFServer.swift
[586/621] Compiling CryptoExtras AES_CBC.swift
[587/621] Compiling CryptoExtras AES_CFB.swift
[588/621] Compiling CryptoExtras AES_CTR.swift
[589/621] Compiling CryptoExtras AES_GCM_SIV.swift
[590/621] Compiling CryptoExtras Block Function.swift
[591/621] Compiling CryptoExtras AES_CBC_boring.swift
[592/621] Compiling CryptoExtras AES_CFB_boring.swift
[593/621] Compiling CryptoExtras AES_CTR_boring.swift
[594/621] Compiling CryptoExtras AES_GCM_SIV_boring.swift
[595/621] Compiling CryptoExtras CMAC.swift
[596/621] Compiling CryptoExtras ARC+API.swift
[597/621] Compiling CryptoExtras ARC.swift
[598/621] Compiling CryptoExtras ARCCredential.swift
[599/621] Compiling CryptoExtras ARCEncoding.swift
[600/621] Compiling CryptoExtras ARCPrecredential.swift
[601/621] Compiling CryptoExtras ARCPresentation.swift
[602/621] Compiling CryptoExtras ARCRequest.swift
[603/621] Compiling CryptoExtras ARCResponse.swift
[604/621] Compiling CryptoExtras BoringSSLPassphraseCallbackManager.swift
[605/621] Compiling CryptoExtras RSA+BlindSigning.swift
[606/621] Compiling CryptoExtras RSA.swift
[607/621] Compiling CryptoExtras RSA_boring.swift
[608/621] Compiling CryptoExtras Reexport.swift
[609/621] Compiling CryptoExtras Zeroization_boring.swift
[610/621] Compiling CryptoExtras BoringSSLHelpers.swift
[611/621] Compiling CryptoExtras CryptoKitErrors_boring.swift
BUILD FAILURE 6.3 wasm