The Swift Package Index logo.Swift Package Index

Build Information

Failed to build Pipes, reference master (9b1795), with Swift 6.4 for watchOS using Xcode 27.0 on 16 Sep 2026 02:54:29 UTC.

Build Command

env DEVELOPER_DIR=/Applications/Xcode-27.0.0-Release.Candidate.app xcrun xcodebuild -IDEClonedSourcePackagesDirPathOverride=$PWD/.dependencies -skipMacroValidation -skipPackagePluginValidation -derivedDataPath $PWD/.derivedData build -scheme Pipes -destination generic/platform=watchOS

Build Log

========================================
RunAll
========================================
Builder version: 5.1.0
Interrupt handler set up.
========================================
Checkout
========================================
Clone URL: https://github.com/puremvc/puremvc-swift-util-pipes.git
Reference: master
Initialized empty Git repository in /Users/admin/builder/spi-builder-workspace/.git/
From https://github.com/puremvc/puremvc-swift-util-pipes
 * branch            master     -> FETCH_HEAD
 * [new branch]      master     -> origin/master
HEAD is now at 9b1795b SPM update
Cloned https://github.com/puremvc/puremvc-swift-util-pipes.git
Revision (git rev-parse @):
9b1795bd9bb212705cef6854f7fbbdcf725d00d4
SUCCESS checkout https://github.com/puremvc/puremvc-swift-util-pipes.git at master
========================================
Build
========================================
Selected platform:         watchOS
Swift version:             6.4
Building package at path:  $PWD
https://github.com/puremvc/puremvc-swift-util-pipes.git
Command line invocation:
    /Applications/Xcode-27.0.0-Release.Candidate.app/Contents/Developer/usr/bin/xcodebuild -IDEClonedSourcePackagesDirPathOverride=/Users/admin/builder/spi-builder-workspace/.dependencies -resolvePackageDependencies
Resolve Package Graph
Fetching from https://github.com/PureMVC/puremvc-swift-multicore-framework
Fetching from https://github.com/swiftlang/swift-docc-plugin
Fetching from https://github.com/swiftlang/swift-docc-symbolkit
Creating working copy of package ‘swift-docc-symbolkit’
Checking out 1.0.0 of package ‘swift-docc-symbolkit’
Creating working copy of package ‘puremvc-swift-multicore-framework’
Checking out 1.9.0 of package ‘puremvc-swift-multicore-framework’
Creating working copy of package ‘swift-docc-plugin’
Checking out 1.5.0 of package ‘swift-docc-plugin’
Resolve Package Graph
Resolved source packages:
  Pipes: /Users/admin/builder/spi-builder-workspace
  SwiftDocCPlugin: https://github.com/swiftlang/swift-docc-plugin @ 1.5.0
  SymbolKit: https://github.com/swiftlang/swift-docc-symbolkit @ 1.0.0
  PureMVC: https://github.com/PureMVC/puremvc-swift-multicore-framework @ 1.9.0
resolved source packages: Pipes, SwiftDocCPlugin, SymbolKit, PureMVC
2026-09-15 22:52:53.315 xcodebuild[563:3054] [MT] IDERunDestination: Supported platforms for the buildables in the current scheme is empty.
{
  "dependencies" : [
    {
      "identity" : "puremvc-swift-multicore-framework",
      "requirement" : {
        "range" : [
          {
            "lower_bound" : "1.4.0",
            "upper_bound" : "2.0.0"
          }
        ]
      },
      "type" : "sourceControl",
      "url" : "https://github.com/PureMVC/puremvc-swift-multicore-framework"
    }
  ],
  "manifest_display_name" : "Pipes",
  "name" : "Pipes",
  "path" : "/Users/admin/builder/spi-builder-workspace",
  "platforms" : [
  ],
  "products" : [
    {
      "name" : "Pipes",
      "targets" : [
        "Pipes"
      ],
      "type" : {
        "library" : [
          "automatic"
        ]
      }
    }
  ],
  "targets" : [
    {
      "c99name" : "PipesTests",
      "module_type" : "SwiftTarget",
      "name" : "PipesTests",
      "path" : "Tests/PipesTests",
      "sources" : [
        "org/puremvc/swift/multicore/utilities/pipes/plumbing/FilterTest.swift",
        "org/puremvc/swift/multicore/utilities/pipes/plumbing/JunctionTest.swift",
        "org/puremvc/swift/multicore/utilities/pipes/plumbing/MessageTest.swift",
        "org/puremvc/swift/multicore/utilities/pipes/plumbing/PipeListenerTest.swift",
        "org/puremvc/swift/multicore/utilities/pipes/plumbing/PipeTest.swift",
        "org/puremvc/swift/multicore/utilities/pipes/plumbing/QueueTest.swift",
        "org/puremvc/swift/multicore/utilities/pipes/plumbing/TeeMergeTest.swift",
        "org/puremvc/swift/multicore/utilities/pipes/plumbing/TeeSplitTest.swift"
      ],
      "target_dependencies" : [
        "Pipes"
      ],
      "type" : "test"
    },
    {
      "c99name" : "Pipes",
      "module_type" : "SwiftTarget",
      "name" : "Pipes",
      "path" : "Sources/Pipes",
      "product_dependencies" : [
        "PureMVC"
      ],
      "product_memberships" : [
        "Pipes"
      ],
      "sources" : [
        "org/puremvc/swift/multicore/utilities/pipes/interfaces/IPipeAware.swift",
        "org/puremvc/swift/multicore/utilities/pipes/interfaces/IPipeFitting.swift",
        "org/puremvc/swift/multicore/utilities/pipes/interfaces/IPipeMessage.swift",
        "org/puremvc/swift/multicore/utilities/pipes/messages/FilterControlMessage.swift",
        "org/puremvc/swift/multicore/utilities/pipes/messages/Message.swift",
        "org/puremvc/swift/multicore/utilities/pipes/messages/QueueControlMessage.swift",
        "org/puremvc/swift/multicore/utilities/pipes/plumbing/Filter.swift",
        "org/puremvc/swift/multicore/utilities/pipes/plumbing/Junction.swift",
        "org/puremvc/swift/multicore/utilities/pipes/plumbing/JunctionMediator.swift",
        "org/puremvc/swift/multicore/utilities/pipes/plumbing/Pipe.swift",
        "org/puremvc/swift/multicore/utilities/pipes/plumbing/PipeListener.swift",
        "org/puremvc/swift/multicore/utilities/pipes/plumbing/Queue.swift",
        "org/puremvc/swift/multicore/utilities/pipes/plumbing/TeeMerge.swift",
        "org/puremvc/swift/multicore/utilities/pipes/plumbing/TeeSplit.swift"
      ],
      "type" : "library"
    }
  ],
  "tools_version" : "5.1"
}
{
  "workspace" : {
    "name" : "Pipes",
    "schemes" : [
      "Pipes"
    ]
  }
}
2026-09-15 22:53:46.547 xcodebuild[897:5299] [MT] IDERunDestination: Supported platforms for the buildables in the current scheme is empty.
Running build ...
env DEVELOPER_DIR=/Applications/Xcode-27.0.0-Release.Candidate.app xcrun xcodebuild -IDEClonedSourcePackagesDirPathOverride=$PWD/.dependencies -skipMacroValidation -skipPackagePluginValidation -derivedDataPath $PWD/.derivedData build -scheme Pipes -destination generic/platform=watchOS
Command line invocation:
    /Applications/Xcode-27.0.0-Release.Candidate.app/Contents/Developer/usr/bin/xcodebuild -IDEClonedSourcePackagesDirPathOverride=/Users/admin/builder/spi-builder-workspace/.dependencies -skipMacroValidation -skipPackagePluginValidation -derivedDataPath /Users/admin/builder/spi-builder-workspace/.derivedData build -scheme Pipes -destination generic/platform=watchOS
Resolve Package Graph
Resolve Package Graph
Resolved source packages:
  SwiftDocCPlugin: https://github.com/swiftlang/swift-docc-plugin @ 1.5.0
  PureMVC: https://github.com/PureMVC/puremvc-swift-multicore-framework @ 1.9.0
  SymbolKit: https://github.com/swiftlang/swift-docc-symbolkit @ 1.0.0
  Pipes: /Users/admin/builder/spi-builder-workspace
ComputePackagePrebuildTargetDependencyGraph
Prepare packages
CreateBuildRequest
SendProjectDescription
CreateBuildOperation
ComputeTargetDependencyGraph
note: Building targets in dependency order
note: Target dependency graph (4 targets)
    Target 'Pipes-product' in project 'Pipes'
        ➜ Explicit dependency on target 'Pipes' in project 'Pipes'
        ➜ Explicit dependency on target 'PureMVC-product' in project 'PureMVC'
    Target 'Pipes' in project 'Pipes'
        ➜ Explicit dependency on target 'PureMVC-product' in project 'PureMVC'
    Target 'PureMVC-product' in project 'PureMVC'
        ➜ Explicit dependency on target 'PureMVC' in project 'PureMVC'
    Target 'PureMVC' in project 'PureMVC' (no dependencies)
GatherProvisioningInputs
CreateBuildDescription
ExecuteExternalTool /Applications/Xcode-27.0.0-Release.Candidate.app/Contents/Developer/Toolchains/XcodeDefault.xctoolchain/usr/bin/clang -v -E -dM -isysroot /Applications/Xcode-27.0.0-Release.Candidate.app/Contents/Developer/Platforms/WatchOS.platform/Developer/SDKs/WatchOS27.0.sdk -x c -c /dev/null
ExecuteExternalTool /Applications/Xcode-27.0.0-Release.Candidate.app/Contents/Developer/Toolchains/XcodeDefault.xctoolchain/usr/bin/swiftc --version
ExecuteExternalTool /Applications/Xcode-27.0.0-Release.Candidate.app/Contents/Developer/Toolchains/XcodeDefault.xctoolchain/usr/bin/ld -version_details
Build description signature: d218b0fdce5b5fb4d507d2ca15ff58d0
Build description path: /Users/admin/builder/spi-builder-workspace/.derivedData/Build/Intermediates.noindex/XCBuildData/d218b0fdce5b5fb4d507d2ca15ff58d0.xcbuilddata
CreateBuildDirectory /Users/admin/builder/spi-builder-workspace/.derivedData/ModuleCache.noindex
    cd /Users/admin/builder/spi-builder-workspace/.swiftpm/xcode
    builtin-create-build-directory /Users/admin/builder/spi-builder-workspace/.derivedData/ModuleCache.noindex
CreateBuildDirectory /Users/admin/builder/spi-builder-workspace/.derivedData/SDKExplicitPrecompiledModules
    cd /Users/admin/builder/spi-builder-workspace/.swiftpm/xcode
    builtin-create-build-directory /Users/admin/builder/spi-builder-workspace/.derivedData/SDKExplicitPrecompiledModules
CreateBuildDirectory /Users/admin/builder/spi-builder-workspace/.derivedData/CompilationCache.noindex
    cd /Users/admin/builder/spi-builder-workspace/.swiftpm/xcode
    builtin-create-build-directory /Users/admin/builder/spi-builder-workspace/.derivedData/CompilationCache.noindex
ClangStatCache /Applications/Xcode-27.0.0-Release.Candidate.app/Contents/Developer/Toolchains/XcodeDefault.xctoolchain/usr/bin/clang-stat-cache /Applications/Xcode-27.0.0-Release.Candidate.app/Contents/Developer/Platforms/WatchOS.platform/Developer/SDKs/WatchOS27.0.sdk /Users/admin/builder/spi-builder-workspace/.derivedData/SDKStatCaches.noindex/watchos27.0-24R360-e829b21a6f8c9b70876ba0858053c04477534ef55a1706bf4c1112bbb242f0a2.sdkstatcache
    cd /Users/admin/builder/spi-builder-workspace/.swiftpm/xcode
    /Applications/Xcode-27.0.0-Release.Candidate.app/Contents/Developer/Toolchains/XcodeDefault.xctoolchain/usr/bin/clang-stat-cache /Applications/Xcode-27.0.0-Release.Candidate.app/Contents/Developer/Platforms/WatchOS.platform/Developer/SDKs/WatchOS27.0.sdk -o /Users/admin/builder/spi-builder-workspace/.derivedData/SDKStatCaches.noindex/watchos27.0-24R360-e829b21a6f8c9b70876ba0858053c04477534ef55a1706bf4c1112bbb242f0a2.sdkstatcache
CreateBuildDirectory /Users/admin/builder/spi-builder-workspace/.derivedData/Build/Products
    cd /Users/admin/builder/spi-builder-workspace/.swiftpm/xcode
    builtin-create-build-directory /Users/admin/builder/spi-builder-workspace/.derivedData/Build/Products
CreateBuildDirectory /Users/admin/builder/spi-builder-workspace/.derivedData/Build/Intermediates.noindex
    cd /Users/admin/builder/spi-builder-workspace/.swiftpm/xcode
    builtin-create-build-directory /Users/admin/builder/spi-builder-workspace/.derivedData/Build/Intermediates.noindex
CreateBuildDirectory /Users/admin/builder/spi-builder-workspace/.derivedData/Build/Intermediates.noindex/SwiftExplicitPrecompiledModules
    cd /Users/admin/builder/spi-builder-workspace/.swiftpm/xcode
    builtin-create-build-directory /Users/admin/builder/spi-builder-workspace/.derivedData/Build/Intermediates.noindex/SwiftExplicitPrecompiledModules
CreateBuildDirectory /Users/admin/builder/spi-builder-workspace/.derivedData/Build/Intermediates.noindex/PrecompiledHeaders
    cd /Users/admin/builder/spi-builder-workspace/.swiftpm/xcode
    builtin-create-build-directory /Users/admin/builder/spi-builder-workspace/.derivedData/Build/Intermediates.noindex/PrecompiledHeaders
CreateBuildDirectory /Users/admin/builder/spi-builder-workspace/.derivedData/Build/Intermediates.noindex/ExplicitPrecompiledModules
    cd /Users/admin/builder/spi-builder-workspace/.swiftpm/xcode
    builtin-create-build-directory /Users/admin/builder/spi-builder-workspace/.derivedData/Build/Intermediates.noindex/ExplicitPrecompiledModules
CreateBuildDirectory /Users/admin/builder/spi-builder-workspace/.derivedData/Build/Intermediates.noindex/EagerLinkingTBDs/Debug-watchos
    cd /Users/admin/builder/spi-builder-workspace/.swiftpm/xcode
    builtin-create-build-directory /Users/admin/builder/spi-builder-workspace/.derivedData/Build/Intermediates.noindex/EagerLinkingTBDs/Debug-watchos
CreateBuildDirectory /Users/admin/builder/spi-builder-workspace/.derivedData/Build/Products/Debug-watchos
    cd /Users/admin/builder/spi-builder-workspace/.swiftpm/xcode
    builtin-create-build-directory /Users/admin/builder/spi-builder-workspace/.derivedData/Build/Products/Debug-watchos
CreateBuildDirectory /Users/admin/builder/spi-builder-workspace/.derivedData/Build/Products/Debug-watchos/PackageFrameworks
    cd /Users/admin/builder/spi-builder-workspace/.swiftpm/xcode
    builtin-create-build-directory /Users/admin/builder/spi-builder-workspace/.derivedData/Build/Products/Debug-watchos/PackageFrameworks
WriteAuxiliaryFile /Users/admin/builder/spi-builder-workspace/.derivedData/Build/Intermediates.noindex/PureMVC.build/Debug-watchos/PureMVC-t.build/PureMVC.DependencyStaticMetadataFileList (in target 'PureMVC' from project 'PureMVC')
    cd /Users/admin/builder/spi-builder-workspace/.dependencies/checkouts/puremvc-swift-multicore-framework
    write-file /Users/admin/builder/spi-builder-workspace/.derivedData/Build/Intermediates.noindex/PureMVC.build/Debug-watchos/PureMVC-t.build/PureMVC.DependencyStaticMetadataFileList
WriteAuxiliaryFile /Users/admin/builder/spi-builder-workspace/.derivedData/Build/Intermediates.noindex/PureMVC.build/Debug-watchos/PureMVC-t.build/PureMVC.modulemap (in target 'PureMVC' from project 'PureMVC')
    cd /Users/admin/builder/spi-builder-workspace/.dependencies/checkouts/puremvc-swift-multicore-framework
    write-file /Users/admin/builder/spi-builder-workspace/.derivedData/Build/Intermediates.noindex/PureMVC.build/Debug-watchos/PureMVC-t.build/PureMVC.modulemap
WriteAuxiliaryFile /Users/admin/builder/spi-builder-workspace/.derivedData/Build/Intermediates.noindex/PureMVC.build/Debug-watchos/PureMVC-t.build/PureMVC.DependencyMetadataFileList (in target 'PureMVC' from project 'PureMVC')
    cd /Users/admin/builder/spi-builder-workspace/.dependencies/checkouts/puremvc-swift-multicore-framework
    write-file /Users/admin/builder/spi-builder-workspace/.derivedData/Build/Intermediates.noindex/PureMVC.build/Debug-watchos/PureMVC-t.build/PureMVC.DependencyMetadataFileList
WriteAuxiliaryFile /Users/admin/builder/spi-builder-workspace/.derivedData/Build/Intermediates.noindex/PureMVC.build/Debug-watchos/PureMVC-t.build/Objects-normal/arm64_32/PureMVC.SwiftConstValuesFileList (in target 'PureMVC' from project 'PureMVC')
    cd /Users/admin/builder/spi-builder-workspace/.dependencies/checkouts/puremvc-swift-multicore-framework
    write-file /Users/admin/builder/spi-builder-workspace/.derivedData/Build/Intermediates.noindex/PureMVC.build/Debug-watchos/PureMVC-t.build/Objects-normal/arm64_32/PureMVC.SwiftConstValuesFileList
WriteAuxiliaryFile /Users/admin/builder/spi-builder-workspace/.derivedData/Build/Intermediates.noindex/PureMVC.build/Debug-watchos/PureMVC-t.build/Objects-normal/arm64_32/PureMVC_const_extract_protocols.json (in target 'PureMVC' from project 'PureMVC')
    cd /Users/admin/builder/spi-builder-workspace/.dependencies/checkouts/puremvc-swift-multicore-framework
    write-file /Users/admin/builder/spi-builder-workspace/.derivedData/Build/Intermediates.noindex/PureMVC.build/Debug-watchos/PureMVC-t.build/Objects-normal/arm64_32/PureMVC_const_extract_protocols.json
WriteAuxiliaryFile /Users/admin/builder/spi-builder-workspace/.derivedData/Build/Intermediates.noindex/PureMVC.build/Debug-watchos/PureMVC-t.build/Objects-normal/arm64_32/PureMVC.LinkFileList (in target 'PureMVC' from project 'PureMVC')
    cd /Users/admin/builder/spi-builder-workspace/.dependencies/checkouts/puremvc-swift-multicore-framework
    write-file /Users/admin/builder/spi-builder-workspace/.derivedData/Build/Intermediates.noindex/PureMVC.build/Debug-watchos/PureMVC-t.build/Objects-normal/arm64_32/PureMVC.LinkFileList
WriteAuxiliaryFile /Users/admin/builder/spi-builder-workspace/.derivedData/Build/Intermediates.noindex/PureMVC.build/Debug-watchos/PureMVC-t.build/Objects-normal/arm64_32/PureMVC.SwiftFileList (in target 'PureMVC' from project 'PureMVC')
    cd /Users/admin/builder/spi-builder-workspace/.dependencies/checkouts/puremvc-swift-multicore-framework
    write-file /Users/admin/builder/spi-builder-workspace/.derivedData/Build/Intermediates.noindex/PureMVC.build/Debug-watchos/PureMVC-t.build/Objects-normal/arm64_32/PureMVC.SwiftFileList
WriteAuxiliaryFile /Users/admin/builder/spi-builder-workspace/.derivedData/Build/Intermediates.noindex/PureMVC.build/Debug-watchos/PureMVC-t.build/Objects-normal/arm64_32/PureMVC-OutputFileMap.json (in target 'PureMVC' from project 'PureMVC')
    cd /Users/admin/builder/spi-builder-workspace/.dependencies/checkouts/puremvc-swift-multicore-framework
    write-file /Users/admin/builder/spi-builder-workspace/.derivedData/Build/Intermediates.noindex/PureMVC.build/Debug-watchos/PureMVC-t.build/Objects-normal/arm64_32/PureMVC-OutputFileMap.json
WriteAuxiliaryFile /Users/admin/builder/spi-builder-workspace/.derivedData/Build/Intermediates.noindex/PureMVC.build/Debug-watchos/PureMVC-t.build/Objects-normal/arm64/PureMVC.SwiftConstValuesFileList (in target 'PureMVC' from project 'PureMVC')
    cd /Users/admin/builder/spi-builder-workspace/.dependencies/checkouts/puremvc-swift-multicore-framework
    write-file /Users/admin/builder/spi-builder-workspace/.derivedData/Build/Intermediates.noindex/PureMVC.build/Debug-watchos/PureMVC-t.build/Objects-normal/arm64/PureMVC.SwiftConstValuesFileList
WriteAuxiliaryFile /Users/admin/builder/spi-builder-workspace/.derivedData/Build/Intermediates.noindex/PureMVC.build/Debug-watchos/PureMVC-t.build/Objects-normal/arm64/PureMVC.SwiftFileList (in target 'PureMVC' from project 'PureMVC')
    cd /Users/admin/builder/spi-builder-workspace/.dependencies/checkouts/puremvc-swift-multicore-framework
    write-file /Users/admin/builder/spi-builder-workspace/.derivedData/Build/Intermediates.noindex/PureMVC.build/Debug-watchos/PureMVC-t.build/Objects-normal/arm64/PureMVC.SwiftFileList
WriteAuxiliaryFile /Users/admin/builder/spi-builder-workspace/.derivedData/Build/Intermediates.noindex/PureMVC.build/Debug-watchos/PureMVC-t.build/Objects-normal/arm64/PureMVC_const_extract_protocols.json (in target 'PureMVC' from project 'PureMVC')
    cd /Users/admin/builder/spi-builder-workspace/.dependencies/checkouts/puremvc-swift-multicore-framework
    write-file /Users/admin/builder/spi-builder-workspace/.derivedData/Build/Intermediates.noindex/PureMVC.build/Debug-watchos/PureMVC-t.build/Objects-normal/arm64/PureMVC_const_extract_protocols.json
WriteAuxiliaryFile /Users/admin/builder/spi-builder-workspace/.derivedData/Build/Intermediates.noindex/PureMVC.build/Debug-watchos/PureMVC-t.build/Objects-normal/arm64/PureMVC.LinkFileList (in target 'PureMVC' from project 'PureMVC')
    cd /Users/admin/builder/spi-builder-workspace/.dependencies/checkouts/puremvc-swift-multicore-framework
    write-file /Users/admin/builder/spi-builder-workspace/.derivedData/Build/Intermediates.noindex/PureMVC.build/Debug-watchos/PureMVC-t.build/Objects-normal/arm64/PureMVC.LinkFileList
WriteAuxiliaryFile /Users/admin/builder/spi-builder-workspace/.derivedData/Build/Intermediates.noindex/PureMVC.build/Debug-watchos/PureMVC-t.build/Objects-normal/arm64/PureMVC-OutputFileMap.json (in target 'PureMVC' from project 'PureMVC')
    cd /Users/admin/builder/spi-builder-workspace/.dependencies/checkouts/puremvc-swift-multicore-framework
    write-file /Users/admin/builder/spi-builder-workspace/.derivedData/Build/Intermediates.noindex/PureMVC.build/Debug-watchos/PureMVC-t.build/Objects-normal/arm64/PureMVC-OutputFileMap.json
Copy /Users/admin/builder/spi-builder-workspace/.derivedData/Build/Intermediates.noindex/GeneratedModuleMaps-watchos/PureMVC.modulemap /Users/admin/builder/spi-builder-workspace/.derivedData/Build/Intermediates.noindex/PureMVC.build/Debug-watchos/PureMVC-t.build/PureMVC.modulemap (in target 'PureMVC' from project 'PureMVC')
    cd /Users/admin/builder/spi-builder-workspace/.dependencies/checkouts/puremvc-swift-multicore-framework
    builtin-copy -exclude .DS_Store -exclude CVS -exclude .svn -exclude .git -exclude .hg -resolve-src-symlinks /Users/admin/builder/spi-builder-workspace/.derivedData/Build/Intermediates.noindex/PureMVC.build/Debug-watchos/PureMVC-t.build/PureMVC.modulemap /Users/admin/builder/spi-builder-workspace/.derivedData/Build/Intermediates.noindex/GeneratedModuleMaps-watchos
WriteAuxiliaryFile /Users/admin/builder/spi-builder-workspace/.derivedData/Build/Intermediates.noindex/Pipes.build/Debug-watchos/Pipes-t.build/Pipes.DependencyMetadataFileList (in target 'Pipes' from project 'Pipes')
    cd /Users/admin/builder/spi-builder-workspace
    write-file /Users/admin/builder/spi-builder-workspace/.derivedData/Build/Intermediates.noindex/Pipes.build/Debug-watchos/Pipes-t.build/Pipes.DependencyMetadataFileList
WriteAuxiliaryFile /Users/admin/builder/spi-builder-workspace/.derivedData/Build/Intermediates.noindex/Pipes.build/Debug-watchos/Pipes-t.build/Pipes.modulemap (in target 'Pipes' from project 'Pipes')
    cd /Users/admin/builder/spi-builder-workspace
    write-file /Users/admin/builder/spi-builder-workspace/.derivedData/Build/Intermediates.noindex/Pipes.build/Debug-watchos/Pipes-t.build/Pipes.modulemap
WriteAuxiliaryFile /Users/admin/builder/spi-builder-workspace/.derivedData/Build/Intermediates.noindex/Pipes.build/Debug-watchos/Pipes-t.build/Pipes.DependencyStaticMetadataFileList (in target 'Pipes' from project 'Pipes')
    cd /Users/admin/builder/spi-builder-workspace
    write-file /Users/admin/builder/spi-builder-workspace/.derivedData/Build/Intermediates.noindex/Pipes.build/Debug-watchos/Pipes-t.build/Pipes.DependencyStaticMetadataFileList
WriteAuxiliaryFile /Users/admin/builder/spi-builder-workspace/.derivedData/Build/Intermediates.noindex/Pipes.build/Debug-watchos/Pipes-t.build/Objects-normal/arm64_32/Pipes_const_extract_protocols.json (in target 'Pipes' from project 'Pipes')
    cd /Users/admin/builder/spi-builder-workspace
    write-file /Users/admin/builder/spi-builder-workspace/.derivedData/Build/Intermediates.noindex/Pipes.build/Debug-watchos/Pipes-t.build/Objects-normal/arm64_32/Pipes_const_extract_protocols.json
WriteAuxiliaryFile /Users/admin/builder/spi-builder-workspace/.derivedData/Build/Intermediates.noindex/Pipes.build/Debug-watchos/Pipes-t.build/Objects-normal/arm64_32/Pipes.SwiftFileList (in target 'Pipes' from project 'Pipes')
    cd /Users/admin/builder/spi-builder-workspace
    write-file /Users/admin/builder/spi-builder-workspace/.derivedData/Build/Intermediates.noindex/Pipes.build/Debug-watchos/Pipes-t.build/Objects-normal/arm64_32/Pipes.SwiftFileList
WriteAuxiliaryFile /Users/admin/builder/spi-builder-workspace/.derivedData/Build/Intermediates.noindex/Pipes.build/Debug-watchos/Pipes-t.build/Objects-normal/arm64_32/Pipes.SwiftConstValuesFileList (in target 'Pipes' from project 'Pipes')
    cd /Users/admin/builder/spi-builder-workspace
    write-file /Users/admin/builder/spi-builder-workspace/.derivedData/Build/Intermediates.noindex/Pipes.build/Debug-watchos/Pipes-t.build/Objects-normal/arm64_32/Pipes.SwiftConstValuesFileList
WriteAuxiliaryFile /Users/admin/builder/spi-builder-workspace/.derivedData/Build/Intermediates.noindex/Pipes.build/Debug-watchos/Pipes-t.build/Objects-normal/arm64_32/Pipes.LinkFileList (in target 'Pipes' from project 'Pipes')
    cd /Users/admin/builder/spi-builder-workspace
    write-file /Users/admin/builder/spi-builder-workspace/.derivedData/Build/Intermediates.noindex/Pipes.build/Debug-watchos/Pipes-t.build/Objects-normal/arm64_32/Pipes.LinkFileList
WriteAuxiliaryFile /Users/admin/builder/spi-builder-workspace/.derivedData/Build/Intermediates.noindex/Pipes.build/Debug-watchos/Pipes-t.build/Objects-normal/arm64_32/Pipes-OutputFileMap.json (in target 'Pipes' from project 'Pipes')
    cd /Users/admin/builder/spi-builder-workspace
    write-file /Users/admin/builder/spi-builder-workspace/.derivedData/Build/Intermediates.noindex/Pipes.build/Debug-watchos/Pipes-t.build/Objects-normal/arm64_32/Pipes-OutputFileMap.json
WriteAuxiliaryFile /Users/admin/builder/spi-builder-workspace/.derivedData/Build/Intermediates.noindex/Pipes.build/Debug-watchos/Pipes-t.build/Objects-normal/arm64/Pipes.LinkFileList (in target 'Pipes' from project 'Pipes')
    cd /Users/admin/builder/spi-builder-workspace
    write-file /Users/admin/builder/spi-builder-workspace/.derivedData/Build/Intermediates.noindex/Pipes.build/Debug-watchos/Pipes-t.build/Objects-normal/arm64/Pipes.LinkFileList
WriteAuxiliaryFile /Users/admin/builder/spi-builder-workspace/.derivedData/Build/Intermediates.noindex/Pipes.build/Debug-watchos/Pipes-t.build/Objects-normal/arm64/Pipes-OutputFileMap.json (in target 'Pipes' from project 'Pipes')
    cd /Users/admin/builder/spi-builder-workspace
    write-file /Users/admin/builder/spi-builder-workspace/.derivedData/Build/Intermediates.noindex/Pipes.build/Debug-watchos/Pipes-t.build/Objects-normal/arm64/Pipes-OutputFileMap.json
WriteAuxiliaryFile /Users/admin/builder/spi-builder-workspace/.derivedData/Build/Intermediates.noindex/Pipes.build/Debug-watchos/Pipes-t.build/Objects-normal/arm64/Pipes_const_extract_protocols.json (in target 'Pipes' from project 'Pipes')
    cd /Users/admin/builder/spi-builder-workspace
    write-file /Users/admin/builder/spi-builder-workspace/.derivedData/Build/Intermediates.noindex/Pipes.build/Debug-watchos/Pipes-t.build/Objects-normal/arm64/Pipes_const_extract_protocols.json
WriteAuxiliaryFile /Users/admin/builder/spi-builder-workspace/.derivedData/Build/Intermediates.noindex/Pipes.build/Debug-watchos/Pipes-t.build/Objects-normal/arm64/Pipes.SwiftFileList (in target 'Pipes' from project 'Pipes')
    cd /Users/admin/builder/spi-builder-workspace
    write-file /Users/admin/builder/spi-builder-workspace/.derivedData/Build/Intermediates.noindex/Pipes.build/Debug-watchos/Pipes-t.build/Objects-normal/arm64/Pipes.SwiftFileList
WriteAuxiliaryFile /Users/admin/builder/spi-builder-workspace/.derivedData/Build/Intermediates.noindex/Pipes.build/Debug-watchos/Pipes-t.build/Objects-normal/arm64/Pipes.SwiftConstValuesFileList (in target 'Pipes' from project 'Pipes')
    cd /Users/admin/builder/spi-builder-workspace
    write-file /Users/admin/builder/spi-builder-workspace/.derivedData/Build/Intermediates.noindex/Pipes.build/Debug-watchos/Pipes-t.build/Objects-normal/arm64/Pipes.SwiftConstValuesFileList
Copy /Users/admin/builder/spi-builder-workspace/.derivedData/Build/Intermediates.noindex/GeneratedModuleMaps-watchos/Pipes.modulemap /Users/admin/builder/spi-builder-workspace/.derivedData/Build/Intermediates.noindex/Pipes.build/Debug-watchos/Pipes-t.build/Pipes.modulemap (in target 'Pipes' from project 'Pipes')
    cd /Users/admin/builder/spi-builder-workspace
    builtin-copy -exclude .DS_Store -exclude CVS -exclude .svn -exclude .git -exclude .hg -resolve-src-symlinks /Users/admin/builder/spi-builder-workspace/.derivedData/Build/Intermediates.noindex/Pipes.build/Debug-watchos/Pipes-t.build/Pipes.modulemap /Users/admin/builder/spi-builder-workspace/.derivedData/Build/Intermediates.noindex/GeneratedModuleMaps-watchos
SwiftDriver PureMVC normal arm64_32 com.apple.xcode.tools.swift.compiler (in target 'PureMVC' from project 'PureMVC')
    cd /Users/admin/builder/spi-builder-workspace/.swiftpm/xcode
    builtin-SwiftDriver -- /Applications/Xcode-27.0.0-Release.Candidate.app/Contents/Developer/Toolchains/XcodeDefault.xctoolchain/usr/bin/swiftc -parse-as-library -module-name PureMVC -Onone @/Users/admin/builder/spi-builder-workspace/.derivedData/Build/Intermediates.noindex/PureMVC.build/Debug-watchos/PureMVC-t.build/Objects-normal/arm64_32/PureMVC.SwiftFileList -DSWIFT_PACKAGE -DDEBUG -DSWIFT_MODULE_RESOURCE_BUNDLE_UNAVAILABLE -DXcode -plugin-path /Applications/Xcode-27.0.0-Release.Candidate.app/Contents/Developer/Toolchains/XcodeDefault.xctoolchain/usr/lib/swift/host/plugins/testing -enable-experimental-feature DebugDescriptionMacro -sdk /Applications/Xcode-27.0.0-Release.Candidate.app/Contents/Developer/Platforms/WatchOS.platform/Developer/SDKs/WatchOS27.0.sdk -target arm64_32-apple-watchos9.0 -g -module-cache-path /Users/admin/builder/spi-builder-workspace/.derivedData/ModuleCache.noindex -Xfrontend -serialize-debugging-options -profile-coverage-mapping -profile-generate -enable-testing -suppress-warnings -index-store-path /Users/admin/builder/spi-builder-workspace/.derivedData/Index.noindex/DataStore -Xcc -D_LIBCPP_HARDENING_MODE\=_LIBCPP_HARDENING_MODE_DEBUG -swift-version 5 -I /Users/admin/builder/spi-builder-workspace/.derivedData/Build/Products/Debug-watchos -Isystem /Applications/Xcode-27.0.0-Release.Candidate.app/Contents/Developer/Platforms/WatchOS.platform/Developer/usr/lib -F /Users/admin/builder/spi-builder-workspace/.derivedData/Build/Products/Debug-watchos -F /Applications/Xcode-27.0.0-Release.Candidate.app/Contents/Developer/Platforms/WatchOS.platform/Developer/Library/Frameworks -F /Applications/Xcode-27.0.0-Release.Candidate.app/Contents/Developer/Platforms/WatchOS.platform/Developer/SDKs/WatchOS27.0.sdk/Developer/Library/Frameworks -c -j10 -enable-batch-mode -incremental -Xcc -ivfsstatcache -Xcc /Users/admin/builder/spi-builder-workspace/.derivedData/SDKStatCaches.noindex/watchos27.0-24R360-e829b21a6f8c9b70876ba0858053c04477534ef55a1706bf4c1112bbb242f0a2.sdkstatcache -output-file-map /Users/admin/builder/spi-builder-workspace/.derivedData/Build/Intermediates.noindex/PureMVC.build/Debug-watchos/PureMVC-t.build/Objects-normal/arm64_32/PureMVC-OutputFileMap.json -save-temps -no-color-diagnostics -explicit-module-build -module-cache-path /Users/admin/builder/spi-builder-workspace/.derivedData/Build/Intermediates.noindex/SwiftExplicitPrecompiledModules -clang-scanner-module-cache-path /Users/admin/builder/spi-builder-workspace/.derivedData/ModuleCache.noindex -sdk-module-cache-path /Users/admin/builder/spi-builder-workspace/.derivedData/SDKExplicitPrecompiledModules -emit-dependencies -emit-module -emit-module-path /Users/admin/builder/spi-builder-workspace/.derivedData/Build/Intermediates.noindex/PureMVC.build/Debug-watchos/PureMVC-t.build/Objects-normal/arm64_32/PureMVC.swiftmodule -serialize-diagnostics -dependency-scan-serialize-diagnostics-path /Users/admin/builder/spi-builder-workspace/.derivedData/Build/Intermediates.noindex/PureMVC.build/Debug-watchos/PureMVC-t.build/Objects-normal/arm64_32/PureMVC-dependency-scan.dia -validate-clang-modules-once -clang-build-session-file /Users/admin/builder/spi-builder-workspace/.derivedData/ModuleCache.noindex/Session.modulevalidation -Xcc -fmodules-prune-interval\=86400 -Xcc -fmodules-prune-after\=345600 -emit-const-values -const-gather-protocols-list /Users/admin/builder/spi-builder-workspace/.derivedData/Build/Intermediates.noindex/PureMVC.build/Debug-watchos/PureMVC-t.build/Objects-normal/arm64_32/PureMVC_const_extract_protocols.json -Xcc -I/Users/admin/builder/spi-builder-workspace/.derivedData/Build/Products/Debug-watchos/include -Xcc -I/Users/admin/builder/spi-builder-workspace/.derivedData/Build/Intermediates.noindex/PureMVC.build/Debug-watchos/PureMVC-t.build/DerivedSources-normal/arm64_32 -Xcc -I/Users/admin/builder/spi-builder-workspace/.derivedData/Build/Intermediates.noindex/PureMVC.build/Debug-watchos/PureMVC-t.build/DerivedSources/arm64_32 -Xcc -I/Users/admin/builder/spi-builder-workspace/.derivedData/Build/Intermediates.noindex/PureMVC.build/Debug-watchos/PureMVC-t.build/DerivedSources -Xcc -DSWIFT_PACKAGE -Xcc -DDEBUG\=1 -emit-objc-header -emit-objc-header-path /Users/admin/builder/spi-builder-workspace/.derivedData/Build/Intermediates.noindex/PureMVC.build/Debug-watchos/PureMVC-t.build/Objects-normal/arm64_32/PureMVC-Swift.h -working-directory /Users/admin/builder/spi-builder-workspace/.swiftpm/xcode -experimental-emit-module-separately -disable-cmo
SwiftDriver PureMVC normal arm64 com.apple.xcode.tools.swift.compiler (in target 'PureMVC' from project 'PureMVC')
    cd /Users/admin/builder/spi-builder-workspace/.swiftpm/xcode
    builtin-SwiftDriver -- /Applications/Xcode-27.0.0-Release.Candidate.app/Contents/Developer/Toolchains/XcodeDefault.xctoolchain/usr/bin/swiftc -parse-as-library -module-name PureMVC -Onone @/Users/admin/builder/spi-builder-workspace/.derivedData/Build/Intermediates.noindex/PureMVC.build/Debug-watchos/PureMVC-t.build/Objects-normal/arm64/PureMVC.SwiftFileList -DSWIFT_PACKAGE -DDEBUG -DSWIFT_MODULE_RESOURCE_BUNDLE_UNAVAILABLE -DXcode -plugin-path /Applications/Xcode-27.0.0-Release.Candidate.app/Contents/Developer/Toolchains/XcodeDefault.xctoolchain/usr/lib/swift/host/plugins/testing -enable-experimental-feature DebugDescriptionMacro -sdk /Applications/Xcode-27.0.0-Release.Candidate.app/Contents/Developer/Platforms/WatchOS.platform/Developer/SDKs/WatchOS27.0.sdk -target arm64-apple-watchos9.0 -g -module-cache-path /Users/admin/builder/spi-builder-workspace/.derivedData/ModuleCache.noindex -Xfrontend -serialize-debugging-options -profile-coverage-mapping -profile-generate -enable-testing -suppress-warnings -index-store-path /Users/admin/builder/spi-builder-workspace/.derivedData/Index.noindex/DataStore -Xcc -D_LIBCPP_HARDENING_MODE\=_LIBCPP_HARDENING_MODE_DEBUG -swift-version 5 -I /Users/admin/builder/spi-builder-workspace/.derivedData/Build/Products/Debug-watchos -Isystem /Applications/Xcode-27.0.0-Release.Candidate.app/Contents/Developer/Platforms/WatchOS.platform/Developer/usr/lib -F /Users/admin/builder/spi-builder-workspace/.derivedData/Build/Products/Debug-watchos -F /Applications/Xcode-27.0.0-Release.Candidate.app/Contents/Developer/Platforms/WatchOS.platform/Developer/Library/Frameworks -F /Applications/Xcode-27.0.0-Release.Candidate.app/Contents/Developer/Platforms/WatchOS.platform/Developer/SDKs/WatchOS27.0.sdk/Developer/Library/Frameworks -c -j10 -enable-batch-mode -incremental -Xcc -ivfsstatcache -Xcc /Users/admin/builder/spi-builder-workspace/.derivedData/SDKStatCaches.noindex/watchos27.0-24R360-e829b21a6f8c9b70876ba0858053c04477534ef55a1706bf4c1112bbb242f0a2.sdkstatcache -output-file-map /Users/admin/builder/spi-builder-workspace/.derivedData/Build/Intermediates.noindex/PureMVC.build/Debug-watchos/PureMVC-t.build/Objects-normal/arm64/PureMVC-OutputFileMap.json -save-temps -no-color-diagnostics -explicit-module-build -module-cache-path /Users/admin/builder/spi-builder-workspace/.derivedData/Build/Intermediates.noindex/SwiftExplicitPrecompiledModules -clang-scanner-module-cache-path /Users/admin/builder/spi-builder-workspace/.derivedData/ModuleCache.noindex -sdk-module-cache-path /Users/admin/builder/spi-builder-workspace/.derivedData/SDKExplicitPrecompiledModules -emit-dependencies -emit-module -emit-module-path /Users/admin/builder/spi-builder-workspace/.derivedData/Build/Intermediates.noindex/PureMVC.build/Debug-watchos/PureMVC-t.build/Objects-normal/arm64/PureMVC.swiftmodule -serialize-diagnostics -dependency-scan-serialize-diagnostics-path /Users/admin/builder/spi-builder-workspace/.derivedData/Build/Intermediates.noindex/PureMVC.build/Debug-watchos/PureMVC-t.build/Objects-normal/arm64/PureMVC-dependency-scan.dia -validate-clang-modules-once -clang-build-session-file /Users/admin/builder/spi-builder-workspace/.derivedData/ModuleCache.noindex/Session.modulevalidation -Xcc -fmodules-prune-interval\=86400 -Xcc -fmodules-prune-after\=345600 -emit-const-values -const-gather-protocols-list /Users/admin/builder/spi-builder-workspace/.derivedData/Build/Intermediates.noindex/PureMVC.build/Debug-watchos/PureMVC-t.build/Objects-normal/arm64/PureMVC_const_extract_protocols.json -Xcc -I/Users/admin/builder/spi-builder-workspace/.derivedData/Build/Products/Debug-watchos/include -Xcc -I/Users/admin/builder/spi-builder-workspace/.derivedData/Build/Intermediates.noindex/PureMVC.build/Debug-watchos/PureMVC-t.build/DerivedSources-normal/arm64 -Xcc -I/Users/admin/builder/spi-builder-workspace/.derivedData/Build/Intermediates.noindex/PureMVC.build/Debug-watchos/PureMVC-t.build/DerivedSources/arm64 -Xcc -I/Users/admin/builder/spi-builder-workspace/.derivedData/Build/Intermediates.noindex/PureMVC.build/Debug-watchos/PureMVC-t.build/DerivedSources -Xcc -DSWIFT_PACKAGE -Xcc -DDEBUG\=1 -emit-objc-header -emit-objc-header-path /Users/admin/builder/spi-builder-workspace/.derivedData/Build/Intermediates.noindex/PureMVC.build/Debug-watchos/PureMVC-t.build/Objects-normal/arm64/PureMVC-Swift.h -working-directory /Users/admin/builder/spi-builder-workspace/.swiftpm/xcode -experimental-emit-module-separately -disable-cmo
SwiftExplicitDependencyGeneratePcm arm64 /Users/admin/builder/spi-builder-workspace/.derivedData/SDKExplicitPrecompiledModules/_Builtin_float-C0CW5Q4HGBQYKE77TC42IAFB5.pcm
SwiftExplicitDependencyGeneratePcm arm64 /Users/admin/builder/spi-builder-workspace/.derivedData/SDKExplicitPrecompiledModules/_Builtin_stdbool-83J96QSOFE9VX04AAS6310UAE.pcm
SwiftExplicitDependencyGeneratePcm arm64 /Users/admin/builder/spi-builder-workspace/.derivedData/SDKExplicitPrecompiledModules/ptrauth-3TZ9WJCGLYD25HQPWH4968ONX.pcm
SwiftExplicitDependencyGeneratePcm arm64 /Users/admin/builder/spi-builder-workspace/.derivedData/SDKExplicitPrecompiledModules/_Builtin_stddef-1FU30Y8SWFB7OUUHMJQH5J6FM.pcm
SwiftExplicitDependencyGeneratePcm arm64 /Users/admin/builder/spi-builder-workspace/.derivedData/SDKExplicitPrecompiledModules/_AvailabilityInternal-BUNV3UXM65NT37THI4W1AM0SF.pcm
SwiftExplicitDependencyGeneratePcm arm64 /Users/admin/builder/spi-builder-workspace/.derivedData/SDKExplicitPrecompiledModules/ptrcheck-AIF0NDOYZ8ORBNHQAQR5NNB8M.pcm
SwiftExplicitDependencyGeneratePcm arm64 /Users/admin/builder/spi-builder-workspace/.derivedData/SDKExplicitPrecompiledModules/SwiftShims-4MXFZPV6FEB0XBYXCGPWAMQGL.pcm
SwiftExplicitDependencyGeneratePcm arm64 /Users/admin/builder/spi-builder-workspace/.derivedData/SDKExplicitPrecompiledModules/_Builtin_stdarg-A7UU8LE6MP85SM26YO7PBZNUQ.pcm
SwiftExplicitDependencyGeneratePcm arm64 /Users/admin/builder/spi-builder-workspace/.derivedData/SDKExplicitPrecompiledModules/_SwiftConcurrencyShims-659N52XSKR5F0QSB880BH2FJR.pcm
SwiftExplicitDependencyGeneratePcm arm64_32 /Users/admin/builder/spi-builder-workspace/.derivedData/SDKExplicitPrecompiledModules/_SwiftConcurrencyShims-6RTBPQ03V7BM9SPRK8SUE055H.pcm
SwiftExplicitDependencyGeneratePcm arm64_32 /Users/admin/builder/spi-builder-workspace/.derivedData/SDKExplicitPrecompiledModules/_Builtin_float-6KO8O3PEWRCA4WC6PPLOYO6WJ.pcm
SwiftExplicitDependencyGeneratePcm arm64_32 /Users/admin/builder/spi-builder-workspace/.derivedData/SDKExplicitPrecompiledModules/ptrcheck-7ELIH9BTIGVKX3UBITM9N72WD.pcm
SwiftExplicitDependencyGeneratePcm arm64_32 /Users/admin/builder/spi-builder-workspace/.derivedData/SDKExplicitPrecompiledModules/ptrauth-BFXF358ME5AK535N5A9Z766WU.pcm
SwiftExplicitDependencyGeneratePcm arm64_32 /Users/admin/builder/spi-builder-workspace/.derivedData/SDKExplicitPrecompiledModules/_Builtin_stddef-H44EFHQX6XSS5MZ7QP6YJZ76.pcm
SwiftExplicitDependencyGeneratePcm arm64_32 /Users/admin/builder/spi-builder-workspace/.derivedData/SDKExplicitPrecompiledModules/_Builtin_stdbool-A967K8W8YUYEC9SN52KJ7OO88.pcm
SwiftExplicitDependencyGeneratePcm arm64_32 /Users/admin/builder/spi-builder-workspace/.derivedData/SDKExplicitPrecompiledModules/_AvailabilityInternal-244WAN3Z1QBT7PIA64EZEFY1R.pcm
SwiftExplicitDependencyGeneratePcm arm64_32 /Users/admin/builder/spi-builder-workspace/.derivedData/SDKExplicitPrecompiledModules/SwiftShims-9CQQGWTSNTN9EB5NSHDWUJICH.pcm
SwiftExplicitDependencyGeneratePcm arm64_32 /Users/admin/builder/spi-builder-workspace/.derivedData/SDKExplicitPrecompiledModules/_Builtin_stdarg-D305JG44A2WPI6CJY37X3QJE8.pcm
SwiftExplicitDependencyGeneratePcm arm64 /Users/admin/builder/spi-builder-workspace/.derivedData/SDKExplicitPrecompiledModules/_DarwinFoundation1-7SPX3MD0HMP55E4OLNCPNDQ53.pcm
SwiftExplicitDependencyGeneratePcm arm64_32 /Users/admin/builder/spi-builder-workspace/.derivedData/SDKExplicitPrecompiledModules/_DarwinFoundation1-2GWF9RFMPLQW4PDHS3NARVI3G.pcm
SwiftExplicitDependencyGeneratePcm arm64 /Users/admin/builder/spi-builder-workspace/.derivedData/SDKExplicitPrecompiledModules/_DarwinFoundation2-D0XAPJU49S5E9XMKYOFGSTB1Q.pcm
SwiftExplicitDependencyGeneratePcm arm64 /Users/admin/builder/spi-builder-workspace/.derivedData/SDKExplicitPrecompiledModules/_Builtin_limits-9GWPA2B0H20DYUNYHYCWKABJG.pcm
SwiftExplicitDependencyGeneratePcm arm64_32 /Users/admin/builder/spi-builder-workspace/.derivedData/SDKExplicitPrecompiledModules/_Builtin_limits-3VKBU2AFTD65PAJZ5CJ3LHFM2.pcm
SwiftExplicitDependencyGeneratePcm arm64_32 /Users/admin/builder/spi-builder-workspace/.derivedData/SDKExplicitPrecompiledModules/_DarwinFoundation2-9MY8GOSYRO0M9MKNXF6D3MBNK.pcm
SwiftExplicitDependencyGeneratePcm arm64 /Users/admin/builder/spi-builder-workspace/.derivedData/SDKExplicitPrecompiledModules/_Builtin_stdint-8XMILLJZEGRN2XG7XZUXZ5RLX.pcm
SwiftExplicitDependencyGeneratePcm arm64 /Users/admin/builder/spi-builder-workspace/.derivedData/SDKExplicitPrecompiledModules/string_h-E6PRXK75PHIPCZFWOFCQ3QBMK.pcm
SwiftExplicitDependencyGeneratePcm arm64 /Users/admin/builder/spi-builder-workspace/.derivedData/SDKExplicitPrecompiledModules/sys_types-2KXQLI78OUCDP779AE68GZJ2.pcm
SwiftExplicitDependencyGeneratePcm arm64 /Users/admin/builder/spi-builder-workspace/.derivedData/SDKExplicitPrecompiledModules/_DarwinFoundation3-B97LRG0E9GON2NUE65TVG81HU.pcm
SwiftExplicitDependencyGeneratePcm arm64_32 /Users/admin/builder/spi-builder-workspace/.derivedData/SDKExplicitPrecompiledModules/string_h-BFVLUQUSBZWYMLCU9QI7VZALW.pcm
SwiftExplicitDependencyGeneratePcm arm64_32 /Users/admin/builder/spi-builder-workspace/.derivedData/SDKExplicitPrecompiledModules/_Builtin_stdint-1HMXWI3V0V4TXHRWZOMZGZ80Y.pcm
SwiftExplicitDependencyGeneratePcm arm64_32 /Users/admin/builder/spi-builder-workspace/.derivedData/SDKExplicitPrecompiledModules/sys_types-8TLLMW08ZJWDGIIPKOYFGHHZW.pcm
SwiftExplicitDependencyGeneratePcm arm64_32 /Users/admin/builder/spi-builder-workspace/.derivedData/SDKExplicitPrecompiledModules/_DarwinFoundation3-3DUTYQDQSD9HUAAVY947NMWOI.pcm
SwiftExplicitDependencyGeneratePcm arm64 /Users/admin/builder/spi-builder-workspace/.derivedData/SDKExplicitPrecompiledModules/_Builtin_inttypes-3UQSCM7WNM9EK4HZML8TY5J3D.pcm
SwiftExplicitDependencyGeneratePcm arm64 /Users/admin/builder/spi-builder-workspace/.derivedData/SDKExplicitPrecompiledModules/Darwin-3984OXKFNSPE77NT743WK8SEX.pcm
SwiftExplicitDependencyGeneratePcm arm64_32 /Users/admin/builder/spi-builder-workspace/.derivedData/SDKExplicitPrecompiledModules/_Builtin_inttypes-D2KPCR4PEX9AQA33NGLUT5SBR.pcm
SwiftExplicitDependencyGeneratePcm arm64_32 /Users/admin/builder/spi-builder-workspace/.derivedData/SDKExplicitPrecompiledModules/Darwin-3FVT1SKLN2ZQ5RVOABMTQBB34.pcm
SwiftExplicitDependencyGeneratePcm arm64 /Users/admin/builder/spi-builder-workspace/.derivedData/SDKExplicitPrecompiledModules/ObjectiveC-72IVD3VS2RS8Q28D9PIMY0KQP.pcm
SwiftExplicitDependencyGeneratePcm arm64_32 /Users/admin/builder/spi-builder-workspace/.derivedData/SDKExplicitPrecompiledModules/ObjectiveC-6IJNELR2E80E7LUKESVCP2KET.pcm
SwiftExplicitDependencyGeneratePcm arm64 /Users/admin/builder/spi-builder-workspace/.derivedData/SDKExplicitPrecompiledModules/os_object-3SDKD7F87FTZ26OON37DRYT6O.pcm
SwiftExplicitDependencyGeneratePcm arm64_32 /Users/admin/builder/spi-builder-workspace/.derivedData/SDKExplicitPrecompiledModules/os_object-5YWTC6L4756IWSTPGXS5NM0D0.pcm
SwiftExplicitDependencyGeneratePcm arm64 /Users/admin/builder/spi-builder-workspace/.derivedData/SDKExplicitPrecompiledModules/os_workgroup-89GG5G7YC2D0ZTK6AZXXQ20DH.pcm
SwiftExplicitDependencyGeneratePcm arm64_32 /Users/admin/builder/spi-builder-workspace/.derivedData/SDKExplicitPrecompiledModules/os_workgroup-5JHTPDMNBUNHLJI8LPHKQK1JK.pcm
SwiftExplicitDependencyGeneratePcm arm64 /Users/admin/builder/spi-builder-workspace/.derivedData/SDKExplicitPrecompiledModules/Dispatch-1NLJOVAK60XP0DUB05XA59EIM.pcm
SwiftExplicitDependencyGeneratePcm arm64_32 /Users/admin/builder/spi-builder-workspace/.derivedData/SDKExplicitPrecompiledModules/Dispatch-2P62F1T4XV63S4P99TUDTOK2Q.pcm
SwiftExplicitDependencyGeneratePcm arm64 /Users/admin/builder/spi-builder-workspace/.derivedData/SDKExplicitPrecompiledModules/XPC-40DR0X1DHKGCV4J1IOLFS8MOU.pcm
SwiftExplicitDependencyGeneratePcm arm64 /Users/admin/builder/spi-builder-workspace/.derivedData/SDKExplicitPrecompiledModules/CoreFoundation-8T2L24YC5NU7WO6WQJWRY7W08.pcm
SwiftExplicitDependencyGeneratePcm arm64_32 /Users/admin/builder/spi-builder-workspace/.derivedData/SDKExplicitPrecompiledModules/CoreFoundation-8E6Y4BA3EXYKUGJ24GT9LGV3N.pcm
SwiftExplicitDependencyGeneratePcm arm64_32 /Users/admin/builder/spi-builder-workspace/.derivedData/SDKExplicitPrecompiledModules/XPC-81Y45QFY96XYYFCW2GT6FY8S4.pcm
SwiftExplicitDependencyGeneratePcm arm64 /Users/admin/builder/spi-builder-workspace/.derivedData/SDKExplicitPrecompiledModules/Security-6RZ6YBRU8WCUHRFFRVUK5WKMM.pcm
SwiftExplicitDependencyGeneratePcm arm64_32 /Users/admin/builder/spi-builder-workspace/.derivedData/SDKExplicitPrecompiledModules/Security-D7TOWF88VWF67TB9HAFP5UWB1.pcm
SwiftExplicitDependencyGeneratePcm arm64 /Users/admin/builder/spi-builder-workspace/.derivedData/SDKExplicitPrecompiledModules/Foundation-DLBKUSGXN8QHAT8W0OARR9S8A.pcm
SwiftExplicitDependencyGeneratePcm arm64_32 /Users/admin/builder/spi-builder-workspace/.derivedData/SDKExplicitPrecompiledModules/Foundation-BJ2VQGI3OGR34500MEQ1VKHPH.pcm
SwiftCompile normal arm64 Compiling\ MacroCommand.swift,\ SimpleCommand.swift /Users/admin/builder/spi-builder-workspace/.dependencies/checkouts/puremvc-swift-multicore-framework/Sources/PureMVC/patterns/command/MacroCommand.swift /Users/admin/builder/spi-builder-workspace/.dependencies/checkouts/puremvc-swift-multicore-framework/Sources/PureMVC/patterns/command/SimpleCommand.swift (in target 'PureMVC' from project 'PureMVC')
SwiftCompile normal arm64 /Users/admin/builder/spi-builder-workspace/.dependencies/checkouts/puremvc-swift-multicore-framework/Sources/PureMVC/patterns/command/MacroCommand.swift (in target 'PureMVC' from project 'PureMVC')
    cd /Users/admin/builder/spi-builder-workspace/.swiftpm/xcode
    builtin-SwiftPerFileCompile MacroCommand.swift
SwiftCompile normal arm64 /Users/admin/builder/spi-builder-workspace/.dependencies/checkouts/puremvc-swift-multicore-framework/Sources/PureMVC/patterns/command/SimpleCommand.swift (in target 'PureMVC' from project 'PureMVC')
    cd /Users/admin/builder/spi-builder-workspace/.swiftpm/xcode
    builtin-SwiftPerFileCompile SimpleCommand.swift
SwiftEmitModule normal arm64 Emitting\ module\ for\ PureMVC (in target 'PureMVC' from project 'PureMVC')
SwiftCompile normal arm64 (in target 'PureMVC' from project 'PureMVC')
    cd /Users/admin/builder/spi-builder-workspace/.swiftpm/xcode

SwiftCompile normal arm64 Compiling\ Notification.swift,\ Notifier.swift /Users/admin/builder/spi-builder-workspace/.dependencies/checkouts/puremvc-swift-multicore-framework/Sources/PureMVC/patterns/observer/Notification.swift /Users/admin/builder/spi-builder-workspace/.dependencies/checkouts/puremvc-swift-multicore-framework/Sources/PureMVC/patterns/observer/Notifier.swift (in target 'PureMVC' from project 'PureMVC')
SwiftCompile normal arm64 /Users/admin/builder/spi-builder-workspace/.dependencies/checkouts/puremvc-swift-multicore-framework/Sources/PureMVC/patterns/observer/Notification.swift (in target 'PureMVC' from project 'PureMVC')
    cd /Users/admin/builder/spi-builder-workspace/.swiftpm/xcode
    builtin-SwiftPerFileCompile Notification.swift
SwiftCompile normal arm64 /Users/admin/builder/spi-builder-workspace/.dependencies/checkouts/puremvc-swift-multicore-framework/Sources/PureMVC/patterns/observer/Notifier.swift (in target 'PureMVC' from project 'PureMVC')
    cd /Users/admin/builder/spi-builder-workspace/.swiftpm/xcode
    builtin-SwiftPerFileCompile Notifier.swift
SwiftCompile normal arm64 Compiling\ INotifier.swift,\ IObserver.swift /Users/admin/builder/spi-builder-workspace/.dependencies/checkouts/puremvc-swift-multicore-framework/Sources/PureMVC/interfaces/INotifier.swift /Users/admin/builder/spi-builder-workspace/.dependencies/checkouts/puremvc-swift-multicore-framework/Sources/PureMVC/interfaces/IObserver.swift (in target 'PureMVC' from project 'PureMVC')
SwiftCompile normal arm64 /Users/admin/builder/spi-builder-workspace/.dependencies/checkouts/puremvc-swift-multicore-framework/Sources/PureMVC/interfaces/INotifier.swift (in target 'PureMVC' from project 'PureMVC')
    cd /Users/admin/builder/spi-builder-workspace/.swiftpm/xcode
    builtin-SwiftPerFileCompile INotifier.swift
SwiftCompile normal arm64 /Users/admin/builder/spi-builder-workspace/.dependencies/checkouts/puremvc-swift-multicore-framework/Sources/PureMVC/interfaces/IObserver.swift (in target 'PureMVC' from project 'PureMVC')
    cd /Users/admin/builder/spi-builder-workspace/.swiftpm/xcode
    builtin-SwiftPerFileCompile IObserver.swift
SwiftCompile normal arm64 Compiling\ Facade.swift,\ Mediator.swift /Users/admin/builder/spi-builder-workspace/.dependencies/checkouts/puremvc-swift-multicore-framework/Sources/PureMVC/patterns/facade/Facade.swift /Users/admin/builder/spi-builder-workspace/.dependencies/checkouts/puremvc-swift-multicore-framework/Sources/PureMVC/patterns/mediator/Mediator.swift (in target 'PureMVC' from project 'PureMVC')
SwiftCompile normal arm64 /Users/admin/builder/spi-builder-workspace/.dependencies/checkouts/puremvc-swift-multicore-framework/Sources/PureMVC/patterns/facade/Facade.swift (in target 'PureMVC' from project 'PureMVC')
    cd /Users/admin/builder/spi-builder-workspace/.swiftpm/xcode
    builtin-SwiftPerFileCompile Facade.swift
SwiftCompile normal arm64 /Users/admin/builder/spi-builder-workspace/.dependencies/checkouts/puremvc-swift-multicore-framework/Sources/PureMVC/patterns/mediator/Mediator.swift (in target 'PureMVC' from project 'PureMVC')
    cd /Users/admin/builder/spi-builder-workspace/.swiftpm/xcode
    builtin-SwiftPerFileCompile Mediator.swift
SwiftCompile normal arm64 Compiling\ IProxy.swift,\ IView.swift /Users/admin/builder/spi-builder-workspace/.dependencies/checkouts/puremvc-swift-multicore-framework/Sources/PureMVC/interfaces/IProxy.swift /Users/admin/builder/spi-builder-workspace/.dependencies/checkouts/puremvc-swift-multicore-framework/Sources/PureMVC/interfaces/IView.swift (in target 'PureMVC' from project 'PureMVC')
SwiftCompile normal arm64 /Users/admin/builder/spi-builder-workspace/.dependencies/checkouts/puremvc-swift-multicore-framework/Sources/PureMVC/interfaces/IProxy.swift (in target 'PureMVC' from project 'PureMVC')
    cd /Users/admin/builder/spi-builder-workspace/.swiftpm/xcode
    builtin-SwiftPerFileCompile IProxy.swift
SwiftCompile normal arm64 /Users/admin/builder/spi-builder-workspace/.dependencies/checkouts/puremvc-swift-multicore-framework/Sources/PureMVC/interfaces/IView.swift (in target 'PureMVC' from project 'PureMVC')
    cd /Users/admin/builder/spi-builder-workspace/.swiftpm/xcode
    builtin-SwiftPerFileCompile IView.swift
SwiftCompile normal arm64 Compiling\ Observer.swift,\ Proxy.swift /Users/admin/builder/spi-builder-workspace/.dependencies/checkouts/puremvc-swift-multicore-framework/Sources/PureMVC/patterns/observer/Observer.swift /Users/admin/builder/spi-builder-workspace/.dependencies/checkouts/puremvc-swift-multicore-framework/Sources/PureMVC/patterns/proxy/Proxy.swift (in target 'PureMVC' from project 'PureMVC')
SwiftCompile normal arm64 /Users/admin/builder/spi-builder-workspace/.dependencies/checkouts/puremvc-swift-multicore-framework/Sources/PureMVC/patterns/observer/Observer.swift (in target 'PureMVC' from project 'PureMVC')
    cd /Users/admin/builder/spi-builder-workspace/.swiftpm/xcode
    builtin-SwiftPerFileCompile Observer.swift
SwiftCompile normal arm64 /Users/admin/builder/spi-builder-workspace/.dependencies/checkouts/puremvc-swift-multicore-framework/Sources/PureMVC/patterns/proxy/Proxy.swift (in target 'PureMVC' from project 'PureMVC')
    cd /Users/admin/builder/spi-builder-workspace/.swiftpm/xcode
    builtin-SwiftPerFileCompile Proxy.swift
SwiftCompile normal arm64 Compiling\ IModel.swift,\ INotification.swift /Users/admin/builder/spi-builder-workspace/.dependencies/checkouts/puremvc-swift-multicore-framework/Sources/PureMVC/interfaces/IModel.swift /Users/admin/builder/spi-builder-workspace/.dependencies/checkouts/puremvc-swift-multicore-framework/Sources/PureMVC/interfaces/INotification.swift (in target 'PureMVC' from project 'PureMVC')
SwiftCompile normal arm64 /Users/admin/builder/spi-builder-workspace/.dependencies/checkouts/puremvc-swift-multicore-framework/Sources/PureMVC/interfaces/IModel.swift (in target 'PureMVC' from project 'PureMVC')
    cd /Users/admin/builder/spi-builder-workspace/.swiftpm/xcode
    builtin-SwiftPerFileCompile IModel.swift
SwiftCompile normal arm64 /Users/admin/builder/spi-builder-workspace/.dependencies/checkouts/puremvc-swift-multicore-framework/Sources/PureMVC/interfaces/INotification.swift (in target 'PureMVC' from project 'PureMVC')
    cd /Users/admin/builder/spi-builder-workspace/.swiftpm/xcode
    builtin-SwiftPerFileCompile INotification.swift
SwiftCompile normal arm64 Compiling\ IFacade.swift,\ IMediator.swift /Users/admin/builder/spi-builder-workspace/.dependencies/checkouts/puremvc-swift-multicore-framework/Sources/PureMVC/interfaces/IFacade.swift /Users/admin/builder/spi-builder-workspace/.dependencies/checkouts/puremvc-swift-multicore-framework/Sources/PureMVC/interfaces/IMediator.swift (in target 'PureMVC' from project 'PureMVC')
SwiftCompile normal arm64 /Users/admin/builder/spi-builder-workspace/.dependencies/checkouts/puremvc-swift-multicore-framework/Sources/PureMVC/interfaces/IFacade.swift (in target 'PureMVC' from project 'PureMVC')
    cd /Users/admin/builder/spi-builder-workspace/.swiftpm/xcode
    builtin-SwiftPerFileCompile IFacade.swift
SwiftCompile normal arm64 /Users/admin/builder/spi-builder-workspace/.dependencies/checkouts/puremvc-swift-multicore-framework/Sources/PureMVC/interfaces/IMediator.swift (in target 'PureMVC' from project 'PureMVC')
    cd /Users/admin/builder/spi-builder-workspace/.swiftpm/xcode
    builtin-SwiftPerFileCompile IMediator.swift
SwiftCompile normal arm64 Compiling\ Controller.swift,\ Model.swift,\ View.swift /Users/admin/builder/spi-builder-workspace/.dependencies/checkouts/puremvc-swift-multicore-framework/Sources/PureMVC/core/Controller.swift /Users/admin/builder/spi-builder-workspace/.dependencies/checkouts/puremvc-swift-multicore-framework/Sources/PureMVC/core/Model.swift /Users/admin/builder/spi-builder-workspace/.dependencies/checkouts/puremvc-swift-multicore-framework/Sources/PureMVC/core/View.swift (in target 'PureMVC' from project 'PureMVC')
SwiftCompile normal arm64 /Users/admin/builder/spi-builder-workspace/.dependencies/checkouts/puremvc-swift-multicore-framework/Sources/PureMVC/core/Controller.swift (in target 'PureMVC' from project 'PureMVC')
    cd /Users/admin/builder/spi-builder-workspace/.swiftpm/xcode
    builtin-SwiftPerFileCompile Controller.swift
SwiftCompile normal arm64 /Users/admin/builder/spi-builder-workspace/.dependencies/checkouts/puremvc-swift-multicore-framework/Sources/PureMVC/core/Model.swift (in target 'PureMVC' from project 'PureMVC')
    cd /Users/admin/builder/spi-builder-workspace/.swiftpm/xcode
    builtin-SwiftPerFileCompile Model.swift
SwiftCompile normal arm64 /Users/admin/builder/spi-builder-workspace/.dependencies/checkouts/puremvc-swift-multicore-framework/Sources/PureMVC/core/View.swift (in target 'PureMVC' from project 'PureMVC')
    cd /Users/admin/builder/spi-builder-workspace/.swiftpm/xcode
    builtin-SwiftPerFileCompile View.swift
SwiftEmitModule normal arm64_32 Emitting\ module\ for\ PureMVC (in target 'PureMVC' from project 'PureMVC')
SwiftCompile normal arm64_32 (in target 'PureMVC' from project 'PureMVC')
    cd /Users/admin/builder/spi-builder-workspace/.swiftpm/xcode

SwiftDriverJobDiscovery normal arm64 Emitting module for PureMVC (in target 'PureMVC' from project 'PureMVC')
SwiftDriver\ Compilation\ Requirements PureMVC normal arm64 com.apple.xcode.tools.swift.compiler (in target 'PureMVC' from project 'PureMVC')
    cd /Users/admin/builder/spi-builder-workspace/.swiftpm/xcode
    builtin-Swift-Compilation-Requirements -- /Applications/Xcode-27.0.0-Release.Candidate.app/Contents/Developer/Toolchains/XcodeDefault.xctoolchain/usr/bin/swiftc -parse-as-library -module-name PureMVC -Onone @/Users/admin/builder/spi-builder-workspace/.derivedData/Build/Intermediates.noindex/PureMVC.build/Debug-watchos/PureMVC-t.build/Objects-normal/arm64/PureMVC.SwiftFileList -DSWIFT_PACKAGE -DDEBUG -DSWIFT_MODULE_RESOURCE_BUNDLE_UNAVAILABLE -DXcode -plugin-path /Applications/Xcode-27.0.0-Release.Candidate.app/Contents/Developer/Toolchains/XcodeDefault.xctoolchain/usr/lib/swift/host/plugins/testing -enable-experimental-feature DebugDescriptionMacro -sdk /Applications/Xcode-27.0.0-Release.Candidate.app/Contents/Developer/Platforms/WatchOS.platform/Developer/SDKs/WatchOS27.0.sdk -target arm64-apple-watchos9.0 -g -module-cache-path /Users/admin/builder/spi-builder-workspace/.derivedData/ModuleCache.noindex -Xfrontend -serialize-debugging-options -profile-coverage-mapping -profile-generate -enable-testing -suppress-warnings -index-store-path /Users/admin/builder/spi-builder-workspace/.derivedData/Index.noindex/DataStore -Xcc -D_LIBCPP_HARDENING_MODE\=_LIBCPP_HARDENING_MODE_DEBUG -swift-version 5 -I /Users/admin/builder/spi-builder-workspace/.derivedData/Build/Products/Debug-watchos -Isystem /Applications/Xcode-27.0.0-Release.Candidate.app/Contents/Developer/Platforms/WatchOS.platform/Developer/usr/lib -F /Users/admin/builder/spi-builder-workspace/.derivedData/Build/Products/Debug-watchos -F /Applications/Xcode-27.0.0-Release.Candidate.app/Contents/Developer/Platforms/WatchOS.platform/Developer/Library/Frameworks -F /Applications/Xcode-27.0.0-Release.Candidate.app/Contents/Developer/Platforms/WatchOS.platform/Developer/SDKs/WatchOS27.0.sdk/Developer/Library/Frameworks -c -j10 -enable-batch-mode -incremental -Xcc -ivfsstatcache -Xcc /Users/admin/builder/spi-builder-workspace/.derivedData/SDKStatCaches.noindex/watchos27.0-24R360-e829b21a6f8c9b70876ba0858053c04477534ef55a1706bf4c1112bbb242f0a2.sdkstatcache -output-file-map /Users/admin/builder/spi-builder-workspace/.derivedData/Build/Intermediates.noindex/PureMVC.build/Debug-watchos/PureMVC-t.build/Objects-normal/arm64/PureMVC-OutputFileMap.json -save-temps -no-color-diagnostics -explicit-module-build -module-cache-path /Users/admin/builder/spi-builder-workspace/.derivedData/Build/Intermediates.noindex/SwiftExplicitPrecompiledModules -clang-scanner-module-cache-path /Users/admin/builder/spi-builder-workspace/.derivedData/ModuleCache.noindex -sdk-module-cache-path /Users/admin/builder/spi-builder-workspace/.derivedData/SDKExplicitPrecompiledModules -emit-dependencies -emit-module -emit-module-path /Users/admin/builder/spi-builder-workspace/.derivedData/Build/Intermediates.noindex/PureMVC.build/Debug-watchos/PureMVC-t.build/Objects-normal/arm64/PureMVC.swiftmodule -serialize-diagnostics -dependency-scan-serialize-diagnostics-path /Users/admin/builder/spi-builder-workspace/.derivedData/Build/Intermediates.noindex/PureMVC.build/Debug-watchos/PureMVC-t.build/Objects-normal/arm64/PureMVC-dependency-scan.dia -validate-clang-modules-once -clang-build-session-file /Users/admin/builder/spi-builder-workspace/.derivedData/ModuleCache.noindex/Session.modulevalidation -Xcc -fmodules-prune-interval\=86400 -Xcc -fmodules-prune-after\=345600 -emit-const-values -const-gather-protocols-list /Users/admin/builder/spi-builder-workspace/.derivedData/Build/Intermediates.noindex/PureMVC.build/Debug-watchos/PureMVC-t.build/Objects-normal/arm64/PureMVC_const_extract_protocols.json -Xcc -I/Users/admin/builder/spi-builder-workspace/.derivedData/Build/Products/Debug-watchos/include -Xcc -I/Users/admin/builder/spi-builder-workspace/.derivedData/Build/Intermediates.noindex/PureMVC.build/Debug-watchos/PureMVC-t.build/DerivedSources-normal/arm64 -Xcc -I/Users/admin/builder/spi-builder-workspace/.derivedData/Build/Intermediates.noindex/PureMVC.build/Debug-watchos/PureMVC-t.build/DerivedSources/arm64 -Xcc -I/Users/admin/builder/spi-builder-workspace/.derivedData/Build/Intermediates.noindex/PureMVC.build/Debug-watchos/PureMVC-t.build/DerivedSources -Xcc -DSWIFT_PACKAGE -Xcc -DDEBUG\=1 -emit-objc-header -emit-objc-header-path /Users/admin/builder/spi-builder-workspace/.derivedData/Build/Intermediates.noindex/PureMVC.build/Debug-watchos/PureMVC-t.build/Objects-normal/arm64/PureMVC-Swift.h -working-directory /Users/admin/builder/spi-builder-workspace/.swiftpm/xcode -experimental-emit-module-separately -disable-cmo
SwiftDriverJobDiscovery normal arm64_32 Emitting module for PureMVC (in target 'PureMVC' from project 'PureMVC')
SwiftCompile normal arm64_32 Compiling\ ICommand.swift,\ IController.swift /Users/admin/builder/spi-builder-workspace/.dependencies/checkouts/puremvc-swift-multicore-framework/Sources/PureMVC/interfaces/ICommand.swift /Users/admin/builder/spi-builder-workspace/.dependencies/checkouts/puremvc-swift-multicore-framework/Sources/PureMVC/interfaces/IController.swift (in target 'PureMVC' from project 'PureMVC')
SwiftCompile normal arm64_32 /Users/admin/builder/spi-builder-workspace/.dependencies/checkouts/puremvc-swift-multicore-framework/Sources/PureMVC/interfaces/ICommand.swift (in target 'PureMVC' from project 'PureMVC')
    cd /Users/admin/builder/spi-builder-workspace/.swiftpm/xcode
    builtin-SwiftPerFileCompile ICommand.swift
SwiftCompile normal arm64_32 /Users/admin/builder/spi-builder-workspace/.dependencies/checkouts/puremvc-swift-multicore-framework/Sources/PureMVC/interfaces/IController.swift (in target 'PureMVC' from project 'PureMVC')
    cd /Users/admin/builder/spi-builder-workspace/.swiftpm/xcode
    builtin-SwiftPerFileCompile IController.swift
SwiftDriver\ Compilation\ Requirements PureMVC normal arm64_32 com.apple.xcode.tools.swift.compiler (in target 'PureMVC' from project 'PureMVC')
    cd /Users/admin/builder/spi-builder-workspace/.swiftpm/xcode
    builtin-Swift-Compilation-Requirements -- /Applications/Xcode-27.0.0-Release.Candidate.app/Contents/Developer/Toolchains/XcodeDefault.xctoolchain/usr/bin/swiftc -parse-as-library -module-name PureMVC -Onone @/Users/admin/builder/spi-builder-workspace/.derivedData/Build/Intermediates.noindex/PureMVC.build/Debug-watchos/PureMVC-t.build/Objects-normal/arm64_32/PureMVC.SwiftFileList -DSWIFT_PACKAGE -DDEBUG -DSWIFT_MODULE_RESOURCE_BUNDLE_UNAVAILABLE -DXcode -plugin-path /Applications/Xcode-27.0.0-Release.Candidate.app/Contents/Developer/Toolchains/XcodeDefault.xctoolchain/usr/lib/swift/host/plugins/testing -enable-experimental-feature DebugDescriptionMacro -sdk /Applications/Xcode-27.0.0-Release.Candidate.app/Contents/Developer/Platforms/WatchOS.platform/Developer/SDKs/WatchOS27.0.sdk -target arm64_32-apple-watchos9.0 -g -module-cache-path /Users/admin/builder/spi-builder-workspace/.derivedData/ModuleCache.noindex -Xfrontend -serialize-debugging-options -profile-coverage-mapping -profile-generate -enable-testing -suppress-warnings -index-store-path /Users/admin/builder/spi-builder-workspace/.derivedData/Index.noindex/DataStore -Xcc -D_LIBCPP_HARDENING_MODE\=_LIBCPP_HARDENING_MODE_DEBUG -swift-version 5 -I /Users/admin/builder/spi-builder-workspace/.derivedData/Build/Products/Debug-watchos -Isystem /Applications/Xcode-27.0.0-Release.Candidate.app/Contents/Developer/Platforms/WatchOS.platform/Developer/usr/lib -F /Users/admin/builder/spi-builder-workspace/.derivedData/Build/Products/Debug-watchos -F /Applications/Xcode-27.0.0-Release.Candidate.app/Contents/Developer/Platforms/WatchOS.platform/Developer/Library/Frameworks -F /Applications/Xcode-27.0.0-Release.Candidate.app/Contents/Developer/Platforms/WatchOS.platform/Developer/SDKs/WatchOS27.0.sdk/Developer/Library/Frameworks -c -j10 -enable-batch-mode -incremental -Xcc -ivfsstatcache -Xcc /Users/admin/builder/spi-builder-workspace/.derivedData/SDKStatCaches.noindex/watchos27.0-24R360-e829b21a6f8c9b70876ba0858053c04477534ef55a1706bf4c1112bbb242f0a2.sdkstatcache -output-file-map /Users/admin/builder/spi-builder-workspace/.derivedData/Build/Intermediates.noindex/PureMVC.build/Debug-watchos/PureMVC-t.build/Objects-normal/arm64_32/PureMVC-OutputFileMap.json -save-temps -no-color-diagnostics -explicit-module-build -module-cache-path /Users/admin/builder/spi-builder-workspace/.derivedData/Build/Intermediates.noindex/SwiftExplicitPrecompiledModules -clang-scanner-module-cache-path /Users/admin/builder/spi-builder-workspace/.derivedData/ModuleCache.noindex -sdk-module-cache-path /Users/admin/builder/spi-builder-workspace/.derivedData/SDKExplicitPrecompiledModules -emit-dependencies -emit-module -emit-module-path /Users/admin/builder/spi-builder-workspace/.derivedData/Build/Intermediates.noindex/PureMVC.build/Debug-watchos/PureMVC-t.build/Objects-normal/arm64_32/PureMVC.swiftmodule -serialize-diagnostics -dependency-scan-serialize-diagnostics-path /Users/admin/builder/spi-builder-workspace/.derivedData/Build/Intermediates.noindex/PureMVC.build/Debug-watchos/PureMVC-t.build/Objects-normal/arm64_32/PureMVC-dependency-scan.dia -validate-clang-modules-once -clang-build-session-file /Users/admin/builder/spi-builder-workspace/.derivedData/ModuleCache.noindex/Session.modulevalidation -Xcc -fmodules-prune-interval\=86400 -Xcc -fmodules-prune-after\=345600 -emit-const-values -const-gather-protocols-list /Users/admin/builder/spi-builder-workspace/.derivedData/Build/Intermediates.noindex/PureMVC.build/Debug-watchos/PureMVC-t.build/Objects-normal/arm64_32/PureMVC_const_extract_protocols.json -Xcc -I/Users/admin/builder/spi-builder-workspace/.derivedData/Build/Products/Debug-watchos/include -Xcc -I/Users/admin/builder/spi-builder-workspace/.derivedData/Build/Intermediates.noindex/PureMVC.build/Debug-watchos/PureMVC-t.build/DerivedSources-normal/arm64_32 -Xcc -I/Users/admin/builder/spi-builder-workspace/.derivedData/Build/Intermediates.noindex/PureMVC.build/Debug-watchos/PureMVC-t.build/DerivedSources/arm64_32 -Xcc -I/Users/admin/builder/spi-builder-workspace/.derivedData/Build/Intermediates.noindex/PureMVC.build/Debug-watchos/PureMVC-t.build/DerivedSources -Xcc -DSWIFT_PACKAGE -Xcc -DDEBUG\=1 -emit-objc-header -emit-objc-header-path /Users/admin/builder/spi-builder-workspace/.derivedData/Build/Intermediates.noindex/PureMVC.build/Debug-watchos/PureMVC-t.build/Objects-normal/arm64_32/PureMVC-Swift.h -working-directory /Users/admin/builder/spi-builder-workspace/.swiftpm/xcode -experimental-emit-module-separately -disable-cmo
SwiftDriverJobDiscovery normal arm64 Compiling IModel.swift, INotification.swift (in target 'PureMVC' from project 'PureMVC')
Copy /Users/admin/builder/spi-builder-workspace/.derivedData/Build/Products/Debug-watchos/PureMVC.swiftmodule/arm64-apple-watchos.swiftmodule /Users/admin/builder/spi-builder-workspace/.derivedData/Build/Intermediates.noindex/PureMVC.build/Debug-watchos/PureMVC-t.build/Objects-normal/arm64/PureMVC.swiftmodule (in target 'PureMVC' from project 'PureMVC')
    cd /Users/admin/builder/spi-builder-workspace/.dependencies/checkouts/puremvc-swift-multicore-framework
    builtin-copy -exclude .DS_Store -exclude CVS -exclude .svn -exclude .git -exclude .hg -resolve-src-symlinks -rename /Users/admin/builder/spi-builder-workspace/.derivedData/Build/Intermediates.noindex/PureMVC.build/Debug-watchos/PureMVC-t.build/Objects-normal/arm64/PureMVC.swiftmodule /Users/admin/builder/spi-builder-workspace/.derivedData/Build/Products/Debug-watchos/PureMVC.swiftmodule/arm64-apple-watchos.swiftmodule
Copy /Users/admin/builder/spi-builder-workspace/.derivedData/Build/Products/Debug-watchos/PureMVC.swiftmodule/arm64-apple-watchos.swiftdoc /Users/admin/builder/spi-builder-workspace/.derivedData/Build/Intermediates.noindex/PureMVC.build/Debug-watchos/PureMVC-t.build/Objects-normal/arm64/PureMVC.swiftdoc (in target 'PureMVC' from project 'PureMVC')
    cd /Users/admin/builder/spi-builder-workspace/.dependencies/checkouts/puremvc-swift-multicore-framework
    builtin-copy -exclude .DS_Store -exclude CVS -exclude .svn -exclude .git -exclude .hg -resolve-src-symlinks -rename /Users/admin/builder/spi-builder-workspace/.derivedData/Build/Intermediates.noindex/PureMVC.build/Debug-watchos/PureMVC-t.build/Objects-normal/arm64/PureMVC.swiftdoc /Users/admin/builder/spi-builder-workspace/.derivedData/Build/Products/Debug-watchos/PureMVC.swiftmodule/arm64-apple-watchos.swiftdoc
Copy /Users/admin/builder/spi-builder-workspace/.derivedData/Build/Products/Debug-watchos/PureMVC.swiftmodule/arm64-apple-watchos.abi.json /Users/admin/builder/spi-builder-workspace/.derivedData/Build/Intermediates.noindex/PureMVC.build/Debug-watchos/PureMVC-t.build/Objects-normal/arm64/PureMVC.abi.json (in target 'PureMVC' from project 'PureMVC')
    cd /Users/admin/builder/spi-builder-workspace/.dependencies/checkouts/puremvc-swift-multicore-framework
    builtin-copy -exclude .DS_Store -exclude CVS -exclude .svn -exclude .git -exclude .hg -resolve-src-symlinks -rename /Users/admin/builder/spi-builder-workspace/.derivedData/Build/Intermediates.noindex/PureMVC.build/Debug-watchos/PureMVC-t.build/Objects-normal/arm64/PureMVC.abi.json /Users/admin/builder/spi-builder-workspace/.derivedData/Build/Products/Debug-watchos/PureMVC.swiftmodule/arm64-apple-watchos.abi.json
Copy /Users/admin/builder/spi-builder-workspace/.derivedData/Build/Products/Debug-watchos/PureMVC.swiftmodule/Project/arm64-apple-watchos.swiftsourceinfo /Users/admin/builder/spi-builder-workspace/.derivedData/Build/Intermediates.noindex/PureMVC.build/Debug-watchos/PureMVC-t.build/Objects-normal/arm64/PureMVC.swiftsourceinfo (in target 'PureMVC' from project 'PureMVC')
    cd /Users/admin/builder/spi-builder-workspace/.dependencies/checkouts/puremvc-swift-multicore-framework
    builtin-copy -exclude .DS_Store -exclude CVS -exclude .svn -exclude .git -exclude .hg -resolve-src-symlinks -rename /Users/admin/builder/spi-builder-workspace/.derivedData/Build/Intermediates.noindex/PureMVC.build/Debug-watchos/PureMVC-t.build/Objects-normal/arm64/PureMVC.swiftsourceinfo /Users/admin/builder/spi-builder-workspace/.derivedData/Build/Products/Debug-watchos/PureMVC.swiftmodule/Project/arm64-apple-watchos.swiftsourceinfo
SwiftCompile normal arm64_32 Compiling\ Controller.swift,\ Model.swift,\ View.swift /Users/admin/builder/spi-builder-workspace/.dependencies/checkouts/puremvc-swift-multicore-framework/Sources/PureMVC/core/Controller.swift /Users/admin/builder/spi-builder-workspace/.dependencies/checkouts/puremvc-swift-multicore-framework/Sources/PureMVC/core/Model.swift /Users/admin/builder/spi-builder-workspace/.dependencies/checkouts/puremvc-swift-multicore-framework/Sources/PureMVC/core/View.swift (in target 'PureMVC' from project 'PureMVC')
SwiftCompile normal arm64_32 /Users/admin/builder/spi-builder-workspace/.dependencies/checkouts/puremvc-swift-multicore-framework/Sources/PureMVC/core/Controller.swift (in target 'PureMVC' from project 'PureMVC')
    cd /Users/admin/builder/spi-builder-workspace/.swiftpm/xcode
    builtin-SwiftPerFileCompile Controller.swift
SwiftCompile normal arm64_32 /Users/admin/builder/spi-builder-workspace/.dependencies/checkouts/puremvc-swift-multicore-framework/Sources/PureMVC/core/Model.swift (in target 'PureMVC' from project 'PureMVC')
    cd /Users/admin/builder/spi-builder-workspace/.swiftpm/xcode
    builtin-SwiftPerFileCompile Model.swift
SwiftCompile normal arm64_32 /Users/admin/builder/spi-builder-workspace/.dependencies/checkouts/puremvc-swift-multicore-framework/Sources/PureMVC/core/View.swift (in target 'PureMVC' from project 'PureMVC')
    cd /Users/admin/builder/spi-builder-workspace/.swiftpm/xcode
    builtin-SwiftPerFileCompile View.swift
SwiftDriverJobDiscovery normal arm64 Compiling INotifier.swift, IObserver.swift (in target 'PureMVC' from project 'PureMVC')
SwiftCompile normal arm64_32 Compiling\ IFacade.swift,\ IMediator.swift /Users/admin/builder/spi-builder-workspace/.dependencies/checkouts/puremvc-swift-multicore-framework/Sources/PureMVC/interfaces/IFacade.swift /Users/admin/builder/spi-builder-workspace/.dependencies/checkouts/puremvc-swift-multicore-framework/Sources/PureMVC/interfaces/IMediator.swift (in target 'PureMVC' from project 'PureMVC')
SwiftCompile normal arm64_32 /Users/admin/builder/spi-builder-workspace/.dependencies/checkouts/puremvc-swift-multicore-framework/Sources/PureMVC/interfaces/IFacade.swift (in target 'PureMVC' from project 'PureMVC')
    cd /Users/admin/builder/spi-builder-workspace/.swiftpm/xcode
    builtin-SwiftPerFileCompile IFacade.swift
SwiftCompile normal arm64_32 /Users/admin/builder/spi-builder-workspace/.dependencies/checkouts/puremvc-swift-multicore-framework/Sources/PureMVC/interfaces/IMediator.swift (in target 'PureMVC' from project 'PureMVC')
    cd /Users/admin/builder/spi-builder-workspace/.swiftpm/xcode
    builtin-SwiftPerFileCompile IMediator.swift
SwiftDriverJobDiscovery normal arm64 Compiling MacroCommand.swift, SimpleCommand.swift (in target 'PureMVC' from project 'PureMVC')
SwiftCompile normal arm64_32 Compiling\ Notification.swift,\ Notifier.swift /Users/admin/builder/spi-builder-workspace/.dependencies/checkouts/puremvc-swift-multicore-framework/Sources/PureMVC/patterns/observer/Notification.swift /Users/admin/builder/spi-builder-workspace/.dependencies/checkouts/puremvc-swift-multicore-framework/Sources/PureMVC/patterns/observer/Notifier.swift (in target 'PureMVC' from project 'PureMVC')
SwiftCompile normal arm64_32 /Users/admin/builder/spi-builder-workspace/.dependencies/checkouts/puremvc-swift-multicore-framework/Sources/PureMVC/patterns/observer/Notification.swift (in target 'PureMVC' from project 'PureMVC')
    cd /Users/admin/builder/spi-builder-workspace/.swiftpm/xcode
    builtin-SwiftPerFileCompile Notification.swift
SwiftCompile normal arm64_32 /Users/admin/builder/spi-builder-workspace/.dependencies/checkouts/puremvc-swift-multicore-framework/Sources/PureMVC/patterns/observer/Notifier.swift (in target 'PureMVC' from project 'PureMVC')
    cd /Users/admin/builder/spi-builder-workspace/.swiftpm/xcode
    builtin-SwiftPerFileCompile Notifier.swift
SwiftCompile normal arm64_32 Compiling\ INotifier.swift,\ IObserver.swift /Users/admin/builder/spi-builder-workspace/.dependencies/checkouts/puremvc-swift-multicore-framework/Sources/PureMVC/interfaces/INotifier.swift /Users/admin/builder/spi-builder-workspace/.dependencies/checkouts/puremvc-swift-multicore-framework/Sources/PureMVC/interfaces/IObserver.swift (in target 'PureMVC' from project 'PureMVC')
SwiftCompile normal arm64_32 /Users/admin/builder/spi-builder-workspace/.dependencies/checkouts/puremvc-swift-multicore-framework/Sources/PureMVC/interfaces/INotifier.swift (in target 'PureMVC' from project 'PureMVC')
    cd /Users/admin/builder/spi-builder-workspace/.swiftpm/xcode
    builtin-SwiftPerFileCompile INotifier.swift
SwiftCompile normal arm64_32 /Users/admin/builder/spi-builder-workspace/.dependencies/checkouts/puremvc-swift-multicore-framework/Sources/PureMVC/interfaces/IObserver.swift (in target 'PureMVC' from project 'PureMVC')
    cd /Users/admin/builder/spi-builder-workspace/.swiftpm/xcode
    builtin-SwiftPerFileCompile IObserver.swift
SwiftDriverJobDiscovery normal arm64 Compiling IFacade.swift, IMediator.swift (in target 'PureMVC' from project 'PureMVC')
SwiftCompile normal arm64 Compiling\ ICommand.swift,\ IController.swift /Users/admin/builder/spi-builder-workspace/.dependencies/checkouts/puremvc-swift-multicore-framework/Sources/PureMVC/interfaces/ICommand.swift /Users/admin/builder/spi-builder-workspace/.dependencies/checkouts/puremvc-swift-multicore-framework/Sources/PureMVC/interfaces/IController.swift (in target 'PureMVC' from project 'PureMVC')
SwiftCompile normal arm64 /Users/admin/builder/spi-builder-workspace/.dependencies/checkouts/puremvc-swift-multicore-framework/Sources/PureMVC/interfaces/ICommand.swift (in target 'PureMVC' from project 'PureMVC')
    cd /Users/admin/builder/spi-builder-workspace/.swiftpm/xcode
    builtin-SwiftPerFileCompile ICommand.swift
SwiftCompile normal arm64 /Users/admin/builder/spi-builder-workspace/.dependencies/checkouts/puremvc-swift-multicore-framework/Sources/PureMVC/interfaces/IController.swift (in target 'PureMVC' from project 'PureMVC')
    cd /Users/admin/builder/spi-builder-workspace/.swiftpm/xcode
    builtin-SwiftPerFileCompile IController.swift
SwiftDriverJobDiscovery normal arm64 Compiling IProxy.swift, IView.swift (in target 'PureMVC' from project 'PureMVC')
SwiftMergeGeneratedHeaders /Users/admin/builder/spi-builder-workspace/.derivedData/Build/Intermediates.noindex/GeneratedModuleMaps-watchos/PureMVC-Swift.h /Users/admin/builder/spi-builder-workspace/.derivedData/Build/Intermediates.noindex/PureMVC.build/Debug-watchos/PureMVC-t.build/Objects-normal/arm64/PureMVC-Swift.h /Users/admin/builder/spi-builder-workspace/.derivedData/Build/Intermediates.noindex/PureMVC.build/Debug-watchos/PureMVC-t.build/Objects-normal/arm64_32/PureMVC-Swift.h (in target 'PureMVC' from project 'PureMVC')
    cd /Users/admin/builder/spi-builder-workspace/.dependencies/checkouts/puremvc-swift-multicore-framework
    builtin-swiftHeaderTool -arch arm64 /Users/admin/builder/spi-builder-workspace/.derivedData/Build/Intermediates.noindex/PureMVC.build/Debug-watchos/PureMVC-t.build/Objects-normal/arm64/PureMVC-Swift.h -arch arm64_32 /Users/admin/builder/spi-builder-workspace/.derivedData/Build/Intermediates.noindex/PureMVC.build/Debug-watchos/PureMVC-t.build/Objects-normal/arm64_32/PureMVC-Swift.h -o /Users/admin/builder/spi-builder-workspace/.derivedData/Build/Intermediates.noindex/GeneratedModuleMaps-watchos/PureMVC-Swift.h
SwiftDriverJobDiscovery normal arm64 Compiling Observer.swift, Proxy.swift (in target 'PureMVC' from project 'PureMVC')
Copy /Users/admin/builder/spi-builder-workspace/.derivedData/Build/Products/Debug-watchos/PureMVC.swiftmodule/arm64_32-apple-watchos.swiftmodule /Users/admin/builder/spi-builder-workspace/.derivedData/Build/Intermediates.noindex/PureMVC.build/Debug-watchos/PureMVC-t.build/Objects-normal/arm64_32/PureMVC.swiftmodule (in target 'PureMVC' from project 'PureMVC')
    cd /Users/admin/builder/spi-builder-workspace/.dependencies/checkouts/puremvc-swift-multicore-framework
    builtin-copy -exclude .DS_Store -exclude CVS -exclude .svn -exclude .git -exclude .hg -resolve-src-symlinks -rename /Users/admin/builder/spi-builder-workspace/.derivedData/Build/Intermediates.noindex/PureMVC.build/Debug-watchos/PureMVC-t.build/Objects-normal/arm64_32/PureMVC.swiftmodule /Users/admin/builder/spi-builder-workspace/.derivedData/Build/Products/Debug-watchos/PureMVC.swiftmodule/arm64_32-apple-watchos.swiftmodule
SwiftDriverJobDiscovery normal arm64 Compiling Notification.swift, Notifier.swift (in target 'PureMVC' from project 'PureMVC')
Copy /Users/admin/builder/spi-builder-workspace/.derivedData/Build/Products/Debug-watchos/PureMVC.swiftmodule/arm64_32-apple-watchos.swiftdoc /Users/admin/builder/spi-builder-workspace/.derivedData/Build/Intermediates.noindex/PureMVC.build/Debug-watchos/PureMVC-t.build/Objects-normal/arm64_32/PureMVC.swiftdoc (in target 'PureMVC' from project 'PureMVC')
    cd /Users/admin/builder/spi-builder-workspace/.dependencies/checkouts/puremvc-swift-multicore-framework
    builtin-copy -exclude .DS_Store -exclude CVS -exclude .svn -exclude .git -exclude .hg -resolve-src-symlinks -rename /Users/admin/builder/spi-builder-workspace/.derivedData/Build/Intermediates.noindex/PureMVC.build/Debug-watchos/PureMVC-t.build/Objects-normal/arm64_32/PureMVC.swiftdoc /Users/admin/builder/spi-builder-workspace/.derivedData/Build/Products/Debug-watchos/PureMVC.swiftmodule/arm64_32-apple-watchos.swiftdoc
Copy /Users/admin/builder/spi-builder-workspace/.derivedData/Build/Products/Debug-watchos/PureMVC.swiftmodule/arm64_32-apple-watchos.abi.json /Users/admin/builder/spi-builder-workspace/.derivedData/Build/Intermediates.noindex/PureMVC.build/Debug-watchos/PureMVC-t.build/Objects-normal/arm64_32/PureMVC.abi.json (in target 'PureMVC' from project 'PureMVC')
    cd /Users/admin/builder/spi-builder-workspace/.dependencies/checkouts/puremvc-swift-multicore-framework
    builtin-copy -exclude .DS_Store -exclude CVS -exclude .svn -exclude .git -exclude .hg -resolve-src-symlinks -rename /Users/admin/builder/spi-builder-workspace/.derivedData/Build/Intermediates.noindex/PureMVC.build/Debug-watchos/PureMVC-t.build/Objects-normal/arm64_32/PureMVC.abi.json /Users/admin/builder/spi-builder-workspace/.derivedData/Build/Products/Debug-watchos/PureMVC.swiftmodule/arm64_32-apple-watchos.abi.json
Copy /Users/admin/builder/spi-builder-workspace/.derivedData/Build/Products/Debug-watchos/PureMVC.swiftmodule/Project/arm64_32-apple-watchos.swiftsourceinfo /Users/admin/builder/spi-builder-workspace/.derivedData/Build/Intermediates.noindex/PureMVC.build/Debug-watchos/PureMVC-t.build/Objects-normal/arm64_32/PureMVC.swiftsourceinfo (in target 'PureMVC' from project 'PureMVC')
    cd /Users/admin/builder/spi-builder-workspace/.dependencies/checkouts/puremvc-swift-multicore-framework
    builtin-copy -exclude .DS_Store -exclude CVS -exclude .svn -exclude .git -exclude .hg -resolve-src-symlinks -rename /Users/admin/builder/spi-builder-workspace/.derivedData/Build/Intermediates.noindex/PureMVC.build/Debug-watchos/PureMVC-t.build/Objects-normal/arm64_32/PureMVC.swiftsourceinfo /Users/admin/builder/spi-builder-workspace/.derivedData/Build/Products/Debug-watchos/PureMVC.swiftmodule/Project/arm64_32-apple-watchos.swiftsourceinfo
SwiftCompile normal arm64_32 Compiling\ IModel.swift,\ INotification.swift /Users/admin/builder/spi-builder-workspace/.dependencies/checkouts/puremvc-swift-multicore-framework/Sources/PureMVC/interfaces/IModel.swift /Users/admin/builder/spi-builder-workspace/.dependencies/checkouts/puremvc-swift-multicore-framework/Sources/PureMVC/interfaces/INotification.swift (in target 'PureMVC' from project 'PureMVC')
SwiftCompile normal arm64_32 /Users/admin/builder/spi-builder-workspace/.dependencies/checkouts/puremvc-swift-multicore-framework/Sources/PureMVC/interfaces/IModel.swift (in target 'PureMVC' from project 'PureMVC')
    cd /Users/admin/builder/spi-builder-workspace/.swiftpm/xcode
    builtin-SwiftPerFileCompile IModel.swift
SwiftCompile normal arm64_32 /Users/admin/builder/spi-builder-workspace/.dependencies/checkouts/puremvc-swift-multicore-framework/Sources/PureMVC/interfaces/INotification.swift (in target 'PureMVC' from project 'PureMVC')
    cd /Users/admin/builder/spi-builder-workspace/.swiftpm/xcode
    builtin-SwiftPerFileCompile INotification.swift
SwiftCompile normal arm64_32 Compiling\ Facade.swift,\ Mediator.swift /Users/admin/builder/spi-builder-workspace/.dependencies/checkouts/puremvc-swift-multicore-framework/Sources/PureMVC/patterns/facade/Facade.swift /Users/admin/builder/spi-builder-workspace/.dependencies/checkouts/puremvc-swift-multicore-framework/Sources/PureMVC/patterns/mediator/Mediator.swift (in target 'PureMVC' from project 'PureMVC')
SwiftCompile normal arm64_32 /Users/admin/builder/spi-builder-workspace/.dependencies/checkouts/puremvc-swift-multicore-framework/Sources/PureMVC/patterns/facade/Facade.swift (in target 'PureMVC' from project 'PureMVC')
    cd /Users/admin/builder/spi-builder-workspace/.swiftpm/xcode
    builtin-SwiftPerFileCompile Facade.swift
SwiftCompile normal arm64_32 /Users/admin/builder/spi-builder-workspace/.dependencies/checkouts/puremvc-swift-multicore-framework/Sources/PureMVC/patterns/mediator/Mediator.swift (in target 'PureMVC' from project 'PureMVC')
    cd /Users/admin/builder/spi-builder-workspace/.swiftpm/xcode
    builtin-SwiftPerFileCompile Mediator.swift
SwiftDriverJobDiscovery normal arm64 Compiling ICommand.swift, IController.swift (in target 'PureMVC' from project 'PureMVC')
SwiftCompile normal arm64_32 Compiling\ MacroCommand.swift,\ SimpleCommand.swift /Users/admin/builder/spi-builder-workspace/.dependencies/checkouts/puremvc-swift-multicore-framework/Sources/PureMVC/patterns/command/MacroCommand.swift /Users/admin/builder/spi-builder-workspace/.dependencies/checkouts/puremvc-swift-multicore-framework/Sources/PureMVC/patterns/command/SimpleCommand.swift (in target 'PureMVC' from project 'PureMVC')
SwiftCompile normal arm64_32 /Users/admin/builder/spi-builder-workspace/.dependencies/checkouts/puremvc-swift-multicore-framework/Sources/PureMVC/patterns/command/MacroCommand.swift (in target 'PureMVC' from project 'PureMVC')
    cd /Users/admin/builder/spi-builder-workspace/.swiftpm/xcode
    builtin-SwiftPerFileCompile MacroCommand.swift
SwiftCompile normal arm64_32 /Users/admin/builder/spi-builder-workspace/.dependencies/checkouts/puremvc-swift-multicore-framework/Sources/PureMVC/patterns/command/SimpleCommand.swift (in target 'PureMVC' from project 'PureMVC')
    cd /Users/admin/builder/spi-builder-workspace/.swiftpm/xcode
    builtin-SwiftPerFileCompile SimpleCommand.swift
SwiftDriverJobDiscovery normal arm64_32 Compiling ICommand.swift, IController.swift (in target 'PureMVC' from project 'PureMVC')
SwiftCompile normal arm64_32 Compiling\ Observer.swift,\ Proxy.swift /Users/admin/builder/spi-builder-workspace/.dependencies/checkouts/puremvc-swift-multicore-framework/Sources/PureMVC/patterns/observer/Observer.swift /Users/admin/builder/spi-builder-workspace/.dependencies/checkouts/puremvc-swift-multicore-framework/Sources/PureMVC/patterns/proxy/Proxy.swift (in target 'PureMVC' from project 'PureMVC')
SwiftCompile normal arm64_32 /Users/admin/builder/spi-builder-workspace/.dependencies/checkouts/puremvc-swift-multicore-framework/Sources/PureMVC/patterns/observer/Observer.swift (in target 'PureMVC' from project 'PureMVC')
    cd /Users/admin/builder/spi-builder-workspace/.swiftpm/xcode
    builtin-SwiftPerFileCompile Observer.swift
SwiftCompile normal arm64_32 /Users/admin/builder/spi-builder-workspace/.dependencies/checkouts/puremvc-swift-multicore-framework/Sources/PureMVC/patterns/proxy/Proxy.swift (in target 'PureMVC' from project 'PureMVC')
    cd /Users/admin/builder/spi-builder-workspace/.swiftpm/xcode
    builtin-SwiftPerFileCompile Proxy.swift
SwiftDriverJobDiscovery normal arm64_32 Compiling INotifier.swift, IObserver.swift (in target 'PureMVC' from project 'PureMVC')
SwiftCompile normal arm64_32 Compiling\ IProxy.swift,\ IView.swift /Users/admin/builder/spi-builder-workspace/.dependencies/checkouts/puremvc-swift-multicore-framework/Sources/PureMVC/interfaces/IProxy.swift /Users/admin/builder/spi-builder-workspace/.dependencies/checkouts/puremvc-swift-multicore-framework/Sources/PureMVC/interfaces/IView.swift (in target 'PureMVC' from project 'PureMVC')
SwiftCompile normal arm64_32 /Users/admin/builder/spi-builder-workspace/.dependencies/checkouts/puremvc-swift-multicore-framework/Sources/PureMVC/interfaces/IProxy.swift (in target 'PureMVC' from project 'PureMVC')
    cd /Users/admin/builder/spi-builder-workspace/.swiftpm/xcode
    builtin-SwiftPerFileCompile IProxy.swift
SwiftCompile normal arm64_32 /Users/admin/builder/spi-builder-workspace/.dependencies/checkouts/puremvc-swift-multicore-framework/Sources/PureMVC/interfaces/IView.swift (in target 'PureMVC' from project 'PureMVC')
    cd /Users/admin/builder/spi-builder-workspace/.swiftpm/xcode
    builtin-SwiftPerFileCompile IView.swift
SwiftDriverJobDiscovery normal arm64_32 Compiling IModel.swift, INotification.swift (in target 'PureMVC' from project 'PureMVC')
SwiftDriverJobDiscovery normal arm64_32 Compiling IFacade.swift, IMediator.swift (in target 'PureMVC' from project 'PureMVC')
SwiftDriver Pipes normal arm64 com.apple.xcode.tools.swift.compiler (in target 'Pipes' from project 'Pipes')
    cd /Users/admin/builder/spi-builder-workspace/.swiftpm/xcode
    builtin-SwiftDriver -- /Applications/Xcode-27.0.0-Release.Candidate.app/Contents/Developer/Toolchains/XcodeDefault.xctoolchain/usr/bin/swiftc -parse-as-library -module-name Pipes -Onone @/Users/admin/builder/spi-builder-workspace/.derivedData/Build/Intermediates.noindex/Pipes.build/Debug-watchos/Pipes-t.build/Objects-normal/arm64/Pipes.SwiftFileList -DSWIFT_PACKAGE -DDEBUG -DSWIFT_MODULE_RESOURCE_BUNDLE_UNAVAILABLE -DXcode -plugin-path /Applications/Xcode-27.0.0-Release.Candidate.app/Contents/Developer/Toolchains/XcodeDefault.xctoolchain/usr/lib/swift/host/plugins/testing -enable-experimental-feature DebugDescriptionMacro -sdk /Applications/Xcode-27.0.0-Release.Candidate.app/Contents/Developer/Platforms/WatchOS.platform/Developer/SDKs/WatchOS27.0.sdk -target arm64-apple-watchos9.0 -g -module-cache-path /Users/admin/builder/spi-builder-workspace/.derivedData/ModuleCache.noindex -Xfrontend -serialize-debugging-options -profile-coverage-mapping -profile-generate -enable-testing -index-store-path /Users/admin/builder/spi-builder-workspace/.derivedData/Index.noindex/DataStore -Xcc -D_LIBCPP_HARDENING_MODE\=_LIBCPP_HARDENING_MODE_DEBUG -swift-version 5 -I /Users/admin/builder/spi-builder-workspace/.derivedData/Build/Products/Debug-watchos -Isystem /Applications/Xcode-27.0.0-Release.Candidate.app/Contents/Developer/Platforms/WatchOS.platform/Developer/usr/lib -F /Users/admin/builder/spi-builder-workspace/.derivedData/Build/Products/Debug-watchos/PackageFrameworks -F /Users/admin/builder/spi-builder-workspace/.derivedData/Build/Products/Debug-watchos -F /Applications/Xcode-27.0.0-Release.Candidate.app/Contents/Developer/Platforms/WatchOS.platform/Developer/Library/Frameworks -F /Applications/Xcode-27.0.0-Release.Candidate.app/Contents/Developer/Platforms/WatchOS.platform/Developer/SDKs/WatchOS27.0.sdk/Developer/Library/Frameworks -c -j10 -enable-batch-mode -incremental -Xcc -ivfsstatcache -Xcc /Users/admin/builder/spi-builder-workspace/.derivedData/SDKStatCaches.noindex/watchos27.0-24R360-e829b21a6f8c9b70876ba0858053c04477534ef55a1706bf4c1112bbb242f0a2.sdkstatcache -output-file-map /Users/admin/builder/spi-builder-workspace/.derivedData/Build/Intermediates.noindex/Pipes.build/Debug-watchos/Pipes-t.build/Objects-normal/arm64/Pipes-OutputFileMap.json -save-temps -no-color-diagnostics -explicit-module-build -module-cache-path /Users/admin/builder/spi-builder-workspace/.derivedData/Build/Intermediates.noindex/SwiftExplicitPrecompiledModules -clang-scanner-module-cache-path /Users/admin/builder/spi-builder-workspace/.derivedData/ModuleCache.noindex -sdk-module-cache-path /Users/admin/builder/spi-builder-workspace/.derivedData/SDKExplicitPrecompiledModules -emit-dependencies -emit-module -emit-module-path /Users/admin/builder/spi-builder-workspace/.derivedData/Build/Intermediates.noindex/Pipes.build/Debug-watchos/Pipes-t.build/Objects-normal/arm64/Pipes.swiftmodule -serialize-diagnostics -dependency-scan-serialize-diagnostics-path /Users/admin/builder/spi-builder-workspace/.derivedData/Build/Intermediates.noindex/Pipes.build/Debug-watchos/Pipes-t.build/Objects-normal/arm64/Pipes-dependency-scan.dia -validate-clang-modules-once -clang-build-session-file /Users/admin/builder/spi-builder-workspace/.derivedData/ModuleCache.noindex/Session.modulevalidation -Xcc -fmodules-prune-interval\=86400 -Xcc -fmodules-prune-after\=345600 -emit-const-values -const-gather-protocols-list /Users/admin/builder/spi-builder-workspace/.derivedData/Build/Intermediates.noindex/Pipes.build/Debug-watchos/Pipes-t.build/Objects-normal/arm64/Pipes_const_extract_protocols.json -Xcc -I/Users/admin/builder/spi-builder-workspace/.derivedData/Build/Products/Debug-watchos/include -Xcc -I/Users/admin/builder/spi-builder-workspace/.derivedData/Build/Intermediates.noindex/Pipes.build/Debug-watchos/Pipes-t.build/DerivedSources-normal/arm64 -Xcc -I/Users/admin/builder/spi-builder-workspace/.derivedData/Build/Intermediates.noindex/Pipes.build/Debug-watchos/Pipes-t.build/DerivedSources/arm64 -Xcc -I/Users/admin/builder/spi-builder-workspace/.derivedData/Build/Intermediates.noindex/Pipes.build/Debug-watchos/Pipes-t.build/DerivedSources -Xcc -DSWIFT_PACKAGE -Xcc -DDEBUG\=1 -emit-objc-header -emit-objc-header-path /Users/admin/builder/spi-builder-workspace/.derivedData/Build/Intermediates.noindex/Pipes.build/Debug-watchos/Pipes-t.build/Objects-normal/arm64/Pipes-Swift.h -working-directory /Users/admin/builder/spi-builder-workspace/.swiftpm/xcode -experimental-emit-module-separately -disable-cmo
SwiftDriver Pipes normal arm64_32 com.apple.xcode.tools.swift.compiler (in target 'Pipes' from project 'Pipes')
    cd /Users/admin/builder/spi-builder-workspace/.swiftpm/xcode
    builtin-SwiftDriver -- /Applications/Xcode-27.0.0-Release.Candidate.app/Contents/Developer/Toolchains/XcodeDefault.xctoolchain/usr/bin/swiftc -parse-as-library -module-name Pipes -Onone @/Users/admin/builder/spi-builder-workspace/.derivedData/Build/Intermediates.noindex/Pipes.build/Debug-watchos/Pipes-t.build/Objects-normal/arm64_32/Pipes.SwiftFileList -DSWIFT_PACKAGE -DDEBUG -DSWIFT_MODULE_RESOURCE_BUNDLE_UNAVAILABLE -DXcode -plugin-path /Applications/Xcode-27.0.0-Release.Candidate.app/Contents/Developer/Toolchains/XcodeDefault.xctoolchain/usr/lib/swift/host/plugins/testing -enable-experimental-feature DebugDescriptionMacro -sdk /Applications/Xcode-27.0.0-Release.Candidate.app/Contents/Developer/Platforms/WatchOS.platform/Developer/SDKs/WatchOS27.0.sdk -target arm64_32-apple-watchos9.0 -g -module-cache-path /Users/admin/builder/spi-builder-workspace/.derivedData/ModuleCache.noindex -Xfrontend -serialize-debugging-options -profile-coverage-mapping -profile-generate -enable-testing -index-store-path /Users/admin/builder/spi-builder-workspace/.derivedData/Index.noindex/DataStore -Xcc -D_LIBCPP_HARDENING_MODE\=_LIBCPP_HARDENING_MODE_DEBUG -swift-version 5 -I /Users/admin/builder/spi-builder-workspace/.derivedData/Build/Products/Debug-watchos -Isystem /Applications/Xcode-27.0.0-Release.Candidate.app/Contents/Developer/Platforms/WatchOS.platform/Developer/usr/lib -F /Users/admin/builder/spi-builder-workspace/.derivedData/Build/Products/Debug-watchos/PackageFrameworks -F /Users/admin/builder/spi-builder-workspace/.derivedData/Build/Products/Debug-watchos -F /Applications/Xcode-27.0.0-Release.Candidate.app/Contents/Developer/Platforms/WatchOS.platform/Developer/Library/Frameworks -F /Applications/Xcode-27.0.0-Release.Candidate.app/Contents/Developer/Platforms/WatchOS.platform/Developer/SDKs/WatchOS27.0.sdk/Developer/Library/Frameworks -c -j10 -enable-batch-mode -incremental -Xcc -ivfsstatcache -Xcc /Users/admin/builder/spi-builder-workspace/.derivedData/SDKStatCaches.noindex/watchos27.0-24R360-e829b21a6f8c9b70876ba0858053c04477534ef55a1706bf4c1112bbb242f0a2.sdkstatcache -output-file-map /Users/admin/builder/spi-builder-workspace/.derivedData/Build/Intermediates.noindex/Pipes.build/Debug-watchos/Pipes-t.build/Objects-normal/arm64_32/Pipes-OutputFileMap.json -save-temps -no-color-diagnostics -explicit-module-build -module-cache-path /Users/admin/builder/spi-builder-workspace/.derivedData/Build/Intermediates.noindex/SwiftExplicitPrecompiledModules -clang-scanner-module-cache-path /Users/admin/builder/spi-builder-workspace/.derivedData/ModuleCache.noindex -sdk-module-cache-path /Users/admin/builder/spi-builder-workspace/.derivedData/SDKExplicitPrecompiledModules -emit-dependencies -emit-module -emit-module-path /Users/admin/builder/spi-builder-workspace/.derivedData/Build/Intermediates.noindex/Pipes.build/Debug-watchos/Pipes-t.build/Objects-normal/arm64_32/Pipes.swiftmodule -serialize-diagnostics -dependency-scan-serialize-diagnostics-path /Users/admin/builder/spi-builder-workspace/.derivedData/Build/Intermediates.noindex/Pipes.build/Debug-watchos/Pipes-t.build/Objects-normal/arm64_32/Pipes-dependency-scan.dia -validate-clang-modules-once -clang-build-session-file /Users/admin/builder/spi-builder-workspace/.derivedData/ModuleCache.noindex/Session.modulevalidation -Xcc -fmodules-prune-interval\=86400 -Xcc -fmodules-prune-after\=345600 -emit-const-values -const-gather-protocols-list /Users/admin/builder/spi-builder-workspace/.derivedData/Build/Intermediates.noindex/Pipes.build/Debug-watchos/Pipes-t.build/Objects-normal/arm64_32/Pipes_const_extract_protocols.json -Xcc -I/Users/admin/builder/spi-builder-workspace/.derivedData/Build/Products/Debug-watchos/include -Xcc -I/Users/admin/builder/spi-builder-workspace/.derivedData/Build/Intermediates.noindex/Pipes.build/Debug-watchos/Pipes-t.build/DerivedSources-normal/arm64_32 -Xcc -I/Users/admin/builder/spi-builder-workspace/.derivedData/Build/Intermediates.noindex/Pipes.build/Debug-watchos/Pipes-t.build/DerivedSources/arm64_32 -Xcc -I/Users/admin/builder/spi-builder-workspace/.derivedData/Build/Intermediates.noindex/Pipes.build/Debug-watchos/Pipes-t.build/DerivedSources -Xcc -DSWIFT_PACKAGE -Xcc -DDEBUG\=1 -emit-objc-header -emit-objc-header-path /Users/admin/builder/spi-builder-workspace/.derivedData/Build/Intermediates.noindex/Pipes.build/Debug-watchos/Pipes-t.build/Objects-normal/arm64_32/Pipes-Swift.h -working-directory /Users/admin/builder/spi-builder-workspace/.swiftpm/xcode -experimental-emit-module-separately -disable-cmo
SwiftDriverJobDiscovery normal arm64_32 Compiling Observer.swift, Proxy.swift (in target 'PureMVC' from project 'PureMVC')
SwiftDriverJobDiscovery normal arm64_32 Compiling Notification.swift, Notifier.swift (in target 'PureMVC' from project 'PureMVC')
SwiftDriverJobDiscovery normal arm64_32 Compiling IProxy.swift, IView.swift (in target 'PureMVC' from project 'PureMVC')
SwiftDriverJobDiscovery normal arm64_32 Compiling MacroCommand.swift, SimpleCommand.swift (in target 'PureMVC' from project 'PureMVC')
SwiftEmitModule normal arm64_32 Emitting\ module\ for\ Pipes (in target 'Pipes' from project 'Pipes')
/Users/admin/builder/spi-builder-workspace/Sources/Pipes/org/puremvc/swift/multicore/utilities/pipes/plumbing/JunctionMediator.swift:26:21: error: argument labels for initializer 'init(mediatorName:viewComponent:)' do not match those of overridden initializer 'init(name:view:)'
24 |
25 |     /// Constructor.
26 |     public override init(mediatorName: String?, viewComponent: AnyObject?) {
   |                     `- error: argument labels for initializer 'init(mediatorName:viewComponent:)' do not match those of overridden initializer 'init(name:view:)'
27 |         super.init(mediatorName: mediatorName, viewComponent: viewComponent)
28 |     }
Failed frontend command:
/Applications/Xcode-27.0.0-Release.Candidate.app/Contents/Developer/Toolchains/XcodeDefault.xctoolchain/usr/bin/swift-frontend -frontend -emit-module -experimental-skip-non-inlinable-function-bodies-without-types /Users/admin/builder/spi-builder-workspace/Sources/Pipes/org/puremvc/swift/multicore/utilities/pipes/interfaces/IPipeAware.swift /Users/admin/builder/spi-builder-workspace/Sources/Pipes/org/puremvc/swift/multicore/utilities/pipes/interfaces/IPipeFitting.swift /Users/admin/builder/spi-builder-workspace/Sources/Pipes/org/puremvc/swift/multicore/utilities/pipes/interfaces/IPipeMessage.swift /Users/admin/builder/spi-builder-workspace/Sources/Pipes/org/puremvc/swift/multicore/utilities/pipes/messages/FilterControlMessage.swift /Users/admin/builder/spi-builder-workspace/Sources/Pipes/org/puremvc/swift/multicore/utilities/pipes/messages/Message.swift /Users/admin/builder/spi-builder-workspace/Sources/Pipes/org/puremvc/swift/multicore/utilities/pipes/messages/QueueControlMessage.swift /Users/admin/builder/spi-builder-workspace/Sources/Pipes/org/puremvc/swift/multicore/utilities/pipes/plumbing/Filter.swift /Users/admin/builder/spi-builder-workspace/Sources/Pipes/org/puremvc/swift/multicore/utilities/pipes/plumbing/Junction.swift /Users/admin/builder/spi-builder-workspace/Sources/Pipes/org/puremvc/swift/multicore/utilities/pipes/plumbing/JunctionMediator.swift /Users/admin/builder/spi-builder-workspace/Sources/Pipes/org/puremvc/swift/multicore/utilities/pipes/plumbing/Pipe.swift /Users/admin/builder/spi-builder-workspace/Sources/Pipes/org/puremvc/swift/multicore/utilities/pipes/plumbing/PipeListener.swift /Users/admin/builder/spi-builder-workspace/Sources/Pipes/org/puremvc/swift/multicore/utilities/pipes/plumbing/Queue.swift /Users/admin/builder/spi-builder-workspace/Sources/Pipes/org/puremvc/swift/multicore/utilities/pipes/plumbing/TeeMerge.swift /Users/admin/builder/spi-builder-workspace/Sources/Pipes/org/puremvc/swift/multicore/utilities/pipes/plumbing/TeeSplit.swift -target arm64_32-apple-watchos9.0 -disable-cross-import-overlay-search -load-resolved-plugin /Applications/Xcode-27.0.0-Release.Candidate.app/Contents/Developer/Platforms/WatchOS.platform/Developer/usr/lib/swift/host/plugins/libFoundationMacros.dylib\#/Applications/Xcode-27.0.0-Release.Candidate.app/Contents/Developer/Platforms/WatchOS.platform/Developer/usr/bin/swift-plugin-server\#FoundationMacros -load-resolved-plugin /Applications/Xcode-27.0.0-Release.Candidate.app/Contents/Developer/Platforms/WatchOS.platform/Developer/usr/lib/swift/host/plugins/libObservationMacros.dylib\#/Applications/Xcode-27.0.0-Release.Candidate.app/Contents/Developer/Platforms/WatchOS.platform/Developer/usr/bin/swift-plugin-server\#ObservationMacros -load-resolved-plugin /Applications/Xcode-27.0.0-Release.Candidate.app/Contents/Developer/Platforms/WatchOS.platform/Developer/usr/lib/swift/host/plugins/libSwiftMacros.dylib\#/Applications/Xcode-27.0.0-Release.Candidate.app/Contents/Developer/Platforms/WatchOS.platform/Developer/usr/bin/swift-plugin-server\#SwiftMacros -disable-implicit-swift-modules -Xcc -fno-implicit-modules -Xcc -fno-implicit-module-maps -explicit-swift-module-map-file /Users/admin/builder/spi-builder-workspace/.derivedData/Build/Intermediates.noindex/Pipes.build/Debug-watchos/Pipes-t.build/Objects-normal/arm64_32/Pipes-dependencies-1.json -enable-objc-interop -sdk /Applications/Xcode-27.0.0-Release.Candidate.app/Contents/Developer/Platforms/WatchOS.platform/Developer/SDKs/WatchOS27.0.sdk -I /Users/admin/builder/spi-builder-workspace/.derivedData/Build/Products/Debug-watchos -Isystem /Applications/Xcode-27.0.0-Release.Candidate.app/Contents/Developer/Platforms/WatchOS.platform/Developer/usr/lib -F /Users/admin/builder/spi-builder-workspace/.derivedData/Build/Products/Debug-watchos/PackageFrameworks -F /Users/admin/builder/spi-builder-workspace/.derivedData/Build/Products/Debug-watchos -F /Applications/Xcode-27.0.0-Release.Candidate.app/Contents/Developer/Platforms/WatchOS.platform/Developer/Library/Frameworks -F /Applications/Xcode-27.0.0-Release.Candidate.app/Contents/Developer/Platforms/WatchOS.platform/Developer/SDKs/WatchOS27.0.sdk/Developer/Library/Frameworks -module-cache-path /Users/admin/builder/spi-builder-workspace/.derivedData/Build/Intermediates.noindex/SwiftExplicitPrecompiledModules -no-color-diagnostics -Xcc -fno-color-diagnostics -enable-testing -g -debug-info-format\=dwarf -dwarf-version\=4 -profile-generate -profile-coverage-mapping -swift-version 5 -Onone -D SWIFT_PACKAGE -D DEBUG -D SWIFT_MODULE_RESOURCE_BUNDLE_UNAVAILABLE -D Xcode -serialize-debugging-options -enable-experimental-feature DebugDescriptionMacro -empty-abi-descriptor -validate-clang-modules-once -clang-build-session-file /Users/admin/builder/spi-builder-workspace/.derivedData/ModuleCache.noindex/Session.modulevalidation -Xcc -working-directory -Xcc /Users/admin/builder/spi-builder-workspace/.swiftpm/xcode -enable-anonymous-context-mangled-names -file-compilation-dir /Users/admin/builder/spi-builder-workspace/.swiftpm/xcode -Xcc -D_LIBCPP_HARDENING_MODE\=_LIBCPP_HARDENING_MODE_DEBUG -Xcc -ivfsstatcache -Xcc /Users/admin/builder/spi-builder-workspace/.derivedData/SDKStatCaches.noindex/watchos27.0-24R360-e829b21a6f8c9b70876ba0858053c04477534ef55a1706bf4c1112bbb242f0a2.sdkstatcache -Xcc -fmodules-prune-interval\=86400 -Xcc -fmodules-prune-after\=345600 -Xcc -I/Users/admin/builder/spi-builder-workspace/.derivedData/Build/Products/Debug-watchos/include -Xcc -I/Users/admin/builder/spi-builder-workspace/.derivedData/Build/Intermediates.noindex/Pipes.build/Debug-watchos/Pipes-t.build/DerivedSources-normal/arm64_32 -Xcc -I/Users/admin/builder/spi-builder-workspace/.derivedData/Build/Intermediates.noindex/Pipes.build/Debug-watchos/Pipes-t.build/DerivedSources/arm64_32 -Xcc -I/Users/admin/builder/spi-builder-workspace/.derivedData/Build/Intermediates.noindex/Pipes.build/Debug-watchos/Pipes-t.build/DerivedSources -Xcc -DSWIFT_PACKAGE -Xcc -DDEBUG\=1 -no-auto-bridging-header-chaining -module-name Pipes -const-gather-protocols-file /Users/admin/builder/spi-builder-workspace/.derivedData/Build/Intermediates.noindex/Pipes.build/Debug-watchos/Pipes-t.build/Objects-normal/arm64_32/Pipes_const_extract_protocols.json -disable-clang-spi -clang-target arm64_32-apple-watchos27.0 -target-sdk-version 27.0 -target-sdk-name watchos27.0 -in-process-plugin-server-path /Applications/Xcode-27.0.0-Release.Candidate.app/Contents/Developer/Toolchains/XcodeDefault.xctoolchain/usr/lib/swift/host/libSwiftInProcPluginServer.dylib -emit-module-doc-path /Users/admin/builder/spi-builder-workspace/.derivedData/Build/Intermediates.noindex/Pipes.build/Debug-watchos/Pipes-t.build/Objects-normal/arm64_32/Pipes.swiftdoc -emit-module-source-info-path /Users/admin/builder/spi-builder-workspace/.derivedData/Build/Intermediates.noindex/Pipes.build/Debug-watchos/Pipes-t.build/Objects-normal/arm64_32/Pipes.swiftsourceinfo -emit-objc-header-path /Users/admin/builder/spi-builder-workspace/.derivedData/Build/Intermediates.noindex/Pipes.build/Debug-watchos/Pipes-t.build/Objects-normal/arm64_32/Pipes-Swift.h -serialize-diagnostics-path /Users/admin/builder/spi-builder-workspace/.derivedData/Build/Intermediates.noindex/Pipes.build/Debug-watchos/Pipes-t.build/Objects-normal/arm64_32/Pipes-primary-emit-module.dia -emit-dependencies-path /Users/admin/builder/spi-builder-workspace/.derivedData/Build/Intermediates.noindex/Pipes.build/Debug-watchos/Pipes-t.build/Objects-normal/arm64_32/Pipes-primary-emit-module.d -parse-as-library -o /Users/admin/builder/spi-builder-workspace/.derivedData/Build/Intermediates.noindex/Pipes.build/Debug-watchos/Pipes-t.build/Objects-normal/arm64_32/Pipes.swiftmodule -emit-abi-descriptor-path /Users/admin/builder/spi-builder-workspace/.derivedData/Build/Intermediates.noindex/Pipes.build/Debug-watchos/Pipes-t.build/Objects-normal/arm64_32/Pipes.abi.json
SwiftCompile normal arm64_32 (in target 'Pipes' from project 'Pipes')
    cd /Users/admin/builder/spi-builder-workspace/.swiftpm/xcode

SwiftCompile normal arm64_32 Compiling\ Filter.swift,\ Junction.swift /Users/admin/builder/spi-builder-workspace/Sources/Pipes/org/puremvc/swift/multicore/utilities/pipes/plumbing/Filter.swift /Users/admin/builder/spi-builder-workspace/Sources/Pipes/org/puremvc/swift/multicore/utilities/pipes/plumbing/Junction.swift (in target 'Pipes' from project 'Pipes')
SwiftCompile normal arm64_32 /Users/admin/builder/spi-builder-workspace/Sources/Pipes/org/puremvc/swift/multicore/utilities/pipes/plumbing/Filter.swift (in target 'Pipes' from project 'Pipes')
    cd /Users/admin/builder/spi-builder-workspace/.swiftpm/xcode
    builtin-SwiftPerFileCompile Filter.swift
SwiftCompile normal arm64_32 /Users/admin/builder/spi-builder-workspace/Sources/Pipes/org/puremvc/swift/multicore/utilities/pipes/plumbing/Junction.swift (in target 'Pipes' from project 'Pipes')
    cd /Users/admin/builder/spi-builder-workspace/.swiftpm/xcode
    builtin-SwiftPerFileCompile Junction.swift
SwiftCompile normal arm64_32 Compiling\ Message.swift,\ QueueControlMessage.swift /Users/admin/builder/spi-builder-workspace/Sources/Pipes/org/puremvc/swift/multicore/utilities/pipes/messages/Message.swift /Users/admin/builder/spi-builder-workspace/Sources/Pipes/org/puremvc/swift/multicore/utilities/pipes/messages/QueueControlMessage.swift (in target 'Pipes' from project 'Pipes')
SwiftCompile normal arm64_32 /Users/admin/builder/spi-builder-workspace/Sources/Pipes/org/puremvc/swift/multicore/utilities/pipes/messages/Message.swift (in target 'Pipes' from project 'Pipes')
    cd /Users/admin/builder/spi-builder-workspace/.swiftpm/xcode
    builtin-SwiftPerFileCompile Message.swift
SwiftCompile normal arm64_32 /Users/admin/builder/spi-builder-workspace/Sources/Pipes/org/puremvc/swift/multicore/utilities/pipes/messages/QueueControlMessage.swift (in target 'Pipes' from project 'Pipes')
    cd /Users/admin/builder/spi-builder-workspace/.swiftpm/xcode
    builtin-SwiftPerFileCompile QueueControlMessage.swift
SwiftCompile normal arm64 Compiling\ IPipeMessage.swift,\ FilterControlMessage.swift /Users/admin/builder/spi-builder-workspace/Sources/Pipes/org/puremvc/swift/multicore/utilities/pipes/interfaces/IPipeMessage.swift /Users/admin/builder/spi-builder-workspace/Sources/Pipes/org/puremvc/swift/multicore/utilities/pipes/messages/FilterControlMessage.swift (in target 'Pipes' from project 'Pipes')
SwiftCompile normal arm64 /Users/admin/builder/spi-builder-workspace/Sources/Pipes/org/puremvc/swift/multicore/utilities/pipes/interfaces/IPipeMessage.swift (in target 'Pipes' from project 'Pipes')
    cd /Users/admin/builder/spi-builder-workspace/.swiftpm/xcode
    builtin-SwiftPerFileCompile IPipeMessage.swift
SwiftCompile normal arm64 /Users/admin/builder/spi-builder-workspace/Sources/Pipes/org/puremvc/swift/multicore/utilities/pipes/messages/FilterControlMessage.swift (in target 'Pipes' from project 'Pipes')
    cd /Users/admin/builder/spi-builder-workspace/.swiftpm/xcode
    builtin-SwiftPerFileCompile FilterControlMessage.swift
SwiftEmitModule normal arm64 Emitting\ module\ for\ Pipes (in target 'Pipes' from project 'Pipes')
/Users/admin/builder/spi-builder-workspace/Sources/Pipes/org/puremvc/swift/multicore/utilities/pipes/plumbing/JunctionMediator.swift:26:21: error: argument labels for initializer 'init(mediatorName:viewComponent:)' do not match those of overridden initializer 'init(name:view:)'
24 |
25 |     /// Constructor.
26 |     public override init(mediatorName: String?, viewComponent: AnyObject?) {
   |                     `- error: argument labels for initializer 'init(mediatorName:viewComponent:)' do not match those of overridden initializer 'init(name:view:)'
27 |         super.init(mediatorName: mediatorName, viewComponent: viewComponent)
28 |     }
Failed frontend command:
/Applications/Xcode-27.0.0-Release.Candidate.app/Contents/Developer/Toolchains/XcodeDefault.xctoolchain/usr/bin/swift-frontend -frontend -emit-module -experimental-skip-non-inlinable-function-bodies-without-types /Users/admin/builder/spi-builder-workspace/Sources/Pipes/org/puremvc/swift/multicore/utilities/pipes/interfaces/IPipeAware.swift /Users/admin/builder/spi-builder-workspace/Sources/Pipes/org/puremvc/swift/multicore/utilities/pipes/interfaces/IPipeFitting.swift /Users/admin/builder/spi-builder-workspace/Sources/Pipes/org/puremvc/swift/multicore/utilities/pipes/interfaces/IPipeMessage.swift /Users/admin/builder/spi-builder-workspace/Sources/Pipes/org/puremvc/swift/multicore/utilities/pipes/messages/FilterControlMessage.swift /Users/admin/builder/spi-builder-workspace/Sources/Pipes/org/puremvc/swift/multicore/utilities/pipes/messages/Message.swift /Users/admin/builder/spi-builder-workspace/Sources/Pipes/org/puremvc/swift/multicore/utilities/pipes/messages/QueueControlMessage.swift /Users/admin/builder/spi-builder-workspace/Sources/Pipes/org/puremvc/swift/multicore/utilities/pipes/plumbing/Filter.swift /Users/admin/builder/spi-builder-workspace/Sources/Pipes/org/puremvc/swift/multicore/utilities/pipes/plumbing/Junction.swift /Users/admin/builder/spi-builder-workspace/Sources/Pipes/org/puremvc/swift/multicore/utilities/pipes/plumbing/JunctionMediator.swift /Users/admin/builder/spi-builder-workspace/Sources/Pipes/org/puremvc/swift/multicore/utilities/pipes/plumbing/Pipe.swift /Users/admin/builder/spi-builder-workspace/Sources/Pipes/org/puremvc/swift/multicore/utilities/pipes/plumbing/PipeListener.swift /Users/admin/builder/spi-builder-workspace/Sources/Pipes/org/puremvc/swift/multicore/utilities/pipes/plumbing/Queue.swift /Users/admin/builder/spi-builder-workspace/Sources/Pipes/org/puremvc/swift/multicore/utilities/pipes/plumbing/TeeMerge.swift /Users/admin/builder/spi-builder-workspace/Sources/Pipes/org/puremvc/swift/multicore/utilities/pipes/plumbing/TeeSplit.swift -target arm64-apple-watchos9.0 -disable-cross-import-overlay-search -load-resolved-plugin /Applications/Xcode-27.0.0-Release.Candidate.app/Contents/Developer/Platforms/WatchOS.platform/Developer/usr/lib/swift/host/plugins/libFoundationMacros.dylib\#/Applications/Xcode-27.0.0-Release.Candidate.app/Contents/Developer/Platforms/WatchOS.platform/Developer/usr/bin/swift-plugin-server\#FoundationMacros -load-resolved-plugin /Applications/Xcode-27.0.0-Release.Candidate.app/Contents/Developer/Platforms/WatchOS.platform/Developer/usr/lib/swift/host/plugins/libObservationMacros.dylib\#/Applications/Xcode-27.0.0-Release.Candidate.app/Contents/Developer/Platforms/WatchOS.platform/Developer/usr/bin/swift-plugin-server\#ObservationMacros -load-resolved-plugin /Applications/Xcode-27.0.0-Release.Candidate.app/Contents/Developer/Platforms/WatchOS.platform/Developer/usr/lib/swift/host/plugins/libSwiftMacros.dylib\#/Applications/Xcode-27.0.0-Release.Candidate.app/Contents/Developer/Platforms/WatchOS.platform/Developer/usr/bin/swift-plugin-server\#SwiftMacros -disable-implicit-swift-modules -Xcc -fno-implicit-modules -Xcc -fno-implicit-module-maps -explicit-swift-module-map-file /Users/admin/builder/spi-builder-workspace/.derivedData/Build/Intermediates.noindex/Pipes.build/Debug-watchos/Pipes-t.build/Objects-normal/arm64/Pipes-dependencies-2.json -Xllvm -aarch64-use-tbi -enable-objc-interop -stack-check -sdk /Applications/Xcode-27.0.0-Release.Candidate.app/Contents/Developer/Platforms/WatchOS.platform/Developer/SDKs/WatchOS27.0.sdk -I /Users/admin/builder/spi-builder-workspace/.derivedData/Build/Products/Debug-watchos -Isystem /Applications/Xcode-27.0.0-Release.Candidate.app/Contents/Developer/Platforms/WatchOS.platform/Developer/usr/lib -F /Users/admin/builder/spi-builder-workspace/.derivedData/Build/Products/Debug-watchos/PackageFrameworks -F /Users/admin/builder/spi-builder-workspace/.derivedData/Build/Products/Debug-watchos -F /Applications/Xcode-27.0.0-Release.Candidate.app/Contents/Developer/Platforms/WatchOS.platform/Developer/Library/Frameworks -F /Applications/Xcode-27.0.0-Release.Candidate.app/Contents/Developer/Platforms/WatchOS.platform/Developer/SDKs/WatchOS27.0.sdk/Developer/Library/Frameworks -module-cache-path /Users/admin/builder/spi-builder-workspace/.derivedData/Build/Intermediates.noindex/SwiftExplicitPrecompiledModules -no-color-diagnostics -Xcc -fno-color-diagnostics -enable-testing -g -debug-info-format\=dwarf -dwarf-version\=4 -profile-generate -profile-coverage-mapping -swift-version 5 -Onone -D SWIFT_PACKAGE -D DEBUG -D SWIFT_MODULE_RESOURCE_BUNDLE_UNAVAILABLE -D Xcode -serialize-debugging-options -enable-experimental-feature DebugDescriptionMacro -empty-abi-descriptor -validate-clang-modules-once -clang-build-session-file /Users/admin/builder/spi-builder-workspace/.derivedData/ModuleCache.noindex/Session.modulevalidation -Xcc -working-directory -Xcc /Users/admin/builder/spi-builder-workspace/.swiftpm/xcode -enable-anonymous-context-mangled-names -file-compilation-dir /Users/admin/builder/spi-builder-workspace/.swiftpm/xcode -Xcc -D_LIBCPP_HARDENING_MODE\=_LIBCPP_HARDENING_MODE_DEBUG -Xcc -ivfsstatcache -Xcc /Users/admin/builder/spi-builder-workspace/.derivedData/SDKStatCaches.noindex/watchos27.0-24R360-e829b21a6f8c9b70876ba0858053c04477534ef55a1706bf4c1112bbb242f0a2.sdkstatcache -Xcc -fmodules-prune-interval\=86400 -Xcc -fmodules-prune-after\=345600 -Xcc -I/Users/admin/builder/spi-builder-workspace/.derivedData/Build/Products/Debug-watchos/include -Xcc -I/Users/admin/builder/spi-builder-workspace/.derivedData/Build/Intermediates.noindex/Pipes.build/Debug-watchos/Pipes-t.build/DerivedSources-normal/arm64 -Xcc -I/Users/admin/builder/spi-builder-workspace/.derivedData/Build/Intermediates.noindex/Pipes.build/Debug-watchos/Pipes-t.build/DerivedSources/arm64 -Xcc -I/Users/admin/builder/spi-builder-workspace/.derivedData/Build/Intermediates.noindex/Pipes.build/Debug-watchos/Pipes-t.build/DerivedSources -Xcc -DSWIFT_PACKAGE -Xcc -DDEBUG\=1 -no-auto-bridging-header-chaining -module-name Pipes -const-gather-protocols-file /Users/admin/builder/spi-builder-workspace/.derivedData/Build/Intermediates.noindex/Pipes.build/Debug-watchos/Pipes-t.build/Objects-normal/arm64/Pipes_const_extract_protocols.json -disable-clang-spi -clang-target arm64-apple-watchos27.0 -target-sdk-version 27.0 -target-sdk-name watchos27.0 -in-process-plugin-server-path /Applications/Xcode-27.0.0-Release.Candidate.app/Contents/Developer/Toolchains/XcodeDefault.xctoolchain/usr/lib/swift/host/libSwiftInProcPluginServer.dylib -emit-module-doc-path /Users/admin/builder/spi-builder-workspace/.derivedData/Build/Intermediates.noindex/Pipes.build/Debug-watchos/Pipes-t.build/Objects-normal/arm64/Pipes.swiftdoc -emit-module-source-info-path /Users/admin/builder/spi-builder-workspace/.derivedData/Build/Intermediates.noindex/Pipes.build/Debug-watchos/Pipes-t.build/Objects-normal/arm64/Pipes.swiftsourceinfo -emit-objc-header-path /Users/admin/builder/spi-builder-workspace/.derivedData/Build/Intermediates.noindex/Pipes.build/Debug-watchos/Pipes-t.build/Objects-normal/arm64/Pipes-Swift.h -serialize-diagnostics-path /Users/admin/builder/spi-builder-workspace/.derivedData/Build/Intermediates.noindex/Pipes.build/Debug-watchos/Pipes-t.build/Objects-normal/arm64/Pipes-primary-emit-module.dia -emit-dependencies-path /Users/admin/builder/spi-builder-workspace/.derivedData/Build/Intermediates.noindex/Pipes.build/Debug-watchos/Pipes-t.build/Objects-normal/arm64/Pipes-primary-emit-module.d -parse-as-library -o /Users/admin/builder/spi-builder-workspace/.derivedData/Build/Intermediates.noindex/Pipes.build/Debug-watchos/Pipes-t.build/Objects-normal/arm64/Pipes.swiftmodule -emit-abi-descriptor-path /Users/admin/builder/spi-builder-workspace/.derivedData/Build/Intermediates.noindex/Pipes.build/Debug-watchos/Pipes-t.build/Objects-normal/arm64/Pipes.abi.json
SwiftCompile normal arm64 (in target 'Pipes' from project 'Pipes')
    cd /Users/admin/builder/spi-builder-workspace/.swiftpm/xcode

SwiftCompile normal arm64_32 Compiling\ PipeListener.swift /Users/admin/builder/spi-builder-workspace/Sources/Pipes/org/puremvc/swift/multicore/utilities/pipes/plumbing/PipeListener.swift (in target 'Pipes' from project 'Pipes')
SwiftCompile normal arm64_32 /Users/admin/builder/spi-builder-workspace/Sources/Pipes/org/puremvc/swift/multicore/utilities/pipes/plumbing/PipeListener.swift (in target 'Pipes' from project 'Pipes')
    cd /Users/admin/builder/spi-builder-workspace/.swiftpm/xcode
    builtin-SwiftPerFileCompile PipeListener.swift
SwiftCompile normal arm64 Compiling\ TeeMerge.swift /Users/admin/builder/spi-builder-workspace/Sources/Pipes/org/puremvc/swift/multicore/utilities/pipes/plumbing/TeeMerge.swift (in target 'Pipes' from project 'Pipes')
SwiftCompile normal arm64 /Users/admin/builder/spi-builder-workspace/Sources/Pipes/org/puremvc/swift/multicore/utilities/pipes/plumbing/TeeMerge.swift (in target 'Pipes' from project 'Pipes')
    cd /Users/admin/builder/spi-builder-workspace/.swiftpm/xcode
    builtin-SwiftPerFileCompile TeeMerge.swift
SwiftDriverJobDiscovery normal arm64_32 Compiling PipeListener.swift (in target 'Pipes' from project 'Pipes')
SwiftCompile normal arm64_32 Compiling\ TeeMerge.swift /Users/admin/builder/spi-builder-workspace/Sources/Pipes/org/puremvc/swift/multicore/utilities/pipes/plumbing/TeeMerge.swift (in target 'Pipes' from project 'Pipes')
SwiftCompile normal arm64_32 /Users/admin/builder/spi-builder-workspace/Sources/Pipes/org/puremvc/swift/multicore/utilities/pipes/plumbing/TeeMerge.swift (in target 'Pipes' from project 'Pipes')
    cd /Users/admin/builder/spi-builder-workspace/.swiftpm/xcode
    builtin-SwiftPerFileCompile TeeMerge.swift
PruneExplicitPrecompiledModules /Users/admin/builder/spi-builder-workspace/.derivedData/Build/Intermediates.noindex/SwiftExplicitPrecompiledModules
PruneExplicitPrecompiledModules /Users/admin/builder/spi-builder-workspace/.derivedData/SDKExplicitPrecompiledModules
PruneExplicitPrecompiledModules /Users/admin/builder/spi-builder-workspace/.derivedData/Build/Intermediates.noindex/ExplicitPrecompiledModules
2026-09-15 22:53:55.871 xcodebuild[948:5662] [MT] IDERunDestination: Supported platforms for the buildables in the current scheme is empty.
** BUILD FAILED **
The following build commands failed:
	SwiftEmitModule normal arm64_32 Emitting\ module\ for\ Pipes (in target 'Pipes' from project 'Pipes')
	SwiftCompile normal arm64_32 (in target 'Pipes' from project 'Pipes')
	SwiftEmitModule normal arm64 Emitting\ module\ for\ Pipes (in target 'Pipes' from project 'Pipes')
	SwiftCompile normal arm64 (in target 'Pipes' from project 'Pipes')
	Building workspace Pipes with scheme Pipes
(5 failures)
Command line invocation:
    /Applications/Xcode-27.0.0-Release.Candidate.app/Contents/Developer/usr/bin/xcodebuild -IDEClonedSourcePackagesDirPathOverride=/Users/admin/builder/spi-builder-workspace/.dependencies -resolvePackageDependencies
Resolve Package Graph
Resolved source packages:
  SymbolKit: https://github.com/swiftlang/swift-docc-symbolkit @ 1.0.0
  SwiftDocCPlugin: https://github.com/swiftlang/swift-docc-plugin @ 1.5.0
  Pipes: /Users/admin/builder/spi-builder-workspace
  PureMVC: https://github.com/PureMVC/puremvc-swift-multicore-framework @ 1.9.0
resolved source packages: SymbolKit, SwiftDocCPlugin, Pipes, PureMVC
2026-09-15 22:54:13.844 xcodebuild[1168:6915] [MT] IDERunDestination: Supported platforms for the buildables in the current scheme is empty.
{
  "dependencies" : [
    {
      "identity" : "puremvc-swift-multicore-framework",
      "requirement" : {
        "range" : [
          {
            "lower_bound" : "1.4.0",
            "upper_bound" : "2.0.0"
          }
        ]
      },
      "type" : "sourceControl",
      "url" : "https://github.com/PureMVC/puremvc-swift-multicore-framework"
    }
  ],
  "manifest_display_name" : "Pipes",
  "name" : "Pipes",
  "path" : "/Users/admin/builder/spi-builder-workspace",
  "platforms" : [
  ],
  "products" : [
    {
      "name" : "Pipes",
      "targets" : [
        "Pipes"
      ],
      "type" : {
        "library" : [
          "automatic"
        ]
      }
    }
  ],
  "targets" : [
    {
      "c99name" : "PipesTests",
      "module_type" : "SwiftTarget",
      "name" : "PipesTests",
      "path" : "Tests/PipesTests",
      "sources" : [
        "org/puremvc/swift/multicore/utilities/pipes/plumbing/FilterTest.swift",
        "org/puremvc/swift/multicore/utilities/pipes/plumbing/JunctionTest.swift",
        "org/puremvc/swift/multicore/utilities/pipes/plumbing/MessageTest.swift",
        "org/puremvc/swift/multicore/utilities/pipes/plumbing/PipeListenerTest.swift",
        "org/puremvc/swift/multicore/utilities/pipes/plumbing/PipeTest.swift",
        "org/puremvc/swift/multicore/utilities/pipes/plumbing/QueueTest.swift",
        "org/puremvc/swift/multicore/utilities/pipes/plumbing/TeeMergeTest.swift",
        "org/puremvc/swift/multicore/utilities/pipes/plumbing/TeeSplitTest.swift"
      ],
      "target_dependencies" : [
        "Pipes"
      ],
      "type" : "test"
    },
    {
      "c99name" : "Pipes",
      "module_type" : "SwiftTarget",
      "name" : "Pipes",
      "path" : "Sources/Pipes",
      "product_dependencies" : [
        "PureMVC"
      ],
      "product_memberships" : [
        "Pipes"
      ],
      "sources" : [
        "org/puremvc/swift/multicore/utilities/pipes/interfaces/IPipeAware.swift",
        "org/puremvc/swift/multicore/utilities/pipes/interfaces/IPipeFitting.swift",
        "org/puremvc/swift/multicore/utilities/pipes/interfaces/IPipeMessage.swift",
        "org/puremvc/swift/multicore/utilities/pipes/messages/FilterControlMessage.swift",
        "org/puremvc/swift/multicore/utilities/pipes/messages/Message.swift",
        "org/puremvc/swift/multicore/utilities/pipes/messages/QueueControlMessage.swift",
        "org/puremvc/swift/multicore/utilities/pipes/plumbing/Filter.swift",
        "org/puremvc/swift/multicore/utilities/pipes/plumbing/Junction.swift",
        "org/puremvc/swift/multicore/utilities/pipes/plumbing/JunctionMediator.swift",
        "org/puremvc/swift/multicore/utilities/pipes/plumbing/Pipe.swift",
        "org/puremvc/swift/multicore/utilities/pipes/plumbing/PipeListener.swift",
        "org/puremvc/swift/multicore/utilities/pipes/plumbing/Queue.swift",
        "org/puremvc/swift/multicore/utilities/pipes/plumbing/TeeMerge.swift",
        "org/puremvc/swift/multicore/utilities/pipes/plumbing/TeeSplit.swift"
      ],
      "type" : "library"
    }
  ],
  "tools_version" : "5.1"
}
{
  "workspace" : {
    "name" : "Pipes",
    "schemes" : [
      "Pipes"
    ]
  }
}
2026-09-15 22:54:21.026 xcodebuild[1226:7303] [MT] IDERunDestination: Supported platforms for the buildables in the current scheme is empty.
Running build ...
env DEVELOPER_DIR=/Applications/Xcode-27.0.0-Release.Candidate.app xcrun xcodebuild -IDEClonedSourcePackagesDirPathOverride=$PWD/.dependencies -skipMacroValidation -skipPackagePluginValidation -derivedDataPath $PWD/.derivedData build -scheme Pipes -destination generic/platform=watchOS
Command line invocation:
    /Applications/Xcode-27.0.0-Release.Candidate.app/Contents/Developer/usr/bin/xcodebuild -IDEClonedSourcePackagesDirPathOverride=/Users/admin/builder/spi-builder-workspace/.dependencies -skipMacroValidation -skipPackagePluginValidation -derivedDataPath /Users/admin/builder/spi-builder-workspace/.derivedData build -scheme Pipes -destination generic/platform=watchOS
Resolve Package Graph
Resolved source packages:
  SwiftDocCPlugin: https://github.com/swiftlang/swift-docc-plugin @ 1.5.0
  SymbolKit: https://github.com/swiftlang/swift-docc-symbolkit @ 1.0.0
  Pipes: /Users/admin/builder/spi-builder-workspace
  PureMVC: https://github.com/PureMVC/puremvc-swift-multicore-framework @ 1.9.0
ComputePackagePrebuildTargetDependencyGraph
Prepare packages
CreateBuildRequest
SendProjectDescription
CreateBuildOperation
ComputeTargetDependencyGraph
note: Building targets in dependency order
note: Target dependency graph (4 targets)
    Target 'Pipes-product' in project 'Pipes'
        ➜ Explicit dependency on target 'Pipes' in project 'Pipes'
        ➜ Explicit dependency on target 'PureMVC-product' in project 'PureMVC'
    Target 'Pipes' in project 'Pipes'
        ➜ Explicit dependency on target 'PureMVC-product' in project 'PureMVC'
    Target 'PureMVC-product' in project 'PureMVC'
        ➜ Explicit dependency on target 'PureMVC' in project 'PureMVC'
    Target 'PureMVC' in project 'PureMVC' (no dependencies)
GatherProvisioningInputs
CreateBuildDescription
ClangStatCache /Applications/Xcode-27.0.0-Release.Candidate.app/Contents/Developer/Toolchains/XcodeDefault.xctoolchain/usr/bin/clang-stat-cache /Applications/Xcode-27.0.0-Release.Candidate.app/Contents/Developer/Platforms/WatchOS.platform/Developer/SDKs/WatchOS27.0.sdk /Users/admin/builder/spi-builder-workspace/.derivedData/SDKStatCaches.noindex/watchos27.0-24R360-e829b21a6f8c9b70876ba0858053c04477534ef55a1706bf4c1112bbb242f0a2.sdkstatcache
    cd /Users/admin/builder/spi-builder-workspace/.swiftpm/xcode
    /Applications/Xcode-27.0.0-Release.Candidate.app/Contents/Developer/Toolchains/XcodeDefault.xctoolchain/usr/bin/clang-stat-cache /Applications/Xcode-27.0.0-Release.Candidate.app/Contents/Developer/Platforms/WatchOS.platform/Developer/SDKs/WatchOS27.0.sdk -o /Users/admin/builder/spi-builder-workspace/.derivedData/SDKStatCaches.noindex/watchos27.0-24R360-e829b21a6f8c9b70876ba0858053c04477534ef55a1706bf4c1112bbb242f0a2.sdkstatcache
SwiftDriver Pipes normal arm64 com.apple.xcode.tools.swift.compiler (in target 'Pipes' from project 'Pipes')
    cd /Users/admin/builder/spi-builder-workspace/.swiftpm/xcode
    builtin-SwiftDriver -- /Applications/Xcode-27.0.0-Release.Candidate.app/Contents/Developer/Toolchains/XcodeDefault.xctoolchain/usr/bin/swiftc -parse-as-library -module-name Pipes -Onone @/Users/admin/builder/spi-builder-workspace/.derivedData/Build/Intermediates.noindex/Pipes.build/Debug-watchos/Pipes-t.build/Objects-normal/arm64/Pipes.SwiftFileList -DSWIFT_PACKAGE -DDEBUG -DSWIFT_MODULE_RESOURCE_BUNDLE_UNAVAILABLE -DXcode -plugin-path /Applications/Xcode-27.0.0-Release.Candidate.app/Contents/Developer/Toolchains/XcodeDefault.xctoolchain/usr/lib/swift/host/plugins/testing -enable-experimental-feature DebugDescriptionMacro -sdk /Applications/Xcode-27.0.0-Release.Candidate.app/Contents/Developer/Platforms/WatchOS.platform/Developer/SDKs/WatchOS27.0.sdk -target arm64-apple-watchos9.0 -g -module-cache-path /Users/admin/builder/spi-builder-workspace/.derivedData/ModuleCache.noindex -Xfrontend -serialize-debugging-options -profile-coverage-mapping -profile-generate -enable-testing -index-store-path /Users/admin/builder/spi-builder-workspace/.derivedData/Index.noindex/DataStore -Xcc -D_LIBCPP_HARDENING_MODE\=_LIBCPP_HARDENING_MODE_DEBUG -swift-version 5 -I /Users/admin/builder/spi-builder-workspace/.derivedData/Build/Products/Debug-watchos -Isystem /Applications/Xcode-27.0.0-Release.Candidate.app/Contents/Developer/Platforms/WatchOS.platform/Developer/usr/lib -F /Users/admin/builder/spi-builder-workspace/.derivedData/Build/Products/Debug-watchos/PackageFrameworks -F /Users/admin/builder/spi-builder-workspace/.derivedData/Build/Products/Debug-watchos -F /Applications/Xcode-27.0.0-Release.Candidate.app/Contents/Developer/Platforms/WatchOS.platform/Developer/Library/Frameworks -F /Applications/Xcode-27.0.0-Release.Candidate.app/Contents/Developer/Platforms/WatchOS.platform/Developer/SDKs/WatchOS27.0.sdk/Developer/Library/Frameworks -c -j10 -enable-batch-mode -incremental -Xcc -ivfsstatcache -Xcc /Users/admin/builder/spi-builder-workspace/.derivedData/SDKStatCaches.noindex/watchos27.0-24R360-e829b21a6f8c9b70876ba0858053c04477534ef55a1706bf4c1112bbb242f0a2.sdkstatcache -output-file-map /Users/admin/builder/spi-builder-workspace/.derivedData/Build/Intermediates.noindex/Pipes.build/Debug-watchos/Pipes-t.build/Objects-normal/arm64/Pipes-OutputFileMap.json -save-temps -no-color-diagnostics -explicit-module-build -module-cache-path /Users/admin/builder/spi-builder-workspace/.derivedData/Build/Intermediates.noindex/SwiftExplicitPrecompiledModules -clang-scanner-module-cache-path /Users/admin/builder/spi-builder-workspace/.derivedData/ModuleCache.noindex -sdk-module-cache-path /Users/admin/builder/spi-builder-workspace/.derivedData/SDKExplicitPrecompiledModules -emit-dependencies -emit-module -emit-module-path /Users/admin/builder/spi-builder-workspace/.derivedData/Build/Intermediates.noindex/Pipes.build/Debug-watchos/Pipes-t.build/Objects-normal/arm64/Pipes.swiftmodule -serialize-diagnostics -dependency-scan-serialize-diagnostics-path /Users/admin/builder/spi-builder-workspace/.derivedData/Build/Intermediates.noindex/Pipes.build/Debug-watchos/Pipes-t.build/Objects-normal/arm64/Pipes-dependency-scan.dia -validate-clang-modules-once -clang-build-session-file /Users/admin/builder/spi-builder-workspace/.derivedData/ModuleCache.noindex/Session.modulevalidation -Xcc -fmodules-prune-interval\=86400 -Xcc -fmodules-prune-after\=345600 -emit-const-values -const-gather-protocols-list /Users/admin/builder/spi-builder-workspace/.derivedData/Build/Intermediates.noindex/Pipes.build/Debug-watchos/Pipes-t.build/Objects-normal/arm64/Pipes_const_extract_protocols.json -Xcc -I/Users/admin/builder/spi-builder-workspace/.derivedData/Build/Products/Debug-watchos/include -Xcc -I/Users/admin/builder/spi-builder-workspace/.derivedData/Build/Intermediates.noindex/Pipes.build/Debug-watchos/Pipes-t.build/DerivedSources-normal/arm64 -Xcc -I/Users/admin/builder/spi-builder-workspace/.derivedData/Build/Intermediates.noindex/Pipes.build/Debug-watchos/Pipes-t.build/DerivedSources/arm64 -Xcc -I/Users/admin/builder/spi-builder-workspace/.derivedData/Build/Intermediates.noindex/Pipes.build/Debug-watchos/Pipes-t.build/DerivedSources -Xcc -DSWIFT_PACKAGE -Xcc -DDEBUG\=1 -emit-objc-header -emit-objc-header-path /Users/admin/builder/spi-builder-workspace/.derivedData/Build/Intermediates.noindex/Pipes.build/Debug-watchos/Pipes-t.build/Objects-normal/arm64/Pipes-Swift.h -working-directory /Users/admin/builder/spi-builder-workspace/.swiftpm/xcode -experimental-emit-module-separately -disable-cmo
SwiftDriver PureMVC normal arm64_32 com.apple.xcode.tools.swift.compiler (in target 'PureMVC' from project 'PureMVC')
    cd /Users/admin/builder/spi-builder-workspace/.swiftpm/xcode
    builtin-SwiftDriver -- /Applications/Xcode-27.0.0-Release.Candidate.app/Contents/Developer/Toolchains/XcodeDefault.xctoolchain/usr/bin/swiftc -parse-as-library -module-name PureMVC -Onone @/Users/admin/builder/spi-builder-workspace/.derivedData/Build/Intermediates.noindex/PureMVC.build/Debug-watchos/PureMVC-t.build/Objects-normal/arm64_32/PureMVC.SwiftFileList -DSWIFT_PACKAGE -DDEBUG -DSWIFT_MODULE_RESOURCE_BUNDLE_UNAVAILABLE -DXcode -plugin-path /Applications/Xcode-27.0.0-Release.Candidate.app/Contents/Developer/Toolchains/XcodeDefault.xctoolchain/usr/lib/swift/host/plugins/testing -enable-experimental-feature DebugDescriptionMacro -sdk /Applications/Xcode-27.0.0-Release.Candidate.app/Contents/Developer/Platforms/WatchOS.platform/Developer/SDKs/WatchOS27.0.sdk -target arm64_32-apple-watchos9.0 -g -module-cache-path /Users/admin/builder/spi-builder-workspace/.derivedData/ModuleCache.noindex -Xfrontend -serialize-debugging-options -profile-coverage-mapping -profile-generate -enable-testing -suppress-warnings -index-store-path /Users/admin/builder/spi-builder-workspace/.derivedData/Index.noindex/DataStore -Xcc -D_LIBCPP_HARDENING_MODE\=_LIBCPP_HARDENING_MODE_DEBUG -swift-version 5 -I /Users/admin/builder/spi-builder-workspace/.derivedData/Build/Products/Debug-watchos -Isystem /Applications/Xcode-27.0.0-Release.Candidate.app/Contents/Developer/Platforms/WatchOS.platform/Developer/usr/lib -F /Users/admin/builder/spi-builder-workspace/.derivedData/Build/Products/Debug-watchos -F /Applications/Xcode-27.0.0-Release.Candidate.app/Contents/Developer/Platforms/WatchOS.platform/Developer/Library/Frameworks -F /Applications/Xcode-27.0.0-Release.Candidate.app/Contents/Developer/Platforms/WatchOS.platform/Developer/SDKs/WatchOS27.0.sdk/Developer/Library/Frameworks -c -j10 -enable-batch-mode -incremental -Xcc -ivfsstatcache -Xcc /Users/admin/builder/spi-builder-workspace/.derivedData/SDKStatCaches.noindex/watchos27.0-24R360-e829b21a6f8c9b70876ba0858053c04477534ef55a1706bf4c1112bbb242f0a2.sdkstatcache -output-file-map /Users/admin/builder/spi-builder-workspace/.derivedData/Build/Intermediates.noindex/PureMVC.build/Debug-watchos/PureMVC-t.build/Objects-normal/arm64_32/PureMVC-OutputFileMap.json -save-temps -no-color-diagnostics -explicit-module-build -module-cache-path /Users/admin/builder/spi-builder-workspace/.derivedData/Build/Intermediates.noindex/SwiftExplicitPrecompiledModules -clang-scanner-module-cache-path /Users/admin/builder/spi-builder-workspace/.derivedData/ModuleCache.noindex -sdk-module-cache-path /Users/admin/builder/spi-builder-workspace/.derivedData/SDKExplicitPrecompiledModules -emit-dependencies -emit-module -emit-module-path /Users/admin/builder/spi-builder-workspace/.derivedData/Build/Intermediates.noindex/PureMVC.build/Debug-watchos/PureMVC-t.build/Objects-normal/arm64_32/PureMVC.swiftmodule -serialize-diagnostics -dependency-scan-serialize-diagnostics-path /Users/admin/builder/spi-builder-workspace/.derivedData/Build/Intermediates.noindex/PureMVC.build/Debug-watchos/PureMVC-t.build/Objects-normal/arm64_32/PureMVC-dependency-scan.dia -validate-clang-modules-once -clang-build-session-file /Users/admin/builder/spi-builder-workspace/.derivedData/ModuleCache.noindex/Session.modulevalidation -Xcc -fmodules-prune-interval\=86400 -Xcc -fmodules-prune-after\=345600 -emit-const-values -const-gather-protocols-list /Users/admin/builder/spi-builder-workspace/.derivedData/Build/Intermediates.noindex/PureMVC.build/Debug-watchos/PureMVC-t.build/Objects-normal/arm64_32/PureMVC_const_extract_protocols.json -Xcc -I/Users/admin/builder/spi-builder-workspace/.derivedData/Build/Products/Debug-watchos/include -Xcc -I/Users/admin/builder/spi-builder-workspace/.derivedData/Build/Intermediates.noindex/PureMVC.build/Debug-watchos/PureMVC-t.build/DerivedSources-normal/arm64_32 -Xcc -I/Users/admin/builder/spi-builder-workspace/.derivedData/Build/Intermediates.noindex/PureMVC.build/Debug-watchos/PureMVC-t.build/DerivedSources/arm64_32 -Xcc -I/Users/admin/builder/spi-builder-workspace/.derivedData/Build/Intermediates.noindex/PureMVC.build/Debug-watchos/PureMVC-t.build/DerivedSources -Xcc -DSWIFT_PACKAGE -Xcc -DDEBUG\=1 -emit-objc-header -emit-objc-header-path /Users/admin/builder/spi-builder-workspace/.derivedData/Build/Intermediates.noindex/PureMVC.build/Debug-watchos/PureMVC-t.build/Objects-normal/arm64_32/PureMVC-Swift.h -working-directory /Users/admin/builder/spi-builder-workspace/.swiftpm/xcode -experimental-emit-module-separately -disable-cmo
SwiftDriver PureMVC normal arm64 com.apple.xcode.tools.swift.compiler (in target 'PureMVC' from project 'PureMVC')
    cd /Users/admin/builder/spi-builder-workspace/.swiftpm/xcode
    builtin-SwiftDriver -- /Applications/Xcode-27.0.0-Release.Candidate.app/Contents/Developer/Toolchains/XcodeDefault.xctoolchain/usr/bin/swiftc -parse-as-library -module-name PureMVC -Onone @/Users/admin/builder/spi-builder-workspace/.derivedData/Build/Intermediates.noindex/PureMVC.build/Debug-watchos/PureMVC-t.build/Objects-normal/arm64/PureMVC.SwiftFileList -DSWIFT_PACKAGE -DDEBUG -DSWIFT_MODULE_RESOURCE_BUNDLE_UNAVAILABLE -DXcode -plugin-path /Applications/Xcode-27.0.0-Release.Candidate.app/Contents/Developer/Toolchains/XcodeDefault.xctoolchain/usr/lib/swift/host/plugins/testing -enable-experimental-feature DebugDescriptionMacro -sdk /Applications/Xcode-27.0.0-Release.Candidate.app/Contents/Developer/Platforms/WatchOS.platform/Developer/SDKs/WatchOS27.0.sdk -target arm64-apple-watchos9.0 -g -module-cache-path /Users/admin/builder/spi-builder-workspace/.derivedData/ModuleCache.noindex -Xfrontend -serialize-debugging-options -profile-coverage-mapping -profile-generate -enable-testing -suppress-warnings -index-store-path /Users/admin/builder/spi-builder-workspace/.derivedData/Index.noindex/DataStore -Xcc -D_LIBCPP_HARDENING_MODE\=_LIBCPP_HARDENING_MODE_DEBUG -swift-version 5 -I /Users/admin/builder/spi-builder-workspace/.derivedData/Build/Products/Debug-watchos -Isystem /Applications/Xcode-27.0.0-Release.Candidate.app/Contents/Developer/Platforms/WatchOS.platform/Developer/usr/lib -F /Users/admin/builder/spi-builder-workspace/.derivedData/Build/Products/Debug-watchos -F /Applications/Xcode-27.0.0-Release.Candidate.app/Contents/Developer/Platforms/WatchOS.platform/Developer/Library/Frameworks -F /Applications/Xcode-27.0.0-Release.Candidate.app/Contents/Developer/Platforms/WatchOS.platform/Developer/SDKs/WatchOS27.0.sdk/Developer/Library/Frameworks -c -j10 -enable-batch-mode -incremental -Xcc -ivfsstatcache -Xcc /Users/admin/builder/spi-builder-workspace/.derivedData/SDKStatCaches.noindex/watchos27.0-24R360-e829b21a6f8c9b70876ba0858053c04477534ef55a1706bf4c1112bbb242f0a2.sdkstatcache -output-file-map /Users/admin/builder/spi-builder-workspace/.derivedData/Build/Intermediates.noindex/PureMVC.build/Debug-watchos/PureMVC-t.build/Objects-normal/arm64/PureMVC-OutputFileMap.json -save-temps -no-color-diagnostics -explicit-module-build -module-cache-path /Users/admin/builder/spi-builder-workspace/.derivedData/Build/Intermediates.noindex/SwiftExplicitPrecompiledModules -clang-scanner-module-cache-path /Users/admin/builder/spi-builder-workspace/.derivedData/ModuleCache.noindex -sdk-module-cache-path /Users/admin/builder/spi-builder-workspace/.derivedData/SDKExplicitPrecompiledModules -emit-dependencies -emit-module -emit-module-path /Users/admin/builder/spi-builder-workspace/.derivedData/Build/Intermediates.noindex/PureMVC.build/Debug-watchos/PureMVC-t.build/Objects-normal/arm64/PureMVC.swiftmodule -serialize-diagnostics -dependency-scan-serialize-diagnostics-path /Users/admin/builder/spi-builder-workspace/.derivedData/Build/Intermediates.noindex/PureMVC.build/Debug-watchos/PureMVC-t.build/Objects-normal/arm64/PureMVC-dependency-scan.dia -validate-clang-modules-once -clang-build-session-file /Users/admin/builder/spi-builder-workspace/.derivedData/ModuleCache.noindex/Session.modulevalidation -Xcc -fmodules-prune-interval\=86400 -Xcc -fmodules-prune-after\=345600 -emit-const-values -const-gather-protocols-list /Users/admin/builder/spi-builder-workspace/.derivedData/Build/Intermediates.noindex/PureMVC.build/Debug-watchos/PureMVC-t.build/Objects-normal/arm64/PureMVC_const_extract_protocols.json -Xcc -I/Users/admin/builder/spi-builder-workspace/.derivedData/Build/Products/Debug-watchos/include -Xcc -I/Users/admin/builder/spi-builder-workspace/.derivedData/Build/Intermediates.noindex/PureMVC.build/Debug-watchos/PureMVC-t.build/DerivedSources-normal/arm64 -Xcc -I/Users/admin/builder/spi-builder-workspace/.derivedData/Build/Intermediates.noindex/PureMVC.build/Debug-watchos/PureMVC-t.build/DerivedSources/arm64 -Xcc -I/Users/admin/builder/spi-builder-workspace/.derivedData/Build/Intermediates.noindex/PureMVC.build/Debug-watchos/PureMVC-t.build/DerivedSources -Xcc -DSWIFT_PACKAGE -Xcc -DDEBUG\=1 -emit-objc-header -emit-objc-header-path /Users/admin/builder/spi-builder-workspace/.derivedData/Build/Intermediates.noindex/PureMVC.build/Debug-watchos/PureMVC-t.build/Objects-normal/arm64/PureMVC-Swift.h -working-directory /Users/admin/builder/spi-builder-workspace/.swiftpm/xcode -experimental-emit-module-separately -disable-cmo
SwiftDriver Pipes normal arm64_32 com.apple.xcode.tools.swift.compiler (in target 'Pipes' from project 'Pipes')
    cd /Users/admin/builder/spi-builder-workspace/.swiftpm/xcode
    builtin-SwiftDriver -- /Applications/Xcode-27.0.0-Release.Candidate.app/Contents/Developer/Toolchains/XcodeDefault.xctoolchain/usr/bin/swiftc -parse-as-library -module-name Pipes -Onone @/Users/admin/builder/spi-builder-workspace/.derivedData/Build/Intermediates.noindex/Pipes.build/Debug-watchos/Pipes-t.build/Objects-normal/arm64_32/Pipes.SwiftFileList -DSWIFT_PACKAGE -DDEBUG -DSWIFT_MODULE_RESOURCE_BUNDLE_UNAVAILABLE -DXcode -plugin-path /Applications/Xcode-27.0.0-Release.Candidate.app/Contents/Developer/Toolchains/XcodeDefault.xctoolchain/usr/lib/swift/host/plugins/testing -enable-experimental-feature DebugDescriptionMacro -sdk /Applications/Xcode-27.0.0-Release.Candidate.app/Contents/Developer/Platforms/WatchOS.platform/Developer/SDKs/WatchOS27.0.sdk -target arm64_32-apple-watchos9.0 -g -module-cache-path /Users/admin/builder/spi-builder-workspace/.derivedData/ModuleCache.noindex -Xfrontend -serialize-debugging-options -profile-coverage-mapping -profile-generate -enable-testing -index-store-path /Users/admin/builder/spi-builder-workspace/.derivedData/Index.noindex/DataStore -Xcc -D_LIBCPP_HARDENING_MODE\=_LIBCPP_HARDENING_MODE_DEBUG -swift-version 5 -I /Users/admin/builder/spi-builder-workspace/.derivedData/Build/Products/Debug-watchos -Isystem /Applications/Xcode-27.0.0-Release.Candidate.app/Contents/Developer/Platforms/WatchOS.platform/Developer/usr/lib -F /Users/admin/builder/spi-builder-workspace/.derivedData/Build/Products/Debug-watchos/PackageFrameworks -F /Users/admin/builder/spi-builder-workspace/.derivedData/Build/Products/Debug-watchos -F /Applications/Xcode-27.0.0-Release.Candidate.app/Contents/Developer/Platforms/WatchOS.platform/Developer/Library/Frameworks -F /Applications/Xcode-27.0.0-Release.Candidate.app/Contents/Developer/Platforms/WatchOS.platform/Developer/SDKs/WatchOS27.0.sdk/Developer/Library/Frameworks -c -j10 -enable-batch-mode -incremental -Xcc -ivfsstatcache -Xcc /Users/admin/builder/spi-builder-workspace/.derivedData/SDKStatCaches.noindex/watchos27.0-24R360-e829b21a6f8c9b70876ba0858053c04477534ef55a1706bf4c1112bbb242f0a2.sdkstatcache -output-file-map /Users/admin/builder/spi-builder-workspace/.derivedData/Build/Intermediates.noindex/Pipes.build/Debug-watchos/Pipes-t.build/Objects-normal/arm64_32/Pipes-OutputFileMap.json -save-temps -no-color-diagnostics -explicit-module-build -module-cache-path /Users/admin/builder/spi-builder-workspace/.derivedData/Build/Intermediates.noindex/SwiftExplicitPrecompiledModules -clang-scanner-module-cache-path /Users/admin/builder/spi-builder-workspace/.derivedData/ModuleCache.noindex -sdk-module-cache-path /Users/admin/builder/spi-builder-workspace/.derivedData/SDKExplicitPrecompiledModules -emit-dependencies -emit-module -emit-module-path /Users/admin/builder/spi-builder-workspace/.derivedData/Build/Intermediates.noindex/Pipes.build/Debug-watchos/Pipes-t.build/Objects-normal/arm64_32/Pipes.swiftmodule -serialize-diagnostics -dependency-scan-serialize-diagnostics-path /Users/admin/builder/spi-builder-workspace/.derivedData/Build/Intermediates.noindex/Pipes.build/Debug-watchos/Pipes-t.build/Objects-normal/arm64_32/Pipes-dependency-scan.dia -validate-clang-modules-once -clang-build-session-file /Users/admin/builder/spi-builder-workspace/.derivedData/ModuleCache.noindex/Session.modulevalidation -Xcc -fmodules-prune-interval\=86400 -Xcc -fmodules-prune-after\=345600 -emit-const-values -const-gather-protocols-list /Users/admin/builder/spi-builder-workspace/.derivedData/Build/Intermediates.noindex/Pipes.build/Debug-watchos/Pipes-t.build/Objects-normal/arm64_32/Pipes_const_extract_protocols.json -Xcc -I/Users/admin/builder/spi-builder-workspace/.derivedData/Build/Products/Debug-watchos/include -Xcc -I/Users/admin/builder/spi-builder-workspace/.derivedData/Build/Intermediates.noindex/Pipes.build/Debug-watchos/Pipes-t.build/DerivedSources-normal/arm64_32 -Xcc -I/Users/admin/builder/spi-builder-workspace/.derivedData/Build/Intermediates.noindex/Pipes.build/Debug-watchos/Pipes-t.build/DerivedSources/arm64_32 -Xcc -I/Users/admin/builder/spi-builder-workspace/.derivedData/Build/Intermediates.noindex/Pipes.build/Debug-watchos/Pipes-t.build/DerivedSources -Xcc -DSWIFT_PACKAGE -Xcc -DDEBUG\=1 -emit-objc-header -emit-objc-header-path /Users/admin/builder/spi-builder-workspace/.derivedData/Build/Intermediates.noindex/Pipes.build/Debug-watchos/Pipes-t.build/Objects-normal/arm64_32/Pipes-Swift.h -working-directory /Users/admin/builder/spi-builder-workspace/.swiftpm/xcode -experimental-emit-module-separately -disable-cmo
SwiftEmitModule normal arm64_32 Emitting\ module\ for\ PureMVC (in target 'PureMVC' from project 'PureMVC')
SwiftCompile normal arm64_32 (in target 'PureMVC' from project 'PureMVC')
    cd /Users/admin/builder/spi-builder-workspace/.swiftpm/xcode

SwiftCompile normal arm64_32 Compiling\ Controller.swift /Users/admin/builder/spi-builder-workspace/.dependencies/checkouts/puremvc-swift-multicore-framework/Sources/PureMVC/core/Controller.swift (in target 'PureMVC' from project 'PureMVC')
SwiftCompile normal arm64_32 /Users/admin/builder/spi-builder-workspace/.dependencies/checkouts/puremvc-swift-multicore-framework/Sources/PureMVC/core/Controller.swift (in target 'PureMVC' from project 'PureMVC')
    cd /Users/admin/builder/spi-builder-workspace/.swiftpm/xcode
    builtin-SwiftPerFileCompile Controller.swift
SwiftCompile normal arm64 Compiling\ Controller.swift /Users/admin/builder/spi-builder-workspace/.dependencies/checkouts/puremvc-swift-multicore-framework/Sources/PureMVC/core/Controller.swift (in target 'PureMVC' from project 'PureMVC')
SwiftCompile normal arm64 /Users/admin/builder/spi-builder-workspace/.dependencies/checkouts/puremvc-swift-multicore-framework/Sources/PureMVC/core/Controller.swift (in target 'PureMVC' from project 'PureMVC')
    cd /Users/admin/builder/spi-builder-workspace/.swiftpm/xcode
    builtin-SwiftPerFileCompile Controller.swift
SwiftCompile normal arm64_32 Compiling\ View.swift /Users/admin/builder/spi-builder-workspace/.dependencies/checkouts/puremvc-swift-multicore-framework/Sources/PureMVC/core/View.swift (in target 'PureMVC' from project 'PureMVC')
SwiftCompile normal arm64_32 /Users/admin/builder/spi-builder-workspace/.dependencies/checkouts/puremvc-swift-multicore-framework/Sources/PureMVC/core/View.swift (in target 'PureMVC' from project 'PureMVC')
    cd /Users/admin/builder/spi-builder-workspace/.swiftpm/xcode
    builtin-SwiftPerFileCompile View.swift
SwiftCompile normal arm64 Compiling\ View.swift /Users/admin/builder/spi-builder-workspace/.dependencies/checkouts/puremvc-swift-multicore-framework/Sources/PureMVC/core/View.swift (in target 'PureMVC' from project 'PureMVC')
SwiftCompile normal arm64 /Users/admin/builder/spi-builder-workspace/.dependencies/checkouts/puremvc-swift-multicore-framework/Sources/PureMVC/core/View.swift (in target 'PureMVC' from project 'PureMVC')
    cd /Users/admin/builder/spi-builder-workspace/.swiftpm/xcode
    builtin-SwiftPerFileCompile View.swift
SwiftCompile normal arm64 Compiling\ Model.swift /Users/admin/builder/spi-builder-workspace/.dependencies/checkouts/puremvc-swift-multicore-framework/Sources/PureMVC/core/Model.swift (in target 'PureMVC' from project 'PureMVC')
SwiftCompile normal arm64 /Users/admin/builder/spi-builder-workspace/.dependencies/checkouts/puremvc-swift-multicore-framework/Sources/PureMVC/core/Model.swift (in target 'PureMVC' from project 'PureMVC')
    cd /Users/admin/builder/spi-builder-workspace/.swiftpm/xcode
    builtin-SwiftPerFileCompile Model.swift
SwiftCompile normal arm64_32 Compiling\ Model.swift /Users/admin/builder/spi-builder-workspace/.dependencies/checkouts/puremvc-swift-multicore-framework/Sources/PureMVC/core/Model.swift (in target 'PureMVC' from project 'PureMVC')
SwiftCompile normal arm64_32 /Users/admin/builder/spi-builder-workspace/.dependencies/checkouts/puremvc-swift-multicore-framework/Sources/PureMVC/core/Model.swift (in target 'PureMVC' from project 'PureMVC')
    cd /Users/admin/builder/spi-builder-workspace/.swiftpm/xcode
    builtin-SwiftPerFileCompile Model.swift
SwiftCompile normal arm64 Compiling\ Facade.swift /Users/admin/builder/spi-builder-workspace/.dependencies/checkouts/puremvc-swift-multicore-framework/Sources/PureMVC/patterns/facade/Facade.swift (in target 'PureMVC' from project 'PureMVC')
SwiftCompile normal arm64 /Users/admin/builder/spi-builder-workspace/.dependencies/checkouts/puremvc-swift-multicore-framework/Sources/PureMVC/patterns/facade/Facade.swift (in target 'PureMVC' from project 'PureMVC')
    cd /Users/admin/builder/spi-builder-workspace/.swiftpm/xcode
    builtin-SwiftPerFileCompile Facade.swift
SwiftEmitModule normal arm64 Emitting\ module\ for\ PureMVC (in target 'PureMVC' from project 'PureMVC')
SwiftCompile normal arm64 (in target 'PureMVC' from project 'PureMVC')
    cd /Users/admin/builder/spi-builder-workspace/.swiftpm/xcode

SwiftCompile normal arm64_32 Compiling\ Facade.swift /Users/admin/builder/spi-builder-workspace/.dependencies/checkouts/puremvc-swift-multicore-framework/Sources/PureMVC/patterns/facade/Facade.swift (in target 'PureMVC' from project 'PureMVC')
SwiftCompile normal arm64_32 /Users/admin/builder/spi-builder-workspace/.dependencies/checkouts/puremvc-swift-multicore-framework/Sources/PureMVC/patterns/facade/Facade.swift (in target 'PureMVC' from project 'PureMVC')
    cd /Users/admin/builder/spi-builder-workspace/.swiftpm/xcode
    builtin-SwiftPerFileCompile Facade.swift
SwiftEmitModule normal arm64 Emitting\ module\ for\ Pipes (in target 'Pipes' from project 'Pipes')
/Users/admin/builder/spi-builder-workspace/Sources/Pipes/org/puremvc/swift/multicore/utilities/pipes/plumbing/JunctionMediator.swift:26:21: error: argument labels for initializer 'init(mediatorName:viewComponent:)' do not match those of overridden initializer 'init(name:view:)'
24 |
25 |     /// Constructor.
26 |     public override init(mediatorName: String?, viewComponent: AnyObject?) {
   |                     `- error: argument labels for initializer 'init(mediatorName:viewComponent:)' do not match those of overridden initializer 'init(name:view:)'
27 |         super.init(mediatorName: mediatorName, viewComponent: viewComponent)
28 |     }
Failed frontend command:
/Applications/Xcode-27.0.0-Release.Candidate.app/Contents/Developer/Toolchains/XcodeDefault.xctoolchain/usr/bin/swift-frontend -frontend -emit-module -experimental-skip-non-inlinable-function-bodies-without-types /Users/admin/builder/spi-builder-workspace/Sources/Pipes/org/puremvc/swift/multicore/utilities/pipes/interfaces/IPipeAware.swift /Users/admin/builder/spi-builder-workspace/Sources/Pipes/org/puremvc/swift/multicore/utilities/pipes/interfaces/IPipeFitting.swift /Users/admin/builder/spi-builder-workspace/Sources/Pipes/org/puremvc/swift/multicore/utilities/pipes/interfaces/IPipeMessage.swift /Users/admin/builder/spi-builder-workspace/Sources/Pipes/org/puremvc/swift/multicore/utilities/pipes/messages/FilterControlMessage.swift /Users/admin/builder/spi-builder-workspace/Sources/Pipes/org/puremvc/swift/multicore/utilities/pipes/messages/Message.swift /Users/admin/builder/spi-builder-workspace/Sources/Pipes/org/puremvc/swift/multicore/utilities/pipes/messages/QueueControlMessage.swift /Users/admin/builder/spi-builder-workspace/Sources/Pipes/org/puremvc/swift/multicore/utilities/pipes/plumbing/Filter.swift /Users/admin/builder/spi-builder-workspace/Sources/Pipes/org/puremvc/swift/multicore/utilities/pipes/plumbing/Junction.swift /Users/admin/builder/spi-builder-workspace/Sources/Pipes/org/puremvc/swift/multicore/utilities/pipes/plumbing/JunctionMediator.swift /Users/admin/builder/spi-builder-workspace/Sources/Pipes/org/puremvc/swift/multicore/utilities/pipes/plumbing/Pipe.swift /Users/admin/builder/spi-builder-workspace/Sources/Pipes/org/puremvc/swift/multicore/utilities/pipes/plumbing/PipeListener.swift /Users/admin/builder/spi-builder-workspace/Sources/Pipes/org/puremvc/swift/multicore/utilities/pipes/plumbing/Queue.swift /Users/admin/builder/spi-builder-workspace/Sources/Pipes/org/puremvc/swift/multicore/utilities/pipes/plumbing/TeeMerge.swift /Users/admin/builder/spi-builder-workspace/Sources/Pipes/org/puremvc/swift/multicore/utilities/pipes/plumbing/TeeSplit.swift -target arm64-apple-watchos9.0 -disable-cross-import-overlay-search -load-resolved-plugin /Applications/Xcode-27.0.0-Release.Candidate.app/Contents/Developer/Platforms/WatchOS.platform/Developer/usr/lib/swift/host/plugins/libFoundationMacros.dylib\#/Applications/Xcode-27.0.0-Release.Candidate.app/Contents/Developer/Platforms/WatchOS.platform/Developer/usr/bin/swift-plugin-server\#FoundationMacros -load-resolved-plugin /Applications/Xcode-27.0.0-Release.Candidate.app/Contents/Developer/Platforms/WatchOS.platform/Developer/usr/lib/swift/host/plugins/libObservationMacros.dylib\#/Applications/Xcode-27.0.0-Release.Candidate.app/Contents/Developer/Platforms/WatchOS.platform/Developer/usr/bin/swift-plugin-server\#ObservationMacros -load-resolved-plugin /Applications/Xcode-27.0.0-Release.Candidate.app/Contents/Developer/Platforms/WatchOS.platform/Developer/usr/lib/swift/host/plugins/libSwiftMacros.dylib\#/Applications/Xcode-27.0.0-Release.Candidate.app/Contents/Developer/Platforms/WatchOS.platform/Developer/usr/bin/swift-plugin-server\#SwiftMacros -disable-implicit-swift-modules -Xcc -fno-implicit-modules -Xcc -fno-implicit-module-maps -explicit-swift-module-map-file /Users/admin/builder/spi-builder-workspace/.derivedData/Build/Intermediates.noindex/Pipes.build/Debug-watchos/Pipes-t.build/Objects-normal/arm64/Pipes-dependencies-1.json -Xllvm -aarch64-use-tbi -enable-objc-interop -stack-check -sdk /Applications/Xcode-27.0.0-Release.Candidate.app/Contents/Developer/Platforms/WatchOS.platform/Developer/SDKs/WatchOS27.0.sdk -I /Users/admin/builder/spi-builder-workspace/.derivedData/Build/Products/Debug-watchos -Isystem /Applications/Xcode-27.0.0-Release.Candidate.app/Contents/Developer/Platforms/WatchOS.platform/Developer/usr/lib -F /Users/admin/builder/spi-builder-workspace/.derivedData/Build/Products/Debug-watchos/PackageFrameworks -F /Users/admin/builder/spi-builder-workspace/.derivedData/Build/Products/Debug-watchos -F /Applications/Xcode-27.0.0-Release.Candidate.app/Contents/Developer/Platforms/WatchOS.platform/Developer/Library/Frameworks -F /Applications/Xcode-27.0.0-Release.Candidate.app/Contents/Developer/Platforms/WatchOS.platform/Developer/SDKs/WatchOS27.0.sdk/Developer/Library/Frameworks -module-cache-path /Users/admin/builder/spi-builder-workspace/.derivedData/Build/Intermediates.noindex/SwiftExplicitPrecompiledModules -no-color-diagnostics -Xcc -fno-color-diagnostics -enable-testing -g -debug-info-format\=dwarf -dwarf-version\=4 -profile-generate -profile-coverage-mapping -swift-version 5 -Onone -D SWIFT_PACKAGE -D DEBUG -D SWIFT_MODULE_RESOURCE_BUNDLE_UNAVAILABLE -D Xcode -serialize-debugging-options -enable-experimental-feature DebugDescriptionMacro -empty-abi-descriptor -validate-clang-modules-once -clang-build-session-file /Users/admin/builder/spi-builder-workspace/.derivedData/ModuleCache.noindex/Session.modulevalidation -Xcc -working-directory -Xcc /Users/admin/builder/spi-builder-workspace/.swiftpm/xcode -enable-anonymous-context-mangled-names -file-compilation-dir /Users/admin/builder/spi-builder-workspace/.swiftpm/xcode -Xcc -D_LIBCPP_HARDENING_MODE\=_LIBCPP_HARDENING_MODE_DEBUG -Xcc -ivfsstatcache -Xcc /Users/admin/builder/spi-builder-workspace/.derivedData/SDKStatCaches.noindex/watchos27.0-24R360-e829b21a6f8c9b70876ba0858053c04477534ef55a1706bf4c1112bbb242f0a2.sdkstatcache -Xcc -fmodules-prune-interval\=86400 -Xcc -fmodules-prune-after\=345600 -Xcc -I/Users/admin/builder/spi-builder-workspace/.derivedData/Build/Products/Debug-watchos/include -Xcc -I/Users/admin/builder/spi-builder-workspace/.derivedData/Build/Intermediates.noindex/Pipes.build/Debug-watchos/Pipes-t.build/DerivedSources-normal/arm64 -Xcc -I/Users/admin/builder/spi-builder-workspace/.derivedData/Build/Intermediates.noindex/Pipes.build/Debug-watchos/Pipes-t.build/DerivedSources/arm64 -Xcc -I/Users/admin/builder/spi-builder-workspace/.derivedData/Build/Intermediates.noindex/Pipes.build/Debug-watchos/Pipes-t.build/DerivedSources -Xcc -DSWIFT_PACKAGE -Xcc -DDEBUG\=1 -no-auto-bridging-header-chaining -module-name Pipes -const-gather-protocols-file /Users/admin/builder/spi-builder-workspace/.derivedData/Build/Intermediates.noindex/Pipes.build/Debug-watchos/Pipes-t.build/Objects-normal/arm64/Pipes_const_extract_protocols.json -disable-clang-spi -clang-target arm64-apple-watchos27.0 -target-sdk-version 27.0 -target-sdk-name watchos27.0 -in-process-plugin-server-path /Applications/Xcode-27.0.0-Release.Candidate.app/Contents/Developer/Toolchains/XcodeDefault.xctoolchain/usr/lib/swift/host/libSwiftInProcPluginServer.dylib -emit-module-doc-path /Users/admin/builder/spi-builder-workspace/.derivedData/Build/Intermediates.noindex/Pipes.build/Debug-watchos/Pipes-t.build/Objects-normal/arm64/Pipes.swiftdoc -emit-module-source-info-path /Users/admin/builder/spi-builder-workspace/.derivedData/Build/Intermediates.noindex/Pipes.build/Debug-watchos/Pipes-t.build/Objects-normal/arm64/Pipes.swiftsourceinfo -emit-objc-header-path /Users/admin/builder/spi-builder-workspace/.derivedData/Build/Intermediates.noindex/Pipes.build/Debug-watchos/Pipes-t.build/Objects-normal/arm64/Pipes-Swift.h -serialize-diagnostics-path /Users/admin/builder/spi-builder-workspace/.derivedData/Build/Intermediates.noindex/Pipes.build/Debug-watchos/Pipes-t.build/Objects-normal/arm64/Pipes-primary-emit-module.dia -emit-dependencies-path /Users/admin/builder/spi-builder-workspace/.derivedData/Build/Intermediates.noindex/Pipes.build/Debug-watchos/Pipes-t.build/Objects-normal/arm64/Pipes-primary-emit-module.d -parse-as-library -o /Users/admin/builder/spi-builder-workspace/.derivedData/Build/Intermediates.noindex/Pipes.build/Debug-watchos/Pipes-t.build/Objects-normal/arm64/Pipes.swiftmodule -emit-abi-descriptor-path /Users/admin/builder/spi-builder-workspace/.derivedData/Build/Intermediates.noindex/Pipes.build/Debug-watchos/Pipes-t.build/Objects-normal/arm64/Pipes.abi.json
SwiftCompile normal arm64 (in target 'Pipes' from project 'Pipes')
    cd /Users/admin/builder/spi-builder-workspace/.swiftpm/xcode

SwiftEmitModule normal arm64_32 Emitting\ module\ for\ Pipes (in target 'Pipes' from project 'Pipes')
/Users/admin/builder/spi-builder-workspace/Sources/Pipes/org/puremvc/swift/multicore/utilities/pipes/plumbing/JunctionMediator.swift:26:21: error: argument labels for initializer 'init(mediatorName:viewComponent:)' do not match those of overridden initializer 'init(name:view:)'
24 |
25 |     /// Constructor.
26 |     public override init(mediatorName: String?, viewComponent: AnyObject?) {
   |                     `- error: argument labels for initializer 'init(mediatorName:viewComponent:)' do not match those of overridden initializer 'init(name:view:)'
27 |         super.init(mediatorName: mediatorName, viewComponent: viewComponent)
28 |     }
SwiftCompile normal arm64_32 (in target 'Pipes' from project 'Pipes')
    cd /Users/admin/builder/spi-builder-workspace/.swiftpm/xcode

SwiftCompile normal arm64 Compiling\ Mediator.swift /Users/admin/builder/spi-builder-workspace/.dependencies/checkouts/puremvc-swift-multicore-framework/Sources/PureMVC/patterns/mediator/Mediator.swift (in target 'PureMVC' from project 'PureMVC')
SwiftCompile normal arm64 /Users/admin/builder/spi-builder-workspace/.dependencies/checkouts/puremvc-swift-multicore-framework/Sources/PureMVC/patterns/mediator/Mediator.swift (in target 'PureMVC' from project 'PureMVC')
    cd /Users/admin/builder/spi-builder-workspace/.swiftpm/xcode
    builtin-SwiftPerFileCompile Mediator.swift
PruneExplicitPrecompiledModules /Users/admin/builder/spi-builder-workspace/.derivedData/Build/Intermediates.noindex/SwiftExplicitPrecompiledModules
PruneExplicitPrecompiledModules /Users/admin/builder/spi-builder-workspace/.derivedData/SDKExplicitPrecompiledModules
PruneExplicitPrecompiledModules /Users/admin/builder/spi-builder-workspace/.derivedData/Build/Intermediates.noindex/ExplicitPrecompiledModules
2026-09-15 22:54:27.950 xcodebuild[1277:7657] [MT] IDERunDestination: Supported platforms for the buildables in the current scheme is empty.
** BUILD FAILED **
The following build commands failed:
	SwiftEmitModule normal arm64 Emitting\ module\ for\ Pipes (in target 'Pipes' from project 'Pipes')
	SwiftCompile normal arm64 (in target 'Pipes' from project 'Pipes')
	Building workspace Pipes with scheme Pipes
(3 failures)
BUILD FAILURE 6.4 watchOS