Build Information
Failed to build SceneGen, reference 0.1.3 (0625f6), with Swift 6.4 for watchOS using Xcode 27.0 on 19 Sep 2026 20:11:52 UTC.
Build Command
No build command. This typically means the build failed at an early stage where we determine the build command.Build Log
========================================
RunAll
========================================
Builder version: 5.1.0
Interrupt handler set up.
========================================
Checkout
========================================
Clone URL: https://github.com/PadraigK/SceneGen.git
Reference: 0.1.3
Initialized empty Git repository in /Users/admin/builder/spi-builder-workspace/.git/
From https://github.com/PadraigK/SceneGen
* tag 0.1.3 -> FETCH_HEAD
HEAD is now at 0625f69 Merge branch 'main' of github.com:PadraigK/SceneGen
Cloned https://github.com/PadraigK/SceneGen.git
Revision (git rev-parse @):
0625f69ce013b6c893dd58dc9e4f0180345ea85e
SUCCESS checkout https://github.com/PadraigK/SceneGen.git at 0.1.3
========================================
Build
========================================
Selected platform: watchOS
Swift version: 6.4
Building package at path: $PWD
https://github.com/PadraigK/SceneGen.git
Command line invocation:
/Applications/Xcode-27.0.0-Release.Candidate.app/Contents/Developer/usr/bin/xcodebuild -IDEClonedSourcePackagesDirPathOverride=/Users/admin/builder/spi-builder-workspace/.dependencies -resolvePackageDependencies
Resolve Package Graph
Fetching from https://github.com/migueldeicaza/SwiftGodotKit
Fetching from https://github.com/migueldeicaza/SwiftGodot
Resolve Package Graph
Updating from https://github.com/migueldeicaza/SwiftGodotKit
Updating from https://github.com/migueldeicaza/SwiftGodot
Resolve Package Graph
Updating from https://github.com/migueldeicaza/SwiftGodotKit
Updating from https://github.com/migueldeicaza/SwiftGodot
Resolve Package Graph
Updating from https://github.com/migueldeicaza/SwiftGodotKit
Updating from https://github.com/migueldeicaza/SwiftGodot
Resolved source packages:
spi-builder-workspace: (null)
2026-09-19 16:11:49.842 xcodebuild[529:3025] Writing error result bundle to /var/folders/xq/y_g06wb113726d38xsyx71_h0000gn/T/ResultBundle_2026-19-09_16-11-0049.xcresult
xcodebuild: error: Could not resolve package dependencies:
Failed to resolve dependencies Dependencies could not be resolved because root depends on 'swift-syntax' 509.0.0..<510.0.0 and 'swiftgodot' depends on 'swift-syntax' 600.0.1..<601.0.0.
Command line invocation:
/Applications/Xcode-27.0.0-Release.Candidate.app/Contents/Developer/usr/bin/xcodebuild -IDEClonedSourcePackagesDirPathOverride=/Users/admin/builder/spi-builder-workspace/.dependencies -resolvePackageDependencies
Resolve Package Graph
Updating from https://github.com/migueldeicaza/SwiftGodotKit
Updating from https://github.com/migueldeicaza/SwiftGodot
Resolved source packages:
spi-builder-workspace: (null)
2026-09-19 16:11:52.118 xcodebuild[699:4050] Writing error result bundle to /var/folders/xq/y_g06wb113726d38xsyx71_h0000gn/T/ResultBundle_2026-19-09_16-11-0052.xcresult
xcodebuild: error: Could not resolve package dependencies:
Failed to resolve dependencies Dependencies could not be resolved because root depends on 'swift-syntax' 509.0.0..<510.0.0 and 'swiftgodot' depends on 'swift-syntax' 600.0.1..<601.0.0.
BUILD FAILURE 6.4 watchOS