The Swift Package Index logo.Swift Package Index

Build Information

Failed to build FileSmith, reference 0.3.0 (476472), with Swift 6.4 for visionOS using Xcode 27.0 on 16 Sep 2026 09:35:26 UTC.

Build Command

env DEVELOPER_DIR=/Applications/Xcode-27.0.0-Release.Candidate.app xcrun xcodebuild -IDEClonedSourcePackagesDirPathOverride=$PWD/.dependencies -skipMacroValidation -skipPackagePluginValidation -derivedDataPath $PWD/.derivedData build -scheme FileSmith -destination generic/platform=xrOS

Build Log

========================================
RunAll
========================================
Builder version: 5.1.0
Interrupt handler set up.
========================================
Checkout
========================================
Clone URL: https://github.com/kareman/FileSmith.git
Reference: 0.3.0
Initialized empty Git repository in /Users/admin/builder/spi-builder-workspace/.git/
From https://github.com/kareman/FileSmith
 * tag               0.3.0      -> FETCH_HEAD
HEAD is now at 4764727 Release version 0.3.0.
Cloned https://github.com/kareman/FileSmith.git
Revision (git rev-parse @):
476472740a38c64634b388f2b311ec518bfa3265
SUCCESS checkout https://github.com/kareman/FileSmith.git at 0.3.0
========================================
Build
========================================
Selected platform:         visionOS
Swift version:             6.4
Building package at path:  $PWD
https://github.com/kareman/FileSmith.git
Command line invocation:
    /Applications/Xcode-27.0.0-Release.Candidate.app/Contents/Developer/usr/bin/xcodebuild -IDEClonedSourcePackagesDirPathOverride=/Users/admin/builder/spi-builder-workspace/.dependencies -resolvePackageDependencies
resolved source packages:
{
  "dependencies" : [
    {
      "identity" : "swiftshell",
      "requirement" : {
        "range" : [
          {
            "lower_bound" : "5.0.1",
            "upper_bound" : "6.0.0"
          }
        ]
      },
      "type" : "sourceControl",
      "url" : "https://github.com/kareman/SwiftShell.git"
    }
  ],
  "manifest_display_name" : "FileSmith",
  "name" : "FileSmith",
  "path" : "/Users/admin/builder/spi-builder-workspace",
  "platforms" : [
  ],
  "products" : [
    {
      "name" : "FileSmith",
      "targets" : [
        "FileSmith"
      ],
      "type" : {
        "library" : [
          "automatic"
        ]
      }
    }
  ],
  "targets" : [
    {
      "c99name" : "FileSmithTests",
      "module_type" : "SwiftTarget",
      "name" : "FileSmithTests",
      "path" : "Tests/FileSmithTests",
      "sources" : [
        "DirectoryTests.swift",
        "FileTests.swift",
        "PathTests.swift",
        "TestHelpers.swift"
      ],
      "target_dependencies" : [
        "FileSmith"
      ],
      "type" : "test"
    },
    {
      "c99name" : "FileSmith",
      "module_type" : "SwiftTarget",
      "name" : "FileSmith",
      "path" : "Sources/FileSmith",
      "product_dependencies" : [
        "SwiftShell"
      ],
      "product_memberships" : [
        "FileSmith"
      ],
      "sources" : [
        "Attributes.swift",
        "Directory.swift",
        "Errors.swift",
        "File.swift",
        "General.swift",
        "Paths.swift",
        "SymbolicLinks.swift"
      ],
      "type" : "library"
    }
  ],
  "tools_version" : "5.0"
}
{
  "project" : {
    "configurations" : [
      "Debug",
      "Release"
    ],
    "name" : "FileSmith",
    "schemes" : [
      "FileSmith-Package",
      "FileSmithPackageDescription",
      "FileSmithPackageTests"
    ],
    "targets" : [
      "FileSmith",
      "FileSmithPackageDescription",
      "FileSmithPackageTests",
      "FileSmithTests"
    ]
  }
}
{
  "workspace" : {
    "name" : "FileSmith",
    "schemes" : [
      "FileSmith",
      "SwiftShell"
    ]
  }
}
2026-09-16 05:35:13.816 xcodebuild[616:3849] [MT] IDERunDestination: Supported platforms for the buildables in the current scheme is empty.
Running build ...
env DEVELOPER_DIR=/Applications/Xcode-27.0.0-Release.Candidate.app xcrun xcodebuild -IDEClonedSourcePackagesDirPathOverride=$PWD/.dependencies -skipMacroValidation -skipPackagePluginValidation -derivedDataPath $PWD/.derivedData build -scheme FileSmith -destination generic/platform=xrOS
Command line invocation:
    /Applications/Xcode-27.0.0-Release.Candidate.app/Contents/Developer/usr/bin/xcodebuild -IDEClonedSourcePackagesDirPathOverride=/Users/admin/builder/spi-builder-workspace/.dependencies -skipMacroValidation -skipPackagePluginValidation -derivedDataPath /Users/admin/builder/spi-builder-workspace/.derivedData build -scheme FileSmith -destination generic/platform=xrOS
Resolve Package Graph
Resolve Package Graph
Resolved source packages:
  SwiftShell: https://github.com/kareman/SwiftShell.git @ 5.1.1
  FileSmith: /Users/admin/builder/spi-builder-workspace
ComputePackagePrebuildTargetDependencyGraph
Prepare packages
CreateBuildRequest
SendProjectDescription
CreateBuildOperation
ComputeTargetDependencyGraph
note: Building targets in dependency order
note: Target dependency graph (4 targets)
    Target 'FileSmith-product' in project 'FileSmith'
        ➜ Explicit dependency on target 'FileSmith' in project 'FileSmith'
        ➜ Explicit dependency on target 'SwiftShell-product' in project 'SwiftShell'
    Target 'FileSmith' in project 'FileSmith'
        ➜ Explicit dependency on target 'SwiftShell-product' in project 'SwiftShell'
    Target 'SwiftShell-product' in project 'SwiftShell'
        ➜ Explicit dependency on target 'SwiftShell' in project 'SwiftShell'
    Target 'SwiftShell' in project 'SwiftShell' (no dependencies)
GatherProvisioningInputs
CreateBuildDescription
ExecuteExternalTool /Applications/Xcode-27.0.0-Release.Candidate.app/Contents/Developer/Toolchains/XcodeDefault.xctoolchain/usr/bin/clang -v -E -dM -isysroot /Applications/Xcode-27.0.0-Release.Candidate.app/Contents/Developer/Platforms/XROS.platform/Developer/SDKs/XROS27.0.sdk -x c -c /dev/null
ExecuteExternalTool /Applications/Xcode-27.0.0-Release.Candidate.app/Contents/Developer/Toolchains/XcodeDefault.xctoolchain/usr/bin/swiftc --version
ExecuteExternalTool /Applications/Xcode-27.0.0-Release.Candidate.app/Contents/Developer/Toolchains/XcodeDefault.xctoolchain/usr/bin/ld -version_details
Build description signature: dc7443162337163dd96e0b9227e4c56a
Build description path: /Users/admin/builder/spi-builder-workspace/.derivedData/Build/Intermediates.noindex/XCBuildData/dc7443162337163dd96e0b9227e4c56a.xcbuilddata
CreateBuildDirectory /Users/admin/builder/spi-builder-workspace/.derivedData/SDKExplicitPrecompiledModules
    cd /Users/admin/builder/spi-builder-workspace/.swiftpm/xcode
    builtin-create-build-directory /Users/admin/builder/spi-builder-workspace/.derivedData/SDKExplicitPrecompiledModules
CreateBuildDirectory /Users/admin/builder/spi-builder-workspace/.derivedData/CompilationCache.noindex
    cd /Users/admin/builder/spi-builder-workspace/.swiftpm/xcode
    builtin-create-build-directory /Users/admin/builder/spi-builder-workspace/.derivedData/CompilationCache.noindex
CreateBuildDirectory /Users/admin/builder/spi-builder-workspace/.derivedData/ModuleCache.noindex
    cd /Users/admin/builder/spi-builder-workspace/.swiftpm/xcode
    builtin-create-build-directory /Users/admin/builder/spi-builder-workspace/.derivedData/ModuleCache.noindex
CreateBuildDirectory /Users/admin/builder/spi-builder-workspace/.derivedData/Build/Products
    cd /Users/admin/builder/spi-builder-workspace/.swiftpm/xcode
    builtin-create-build-directory /Users/admin/builder/spi-builder-workspace/.derivedData/Build/Products
CreateBuildDirectory /Users/admin/builder/spi-builder-workspace/.derivedData/Build/Intermediates.noindex
    cd /Users/admin/builder/spi-builder-workspace/.swiftpm/xcode
    builtin-create-build-directory /Users/admin/builder/spi-builder-workspace/.derivedData/Build/Intermediates.noindex
ClangStatCache /Applications/Xcode-27.0.0-Release.Candidate.app/Contents/Developer/Toolchains/XcodeDefault.xctoolchain/usr/bin/clang-stat-cache /Applications/Xcode-27.0.0-Release.Candidate.app/Contents/Developer/Platforms/XROS.platform/Developer/SDKs/XROS27.0.sdk /Users/admin/builder/spi-builder-workspace/.derivedData/SDKStatCaches.noindex/xros27.0-24M361-e829b21a6f8c9b70876ba0858053c044735bd543db762f57723cac368afd1ce4.sdkstatcache
    cd /Users/admin/builder/spi-builder-workspace/.swiftpm/xcode
    /Applications/Xcode-27.0.0-Release.Candidate.app/Contents/Developer/Toolchains/XcodeDefault.xctoolchain/usr/bin/clang-stat-cache /Applications/Xcode-27.0.0-Release.Candidate.app/Contents/Developer/Platforms/XROS.platform/Developer/SDKs/XROS27.0.sdk -o /Users/admin/builder/spi-builder-workspace/.derivedData/SDKStatCaches.noindex/xros27.0-24M361-e829b21a6f8c9b70876ba0858053c044735bd543db762f57723cac368afd1ce4.sdkstatcache
CreateBuildDirectory /Users/admin/builder/spi-builder-workspace/.derivedData/Build/Intermediates.noindex/SwiftExplicitPrecompiledModules
    cd /Users/admin/builder/spi-builder-workspace/.swiftpm/xcode
    builtin-create-build-directory /Users/admin/builder/spi-builder-workspace/.derivedData/Build/Intermediates.noindex/SwiftExplicitPrecompiledModules
CreateBuildDirectory /Users/admin/builder/spi-builder-workspace/.derivedData/Build/Intermediates.noindex/ExplicitPrecompiledModules
    cd /Users/admin/builder/spi-builder-workspace/.swiftpm/xcode
    builtin-create-build-directory /Users/admin/builder/spi-builder-workspace/.derivedData/Build/Intermediates.noindex/ExplicitPrecompiledModules
CreateBuildDirectory /Users/admin/builder/spi-builder-workspace/.derivedData/Build/Intermediates.noindex/PrecompiledHeaders
    cd /Users/admin/builder/spi-builder-workspace/.swiftpm/xcode
    builtin-create-build-directory /Users/admin/builder/spi-builder-workspace/.derivedData/Build/Intermediates.noindex/PrecompiledHeaders
CreateBuildDirectory /Users/admin/builder/spi-builder-workspace/.derivedData/Build/Products/Debug-xros
    cd /Users/admin/builder/spi-builder-workspace/.swiftpm/xcode
    builtin-create-build-directory /Users/admin/builder/spi-builder-workspace/.derivedData/Build/Products/Debug-xros
CreateBuildDirectory /Users/admin/builder/spi-builder-workspace/.derivedData/Build/Intermediates.noindex/EagerLinkingTBDs/Debug-xros
    cd /Users/admin/builder/spi-builder-workspace/.swiftpm/xcode
    builtin-create-build-directory /Users/admin/builder/spi-builder-workspace/.derivedData/Build/Intermediates.noindex/EagerLinkingTBDs/Debug-xros
CreateBuildDirectory /Users/admin/builder/spi-builder-workspace/.derivedData/Build/Products/Debug-xros/PackageFrameworks
    cd /Users/admin/builder/spi-builder-workspace/.swiftpm/xcode
    builtin-create-build-directory /Users/admin/builder/spi-builder-workspace/.derivedData/Build/Products/Debug-xros/PackageFrameworks
WriteAuxiliaryFile /Users/admin/builder/spi-builder-workspace/.derivedData/Build/Intermediates.noindex/SwiftShell.build/Debug-xros/SwiftShell-t.build/SwiftShell.DependencyStaticMetadataFileList (in target 'SwiftShell' from project 'SwiftShell')
    cd /Users/admin/builder/spi-builder-workspace/.dependencies/checkouts/SwiftShell
    write-file /Users/admin/builder/spi-builder-workspace/.derivedData/Build/Intermediates.noindex/SwiftShell.build/Debug-xros/SwiftShell-t.build/SwiftShell.DependencyStaticMetadataFileList
WriteAuxiliaryFile /Users/admin/builder/spi-builder-workspace/.derivedData/Build/Intermediates.noindex/SwiftShell.build/Debug-xros/SwiftShell-t.build/SwiftShell.DependencyMetadataFileList (in target 'SwiftShell' from project 'SwiftShell')
    cd /Users/admin/builder/spi-builder-workspace/.dependencies/checkouts/SwiftShell
    write-file /Users/admin/builder/spi-builder-workspace/.derivedData/Build/Intermediates.noindex/SwiftShell.build/Debug-xros/SwiftShell-t.build/SwiftShell.DependencyMetadataFileList
WriteAuxiliaryFile /Users/admin/builder/spi-builder-workspace/.derivedData/Build/Intermediates.noindex/SwiftShell.build/Debug-xros/SwiftShell-t.build/SwiftShell.modulemap (in target 'SwiftShell' from project 'SwiftShell')
    cd /Users/admin/builder/spi-builder-workspace/.dependencies/checkouts/SwiftShell
    write-file /Users/admin/builder/spi-builder-workspace/.derivedData/Build/Intermediates.noindex/SwiftShell.build/Debug-xros/SwiftShell-t.build/SwiftShell.modulemap
WriteAuxiliaryFile /Users/admin/builder/spi-builder-workspace/.derivedData/Build/Intermediates.noindex/SwiftShell.build/Debug-xros/SwiftShell-t.build/Objects-normal/arm64/SwiftShell.SwiftConstValuesFileList (in target 'SwiftShell' from project 'SwiftShell')
    cd /Users/admin/builder/spi-builder-workspace/.dependencies/checkouts/SwiftShell
    write-file /Users/admin/builder/spi-builder-workspace/.derivedData/Build/Intermediates.noindex/SwiftShell.build/Debug-xros/SwiftShell-t.build/Objects-normal/arm64/SwiftShell.SwiftConstValuesFileList
WriteAuxiliaryFile /Users/admin/builder/spi-builder-workspace/.derivedData/Build/Intermediates.noindex/SwiftShell.build/Debug-xros/SwiftShell-t.build/Objects-normal/arm64/SwiftShell-OutputFileMap.json (in target 'SwiftShell' from project 'SwiftShell')
    cd /Users/admin/builder/spi-builder-workspace/.dependencies/checkouts/SwiftShell
    write-file /Users/admin/builder/spi-builder-workspace/.derivedData/Build/Intermediates.noindex/SwiftShell.build/Debug-xros/SwiftShell-t.build/Objects-normal/arm64/SwiftShell-OutputFileMap.json
WriteAuxiliaryFile /Users/admin/builder/spi-builder-workspace/.derivedData/Build/Intermediates.noindex/SwiftShell.build/Debug-xros/SwiftShell-t.build/Objects-normal/arm64/SwiftShell.LinkFileList (in target 'SwiftShell' from project 'SwiftShell')
    cd /Users/admin/builder/spi-builder-workspace/.dependencies/checkouts/SwiftShell
    write-file /Users/admin/builder/spi-builder-workspace/.derivedData/Build/Intermediates.noindex/SwiftShell.build/Debug-xros/SwiftShell-t.build/Objects-normal/arm64/SwiftShell.LinkFileList
WriteAuxiliaryFile /Users/admin/builder/spi-builder-workspace/.derivedData/Build/Intermediates.noindex/SwiftShell.build/Debug-xros/SwiftShell-t.build/Objects-normal/arm64/SwiftShell.SwiftFileList (in target 'SwiftShell' from project 'SwiftShell')
    cd /Users/admin/builder/spi-builder-workspace/.dependencies/checkouts/SwiftShell
    write-file /Users/admin/builder/spi-builder-workspace/.derivedData/Build/Intermediates.noindex/SwiftShell.build/Debug-xros/SwiftShell-t.build/Objects-normal/arm64/SwiftShell.SwiftFileList
WriteAuxiliaryFile /Users/admin/builder/spi-builder-workspace/.derivedData/Build/Intermediates.noindex/SwiftShell.build/Debug-xros/SwiftShell-t.build/Objects-normal/arm64/SwiftShell_const_extract_protocols.json (in target 'SwiftShell' from project 'SwiftShell')
    cd /Users/admin/builder/spi-builder-workspace/.dependencies/checkouts/SwiftShell
    write-file /Users/admin/builder/spi-builder-workspace/.derivedData/Build/Intermediates.noindex/SwiftShell.build/Debug-xros/SwiftShell-t.build/Objects-normal/arm64/SwiftShell_const_extract_protocols.json
WriteAuxiliaryFile /Users/admin/builder/spi-builder-workspace/.derivedData/Build/Intermediates.noindex/FileSmith.build/Debug-xros/FileSmith-t.build/Objects-normal/arm64/FileSmith_const_extract_protocols.json (in target 'FileSmith' from project 'FileSmith')
    cd /Users/admin/builder/spi-builder-workspace
    write-file /Users/admin/builder/spi-builder-workspace/.derivedData/Build/Intermediates.noindex/FileSmith.build/Debug-xros/FileSmith-t.build/Objects-normal/arm64/FileSmith_const_extract_protocols.json
WriteAuxiliaryFile /Users/admin/builder/spi-builder-workspace/.derivedData/Build/Intermediates.noindex/FileSmith.build/Debug-xros/FileSmith-t.build/Objects-normal/arm64/FileSmith.SwiftFileList (in target 'FileSmith' from project 'FileSmith')
    cd /Users/admin/builder/spi-builder-workspace
    write-file /Users/admin/builder/spi-builder-workspace/.derivedData/Build/Intermediates.noindex/FileSmith.build/Debug-xros/FileSmith-t.build/Objects-normal/arm64/FileSmith.SwiftFileList
WriteAuxiliaryFile /Users/admin/builder/spi-builder-workspace/.derivedData/Build/Intermediates.noindex/FileSmith.build/Debug-xros/FileSmith-t.build/Objects-normal/arm64/FileSmith.SwiftConstValuesFileList (in target 'FileSmith' from project 'FileSmith')
    cd /Users/admin/builder/spi-builder-workspace
    write-file /Users/admin/builder/spi-builder-workspace/.derivedData/Build/Intermediates.noindex/FileSmith.build/Debug-xros/FileSmith-t.build/Objects-normal/arm64/FileSmith.SwiftConstValuesFileList
WriteAuxiliaryFile /Users/admin/builder/spi-builder-workspace/.derivedData/Build/Intermediates.noindex/FileSmith.build/Debug-xros/FileSmith-t.build/Objects-normal/arm64/FileSmith.LinkFileList (in target 'FileSmith' from project 'FileSmith')
    cd /Users/admin/builder/spi-builder-workspace
    write-file /Users/admin/builder/spi-builder-workspace/.derivedData/Build/Intermediates.noindex/FileSmith.build/Debug-xros/FileSmith-t.build/Objects-normal/arm64/FileSmith.LinkFileList
Copy /Users/admin/builder/spi-builder-workspace/.derivedData/Build/Intermediates.noindex/GeneratedModuleMaps-xros/SwiftShell.modulemap /Users/admin/builder/spi-builder-workspace/.derivedData/Build/Intermediates.noindex/SwiftShell.build/Debug-xros/SwiftShell-t.build/SwiftShell.modulemap (in target 'SwiftShell' from project 'SwiftShell')
    cd /Users/admin/builder/spi-builder-workspace/.dependencies/checkouts/SwiftShell
    builtin-copy -exclude .DS_Store -exclude CVS -exclude .svn -exclude .git -exclude .hg -resolve-src-symlinks /Users/admin/builder/spi-builder-workspace/.derivedData/Build/Intermediates.noindex/SwiftShell.build/Debug-xros/SwiftShell-t.build/SwiftShell.modulemap /Users/admin/builder/spi-builder-workspace/.derivedData/Build/Intermediates.noindex/GeneratedModuleMaps-xros
WriteAuxiliaryFile /Users/admin/builder/spi-builder-workspace/.derivedData/Build/Intermediates.noindex/FileSmith.build/Debug-xros/FileSmith-t.build/Objects-normal/arm64/FileSmith-OutputFileMap.json (in target 'FileSmith' from project 'FileSmith')
    cd /Users/admin/builder/spi-builder-workspace
    write-file /Users/admin/builder/spi-builder-workspace/.derivedData/Build/Intermediates.noindex/FileSmith.build/Debug-xros/FileSmith-t.build/Objects-normal/arm64/FileSmith-OutputFileMap.json
WriteAuxiliaryFile /Users/admin/builder/spi-builder-workspace/.derivedData/Build/Intermediates.noindex/FileSmith.build/Debug-xros/FileSmith-t.build/FileSmith.modulemap (in target 'FileSmith' from project 'FileSmith')
    cd /Users/admin/builder/spi-builder-workspace
    write-file /Users/admin/builder/spi-builder-workspace/.derivedData/Build/Intermediates.noindex/FileSmith.build/Debug-xros/FileSmith-t.build/FileSmith.modulemap
WriteAuxiliaryFile /Users/admin/builder/spi-builder-workspace/.derivedData/Build/Intermediates.noindex/FileSmith.build/Debug-xros/FileSmith-t.build/FileSmith.DependencyStaticMetadataFileList (in target 'FileSmith' from project 'FileSmith')
    cd /Users/admin/builder/spi-builder-workspace
    write-file /Users/admin/builder/spi-builder-workspace/.derivedData/Build/Intermediates.noindex/FileSmith.build/Debug-xros/FileSmith-t.build/FileSmith.DependencyStaticMetadataFileList
WriteAuxiliaryFile /Users/admin/builder/spi-builder-workspace/.derivedData/Build/Intermediates.noindex/FileSmith.build/Debug-xros/FileSmith-t.build/FileSmith.DependencyMetadataFileList (in target 'FileSmith' from project 'FileSmith')
    cd /Users/admin/builder/spi-builder-workspace
    write-file /Users/admin/builder/spi-builder-workspace/.derivedData/Build/Intermediates.noindex/FileSmith.build/Debug-xros/FileSmith-t.build/FileSmith.DependencyMetadataFileList
Copy /Users/admin/builder/spi-builder-workspace/.derivedData/Build/Intermediates.noindex/GeneratedModuleMaps-xros/FileSmith.modulemap /Users/admin/builder/spi-builder-workspace/.derivedData/Build/Intermediates.noindex/FileSmith.build/Debug-xros/FileSmith-t.build/FileSmith.modulemap (in target 'FileSmith' from project 'FileSmith')
    cd /Users/admin/builder/spi-builder-workspace
    builtin-copy -exclude .DS_Store -exclude CVS -exclude .svn -exclude .git -exclude .hg -resolve-src-symlinks /Users/admin/builder/spi-builder-workspace/.derivedData/Build/Intermediates.noindex/FileSmith.build/Debug-xros/FileSmith-t.build/FileSmith.modulemap /Users/admin/builder/spi-builder-workspace/.derivedData/Build/Intermediates.noindex/GeneratedModuleMaps-xros
SwiftDriver SwiftShell normal arm64 com.apple.xcode.tools.swift.compiler (in target 'SwiftShell' from project 'SwiftShell')
    cd /Users/admin/builder/spi-builder-workspace/.swiftpm/xcode
    builtin-SwiftDriver -- /Applications/Xcode-27.0.0-Release.Candidate.app/Contents/Developer/Toolchains/XcodeDefault.xctoolchain/usr/bin/swiftc -parse-as-library -module-name SwiftShell -Onone @/Users/admin/builder/spi-builder-workspace/.derivedData/Build/Intermediates.noindex/SwiftShell.build/Debug-xros/SwiftShell-t.build/Objects-normal/arm64/SwiftShell.SwiftFileList -DSWIFT_PACKAGE -DDEBUG -DSWIFT_MODULE_RESOURCE_BUNDLE_UNAVAILABLE -DDEBUG -DXcode -plugin-path /Applications/Xcode-27.0.0-Release.Candidate.app/Contents/Developer/Toolchains/XcodeDefault.xctoolchain/usr/lib/swift/host/plugins/testing -enable-experimental-feature DebugDescriptionMacro -sdk /Applications/Xcode-27.0.0-Release.Candidate.app/Contents/Developer/Platforms/XROS.platform/Developer/SDKs/XROS27.0.sdk -target arm64-apple-xros1.0 -g -module-cache-path /Users/admin/builder/spi-builder-workspace/.derivedData/ModuleCache.noindex -Xfrontend -serialize-debugging-options -profile-coverage-mapping -profile-generate -enable-testing -suppress-warnings -index-store-path /Users/admin/builder/spi-builder-workspace/.derivedData/Index.noindex/DataStore -Xcc -D_LIBCPP_HARDENING_MODE\=_LIBCPP_HARDENING_MODE_DEBUG -swift-version 5 -I /Users/admin/builder/spi-builder-workspace/.derivedData/Build/Products/Debug-xros -Isystem /Applications/Xcode-27.0.0-Release.Candidate.app/Contents/Developer/Platforms/XROS.platform/Developer/usr/lib -F /Users/admin/builder/spi-builder-workspace/.derivedData/Build/Products/Debug-xros -F /Applications/Xcode-27.0.0-Release.Candidate.app/Contents/Developer/Platforms/XROS.platform/Developer/Library/Frameworks -F /Applications/Xcode-27.0.0-Release.Candidate.app/Contents/Developer/Platforms/XROS.platform/Developer/SDKs/XROS27.0.sdk/Developer/Library/Frameworks -c -j10 -enable-batch-mode -incremental -Xcc -ivfsstatcache -Xcc /Users/admin/builder/spi-builder-workspace/.derivedData/SDKStatCaches.noindex/xros27.0-24M361-e829b21a6f8c9b70876ba0858053c044735bd543db762f57723cac368afd1ce4.sdkstatcache -output-file-map /Users/admin/builder/spi-builder-workspace/.derivedData/Build/Intermediates.noindex/SwiftShell.build/Debug-xros/SwiftShell-t.build/Objects-normal/arm64/SwiftShell-OutputFileMap.json -save-temps -no-color-diagnostics -explicit-module-build -module-cache-path /Users/admin/builder/spi-builder-workspace/.derivedData/Build/Intermediates.noindex/SwiftExplicitPrecompiledModules -clang-scanner-module-cache-path /Users/admin/builder/spi-builder-workspace/.derivedData/ModuleCache.noindex -sdk-module-cache-path /Users/admin/builder/spi-builder-workspace/.derivedData/SDKExplicitPrecompiledModules -emit-dependencies -emit-module -emit-module-path /Users/admin/builder/spi-builder-workspace/.derivedData/Build/Intermediates.noindex/SwiftShell.build/Debug-xros/SwiftShell-t.build/Objects-normal/arm64/SwiftShell.swiftmodule -serialize-diagnostics -dependency-scan-serialize-diagnostics-path /Users/admin/builder/spi-builder-workspace/.derivedData/Build/Intermediates.noindex/SwiftShell.build/Debug-xros/SwiftShell-t.build/Objects-normal/arm64/SwiftShell-dependency-scan.dia -validate-clang-modules-once -clang-build-session-file /Users/admin/builder/spi-builder-workspace/.derivedData/ModuleCache.noindex/Session.modulevalidation -Xcc -fmodules-prune-interval\=86400 -Xcc -fmodules-prune-after\=345600 -emit-const-values -const-gather-protocols-list /Users/admin/builder/spi-builder-workspace/.derivedData/Build/Intermediates.noindex/SwiftShell.build/Debug-xros/SwiftShell-t.build/Objects-normal/arm64/SwiftShell_const_extract_protocols.json -Xcc -I/Users/admin/builder/spi-builder-workspace/.derivedData/Build/Products/Debug-xros/include -Xcc -I/Users/admin/builder/spi-builder-workspace/.derivedData/Build/Intermediates.noindex/SwiftShell.build/Debug-xros/SwiftShell-t.build/DerivedSources-normal/arm64 -Xcc -I/Users/admin/builder/spi-builder-workspace/.derivedData/Build/Intermediates.noindex/SwiftShell.build/Debug-xros/SwiftShell-t.build/DerivedSources/arm64 -Xcc -I/Users/admin/builder/spi-builder-workspace/.derivedData/Build/Intermediates.noindex/SwiftShell.build/Debug-xros/SwiftShell-t.build/DerivedSources -Xcc -DSWIFT_PACKAGE -Xcc -DDEBUG\=1 -emit-objc-header -emit-objc-header-path /Users/admin/builder/spi-builder-workspace/.derivedData/Build/Intermediates.noindex/SwiftShell.build/Debug-xros/SwiftShell-t.build/Objects-normal/arm64/SwiftShell-Swift.h -working-directory /Users/admin/builder/spi-builder-workspace/.swiftpm/xcode -experimental-emit-module-separately -disable-cmo
SwiftExplicitDependencyGeneratePcm arm64 /Users/admin/builder/spi-builder-workspace/.derivedData/SDKExplicitPrecompiledModules/_SwiftConcurrencyShims-C8XHKSHX96D5YYALNM4W70Z0O.pcm
SwiftExplicitDependencyGeneratePcm arm64 /Users/admin/builder/spi-builder-workspace/.derivedData/SDKExplicitPrecompiledModules/_Builtin_stdbool-5BU2ADS7JXQMYENKQHW9X8XOU.pcm
SwiftExplicitDependencyGeneratePcm arm64 /Users/admin/builder/spi-builder-workspace/.derivedData/SDKExplicitPrecompiledModules/ptrauth-1WBA714DZSVUL5JQDJ08CLKZ.pcm
SwiftExplicitDependencyGeneratePcm arm64 /Users/admin/builder/spi-builder-workspace/.derivedData/SDKExplicitPrecompiledModules/_Builtin_float-6WKHNW5S40U2QGHXXGETUDIRA.pcm
SwiftExplicitDependencyGeneratePcm arm64 /Users/admin/builder/spi-builder-workspace/.derivedData/SDKExplicitPrecompiledModules/_AvailabilityInternal-1Q8IQP6M38UWSGZ95UCEY2M44.pcm
SwiftExplicitDependencyGeneratePcm arm64 /Users/admin/builder/spi-builder-workspace/.derivedData/SDKExplicitPrecompiledModules/_Builtin_stddef-5NQ9Z1GV07GBSRQGAQCGXGVRI.pcm
SwiftExplicitDependencyGeneratePcm arm64 /Users/admin/builder/spi-builder-workspace/.derivedData/SDKExplicitPrecompiledModules/_Builtin_stdarg-CDA349K2K4US766844K8E0PVA.pcm
SwiftExplicitDependencyGeneratePcm arm64 /Users/admin/builder/spi-builder-workspace/.derivedData/SDKExplicitPrecompiledModules/ptrcheck-BXA97MNLI4BB0HF5I8MJE403D.pcm
SwiftExplicitDependencyGeneratePcm arm64 /Users/admin/builder/spi-builder-workspace/.derivedData/SDKExplicitPrecompiledModules/SwiftShims-CI4H5RO9IYFFWQ2COB512Q2S9.pcm
SwiftExplicitDependencyGeneratePcm arm64 /Users/admin/builder/spi-builder-workspace/.derivedData/SDKExplicitPrecompiledModules/_DarwinFoundation1-5RGRVV2TZ6WC4WZW5IXF8NQ04.pcm
SwiftExplicitDependencyGeneratePcm arm64 /Users/admin/builder/spi-builder-workspace/.derivedData/SDKExplicitPrecompiledModules/_Builtin_limits-425JDMN5HPM3D0UEI8LEHP6NM.pcm
SwiftExplicitDependencyGeneratePcm arm64 /Users/admin/builder/spi-builder-workspace/.derivedData/SDKExplicitPrecompiledModules/_DarwinFoundation2-ENTECK156YEWITZRRBTOCE4KR.pcm
SwiftExplicitDependencyGeneratePcm arm64 /Users/admin/builder/spi-builder-workspace/.derivedData/SDKExplicitPrecompiledModules/_Builtin_stdint-8OR6T47OOYJA90ZBO3N1USDE.pcm
SwiftExplicitDependencyGeneratePcm arm64 /Users/admin/builder/spi-builder-workspace/.derivedData/SDKExplicitPrecompiledModules/string_h-2GT67HHHHK5CF1V1S31LH0PU2.pcm
SwiftExplicitDependencyGeneratePcm arm64 /Users/admin/builder/spi-builder-workspace/.derivedData/SDKExplicitPrecompiledModules/sys_types-AYM0BHR77VKMWZCO2T0XGV2HF.pcm
SwiftExplicitDependencyGeneratePcm arm64 /Users/admin/builder/spi-builder-workspace/.derivedData/SDKExplicitPrecompiledModules/_DarwinFoundation3-9ZHN6JKBS40BBA81RQMV8H0IC.pcm
SwiftExplicitDependencyGeneratePcm arm64 /Users/admin/builder/spi-builder-workspace/.derivedData/SDKExplicitPrecompiledModules/_Builtin_inttypes-11B64KJD36B3YOHBR1BBXBJY8.pcm
SwiftExplicitDependencyGeneratePcm arm64 /Users/admin/builder/spi-builder-workspace/.derivedData/SDKExplicitPrecompiledModules/Darwin-60P5LVNQO3ESRRM5DCJ05PFNK.pcm
SwiftExplicitDependencyGeneratePcm arm64 /Users/admin/builder/spi-builder-workspace/.derivedData/SDKExplicitPrecompiledModules/ObjectiveC-26TIBFYCEJZVP216ZZAU1X8KN.pcm
SwiftExplicitDependencyGeneratePcm arm64 /Users/admin/builder/spi-builder-workspace/.derivedData/SDKExplicitPrecompiledModules/os_object-692CJ8BG6RE5H04487EJJOVXW.pcm
SwiftExplicitDependencyGeneratePcm arm64 /Users/admin/builder/spi-builder-workspace/.derivedData/SDKExplicitPrecompiledModules/os_workgroup-4U1VXMWIZD80E7PRUQF2G7P9X.pcm
SwiftExplicitDependencyGeneratePcm arm64 /Users/admin/builder/spi-builder-workspace/.derivedData/SDKExplicitPrecompiledModules/Dispatch-CLT3466HKC22GCKAWSCNG0H7T.pcm
SwiftExplicitDependencyGeneratePcm arm64 /Users/admin/builder/spi-builder-workspace/.derivedData/SDKExplicitPrecompiledModules/CoreFoundation-AVLTZVCXBU2TO75JCN4AGU8XJ.pcm
SwiftExplicitDependencyGeneratePcm arm64 /Users/admin/builder/spi-builder-workspace/.derivedData/SDKExplicitPrecompiledModules/XPC-EP5EU7FNGP4VOA3EDM18P1KHO.pcm
SwiftExplicitDependencyGeneratePcm arm64 /Users/admin/builder/spi-builder-workspace/.derivedData/SDKExplicitPrecompiledModules/Security-8TH2M8WJIQMET4SADWX0N8372.pcm
SwiftExplicitDependencyGeneratePcm arm64 /Users/admin/builder/spi-builder-workspace/.derivedData/SDKExplicitPrecompiledModules/CFNetwork-5MI70N1VLDQSWTX4COWLMSIRO.pcm
SwiftExplicitDependencyGeneratePcm arm64 /Users/admin/builder/spi-builder-workspace/.derivedData/SDKExplicitPrecompiledModules/Foundation-8GON1KVEKRN3NOQI8RETBRWJP.pcm
SwiftEmitModule normal arm64 Emitting\ module\ for\ SwiftShell (in target 'SwiftShell' from project 'SwiftShell')
/Users/admin/builder/spi-builder-workspace/.dependencies/checkouts/SwiftShell/Sources/SwiftShell/Command.swift:57:62: error: cannot find type 'Process' in scope
 55 |
 56 | extension CommandRunning {
 57 | 	func createProcess(_ executable: String, args: [String]) -> Process {
    |                                                              `- error: cannot find type 'Process' in scope
 58 | 		/**
 59 | 		 If `executable` is not a path and a path for an executable file of that name can be found, return that path.
/Users/admin/builder/spi-builder-workspace/.dependencies/checkouts/SwiftShell/Sources/SwiftShell/Command.swift:242:27: error: cannot find type 'Process' in scope
240 | /// Output from the `runAsyncAndPrint` commands.
241 | public class PrintedAsyncCommand {
242 | 	fileprivate let process: Process
    |                           `- error: cannot find type 'Process' in scope
243 |
244 | 	init(unlaunched process: Process, combineOutput: Bool) {
/Users/admin/builder/spi-builder-workspace/.dependencies/checkouts/SwiftShell/Sources/SwiftShell/Command.swift:244:27: error: cannot find type 'Process' in scope
242 | 	fileprivate let process: Process
243 |
244 | 	init(unlaunched process: Process, combineOutput: Bool) {
    |                           `- error: cannot find type 'Process' in scope
245 | 		self.process = process
246 |
/Users/admin/builder/spi-builder-workspace/.dependencies/checkouts/SwiftShell/Sources/SwiftShell/Command.swift:253:35: error: cannot find type 'Process' in scope
251 |
252 | 	/// Calls `init(unlaunched:)`, then launches the process and exits the application on error.
253 | 	convenience init(launch process: Process, file: String, line: Int) {
    |                                   `- error: cannot find type 'Process' in scope
254 | 		self.init(unlaunched: process, combineOutput: false)
255 | 		do {
/Users/admin/builder/spi-builder-workspace/.dependencies/checkouts/SwiftShell/Sources/SwiftShell/Command.swift:318:37: error: cannot find type 'Process' in scope
316 | 	 - returns: `.exited` if the command exited normally, otherwise `.uncaughtSignal`.
317 | 	 */
318 | 	public func terminationReason() -> Process.TerminationReason {
    |                                     `- error: cannot find type 'Process' in scope
319 | 		process.waitUntilExit()
320 | 		return process.terminationReason
/Users/admin/builder/spi-builder-workspace/.dependencies/checkouts/SwiftShell/Sources/SwiftShell/Command.swift:340:36: error: cannot find type 'Process' in scope
338 | 	public let stderror: ReadableStream
339 |
340 | 	override init(unlaunched process: Process, combineOutput: Bool) {
    |                                    `- error: cannot find type 'Process' in scope
341 | 		let outpipe = Pipe()
342 | 		process.standardOutput = outpipe
/Users/admin/builder/spi-builder-workspace/.dependencies/checkouts/SwiftShell/Sources/SwiftShell/Process.swift:12:11: error: cannot find type 'Process' in scope
10 | // MARK: Process
11 |
12 | extension Process {
   |           `- error: cannot find type 'Process' in scope
13 | 	/// Launches process.
14 | 	///
Failed frontend command:
SwiftCompile normal arm64 (in target 'SwiftShell' from project 'SwiftShell')
    cd /Users/admin/builder/spi-builder-workspace/.swiftpm/xcode

/Applications/Xcode-27.0.0-Release.Candidate.app/Contents/Developer/Toolchains/XcodeDefault.xctoolchain/usr/bin/swift-frontend -frontend -emit-module -experimental-skip-non-inlinable-function-bodies-without-types /Users/admin/builder/spi-builder-workspace/.dependencies/checkouts/SwiftShell/Sources/SwiftShell/Bash.swift /Users/admin/builder/spi-builder-workspace/.dependencies/checkouts/SwiftShell/Sources/SwiftShell/Command.swift /Users/admin/builder/spi-builder-workspace/.dependencies/checkouts/SwiftShell/Sources/SwiftShell/Context.swift /Users/admin/builder/spi-builder-workspace/.dependencies/checkouts/SwiftShell/Sources/SwiftShell/Files.swift /Users/admin/builder/spi-builder-workspace/.dependencies/checkouts/SwiftShell/Sources/SwiftShell/General/Array.swift /Users/admin/builder/spi-builder-workspace/.dependencies/checkouts/SwiftShell/Sources/SwiftShell/Process.swift /Users/admin/builder/spi-builder-workspace/.dependencies/checkouts/SwiftShell/Sources/SwiftShell/Stream/Lazy-split.swift /Users/admin/builder/spi-builder-workspace/.dependencies/checkouts/SwiftShell/Sources/SwiftShell/Stream/Stream.swift /Users/admin/builder/spi-builder-workspace/.dependencies/checkouts/SwiftShell/Sources/SwiftShell/String.swift -target arm64-apple-xros1.0 -disable-cross-import-overlay-search -load-resolved-plugin /Applications/Xcode-27.0.0-Release.Candidate.app/Contents/Developer/Platforms/XROS.platform/Developer/usr/lib/swift/host/plugins/libFoundationMacros.dylib\#/Applications/Xcode-27.0.0-Release.Candidate.app/Contents/Developer/Platforms/XROS.platform/Developer/usr/bin/swift-plugin-server\#FoundationMacros -load-resolved-plugin /Applications/Xcode-27.0.0-Release.Candidate.app/Contents/Developer/Platforms/XROS.platform/Developer/usr/lib/swift/host/plugins/libObservationMacros.dylib\#/Applications/Xcode-27.0.0-Release.Candidate.app/Contents/Developer/Platforms/XROS.platform/Developer/usr/bin/swift-plugin-server\#ObservationMacros -load-resolved-plugin /Applications/Xcode-27.0.0-Release.Candidate.app/Contents/Developer/Platforms/XROS.platform/Developer/usr/lib/swift/host/plugins/libSwiftMacros.dylib\#/Applications/Xcode-27.0.0-Release.Candidate.app/Contents/Developer/Platforms/XROS.platform/Developer/usr/bin/swift-plugin-server\#SwiftMacros -disable-implicit-swift-modules -Xcc -fno-implicit-modules -Xcc -fno-implicit-module-maps -explicit-swift-module-map-file /Users/admin/builder/spi-builder-workspace/.derivedData/Build/Intermediates.noindex/SwiftShell.build/Debug-xros/SwiftShell-t.build/Objects-normal/arm64/SwiftShell-dependencies-1.json -Xllvm -aarch64-use-tbi -enable-objc-interop -stack-check -sdk /Applications/Xcode-27.0.0-Release.Candidate.app/Contents/Developer/Platforms/XROS.platform/Developer/SDKs/XROS27.0.sdk -I /Users/admin/builder/spi-builder-workspace/.derivedData/Build/Products/Debug-xros -Isystem /Applications/Xcode-27.0.0-Release.Candidate.app/Contents/Developer/Platforms/XROS.platform/Developer/usr/lib -F /Users/admin/builder/spi-builder-workspace/.derivedData/Build/Products/Debug-xros -F /Applications/Xcode-27.0.0-Release.Candidate.app/Contents/Developer/Platforms/XROS.platform/Developer/Library/Frameworks -F /Applications/Xcode-27.0.0-Release.Candidate.app/Contents/Developer/Platforms/XROS.platform/Developer/SDKs/XROS27.0.sdk/Developer/Library/Frameworks -module-cache-path /Users/admin/builder/spi-builder-workspace/.derivedData/Build/Intermediates.noindex/SwiftExplicitPrecompiledModules -no-color-diagnostics -Xcc -fno-color-diagnostics -enable-testing -g -debug-info-format\=dwarf -dwarf-version\=4 -suppress-warnings -profile-generate -profile-coverage-mapping -swift-version 5 -Onone -D SWIFT_PACKAGE -D DEBUG -D SWIFT_MODULE_RESOURCE_BUNDLE_UNAVAILABLE -D DEBUG -D Xcode -serialize-debugging-options -enable-experimental-feature DebugDescriptionMacro -empty-abi-descriptor -validate-clang-modules-once -clang-build-session-file /Users/admin/builder/spi-builder-workspace/.derivedData/ModuleCache.noindex/Session.modulevalidation -Xcc -working-directory -Xcc /Users/admin/builder/spi-builder-workspace/.swiftpm/xcode -enable-anonymous-context-mangled-names -file-compilation-dir /Users/admin/builder/spi-builder-workspace/.swiftpm/xcode -Xcc -D_LIBCPP_HARDENING_MODE\=_LIBCPP_HARDENING_MODE_DEBUG -Xcc -ivfsstatcache -Xcc /Users/admin/builder/spi-builder-workspace/.derivedData/SDKStatCaches.noindex/xros27.0-24M361-e829b21a6f8c9b70876ba0858053c044735bd543db762f57723cac368afd1ce4.sdkstatcache -Xcc -fmodules-prune-interval\=86400 -Xcc -fmodules-prune-after\=345600 -Xcc -I/Users/admin/builder/spi-builder-workspace/.derivedData/Build/Products/Debug-xros/include -Xcc -I/Users/admin/builder/spi-builder-workspace/.derivedData/Build/Intermediates.noindex/SwiftShell.build/Debug-xros/SwiftShell-t.build/DerivedSources-normal/arm64 -Xcc -I/Users/admin/builder/spi-builder-workspace/.derivedData/Build/Intermediates.noindex/SwiftShell.build/Debug-xros/SwiftShell-t.build/DerivedSources/arm64 -Xcc -I/Users/admin/builder/spi-builder-workspace/.derivedData/Build/Intermediates.noindex/SwiftShell.build/Debug-xros/SwiftShell-t.build/DerivedSources -Xcc -DSWIFT_PACKAGE -Xcc -DDEBUG\=1 -no-auto-bridging-header-chaining -module-name SwiftShell -const-gather-protocols-file /Users/admin/builder/spi-builder-workspace/.derivedData/Build/Intermediates.noindex/SwiftShell.build/Debug-xros/SwiftShell-t.build/Objects-normal/arm64/SwiftShell_const_extract_protocols.json -disable-clang-spi -clang-target arm64-apple-xros27.0 -target-sdk-version 27.0 -target-sdk-name xros27.0 -in-process-plugin-server-path /Applications/Xcode-27.0.0-Release.Candidate.app/Contents/Developer/Toolchains/XcodeDefault.xctoolchain/usr/lib/swift/host/libSwiftInProcPluginServer.dylib -emit-module-doc-path /Users/admin/builder/spi-builder-workspace/.derivedData/Build/Intermediates.noindex/SwiftShell.build/Debug-xros/SwiftShell-t.build/Objects-normal/arm64/SwiftShell.swiftdoc -emit-module-source-info-path /Users/admin/builder/spi-builder-workspace/.derivedData/Build/Intermediates.noindex/SwiftShell.build/Debug-xros/SwiftShell-t.build/Objects-normal/arm64/SwiftShell.swiftsourceinfo -emit-objc-header-path /Users/admin/builder/spi-builder-workspace/.derivedData/Build/Intermediates.noindex/SwiftShell.build/Debug-xros/SwiftShell-t.build/Objects-normal/arm64/SwiftShell-Swift.h -serialize-diagnostics-path /Users/admin/builder/spi-builder-workspace/.derivedData/Build/Intermediates.noindex/SwiftShell.build/Debug-xros/SwiftShell-t.build/Objects-normal/arm64/SwiftShell-primary-emit-module.dia -emit-dependencies-path /Users/admin/builder/spi-builder-workspace/.derivedData/Build/Intermediates.noindex/SwiftShell.build/Debug-xros/SwiftShell-t.build/Objects-normal/arm64/SwiftShell-primary-emit-module.d -parse-as-library -o /Users/admin/builder/spi-builder-workspace/.derivedData/Build/Intermediates.noindex/SwiftShell.build/Debug-xros/SwiftShell-t.build/Objects-normal/arm64/SwiftShell.swiftmodule -emit-abi-descriptor-path /Users/admin/builder/spi-builder-workspace/.derivedData/Build/Intermediates.noindex/SwiftShell.build/Debug-xros/SwiftShell-t.build/Objects-normal/arm64/SwiftShell.abi.json
SwiftCompile normal arm64 Compiling\ Command.swift /Users/admin/builder/spi-builder-workspace/.dependencies/checkouts/SwiftShell/Sources/SwiftShell/Command.swift (in target 'SwiftShell' from project 'SwiftShell')
SwiftCompile normal arm64 /Users/admin/builder/spi-builder-workspace/.dependencies/checkouts/SwiftShell/Sources/SwiftShell/Command.swift (in target 'SwiftShell' from project 'SwiftShell')
    cd /Users/admin/builder/spi-builder-workspace/.swiftpm/xcode
    builtin-SwiftPerFileCompile Command.swift
/Users/admin/builder/spi-builder-workspace/.dependencies/checkouts/SwiftShell/Sources/SwiftShell/Command.swift:57:62: error: cannot find type 'Process' in scope
 55 |
 56 | extension CommandRunning {
 57 | 	func createProcess(_ executable: String, args: [String]) -> Process {
    |                                                              `- error: cannot find type 'Process' in scope
 58 | 		/**
 59 | 		 If `executable` is not a path and a path for an executable file of that name can be found, return that path.
/Users/admin/builder/spi-builder-workspace/.dependencies/checkouts/SwiftShell/Sources/SwiftShell/Command.swift:242:27: error: cannot find type 'Process' in scope
240 | /// Output from the `runAsyncAndPrint` commands.
241 | public class PrintedAsyncCommand {
242 | 	fileprivate let process: Process
    |                           `- error: cannot find type 'Process' in scope
243 |
244 | 	init(unlaunched process: Process, combineOutput: Bool) {
/Users/admin/builder/spi-builder-workspace/.dependencies/checkouts/SwiftShell/Sources/SwiftShell/Command.swift:244:27: error: cannot find type 'Process' in scope
242 | 	fileprivate let process: Process
243 |
244 | 	init(unlaunched process: Process, combineOutput: Bool) {
    |                           `- error: cannot find type 'Process' in scope
245 | 		self.process = process
246 |
/Users/admin/builder/spi-builder-workspace/.dependencies/checkouts/SwiftShell/Sources/SwiftShell/Command.swift:253:35: error: cannot find type 'Process' in scope
251 |
252 | 	/// Calls `init(unlaunched:)`, then launches the process and exits the application on error.
253 | 	convenience init(launch process: Process, file: String, line: Int) {
    |                                   `- error: cannot find type 'Process' in scope
254 | 		self.init(unlaunched: process, combineOutput: false)
255 | 		do {
/Users/admin/builder/spi-builder-workspace/.dependencies/checkouts/SwiftShell/Sources/SwiftShell/Command.swift:318:37: error: cannot find type 'Process' in scope
316 | 	 - returns: `.exited` if the command exited normally, otherwise `.uncaughtSignal`.
317 | 	 */
318 | 	public func terminationReason() -> Process.TerminationReason {
    |                                     `- error: cannot find type 'Process' in scope
319 | 		process.waitUntilExit()
320 | 		return process.terminationReason
/Users/admin/builder/spi-builder-workspace/.dependencies/checkouts/SwiftShell/Sources/SwiftShell/Command.swift:340:36: error: cannot find type 'Process' in scope
338 | 	public let stderror: ReadableStream
339 |
340 | 	override init(unlaunched process: Process, combineOutput: Bool) {
    |                                    `- error: cannot find type 'Process' in scope
341 | 		let outpipe = Pipe()
342 | 		process.standardOutput = outpipe
SwiftCompile normal arm64 Compiling\ Context.swift /Users/admin/builder/spi-builder-workspace/.dependencies/checkouts/SwiftShell/Sources/SwiftShell/Context.swift (in target 'SwiftShell' from project 'SwiftShell')
SwiftCompile normal arm64 /Users/admin/builder/spi-builder-workspace/.dependencies/checkouts/SwiftShell/Sources/SwiftShell/Context.swift (in target 'SwiftShell' from project 'SwiftShell')
    cd /Users/admin/builder/spi-builder-workspace/.swiftpm/xcode
    builtin-SwiftPerFileCompile Context.swift
SwiftCompile normal arm64 Compiling\ Bash.swift /Users/admin/builder/spi-builder-workspace/.dependencies/checkouts/SwiftShell/Sources/SwiftShell/Bash.swift (in target 'SwiftShell' from project 'SwiftShell')
SwiftCompile normal arm64 /Users/admin/builder/spi-builder-workspace/.dependencies/checkouts/SwiftShell/Sources/SwiftShell/Bash.swift (in target 'SwiftShell' from project 'SwiftShell')
    cd /Users/admin/builder/spi-builder-workspace/.swiftpm/xcode
    builtin-SwiftPerFileCompile Bash.swift
SwiftCompile normal arm64 Compiling\ Array.swift /Users/admin/builder/spi-builder-workspace/.dependencies/checkouts/SwiftShell/Sources/SwiftShell/General/Array.swift (in target 'SwiftShell' from project 'SwiftShell')
SwiftCompile normal arm64 /Users/admin/builder/spi-builder-workspace/.dependencies/checkouts/SwiftShell/Sources/SwiftShell/General/Array.swift (in target 'SwiftShell' from project 'SwiftShell')
    cd /Users/admin/builder/spi-builder-workspace/.swiftpm/xcode
    builtin-SwiftPerFileCompile Array.swift
SwiftCompile normal arm64 Compiling\ Files.swift /Users/admin/builder/spi-builder-workspace/.dependencies/checkouts/SwiftShell/Sources/SwiftShell/Files.swift (in target 'SwiftShell' from project 'SwiftShell')
SwiftCompile normal arm64 /Users/admin/builder/spi-builder-workspace/.dependencies/checkouts/SwiftShell/Sources/SwiftShell/Files.swift (in target 'SwiftShell' from project 'SwiftShell')
    cd /Users/admin/builder/spi-builder-workspace/.swiftpm/xcode
    builtin-SwiftPerFileCompile Files.swift
SwiftCompile normal arm64 Compiling\ Process.swift /Users/admin/builder/spi-builder-workspace/.dependencies/checkouts/SwiftShell/Sources/SwiftShell/Process.swift (in target 'SwiftShell' from project 'SwiftShell')
SwiftCompile normal arm64 /Users/admin/builder/spi-builder-workspace/.dependencies/checkouts/SwiftShell/Sources/SwiftShell/Process.swift (in target 'SwiftShell' from project 'SwiftShell')
    cd /Users/admin/builder/spi-builder-workspace/.swiftpm/xcode
    builtin-SwiftPerFileCompile Process.swift
SwiftCompile normal arm64 Compiling\ String.swift /Users/admin/builder/spi-builder-workspace/.dependencies/checkouts/SwiftShell/Sources/SwiftShell/String.swift (in target 'SwiftShell' from project 'SwiftShell')
SwiftCompile normal arm64 /Users/admin/builder/spi-builder-workspace/.dependencies/checkouts/SwiftShell/Sources/SwiftShell/String.swift (in target 'SwiftShell' from project 'SwiftShell')
    cd /Users/admin/builder/spi-builder-workspace/.swiftpm/xcode
    builtin-SwiftPerFileCompile String.swift
SwiftCompile normal arm64 Compiling\ Stream.swift /Users/admin/builder/spi-builder-workspace/.dependencies/checkouts/SwiftShell/Sources/SwiftShell/Stream/Stream.swift (in target 'SwiftShell' from project 'SwiftShell')
SwiftCompile normal arm64 /Users/admin/builder/spi-builder-workspace/.dependencies/checkouts/SwiftShell/Sources/SwiftShell/Stream/Stream.swift (in target 'SwiftShell' from project 'SwiftShell')
    cd /Users/admin/builder/spi-builder-workspace/.swiftpm/xcode
    builtin-SwiftPerFileCompile Stream.swift
SwiftCompile normal arm64 Compiling\ Lazy-split.swift /Users/admin/builder/spi-builder-workspace/.dependencies/checkouts/SwiftShell/Sources/SwiftShell/Stream/Lazy-split.swift (in target 'SwiftShell' from project 'SwiftShell')
SwiftCompile normal arm64 /Users/admin/builder/spi-builder-workspace/.dependencies/checkouts/SwiftShell/Sources/SwiftShell/Stream/Lazy-split.swift (in target 'SwiftShell' from project 'SwiftShell')
    cd /Users/admin/builder/spi-builder-workspace/.swiftpm/xcode
    builtin-SwiftPerFileCompile Lazy-split.swift
PruneExplicitPrecompiledModules /Users/admin/builder/spi-builder-workspace/.derivedData/Build/Intermediates.noindex/SwiftExplicitPrecompiledModules
PruneExplicitPrecompiledModules /Users/admin/builder/spi-builder-workspace/.derivedData/SDKExplicitPrecompiledModules
PruneExplicitPrecompiledModules /Users/admin/builder/spi-builder-workspace/.derivedData/Build/Intermediates.noindex/ExplicitPrecompiledModules
2026-09-16 05:35:16.065 xcodebuild[718:4423] [MT] IDERunDestination: Supported platforms for the buildables in the current scheme is empty.
** BUILD FAILED **
The following build commands failed:
	SwiftCompile normal arm64 (in target 'SwiftShell' from project 'SwiftShell')
	SwiftEmitModule normal arm64 Emitting\ module\ for\ SwiftShell (in target 'SwiftShell' from project 'SwiftShell')
	Building workspace FileSmith with scheme FileSmith
(3 failures)
Command line invocation:
    /Applications/Xcode-27.0.0-Release.Candidate.app/Contents/Developer/usr/bin/xcodebuild -IDEClonedSourcePackagesDirPathOverride=/Users/admin/builder/spi-builder-workspace/.dependencies -resolvePackageDependencies
Resolve Package Graph
Resolved source packages:
  SwiftShell: https://github.com/kareman/SwiftShell.git @ 5.1.1
  FileSmith: /Users/admin/builder/spi-builder-workspace
resolved source packages: SwiftShell, FileSmith
2026-09-16 05:35:21.743 xcodebuild[787:4745] [MT] IDERunDestination: Supported platforms for the buildables in the current scheme is empty.
{
  "dependencies" : [
    {
      "identity" : "swiftshell",
      "requirement" : {
        "range" : [
          {
            "lower_bound" : "5.0.1",
            "upper_bound" : "6.0.0"
          }
        ]
      },
      "type" : "sourceControl",
      "url" : "https://github.com/kareman/SwiftShell.git"
    }
  ],
  "manifest_display_name" : "FileSmith",
  "name" : "FileSmith",
  "path" : "/Users/admin/builder/spi-builder-workspace",
  "platforms" : [
  ],
  "products" : [
    {
      "name" : "FileSmith",
      "targets" : [
        "FileSmith"
      ],
      "type" : {
        "library" : [
          "automatic"
        ]
      }
    }
  ],
  "targets" : [
    {
      "c99name" : "FileSmithTests",
      "module_type" : "SwiftTarget",
      "name" : "FileSmithTests",
      "path" : "Tests/FileSmithTests",
      "sources" : [
        "DirectoryTests.swift",
        "FileTests.swift",
        "PathTests.swift",
        "TestHelpers.swift"
      ],
      "target_dependencies" : [
        "FileSmith"
      ],
      "type" : "test"
    },
    {
      "c99name" : "FileSmith",
      "module_type" : "SwiftTarget",
      "name" : "FileSmith",
      "path" : "Sources/FileSmith",
      "product_dependencies" : [
        "SwiftShell"
      ],
      "product_memberships" : [
        "FileSmith"
      ],
      "sources" : [
        "Attributes.swift",
        "Directory.swift",
        "Errors.swift",
        "File.swift",
        "General.swift",
        "Paths.swift",
        "SymbolicLinks.swift"
      ],
      "type" : "library"
    }
  ],
  "tools_version" : "5.0"
}
{
  "workspace" : {
    "name" : "FileSmith",
    "schemes" : [
      "FileSmith",
      "SwiftShell"
    ]
  }
}
2026-09-16 05:35:22.989 xcodebuild[795:4811] [MT] IDERunDestination: Supported platforms for the buildables in the current scheme is empty.
{
  "workspace" : {
    "name" : "FileSmith",
    "schemes" : [
      "FileSmith",
      "SwiftShell"
    ]
  }
}
2026-09-16 05:35:24.039 xcodebuild[797:4844] [MT] IDERunDestination: Supported platforms for the buildables in the current scheme is empty.
Running build ...
env DEVELOPER_DIR=/Applications/Xcode-27.0.0-Release.Candidate.app xcrun xcodebuild -IDEClonedSourcePackagesDirPathOverride=$PWD/.dependencies -skipMacroValidation -skipPackagePluginValidation -derivedDataPath $PWD/.derivedData build -scheme FileSmith -destination generic/platform=xrOS
Command line invocation:
    /Applications/Xcode-27.0.0-Release.Candidate.app/Contents/Developer/usr/bin/xcodebuild -IDEClonedSourcePackagesDirPathOverride=/Users/admin/builder/spi-builder-workspace/.dependencies -skipMacroValidation -skipPackagePluginValidation -derivedDataPath /Users/admin/builder/spi-builder-workspace/.derivedData build -scheme FileSmith -destination generic/platform=xrOS
Resolve Package Graph
Resolved source packages:
  SwiftShell: https://github.com/kareman/SwiftShell.git @ 5.1.1
  FileSmith: /Users/admin/builder/spi-builder-workspace
ComputePackagePrebuildTargetDependencyGraph
Prepare packages
CreateBuildRequest
SendProjectDescription
CreateBuildOperation
ComputeTargetDependencyGraph
note: Building targets in dependency order
note: Target dependency graph (4 targets)
    Target 'FileSmith-product' in project 'FileSmith'
        ➜ Explicit dependency on target 'FileSmith' in project 'FileSmith'
        ➜ Explicit dependency on target 'SwiftShell-product' in project 'SwiftShell'
    Target 'FileSmith' in project 'FileSmith'
        ➜ Explicit dependency on target 'SwiftShell-product' in project 'SwiftShell'
    Target 'SwiftShell-product' in project 'SwiftShell'
        ➜ Explicit dependency on target 'SwiftShell' in project 'SwiftShell'
    Target 'SwiftShell' in project 'SwiftShell' (no dependencies)
GatherProvisioningInputs
CreateBuildDescription
ClangStatCache /Applications/Xcode-27.0.0-Release.Candidate.app/Contents/Developer/Toolchains/XcodeDefault.xctoolchain/usr/bin/clang-stat-cache /Applications/Xcode-27.0.0-Release.Candidate.app/Contents/Developer/Platforms/XROS.platform/Developer/SDKs/XROS27.0.sdk /Users/admin/builder/spi-builder-workspace/.derivedData/SDKStatCaches.noindex/xros27.0-24M361-e829b21a6f8c9b70876ba0858053c044735bd543db762f57723cac368afd1ce4.sdkstatcache
    cd /Users/admin/builder/spi-builder-workspace/.swiftpm/xcode
    /Applications/Xcode-27.0.0-Release.Candidate.app/Contents/Developer/Toolchains/XcodeDefault.xctoolchain/usr/bin/clang-stat-cache /Applications/Xcode-27.0.0-Release.Candidate.app/Contents/Developer/Platforms/XROS.platform/Developer/SDKs/XROS27.0.sdk -o /Users/admin/builder/spi-builder-workspace/.derivedData/SDKStatCaches.noindex/xros27.0-24M361-e829b21a6f8c9b70876ba0858053c044735bd543db762f57723cac368afd1ce4.sdkstatcache
SwiftDriver SwiftShell normal arm64 com.apple.xcode.tools.swift.compiler (in target 'SwiftShell' from project 'SwiftShell')
    cd /Users/admin/builder/spi-builder-workspace/.swiftpm/xcode
    builtin-SwiftDriver -- /Applications/Xcode-27.0.0-Release.Candidate.app/Contents/Developer/Toolchains/XcodeDefault.xctoolchain/usr/bin/swiftc -parse-as-library -module-name SwiftShell -Onone @/Users/admin/builder/spi-builder-workspace/.derivedData/Build/Intermediates.noindex/SwiftShell.build/Debug-xros/SwiftShell-t.build/Objects-normal/arm64/SwiftShell.SwiftFileList -DSWIFT_PACKAGE -DDEBUG -DSWIFT_MODULE_RESOURCE_BUNDLE_UNAVAILABLE -DDEBUG -DXcode -plugin-path /Applications/Xcode-27.0.0-Release.Candidate.app/Contents/Developer/Toolchains/XcodeDefault.xctoolchain/usr/lib/swift/host/plugins/testing -enable-experimental-feature DebugDescriptionMacro -sdk /Applications/Xcode-27.0.0-Release.Candidate.app/Contents/Developer/Platforms/XROS.platform/Developer/SDKs/XROS27.0.sdk -target arm64-apple-xros1.0 -g -module-cache-path /Users/admin/builder/spi-builder-workspace/.derivedData/ModuleCache.noindex -Xfrontend -serialize-debugging-options -profile-coverage-mapping -profile-generate -enable-testing -suppress-warnings -index-store-path /Users/admin/builder/spi-builder-workspace/.derivedData/Index.noindex/DataStore -Xcc -D_LIBCPP_HARDENING_MODE\=_LIBCPP_HARDENING_MODE_DEBUG -swift-version 5 -I /Users/admin/builder/spi-builder-workspace/.derivedData/Build/Products/Debug-xros -Isystem /Applications/Xcode-27.0.0-Release.Candidate.app/Contents/Developer/Platforms/XROS.platform/Developer/usr/lib -F /Users/admin/builder/spi-builder-workspace/.derivedData/Build/Products/Debug-xros -F /Applications/Xcode-27.0.0-Release.Candidate.app/Contents/Developer/Platforms/XROS.platform/Developer/Library/Frameworks -F /Applications/Xcode-27.0.0-Release.Candidate.app/Contents/Developer/Platforms/XROS.platform/Developer/SDKs/XROS27.0.sdk/Developer/Library/Frameworks -c -j10 -enable-batch-mode -incremental -Xcc -ivfsstatcache -Xcc /Users/admin/builder/spi-builder-workspace/.derivedData/SDKStatCaches.noindex/xros27.0-24M361-e829b21a6f8c9b70876ba0858053c044735bd543db762f57723cac368afd1ce4.sdkstatcache -output-file-map /Users/admin/builder/spi-builder-workspace/.derivedData/Build/Intermediates.noindex/SwiftShell.build/Debug-xros/SwiftShell-t.build/Objects-normal/arm64/SwiftShell-OutputFileMap.json -save-temps -no-color-diagnostics -explicit-module-build -module-cache-path /Users/admin/builder/spi-builder-workspace/.derivedData/Build/Intermediates.noindex/SwiftExplicitPrecompiledModules -clang-scanner-module-cache-path /Users/admin/builder/spi-builder-workspace/.derivedData/ModuleCache.noindex -sdk-module-cache-path /Users/admin/builder/spi-builder-workspace/.derivedData/SDKExplicitPrecompiledModules -emit-dependencies -emit-module -emit-module-path /Users/admin/builder/spi-builder-workspace/.derivedData/Build/Intermediates.noindex/SwiftShell.build/Debug-xros/SwiftShell-t.build/Objects-normal/arm64/SwiftShell.swiftmodule -serialize-diagnostics -dependency-scan-serialize-diagnostics-path /Users/admin/builder/spi-builder-workspace/.derivedData/Build/Intermediates.noindex/SwiftShell.build/Debug-xros/SwiftShell-t.build/Objects-normal/arm64/SwiftShell-dependency-scan.dia -validate-clang-modules-once -clang-build-session-file /Users/admin/builder/spi-builder-workspace/.derivedData/ModuleCache.noindex/Session.modulevalidation -Xcc -fmodules-prune-interval\=86400 -Xcc -fmodules-prune-after\=345600 -emit-const-values -const-gather-protocols-list /Users/admin/builder/spi-builder-workspace/.derivedData/Build/Intermediates.noindex/SwiftShell.build/Debug-xros/SwiftShell-t.build/Objects-normal/arm64/SwiftShell_const_extract_protocols.json -Xcc -I/Users/admin/builder/spi-builder-workspace/.derivedData/Build/Products/Debug-xros/include -Xcc -I/Users/admin/builder/spi-builder-workspace/.derivedData/Build/Intermediates.noindex/SwiftShell.build/Debug-xros/SwiftShell-t.build/DerivedSources-normal/arm64 -Xcc -I/Users/admin/builder/spi-builder-workspace/.derivedData/Build/Intermediates.noindex/SwiftShell.build/Debug-xros/SwiftShell-t.build/DerivedSources/arm64 -Xcc -I/Users/admin/builder/spi-builder-workspace/.derivedData/Build/Intermediates.noindex/SwiftShell.build/Debug-xros/SwiftShell-t.build/DerivedSources -Xcc -DSWIFT_PACKAGE -Xcc -DDEBUG\=1 -emit-objc-header -emit-objc-header-path /Users/admin/builder/spi-builder-workspace/.derivedData/Build/Intermediates.noindex/SwiftShell.build/Debug-xros/SwiftShell-t.build/Objects-normal/arm64/SwiftShell-Swift.h -working-directory /Users/admin/builder/spi-builder-workspace/.swiftpm/xcode -experimental-emit-module-separately -disable-cmo
SwiftCompile normal arm64 Compiling\ Context.swift /Users/admin/builder/spi-builder-workspace/.dependencies/checkouts/SwiftShell/Sources/SwiftShell/Context.swift (in target 'SwiftShell' from project 'SwiftShell')
SwiftCompile normal arm64 /Users/admin/builder/spi-builder-workspace/.dependencies/checkouts/SwiftShell/Sources/SwiftShell/Context.swift (in target 'SwiftShell' from project 'SwiftShell')
    cd /Users/admin/builder/spi-builder-workspace/.swiftpm/xcode
    builtin-SwiftPerFileCompile Context.swift
SwiftCompile normal arm64 Compiling\ Files.swift /Users/admin/builder/spi-builder-workspace/.dependencies/checkouts/SwiftShell/Sources/SwiftShell/Files.swift (in target 'SwiftShell' from project 'SwiftShell')
SwiftCompile normal arm64 /Users/admin/builder/spi-builder-workspace/.dependencies/checkouts/SwiftShell/Sources/SwiftShell/Files.swift (in target 'SwiftShell' from project 'SwiftShell')
    cd /Users/admin/builder/spi-builder-workspace/.swiftpm/xcode
    builtin-SwiftPerFileCompile Files.swift
SwiftCompile normal arm64 Compiling\ Lazy-split.swift /Users/admin/builder/spi-builder-workspace/.dependencies/checkouts/SwiftShell/Sources/SwiftShell/Stream/Lazy-split.swift (in target 'SwiftShell' from project 'SwiftShell')
SwiftCompile normal arm64 /Users/admin/builder/spi-builder-workspace/.dependencies/checkouts/SwiftShell/Sources/SwiftShell/Stream/Lazy-split.swift (in target 'SwiftShell' from project 'SwiftShell')
    cd /Users/admin/builder/spi-builder-workspace/.swiftpm/xcode
    builtin-SwiftPerFileCompile Lazy-split.swift
SwiftCompile normal arm64 Compiling\ String.swift /Users/admin/builder/spi-builder-workspace/.dependencies/checkouts/SwiftShell/Sources/SwiftShell/String.swift (in target 'SwiftShell' from project 'SwiftShell')
SwiftCompile normal arm64 /Users/admin/builder/spi-builder-workspace/.dependencies/checkouts/SwiftShell/Sources/SwiftShell/String.swift (in target 'SwiftShell' from project 'SwiftShell')
    cd /Users/admin/builder/spi-builder-workspace/.swiftpm/xcode
    builtin-SwiftPerFileCompile String.swift
SwiftCompile normal arm64 Compiling\ Process.swift /Users/admin/builder/spi-builder-workspace/.dependencies/checkouts/SwiftShell/Sources/SwiftShell/Process.swift (in target 'SwiftShell' from project 'SwiftShell')
SwiftCompile normal arm64 /Users/admin/builder/spi-builder-workspace/.dependencies/checkouts/SwiftShell/Sources/SwiftShell/Process.swift (in target 'SwiftShell' from project 'SwiftShell')
    cd /Users/admin/builder/spi-builder-workspace/.swiftpm/xcode
    builtin-SwiftPerFileCompile Process.swift
SwiftEmitModule normal arm64 Emitting\ module\ for\ SwiftShell (in target 'SwiftShell' from project 'SwiftShell')
/Users/admin/builder/spi-builder-workspace/.dependencies/checkouts/SwiftShell/Sources/SwiftShell/Command.swift:57:62: error: cannot find type 'Process' in scope
 55 |
 56 | extension CommandRunning {
 57 | 	func createProcess(_ executable: String, args: [String]) -> Process {
    |                                                              `- error: cannot find type 'Process' in scope
 58 | 		/**
 59 | 		 If `executable` is not a path and a path for an executable file of that name can be found, return that path.
/Users/admin/builder/spi-builder-workspace/.dependencies/checkouts/SwiftShell/Sources/SwiftShell/Command.swift:242:27: error: cannot find type 'Process' in scope
240 | /// Output from the `runAsyncAndPrint` commands.
241 | public class PrintedAsyncCommand {
242 | 	fileprivate let process: Process
    |                           `- error: cannot find type 'Process' in scope
243 |
244 | 	init(unlaunched process: Process, combineOutput: Bool) {
/Users/admin/builder/spi-builder-workspace/.dependencies/checkouts/SwiftShell/Sources/SwiftShell/Command.swift:244:27: error: cannot find type 'Process' in scope
242 | 	fileprivate let process: Process
243 |
244 | 	init(unlaunched process: Process, combineOutput: Bool) {
    |                           `- error: cannot find type 'Process' in scope
245 | 		self.process = process
246 |
/Users/admin/builder/spi-builder-workspace/.dependencies/checkouts/SwiftShell/Sources/SwiftShell/Command.swift:253:35: error: cannot find type 'Process' in scope
251 |
252 | 	/// Calls `init(unlaunched:)`, then launches the process and exits the application on error.
253 | 	convenience init(launch process: Process, file: String, line: Int) {
    |                                   `- error: cannot find type 'Process' in scope
254 | 		self.init(unlaunched: process, combineOutput: false)
255 | 		do {
/Users/admin/builder/spi-builder-workspace/.dependencies/checkouts/SwiftShell/Sources/SwiftShell/Command.swift:318:37: error: cannot find type 'Process' in scope
316 | 	 - returns: `.exited` if the command exited normally, otherwise `.uncaughtSignal`.
317 | 	 */
318 | 	public func terminationReason() -> Process.TerminationReason {
    |                                     `- error: cannot find type 'Process' in scope
319 | 		process.waitUntilExit()
320 | 		return process.terminationReason
/Users/admin/builder/spi-builder-workspace/.dependencies/checkouts/SwiftShell/Sources/SwiftShell/Command.swift:340:36: error: cannot find type 'Process' in scope
338 | 	public let stderror: ReadableStream
339 |
340 | 	override init(unlaunched process: Process, combineOutput: Bool) {
    |                                    `- error: cannot find type 'Process' in scope
341 | 		let outpipe = Pipe()
342 | 		process.standardOutput = outpipe
/Users/admin/builder/spi-builder-workspace/.dependencies/checkouts/SwiftShell/Sources/SwiftShell/Process.swift:12:11: error: cannot find type 'Process' in scope
10 | // MARK: Process
11 |
12 | extension Process {
   |           `- error: cannot find type 'Process' in scope
13 | 	/// Launches process.
14 | 	///
Failed frontend command:
/Applications/Xcode-27.0.0-Release.Candidate.app/Contents/Developer/Toolchains/XcodeDefault.xctoolchain/usr/bin/swift-frontend -frontend -emit-module -experimental-skip-non-inlinable-function-bodies-without-types /Users/admin/builder/spi-builder-workspace/.dependencies/checkouts/SwiftShell/Sources/SwiftShell/Bash.swift /Users/admin/builder/spi-builder-workspace/.dependencies/checkouts/SwiftShell/Sources/SwiftShell/Command.swift /Users/admin/builder/spi-builder-workspace/.dependencies/checkouts/SwiftShell/Sources/SwiftShell/Context.swift /Users/admin/builder/spi-builder-workspace/.dependencies/checkouts/SwiftShell/Sources/SwiftShell/Files.swift /Users/admin/builder/spi-builder-workspace/.dependencies/checkouts/SwiftShell/Sources/SwiftShell/General/Array.swift /Users/admin/builder/spi-builder-workspace/.dependencies/checkouts/SwiftShell/Sources/SwiftShell/Process.swift /Users/admin/builder/spi-builder-workspace/.dependencies/checkouts/SwiftShell/Sources/SwiftShell/Stream/Lazy-split.swift /Users/admin/builder/spi-builder-workspace/.dependencies/checkouts/SwiftShell/Sources/SwiftShell/Stream/Stream.swift /Users/admin/builder/spi-builder-workspace/.dependencies/checkouts/SwiftShell/Sources/SwiftShell/String.swift -target arm64-apple-xros1.0 -disable-cross-import-overlay-search -load-resolved-plugin /Applications/Xcode-27.0.0-Release.Candidate.app/Contents/Developer/Platforms/XROS.platform/Developer/usr/lib/swift/host/plugins/libFoundationMacros.dylib\#/Applications/Xcode-27.0.0-Release.Candidate.app/Contents/Developer/Platforms/XROS.platform/Developer/usr/bin/swift-plugin-server\#FoundationMacros -load-resolved-plugin /Applications/Xcode-27.0.0-Release.Candidate.app/Contents/Developer/Platforms/XROS.platform/Developer/usr/lib/swift/host/plugins/libObservationMacros.dylib\#/Applications/Xcode-27.0.0-Release.Candidate.app/Contents/Developer/Platforms/XROS.platform/Developer/usr/bin/swift-plugin-server\#ObservationMacros -load-resolved-plugin /Applications/Xcode-27.0.0-Release.Candidate.app/Contents/Developer/Platforms/XROS.platform/Developer/usr/lib/swift/host/plugins/libSwiftMacros.dylib\#/Applications/Xcode-27.0.0-Release.Candidate.app/Contents/Developer/Platforms/XROS.platform/Developer/usr/bin/swift-plugin-server\#SwiftMacros -disable-implicit-swift-modules -Xcc -fno-implicit-modules -Xcc -fno-implicit-module-maps -explicit-swift-module-map-file /Users/admin/builder/spi-builder-workspace/.derivedData/Build/Intermediates.noindex/SwiftShell.build/Debug-xros/SwiftShell-t.build/Objects-normal/arm64/SwiftShell-dependencies-1.json -Xllvm -aarch64-use-tbi -enable-objc-interop -stack-check -sdk /Applications/Xcode-27.0.0-Release.Candidate.app/Contents/Developer/Platforms/XROS.platform/Developer/SDKs/XROS27.0.sdk -I /Users/admin/builder/spi-builder-workspace/.derivedData/Build/Products/Debug-xros -Isystem /Applications/Xcode-27.0.0-Release.Candidate.app/Contents/Developer/Platforms/XROS.platform/Developer/usr/lib -F /Users/admin/builder/spi-builder-workspace/.derivedData/Build/Products/Debug-xros -F /Applications/Xcode-27.0.0-Release.Candidate.app/Contents/Developer/Platforms/XROS.platform/Developer/Library/Frameworks -F /Applications/Xcode-27.0.0-Release.Candidate.app/Contents/Developer/Platforms/XROS.platform/Developer/SDKs/XROS27.0.sdk/Developer/Library/Frameworks -module-cache-path /Users/admin/builder/spi-builder-workspace/.derivedData/Build/Intermediates.noindex/SwiftExplicitPrecompiledModules -no-color-diagnostics -Xcc -fno-color-diagnostics -enable-testing -g -debug-info-format\=dwarf -dwarf-version\=4 -suppress-warnings -profile-generate -profile-coverage-mapping -swift-version 5 -Onone -D SWIFT_PACKAGE -D DEBUG -D SWIFT_MODULE_RESOURCE_BUNDLE_UNAVAILABLE -D DEBUG -D Xcode -serialize-debugging-options -enable-experimental-feature DebugDescriptionMacro -empty-abi-descriptor -validate-clang-modules-once -clang-build-session-file /Users/admin/builder/spi-builder-workspace/.derivedData/ModuleCache.noindex/Session.modulevalidation -Xcc -working-directory -Xcc /Users/admin/builder/spi-builder-workspace/.swiftpm/xcode -enable-anonymous-context-mangled-names -file-compilation-dir /Users/admin/builder/spi-builder-workspace/.swiftpm/xcode -Xcc -D_LIBCPP_HARDENING_MODE\=_LIBCPP_HARDENING_MODE_DEBUG -Xcc -ivfsstatcache -Xcc /Users/admin/builder/spi-builder-workspace/.derivedData/SDKStatCaches.noindex/xros27.0-24M361-e829b21a6f8c9b70876ba0858053c044735bd543db762f57723cac368afd1ce4.sdkstatcache -Xcc -fmodules-prune-interval\=86400 -Xcc -fmodules-prune-after\=345600 -Xcc -I/Users/admin/builder/spi-builder-workspace/.derivedData/Build/Products/Debug-xros/include -Xcc -I/Users/admin/builder/spi-builder-workspace/.derivedData/Build/Intermediates.noindex/SwiftShell.build/Debug-xros/SwiftShell-t.build/DerivedSources-normal/arm64 -Xcc -I/Users/admin/builder/spi-builder-workspace/.derivedData/Build/Intermediates.noindex/SwiftShell.build/Debug-xros/SwiftShell-t.build/DerivedSources/arm64 -Xcc -I/Users/admin/builder/spi-builder-workspace/.derivedData/Build/Intermediates.noindex/SwiftShell.build/Debug-xros/SwiftShell-t.build/DerivedSources -Xcc -DSWIFT_PACKAGE -Xcc -DDEBUG\=1 -no-auto-bridging-header-chaining -module-name SwiftShell -const-gather-protocols-file /Users/admin/builder/spi-builder-workspace/.derivedData/Build/Intermediates.noindex/SwiftShell.build/Debug-xros/SwiftShell-t.build/Objects-normal/arm64/SwiftShell_const_extract_protocols.json -disable-clang-spi -clang-target arm64-apple-xros27.0 -target-sdk-version 27.0 -target-sdk-name xros27.0 -in-process-plugin-server-path /Applications/Xcode-27.0.0-Release.Candidate.app/Contents/Developer/Toolchains/XcodeDefault.xctoolchain/usr/lib/swift/host/libSwiftInProcPluginServer.dylib -emit-module-doc-path /Users/admin/builder/spi-builder-workspace/.derivedData/Build/Intermediates.noindex/SwiftShell.build/Debug-xros/SwiftShell-t.build/Objects-normal/arm64/SwiftShell.swiftdoc -emit-module-source-info-path /Users/admin/builder/spi-builder-workspace/.derivedData/Build/Intermediates.noindex/SwiftShell.build/Debug-xros/SwiftShell-t.build/Objects-normal/arm64/SwiftShell.swiftsourceinfo -emit-objc-header-path /Users/admin/builder/spi-builder-workspace/.derivedData/Build/Intermediates.noindex/SwiftShell.build/Debug-xros/SwiftShell-t.build/Objects-normal/arm64/SwiftShell-Swift.h -serialize-diagnostics-path /Users/admin/builder/spi-builder-workspace/.derivedData/Build/Intermediates.noindex/SwiftShell.build/Debug-xros/SwiftShell-t.build/Objects-normal/arm64/SwiftShell-primary-emit-module.dia -emit-dependencies-path /Users/admin/builder/spi-builder-workspace/.derivedData/Build/Intermediates.noindex/SwiftShell.build/Debug-xros/SwiftShell-t.build/Objects-normal/arm64/SwiftShell-primary-emit-module.d -parse-as-library -o /Users/admin/builder/spi-builder-workspace/.derivedData/Build/Intermediates.noindex/SwiftShell.build/Debug-xros/SwiftShell-t.build/Objects-normal/arm64/SwiftShell.swiftmodule -emit-abi-descriptor-path /Users/admin/builder/spi-builder-workspace/.derivedData/Build/Intermediates.noindex/SwiftShell.build/Debug-xros/SwiftShell-t.build/Objects-normal/arm64/SwiftShell.abi.json
SwiftCompile normal arm64 (in target 'SwiftShell' from project 'SwiftShell')
    cd /Users/admin/builder/spi-builder-workspace/.swiftpm/xcode

SwiftCompile normal arm64 Compiling\ Array.swift /Users/admin/builder/spi-builder-workspace/.dependencies/checkouts/SwiftShell/Sources/SwiftShell/General/Array.swift (in target 'SwiftShell' from project 'SwiftShell')
SwiftCompile normal arm64 /Users/admin/builder/spi-builder-workspace/.dependencies/checkouts/SwiftShell/Sources/SwiftShell/General/Array.swift (in target 'SwiftShell' from project 'SwiftShell')
    cd /Users/admin/builder/spi-builder-workspace/.swiftpm/xcode
    builtin-SwiftPerFileCompile Array.swift
SwiftCompile normal arm64 Compiling\ Stream.swift /Users/admin/builder/spi-builder-workspace/.dependencies/checkouts/SwiftShell/Sources/SwiftShell/Stream/Stream.swift (in target 'SwiftShell' from project 'SwiftShell')
SwiftCompile normal arm64 /Users/admin/builder/spi-builder-workspace/.dependencies/checkouts/SwiftShell/Sources/SwiftShell/Stream/Stream.swift (in target 'SwiftShell' from project 'SwiftShell')
    cd /Users/admin/builder/spi-builder-workspace/.swiftpm/xcode
    builtin-SwiftPerFileCompile Stream.swift
SwiftCompile normal arm64 Compiling\ Bash.swift /Users/admin/builder/spi-builder-workspace/.dependencies/checkouts/SwiftShell/Sources/SwiftShell/Bash.swift (in target 'SwiftShell' from project 'SwiftShell')
SwiftCompile normal arm64 /Users/admin/builder/spi-builder-workspace/.dependencies/checkouts/SwiftShell/Sources/SwiftShell/Bash.swift (in target 'SwiftShell' from project 'SwiftShell')
    cd /Users/admin/builder/spi-builder-workspace/.swiftpm/xcode
    builtin-SwiftPerFileCompile Bash.swift
SwiftCompile normal arm64 Compiling\ Command.swift /Users/admin/builder/spi-builder-workspace/.dependencies/checkouts/SwiftShell/Sources/SwiftShell/Command.swift (in target 'SwiftShell' from project 'SwiftShell')
/Users/admin/builder/spi-builder-workspace/.dependencies/checkouts/SwiftShell/Sources/SwiftShell/Command.swift:57:62: error: cannot find type 'Process' in scope
 55 |
 56 | extension CommandRunning {
 57 | 	func createProcess(_ executable: String, args: [String]) -> Process {
    |                                                              `- error: cannot find type 'Process' in scope
 58 | 		/**
 59 | 		 If `executable` is not a path and a path for an executable file of that name can be found, return that path.
/Users/admin/builder/spi-builder-workspace/.dependencies/checkouts/SwiftShell/Sources/SwiftShell/Command.swift:242:27: error: cannot find type 'Process' in scope
240 | /// Output from the `runAsyncAndPrint` commands.
241 | public class PrintedAsyncCommand {
242 | 	fileprivate let process: Process
    |                           `- error: cannot find type 'Process' in scope
243 |
244 | 	init(unlaunched process: Process, combineOutput: Bool) {
/Users/admin/builder/spi-builder-workspace/.dependencies/checkouts/SwiftShell/Sources/SwiftShell/Command.swift:244:27: error: cannot find type 'Process' in scope
242 | 	fileprivate let process: Process
243 |
244 | 	init(unlaunched process: Process, combineOutput: Bool) {
    |                           `- error: cannot find type 'Process' in scope
245 | 		self.process = process
246 |
/Users/admin/builder/spi-builder-workspace/.dependencies/checkouts/SwiftShell/Sources/SwiftShell/Command.swift:253:35: error: cannot find type 'Process' in scope
251 |
252 | 	/// Calls `init(unlaunched:)`, then launches the process and exits the application on error.
253 | 	convenience init(launch process: Process, file: String, line: Int) {
    |                                   `- error: cannot find type 'Process' in scope
254 | 		self.init(unlaunched: process, combineOutput: false)
255 | 		do {
/Users/admin/builder/spi-builder-workspace/.dependencies/checkouts/SwiftShell/Sources/SwiftShell/Command.swift:318:37: error: cannot find type 'Process' in scope
316 | 	 - returns: `.exited` if the command exited normally, otherwise `.uncaughtSignal`.
317 | 	 */
318 | 	public func terminationReason() -> Process.TerminationReason {
    |                                     `- error: cannot find type 'Process' in scope
319 | 		process.waitUntilExit()
320 | 		return process.terminationReason
/Users/admin/builder/spi-builder-workspace/.dependencies/checkouts/SwiftShell/Sources/SwiftShell/Command.swift:340:36: error: cannot find type 'Process' in scope
338 | 	public let stderror: ReadableStream
339 |
340 | 	override init(unlaunched process: Process, combineOutput: Bool) {
    |                                    `- error: cannot find type 'Process' in scope
341 | 		let outpipe = Pipe()
342 | 		process.standardOutput = outpipe
SwiftCompile normal arm64 /Users/admin/builder/spi-builder-workspace/.dependencies/checkouts/SwiftShell/Sources/SwiftShell/Command.swift (in target 'SwiftShell' from project 'SwiftShell')
    cd /Users/admin/builder/spi-builder-workspace/.swiftpm/xcode
    builtin-SwiftPerFileCompile Command.swift
PruneExplicitPrecompiledModules /Users/admin/builder/spi-builder-workspace/.derivedData/Build/Intermediates.noindex/SwiftExplicitPrecompiledModules
PruneExplicitPrecompiledModules /Users/admin/builder/spi-builder-workspace/.derivedData/SDKExplicitPrecompiledModules
PruneExplicitPrecompiledModules /Users/admin/builder/spi-builder-workspace/.derivedData/Build/Intermediates.noindex/ExplicitPrecompiledModules
2026-09-16 05:35:25.066 xcodebuild[798:4868] [MT] IDERunDestination: Supported platforms for the buildables in the current scheme is empty.
** BUILD FAILED **
The following build commands failed:
	SwiftEmitModule normal arm64 Emitting\ module\ for\ SwiftShell (in target 'SwiftShell' from project 'SwiftShell')
	SwiftCompile normal arm64 (in target 'SwiftShell' from project 'SwiftShell')
	Building workspace FileSmith with scheme FileSmith
(3 failures)
BUILD FAILURE 6.4 visionOS