Build Information
Failed to build ObservationBridge, reference main (4a3a88), with Swift 6.3 for watchOS using Xcode 26.4 on 29 Oct 2026 01:07:14 UTC.
Build Command
env DEVELOPER_DIR=/Applications/Xcode-26.5.0.app xcrun xcodebuild -IDEClonedSourcePackagesDirPathOverride=$PWD/.dependencies -skipMacroValidation -skipPackagePluginValidation -derivedDataPath $PWD/.derivedData build -scheme ObservationBridge-Package -destination generic/platform=watchOSBuild Log
cd /Users/admin/builder/spi-builder-workspace/.dependencies/checkouts/swift-objc-dump
builtin-copy -exclude .DS_Store -exclude CVS -exclude .svn -exclude .git -exclude .hg -resolve-src-symlinks -rename /Users/admin/builder/spi-builder-workspace/.derivedData/Build/Intermediates.noindex/ObjCDump.build/Debug-watchos/ObjCTypeDecodeKit.build/Objects-normal/arm64/ObjCTypeDecodeKit.swiftdoc /Users/admin/builder/spi-builder-workspace/.derivedData/Build/Products/Debug-watchos/ObjCTypeDecodeKit.swiftmodule/arm64-apple-watchos.swiftdoc
Copy /Users/admin/builder/spi-builder-workspace/.derivedData/Build/Products/Debug-watchos/ObjCTypeDecodeKit.swiftmodule/arm64-apple-watchos.abi.json /Users/admin/builder/spi-builder-workspace/.derivedData/Build/Intermediates.noindex/ObjCDump.build/Debug-watchos/ObjCTypeDecodeKit.build/Objects-normal/arm64/ObjCTypeDecodeKit.abi.json (in target 'ObjCTypeDecodeKit' from project 'ObjCDump')
cd /Users/admin/builder/spi-builder-workspace/.dependencies/checkouts/swift-objc-dump
builtin-copy -exclude .DS_Store -exclude CVS -exclude .svn -exclude .git -exclude .hg -resolve-src-symlinks -rename /Users/admin/builder/spi-builder-workspace/.derivedData/Build/Intermediates.noindex/ObjCDump.build/Debug-watchos/ObjCTypeDecodeKit.build/Objects-normal/arm64/ObjCTypeDecodeKit.abi.json /Users/admin/builder/spi-builder-workspace/.derivedData/Build/Products/Debug-watchos/ObjCTypeDecodeKit.swiftmodule/arm64-apple-watchos.abi.json
Copy /Users/admin/builder/spi-builder-workspace/.derivedData/Build/Products/Debug-watchos/ObjCTypeDecodeKit.swiftmodule/Project/arm64-apple-watchos.swiftsourceinfo /Users/admin/builder/spi-builder-workspace/.derivedData/Build/Intermediates.noindex/ObjCDump.build/Debug-watchos/ObjCTypeDecodeKit.build/Objects-normal/arm64/ObjCTypeDecodeKit.swiftsourceinfo (in target 'ObjCTypeDecodeKit' from project 'ObjCDump')
cd /Users/admin/builder/spi-builder-workspace/.dependencies/checkouts/swift-objc-dump
builtin-copy -exclude .DS_Store -exclude CVS -exclude .svn -exclude .git -exclude .hg -resolve-src-symlinks -rename /Users/admin/builder/spi-builder-workspace/.derivedData/Build/Intermediates.noindex/ObjCDump.build/Debug-watchos/ObjCTypeDecodeKit.build/Objects-normal/arm64/ObjCTypeDecodeKit.swiftsourceinfo /Users/admin/builder/spi-builder-workspace/.derivedData/Build/Products/Debug-watchos/ObjCTypeDecodeKit.swiftmodule/Project/arm64-apple-watchos.swiftsourceinfo
SwiftDriver\ Compilation\ Requirements FileIO normal arm64 com.apple.xcode.tools.swift.compiler (in target 'FileIO' from project 'swift-fileio')
cd /Users/admin/builder/spi-builder-workspace/.swiftpm/xcode
builtin-Swift-Compilation-Requirements -- /Applications/Xcode-26.5.0.app/Contents/Developer/Toolchains/XcodeDefault.xctoolchain/usr/bin/swiftc -module-name FileIO -Onone @/Users/admin/builder/spi-builder-workspace/.derivedData/Build/Intermediates.noindex/swift-fileio.build/Debug-watchos/FileIO.build/Objects-normal/arm64/FileIO.SwiftFileList -DSWIFT_PACKAGE -DDEBUG -DSWIFT_MODULE_RESOURCE_BUNDLE_UNAVAILABLE -DXcode -plugin-path /Applications/Xcode-26.5.0.app/Contents/Developer/Toolchains/XcodeDefault.xctoolchain/usr/lib/swift/host/plugins/testing -enable-experimental-feature DebugDescriptionMacro -sdk /Applications/Xcode-26.5.0.app/Contents/Developer/Platforms/WatchOS.platform/Developer/SDKs/WatchOS26.5.sdk -target arm64-apple-watchos5.0 -g -module-cache-path /Users/admin/builder/spi-builder-workspace/.derivedData/ModuleCache.noindex -Xfrontend -serialize-debugging-options -profile-coverage-mapping -profile-generate -enable-testing -suppress-warnings -index-store-path /Users/admin/builder/spi-builder-workspace/.derivedData/Index.noindex/DataStore -Xcc -D_LIBCPP_HARDENING_MODE\=_LIBCPP_HARDENING_MODE_DEBUG -swift-version 5 -I /Users/admin/builder/spi-builder-workspace/.derivedData/Build/Products/Debug-watchos -Isystem /Applications/Xcode-26.5.0.app/Contents/Developer/Platforms/WatchOS.platform/Developer/usr/lib -F /Users/admin/builder/spi-builder-workspace/.derivedData/Build/Products/Debug-watchos -F /Applications/Xcode-26.5.0.app/Contents/Developer/Platforms/WatchOS.platform/Developer/Library/Frameworks -F /Applications/Xcode-26.5.0.app/Contents/Developer/Platforms/WatchOS.platform/Developer/SDKs/WatchOS26.5.sdk/Developer/Library/Frameworks -c -j10 -enable-batch-mode -incremental -Xcc -ivfsstatcache -Xcc /Users/admin/builder/spi-builder-workspace/.derivedData/SDKStatCaches.noindex/watchos26.5-23T570-688ef53f1462e2c8f657fdc38a81448f7931b973dfc65d9472806dbbc3af9379.sdkstatcache -output-file-map /Users/admin/builder/spi-builder-workspace/.derivedData/Build/Intermediates.noindex/swift-fileio.build/Debug-watchos/FileIO.build/Objects-normal/arm64/FileIO-OutputFileMap.json -use-frontend-parseable-output -save-temps -no-color-diagnostics -explicit-module-build -module-cache-path /Users/admin/builder/spi-builder-workspace/.derivedData/Build/Intermediates.noindex/SwiftExplicitPrecompiledModules -clang-scanner-module-cache-path /Users/admin/builder/spi-builder-workspace/.derivedData/ModuleCache.noindex -sdk-module-cache-path /Users/admin/builder/spi-builder-workspace/.derivedData/ModuleCache.noindex -serialize-diagnostics -emit-dependencies -emit-module -emit-module-path /Users/admin/builder/spi-builder-workspace/.derivedData/Build/Intermediates.noindex/swift-fileio.build/Debug-watchos/FileIO.build/Objects-normal/arm64/FileIO.swiftmodule -validate-clang-modules-once -clang-build-session-file /Users/admin/builder/spi-builder-workspace/.derivedData/ModuleCache.noindex/Session.modulevalidation -package-name swift_fileio -Xcc -I/Users/admin/builder/spi-builder-workspace/.derivedData/Build/Intermediates.noindex/swift-fileio.build/Debug-watchos/FileIO.build/swift-overrides.hmap -emit-const-values -Xfrontend -const-gather-protocols-file -Xfrontend /Users/admin/builder/spi-builder-workspace/.derivedData/Build/Intermediates.noindex/swift-fileio.build/Debug-watchos/FileIO.build/Objects-normal/arm64/FileIO_const_extract_protocols.json -Xcc -I/Users/admin/builder/spi-builder-workspace/.derivedData/Build/Products/Debug-watchos/include -Xcc -I/Users/admin/builder/spi-builder-workspace/.derivedData/Build/Intermediates.noindex/swift-fileio.build/Debug-watchos/FileIO.build/DerivedSources-normal/arm64 -Xcc -I/Users/admin/builder/spi-builder-workspace/.derivedData/Build/Intermediates.noindex/swift-fileio.build/Debug-watchos/FileIO.build/DerivedSources/arm64 -Xcc -I/Users/admin/builder/spi-builder-workspace/.derivedData/Build/Intermediates.noindex/swift-fileio.build/Debug-watchos/FileIO.build/DerivedSources -Xcc -DSWIFT_PACKAGE -Xcc -DDEBUG\=1 -emit-objc-header -emit-objc-header-path /Users/admin/builder/spi-builder-workspace/.derivedData/Build/Intermediates.noindex/swift-fileio.build/Debug-watchos/FileIO.build/Objects-normal/arm64/FileIO-Swift.h -working-directory /Users/admin/builder/spi-builder-workspace/.swiftpm/xcode -experimental-emit-module-separately -disable-cmo
CompileC /Users/admin/builder/spi-builder-workspace/.derivedData/Build/Intermediates.noindex/ABIBridge.build/Debug-watchos/ABIBridgeCore.build/Objects-normal/arm64/SwiftValueWitness.o /Users/admin/builder/spi-builder-workspace/.dependencies/checkouts/ABIBridge/Sources/ABIBridgeCore/SwiftValueWitness.cpp normal arm64 c++ com.apple.compilers.llvm.clang.1_0.compiler (in target 'ABIBridgeCore' from project 'ABIBridge')
cd /Users/admin/builder/spi-builder-workspace/.swiftpm/xcode
Using response file: /Users/admin/builder/spi-builder-workspace/.derivedData/Build/Intermediates.noindex/ABIBridge.build/Debug-watchos/ABIBridgeCore.build/Objects-normal/arm64/82b82416624d2658e5098eb0a28c15c5-common-args.resp
/Applications/Xcode-26.5.0.app/Contents/Developer/Toolchains/XcodeDefault.xctoolchain/usr/bin/clang -x c++ -ivfsstatcache /Users/admin/builder/spi-builder-workspace/.derivedData/SDKStatCaches.noindex/watchos26.5-23T570-688ef53f1462e2c8f657fdc38a81448f7931b973dfc65d9472806dbbc3af9379.sdkstatcache -target arm64-apple-watchos11.4 -fmessage-length\=0 -fdiagnostics-show-note-include-stack -fmacro-backtrace-limit\=0 -fno-color-diagnostics -fmodules-prune-interval\=86400 -fmodules-prune-after\=345600 -fbuild-session-file\=/Users/admin/builder/spi-builder-workspace/.derivedData/ModuleCache.noindex/Session.modulevalidation -fmodules-validate-once-per-build-session -Wnon-modular-include-in-framework-module -Werror\=non-modular-include-in-framework-module -Wno-trigraphs -Wno-missing-field-initializers -Wno-missing-prototypes -Wno-return-type -Wno-non-virtual-dtor -Wno-overloaded-virtual -Wno-exit-time-destructors -Wno-missing-braces -Wparentheses -Wswitch -Wno-unused-function -Wno-unused-label -Wno-unused-parameter -Wno-unused-variable -Wunused-value -Wno-empty-body -Wno-uninitialized -Wno-unknown-pragmas -w -Wno-shadow -Wno-four-char-constants -Wno-conversion -Wno-constant-conversion -Wno-int-conversion -Wno-bool-conversion -Wno-enum-conversion -Wno-float-conversion -Wno-non-literal-null-conversion -Wno-objc-literal-conversion -Wshorten-64-to-32 -Wno-newline-eof -Wno-c++11-extensions -Wno-implicit-fallthrough -isysroot /Applications/Xcode-26.5.0.app/Contents/Developer/Platforms/WatchOS.platform/Developer/SDKs/WatchOS26.5.sdk -fstrict-aliasing -Wdeprecated-declarations -Winvalid-offsetof -Wno-sign-conversion -Wno-infinite-recursion -Wno-move -Wno-comma -Wno-block-capture-autoreleasing -Wno-strict-prototypes -Wno-range-loop-analysis -Wno-semicolon-before-method-body -index-store-path /Users/admin/builder/spi-builder-workspace/.derivedData/Index.noindex/DataStore @/Users/admin/builder/spi-builder-workspace/.derivedData/Build/Intermediates.noindex/ABIBridge.build/Debug-watchos/ABIBridgeCore.build/Objects-normal/arm64/82b82416624d2658e5098eb0a28c15c5-common-args.resp -MMD -MT dependencies -MF /Users/admin/builder/spi-builder-workspace/.derivedData/Build/Intermediates.noindex/ABIBridge.build/Debug-watchos/ABIBridgeCore.build/Objects-normal/arm64/SwiftValueWitness.d --serialize-diagnostics /Users/admin/builder/spi-builder-workspace/.derivedData/Build/Intermediates.noindex/ABIBridge.build/Debug-watchos/ABIBridgeCore.build/Objects-normal/arm64/SwiftValueWitness.dia -c /Users/admin/builder/spi-builder-workspace/.dependencies/checkouts/ABIBridge/Sources/ABIBridgeCore/SwiftValueWitness.cpp -o /Users/admin/builder/spi-builder-workspace/.derivedData/Build/Intermediates.noindex/ABIBridge.build/Debug-watchos/ABIBridgeCore.build/Objects-normal/arm64/SwiftValueWitness.o -index-unit-output-path /ABIBridge.build/Debug-watchos/ABIBridgeCore.build/Objects-normal/arm64/SwiftValueWitness.o
CompileC /Users/admin/builder/spi-builder-workspace/.derivedData/Build/Intermediates.noindex/ABIBridge.build/Debug-watchos/ABIBridgeCore.build/Objects-normal/arm64/SwiftOpaqueDescriptor.o /Users/admin/builder/spi-builder-workspace/.dependencies/checkouts/ABIBridge/Sources/ABIBridgeCore/SwiftOpaqueDescriptor.cpp normal arm64 c++ com.apple.compilers.llvm.clang.1_0.compiler (in target 'ABIBridgeCore' from project 'ABIBridge')
cd /Users/admin/builder/spi-builder-workspace/.swiftpm/xcode
Using response file: /Users/admin/builder/spi-builder-workspace/.derivedData/Build/Intermediates.noindex/ABIBridge.build/Debug-watchos/ABIBridgeCore.build/Objects-normal/arm64/82b82416624d2658e5098eb0a28c15c5-common-args.resp
/Applications/Xcode-26.5.0.app/Contents/Developer/Toolchains/XcodeDefault.xctoolchain/usr/bin/clang -x c++ -ivfsstatcache /Users/admin/builder/spi-builder-workspace/.derivedData/SDKStatCaches.noindex/watchos26.5-23T570-688ef53f1462e2c8f657fdc38a81448f7931b973dfc65d9472806dbbc3af9379.sdkstatcache -target arm64-apple-watchos11.4 -fmessage-length\=0 -fdiagnostics-show-note-include-stack -fmacro-backtrace-limit\=0 -fno-color-diagnostics -fmodules-prune-interval\=86400 -fmodules-prune-after\=345600 -fbuild-session-file\=/Users/admin/builder/spi-builder-workspace/.derivedData/ModuleCache.noindex/Session.modulevalidation -fmodules-validate-once-per-build-session -Wnon-modular-include-in-framework-module -Werror\=non-modular-include-in-framework-module -Wno-trigraphs -Wno-missing-field-initializers -Wno-missing-prototypes -Wno-return-type -Wno-non-virtual-dtor -Wno-overloaded-virtual -Wno-exit-time-destructors -Wno-missing-braces -Wparentheses -Wswitch -Wno-unused-function -Wno-unused-label -Wno-unused-parameter -Wno-unused-variable -Wunused-value -Wno-empty-body -Wno-uninitialized -Wno-unknown-pragmas -w -Wno-shadow -Wno-four-char-constants -Wno-conversion -Wno-constant-conversion -Wno-int-conversion -Wno-bool-conversion -Wno-enum-conversion -Wno-float-conversion -Wno-non-literal-null-conversion -Wno-objc-literal-conversion -Wshorten-64-to-32 -Wno-newline-eof -Wno-c++11-extensions -Wno-implicit-fallthrough -isysroot /Applications/Xcode-26.5.0.app/Contents/Developer/Platforms/WatchOS.platform/Developer/SDKs/WatchOS26.5.sdk -fstrict-aliasing -Wdeprecated-declarations -Winvalid-offsetof -Wno-sign-conversion -Wno-infinite-recursion -Wno-move -Wno-comma -Wno-block-capture-autoreleasing -Wno-strict-prototypes -Wno-range-loop-analysis -Wno-semicolon-before-method-body -index-store-path /Users/admin/builder/spi-builder-workspace/.derivedData/Index.noindex/DataStore @/Users/admin/builder/spi-builder-workspace/.derivedData/Build/Intermediates.noindex/ABIBridge.build/Debug-watchos/ABIBridgeCore.build/Objects-normal/arm64/82b82416624d2658e5098eb0a28c15c5-common-args.resp -MMD -MT dependencies -MF /Users/admin/builder/spi-builder-workspace/.derivedData/Build/Intermediates.noindex/ABIBridge.build/Debug-watchos/ABIBridgeCore.build/Objects-normal/arm64/SwiftOpaqueDescriptor.d --serialize-diagnostics /Users/admin/builder/spi-builder-workspace/.derivedData/Build/Intermediates.noindex/ABIBridge.build/Debug-watchos/ABIBridgeCore.build/Objects-normal/arm64/SwiftOpaqueDescriptor.dia -c /Users/admin/builder/spi-builder-workspace/.dependencies/checkouts/ABIBridge/Sources/ABIBridgeCore/SwiftOpaqueDescriptor.cpp -o /Users/admin/builder/spi-builder-workspace/.derivedData/Build/Intermediates.noindex/ABIBridge.build/Debug-watchos/ABIBridgeCore.build/Objects-normal/arm64/SwiftOpaqueDescriptor.o -index-unit-output-path /ABIBridge.build/Debug-watchos/ABIBridgeCore.build/Objects-normal/arm64/SwiftOpaqueDescriptor.o
SwiftMergeGeneratedHeaders /Users/admin/builder/spi-builder-workspace/.derivedData/Build/Intermediates.noindex/GeneratedModuleMaps-watchos/FileIO-Swift.h /Users/admin/builder/spi-builder-workspace/.derivedData/Build/Intermediates.noindex/swift-fileio.build/Debug-watchos/FileIO.build/Objects-normal/arm64/FileIO-Swift.h /Users/admin/builder/spi-builder-workspace/.derivedData/Build/Intermediates.noindex/swift-fileio.build/Debug-watchos/FileIO.build/Objects-normal/arm64_32/FileIO-Swift.h /Users/admin/builder/spi-builder-workspace/.derivedData/Build/Intermediates.noindex/swift-fileio.build/Debug-watchos/FileIO.build/Objects-normal/armv7k/FileIO-Swift.h (in target 'FileIO' from project 'swift-fileio')
cd /Users/admin/builder/spi-builder-workspace/.dependencies/checkouts/swift-fileio
builtin-swiftHeaderTool -arch arm64 /Users/admin/builder/spi-builder-workspace/.derivedData/Build/Intermediates.noindex/swift-fileio.build/Debug-watchos/FileIO.build/Objects-normal/arm64/FileIO-Swift.h -arch arm64_32 /Users/admin/builder/spi-builder-workspace/.derivedData/Build/Intermediates.noindex/swift-fileio.build/Debug-watchos/FileIO.build/Objects-normal/arm64_32/FileIO-Swift.h -arch armv7k /Users/admin/builder/spi-builder-workspace/.derivedData/Build/Intermediates.noindex/swift-fileio.build/Debug-watchos/FileIO.build/Objects-normal/armv7k/FileIO-Swift.h -o /Users/admin/builder/spi-builder-workspace/.derivedData/Build/Intermediates.noindex/GeneratedModuleMaps-watchos/FileIO-Swift.h
SwiftDriverJobDiscovery normal arm64 Emitting module for BinaryParseSupport (in target 'BinaryParseSupport' from project 'swift-binary-parse-support')
Copy /Users/admin/builder/spi-builder-workspace/.derivedData/Build/Products/Debug-watchos/FileIO.swiftmodule/arm64-apple-watchos.swiftmodule /Users/admin/builder/spi-builder-workspace/.derivedData/Build/Intermediates.noindex/swift-fileio.build/Debug-watchos/FileIO.build/Objects-normal/arm64/FileIO.swiftmodule (in target 'FileIO' from project 'swift-fileio')
cd /Users/admin/builder/spi-builder-workspace/.dependencies/checkouts/swift-fileio
builtin-copy -exclude .DS_Store -exclude CVS -exclude .svn -exclude .git -exclude .hg -resolve-src-symlinks -rename /Users/admin/builder/spi-builder-workspace/.derivedData/Build/Intermediates.noindex/swift-fileio.build/Debug-watchos/FileIO.build/Objects-normal/arm64/FileIO.swiftmodule /Users/admin/builder/spi-builder-workspace/.derivedData/Build/Products/Debug-watchos/FileIO.swiftmodule/arm64-apple-watchos.swiftmodule
Copy /Users/admin/builder/spi-builder-workspace/.derivedData/Build/Products/Debug-watchos/FileIO.swiftmodule/arm64-apple-watchos.swiftdoc /Users/admin/builder/spi-builder-workspace/.derivedData/Build/Intermediates.noindex/swift-fileio.build/Debug-watchos/FileIO.build/Objects-normal/arm64/FileIO.swiftdoc (in target 'FileIO' from project 'swift-fileio')
cd /Users/admin/builder/spi-builder-workspace/.dependencies/checkouts/swift-fileio
builtin-copy -exclude .DS_Store -exclude CVS -exclude .svn -exclude .git -exclude .hg -resolve-src-symlinks -rename /Users/admin/builder/spi-builder-workspace/.derivedData/Build/Intermediates.noindex/swift-fileio.build/Debug-watchos/FileIO.build/Objects-normal/arm64/FileIO.swiftdoc /Users/admin/builder/spi-builder-workspace/.derivedData/Build/Products/Debug-watchos/FileIO.swiftmodule/arm64-apple-watchos.swiftdoc
Copy /Users/admin/builder/spi-builder-workspace/.derivedData/Build/Products/Debug-watchos/FileIO.swiftmodule/arm64-apple-watchos.abi.json /Users/admin/builder/spi-builder-workspace/.derivedData/Build/Intermediates.noindex/swift-fileio.build/Debug-watchos/FileIO.build/Objects-normal/arm64/FileIO.abi.json (in target 'FileIO' from project 'swift-fileio')
cd /Users/admin/builder/spi-builder-workspace/.dependencies/checkouts/swift-fileio
builtin-copy -exclude .DS_Store -exclude CVS -exclude .svn -exclude .git -exclude .hg -resolve-src-symlinks -rename /Users/admin/builder/spi-builder-workspace/.derivedData/Build/Intermediates.noindex/swift-fileio.build/Debug-watchos/FileIO.build/Objects-normal/arm64/FileIO.abi.json /Users/admin/builder/spi-builder-workspace/.derivedData/Build/Products/Debug-watchos/FileIO.swiftmodule/arm64-apple-watchos.abi.json
Copy /Users/admin/builder/spi-builder-workspace/.derivedData/Build/Products/Debug-watchos/FileIO.swiftmodule/Project/arm64-apple-watchos.swiftsourceinfo /Users/admin/builder/spi-builder-workspace/.derivedData/Build/Intermediates.noindex/swift-fileio.build/Debug-watchos/FileIO.build/Objects-normal/arm64/FileIO.swiftsourceinfo (in target 'FileIO' from project 'swift-fileio')
cd /Users/admin/builder/spi-builder-workspace/.dependencies/checkouts/swift-fileio
builtin-copy -exclude .DS_Store -exclude CVS -exclude .svn -exclude .git -exclude .hg -resolve-src-symlinks -rename /Users/admin/builder/spi-builder-workspace/.derivedData/Build/Intermediates.noindex/swift-fileio.build/Debug-watchos/FileIO.build/Objects-normal/arm64/FileIO.swiftsourceinfo /Users/admin/builder/spi-builder-workspace/.derivedData/Build/Products/Debug-watchos/FileIO.swiftmodule/Project/arm64-apple-watchos.swiftsourceinfo
SwiftDriver\ Compilation\ Requirements BinaryParseSupport normal arm64 com.apple.xcode.tools.swift.compiler (in target 'BinaryParseSupport' from project 'swift-binary-parse-support')
cd /Users/admin/builder/spi-builder-workspace/.swiftpm/xcode
builtin-Swift-Compilation-Requirements -- /Applications/Xcode-26.5.0.app/Contents/Developer/Toolchains/XcodeDefault.xctoolchain/usr/bin/swiftc -module-name BinaryParseSupport -Onone @/Users/admin/builder/spi-builder-workspace/.derivedData/Build/Intermediates.noindex/swift-binary-parse-support.build/Debug-watchos/BinaryParseSupport.build/Objects-normal/arm64/BinaryParseSupport.SwiftFileList -DSWIFT_PACKAGE -DDEBUG -DSWIFT_MODULE_RESOURCE_BUNDLE_UNAVAILABLE -DXcode -plugin-path /Applications/Xcode-26.5.0.app/Contents/Developer/Toolchains/XcodeDefault.xctoolchain/usr/lib/swift/host/plugins/testing -enable-experimental-feature DebugDescriptionMacro -sdk /Applications/Xcode-26.5.0.app/Contents/Developer/Platforms/WatchOS.platform/Developer/SDKs/WatchOS26.5.sdk -target arm64-apple-watchos5.0 -g -module-cache-path /Users/admin/builder/spi-builder-workspace/.derivedData/ModuleCache.noindex -Xfrontend -serialize-debugging-options -profile-coverage-mapping -profile-generate -enable-testing -suppress-warnings -index-store-path /Users/admin/builder/spi-builder-workspace/.derivedData/Index.noindex/DataStore -Xcc -D_LIBCPP_HARDENING_MODE\=_LIBCPP_HARDENING_MODE_DEBUG -swift-version 5 -I /Users/admin/builder/spi-builder-workspace/.derivedData/Build/Products/Debug-watchos -Isystem /Applications/Xcode-26.5.0.app/Contents/Developer/Platforms/WatchOS.platform/Developer/usr/lib -F /Users/admin/builder/spi-builder-workspace/.derivedData/Build/Products/Debug-watchos -F /Applications/Xcode-26.5.0.app/Contents/Developer/Platforms/WatchOS.platform/Developer/Library/Frameworks -F /Applications/Xcode-26.5.0.app/Contents/Developer/Platforms/WatchOS.platform/Developer/SDKs/WatchOS26.5.sdk/Developer/Library/Frameworks -c -j10 -enable-batch-mode -incremental -Xcc -ivfsstatcache -Xcc /Users/admin/builder/spi-builder-workspace/.derivedData/SDKStatCaches.noindex/watchos26.5-23T570-688ef53f1462e2c8f657fdc38a81448f7931b973dfc65d9472806dbbc3af9379.sdkstatcache -output-file-map /Users/admin/builder/spi-builder-workspace/.derivedData/Build/Intermediates.noindex/swift-binary-parse-support.build/Debug-watchos/BinaryParseSupport.build/Objects-normal/arm64/BinaryParseSupport-OutputFileMap.json -use-frontend-parseable-output -save-temps -no-color-diagnostics -explicit-module-build -module-cache-path /Users/admin/builder/spi-builder-workspace/.derivedData/Build/Intermediates.noindex/SwiftExplicitPrecompiledModules -clang-scanner-module-cache-path /Users/admin/builder/spi-builder-workspace/.derivedData/ModuleCache.noindex -sdk-module-cache-path /Users/admin/builder/spi-builder-workspace/.derivedData/ModuleCache.noindex -serialize-diagnostics -emit-dependencies -emit-module -emit-module-path /Users/admin/builder/spi-builder-workspace/.derivedData/Build/Intermediates.noindex/swift-binary-parse-support.build/Debug-watchos/BinaryParseSupport.build/Objects-normal/arm64/BinaryParseSupport.swiftmodule -validate-clang-modules-once -clang-build-session-file /Users/admin/builder/spi-builder-workspace/.derivedData/ModuleCache.noindex/Session.modulevalidation -package-name swift_binary_parse_support -Xcc -I/Users/admin/builder/spi-builder-workspace/.derivedData/Build/Intermediates.noindex/swift-binary-parse-support.build/Debug-watchos/BinaryParseSupport.build/swift-overrides.hmap -emit-const-values -Xfrontend -const-gather-protocols-file -Xfrontend /Users/admin/builder/spi-builder-workspace/.derivedData/Build/Intermediates.noindex/swift-binary-parse-support.build/Debug-watchos/BinaryParseSupport.build/Objects-normal/arm64/BinaryParseSupport_const_extract_protocols.json -Xcc -I/Users/admin/builder/spi-builder-workspace/.derivedData/Build/Products/Debug-watchos/include -Xcc -I/Users/admin/builder/spi-builder-workspace/.derivedData/Build/Intermediates.noindex/swift-binary-parse-support.build/Debug-watchos/BinaryParseSupport.build/DerivedSources-normal/arm64 -Xcc -I/Users/admin/builder/spi-builder-workspace/.derivedData/Build/Intermediates.noindex/swift-binary-parse-support.build/Debug-watchos/BinaryParseSupport.build/DerivedSources/arm64 -Xcc -I/Users/admin/builder/spi-builder-workspace/.derivedData/Build/Intermediates.noindex/swift-binary-parse-support.build/Debug-watchos/BinaryParseSupport.build/DerivedSources -Xcc -DSWIFT_PACKAGE -Xcc -DDEBUG\=1 -emit-objc-header -emit-objc-header-path /Users/admin/builder/spi-builder-workspace/.derivedData/Build/Intermediates.noindex/swift-binary-parse-support.build/Debug-watchos/BinaryParseSupport.build/Objects-normal/arm64/BinaryParseSupport-Swift.h -working-directory /Users/admin/builder/spi-builder-workspace/.swiftpm/xcode -experimental-emit-module-separately -disable-cmo
CompileC /Users/admin/builder/spi-builder-workspace/.derivedData/Build/Intermediates.noindex/ABIBridge.build/Debug-watchos/ABIBridgeCore.build/Objects-normal/arm64/SwiftKeyPath.o /Users/admin/builder/spi-builder-workspace/.dependencies/checkouts/ABIBridge/Sources/ABIBridgeCore/SwiftKeyPath.cpp normal arm64 c++ com.apple.compilers.llvm.clang.1_0.compiler (in target 'ABIBridgeCore' from project 'ABIBridge')
cd /Users/admin/builder/spi-builder-workspace/.swiftpm/xcode
Using response file: /Users/admin/builder/spi-builder-workspace/.derivedData/Build/Intermediates.noindex/ABIBridge.build/Debug-watchos/ABIBridgeCore.build/Objects-normal/arm64/82b82416624d2658e5098eb0a28c15c5-common-args.resp
/Applications/Xcode-26.5.0.app/Contents/Developer/Toolchains/XcodeDefault.xctoolchain/usr/bin/clang -x c++ -ivfsstatcache /Users/admin/builder/spi-builder-workspace/.derivedData/SDKStatCaches.noindex/watchos26.5-23T570-688ef53f1462e2c8f657fdc38a81448f7931b973dfc65d9472806dbbc3af9379.sdkstatcache -target arm64-apple-watchos11.4 -fmessage-length\=0 -fdiagnostics-show-note-include-stack -fmacro-backtrace-limit\=0 -fno-color-diagnostics -fmodules-prune-interval\=86400 -fmodules-prune-after\=345600 -fbuild-session-file\=/Users/admin/builder/spi-builder-workspace/.derivedData/ModuleCache.noindex/Session.modulevalidation -fmodules-validate-once-per-build-session -Wnon-modular-include-in-framework-module -Werror\=non-modular-include-in-framework-module -Wno-trigraphs -Wno-missing-field-initializers -Wno-missing-prototypes -Wno-return-type -Wno-non-virtual-dtor -Wno-overloaded-virtual -Wno-exit-time-destructors -Wno-missing-braces -Wparentheses -Wswitch -Wno-unused-function -Wno-unused-label -Wno-unused-parameter -Wno-unused-variable -Wunused-value -Wno-empty-body -Wno-uninitialized -Wno-unknown-pragmas -w -Wno-shadow -Wno-four-char-constants -Wno-conversion -Wno-constant-conversion -Wno-int-conversion -Wno-bool-conversion -Wno-enum-conversion -Wno-float-conversion -Wno-non-literal-null-conversion -Wno-objc-literal-conversion -Wshorten-64-to-32 -Wno-newline-eof -Wno-c++11-extensions -Wno-implicit-fallthrough -isysroot /Applications/Xcode-26.5.0.app/Contents/Developer/Platforms/WatchOS.platform/Developer/SDKs/WatchOS26.5.sdk -fstrict-aliasing -Wdeprecated-declarations -Winvalid-offsetof -Wno-sign-conversion -Wno-infinite-recursion -Wno-move -Wno-comma -Wno-block-capture-autoreleasing -Wno-strict-prototypes -Wno-range-loop-analysis -Wno-semicolon-before-method-body -index-store-path /Users/admin/builder/spi-builder-workspace/.derivedData/Index.noindex/DataStore @/Users/admin/builder/spi-builder-workspace/.derivedData/Build/Intermediates.noindex/ABIBridge.build/Debug-watchos/ABIBridgeCore.build/Objects-normal/arm64/82b82416624d2658e5098eb0a28c15c5-common-args.resp -MMD -MT dependencies -MF /Users/admin/builder/spi-builder-workspace/.derivedData/Build/Intermediates.noindex/ABIBridge.build/Debug-watchos/ABIBridgeCore.build/Objects-normal/arm64/SwiftKeyPath.d --serialize-diagnostics /Users/admin/builder/spi-builder-workspace/.derivedData/Build/Intermediates.noindex/ABIBridge.build/Debug-watchos/ABIBridgeCore.build/Objects-normal/arm64/SwiftKeyPath.dia -c /Users/admin/builder/spi-builder-workspace/.dependencies/checkouts/ABIBridge/Sources/ABIBridgeCore/SwiftKeyPath.cpp -o /Users/admin/builder/spi-builder-workspace/.derivedData/Build/Intermediates.noindex/ABIBridge.build/Debug-watchos/ABIBridgeCore.build/Objects-normal/arm64/SwiftKeyPath.o -index-unit-output-path /ABIBridge.build/Debug-watchos/ABIBridgeCore.build/Objects-normal/arm64/SwiftKeyPath.o
SwiftMergeGeneratedHeaders /Users/admin/builder/spi-builder-workspace/.derivedData/Build/Intermediates.noindex/GeneratedModuleMaps-watchos/BinaryParseSupport-Swift.h /Users/admin/builder/spi-builder-workspace/.derivedData/Build/Intermediates.noindex/swift-binary-parse-support.build/Debug-watchos/BinaryParseSupport.build/Objects-normal/arm64/BinaryParseSupport-Swift.h /Users/admin/builder/spi-builder-workspace/.derivedData/Build/Intermediates.noindex/swift-binary-parse-support.build/Debug-watchos/BinaryParseSupport.build/Objects-normal/arm64_32/BinaryParseSupport-Swift.h /Users/admin/builder/spi-builder-workspace/.derivedData/Build/Intermediates.noindex/swift-binary-parse-support.build/Debug-watchos/BinaryParseSupport.build/Objects-normal/armv7k/BinaryParseSupport-Swift.h (in target 'BinaryParseSupport' from project 'swift-binary-parse-support')
cd /Users/admin/builder/spi-builder-workspace/.dependencies/checkouts/swift-binary-parse-support
builtin-swiftHeaderTool -arch arm64 /Users/admin/builder/spi-builder-workspace/.derivedData/Build/Intermediates.noindex/swift-binary-parse-support.build/Debug-watchos/BinaryParseSupport.build/Objects-normal/arm64/BinaryParseSupport-Swift.h -arch arm64_32 /Users/admin/builder/spi-builder-workspace/.derivedData/Build/Intermediates.noindex/swift-binary-parse-support.build/Debug-watchos/BinaryParseSupport.build/Objects-normal/arm64_32/BinaryParseSupport-Swift.h -arch armv7k /Users/admin/builder/spi-builder-workspace/.derivedData/Build/Intermediates.noindex/swift-binary-parse-support.build/Debug-watchos/BinaryParseSupport.build/Objects-normal/armv7k/BinaryParseSupport-Swift.h -o /Users/admin/builder/spi-builder-workspace/.derivedData/Build/Intermediates.noindex/GeneratedModuleMaps-watchos/BinaryParseSupport-Swift.h
Copy /Users/admin/builder/spi-builder-workspace/.derivedData/Build/Products/Debug-watchos/BinaryParseSupport.swiftmodule/arm64-apple-watchos.swiftmodule /Users/admin/builder/spi-builder-workspace/.derivedData/Build/Intermediates.noindex/swift-binary-parse-support.build/Debug-watchos/BinaryParseSupport.build/Objects-normal/arm64/BinaryParseSupport.swiftmodule (in target 'BinaryParseSupport' from project 'swift-binary-parse-support')
cd /Users/admin/builder/spi-builder-workspace/.dependencies/checkouts/swift-binary-parse-support
builtin-copy -exclude .DS_Store -exclude CVS -exclude .svn -exclude .git -exclude .hg -resolve-src-symlinks -rename /Users/admin/builder/spi-builder-workspace/.derivedData/Build/Intermediates.noindex/swift-binary-parse-support.build/Debug-watchos/BinaryParseSupport.build/Objects-normal/arm64/BinaryParseSupport.swiftmodule /Users/admin/builder/spi-builder-workspace/.derivedData/Build/Products/Debug-watchos/BinaryParseSupport.swiftmodule/arm64-apple-watchos.swiftmodule
Copy /Users/admin/builder/spi-builder-workspace/.derivedData/Build/Products/Debug-watchos/BinaryParseSupport.swiftmodule/arm64-apple-watchos.swiftdoc /Users/admin/builder/spi-builder-workspace/.derivedData/Build/Intermediates.noindex/swift-binary-parse-support.build/Debug-watchos/BinaryParseSupport.build/Objects-normal/arm64/BinaryParseSupport.swiftdoc (in target 'BinaryParseSupport' from project 'swift-binary-parse-support')
cd /Users/admin/builder/spi-builder-workspace/.dependencies/checkouts/swift-binary-parse-support
builtin-copy -exclude .DS_Store -exclude CVS -exclude .svn -exclude .git -exclude .hg -resolve-src-symlinks -rename /Users/admin/builder/spi-builder-workspace/.derivedData/Build/Intermediates.noindex/swift-binary-parse-support.build/Debug-watchos/BinaryParseSupport.build/Objects-normal/arm64/BinaryParseSupport.swiftdoc /Users/admin/builder/spi-builder-workspace/.derivedData/Build/Products/Debug-watchos/BinaryParseSupport.swiftmodule/arm64-apple-watchos.swiftdoc
Copy /Users/admin/builder/spi-builder-workspace/.derivedData/Build/Products/Debug-watchos/BinaryParseSupport.swiftmodule/arm64-apple-watchos.abi.json /Users/admin/builder/spi-builder-workspace/.derivedData/Build/Intermediates.noindex/swift-binary-parse-support.build/Debug-watchos/BinaryParseSupport.build/Objects-normal/arm64/BinaryParseSupport.abi.json (in target 'BinaryParseSupport' from project 'swift-binary-parse-support')
cd /Users/admin/builder/spi-builder-workspace/.dependencies/checkouts/swift-binary-parse-support
builtin-copy -exclude .DS_Store -exclude CVS -exclude .svn -exclude .git -exclude .hg -resolve-src-symlinks -rename /Users/admin/builder/spi-builder-workspace/.derivedData/Build/Intermediates.noindex/swift-binary-parse-support.build/Debug-watchos/BinaryParseSupport.build/Objects-normal/arm64/BinaryParseSupport.abi.json /Users/admin/builder/spi-builder-workspace/.derivedData/Build/Products/Debug-watchos/BinaryParseSupport.swiftmodule/arm64-apple-watchos.abi.json
Copy /Users/admin/builder/spi-builder-workspace/.derivedData/Build/Products/Debug-watchos/BinaryParseSupport.swiftmodule/Project/arm64-apple-watchos.swiftsourceinfo /Users/admin/builder/spi-builder-workspace/.derivedData/Build/Intermediates.noindex/swift-binary-parse-support.build/Debug-watchos/BinaryParseSupport.build/Objects-normal/arm64/BinaryParseSupport.swiftsourceinfo (in target 'BinaryParseSupport' from project 'swift-binary-parse-support')
cd /Users/admin/builder/spi-builder-workspace/.dependencies/checkouts/swift-binary-parse-support
builtin-copy -exclude .DS_Store -exclude CVS -exclude .svn -exclude .git -exclude .hg -resolve-src-symlinks -rename /Users/admin/builder/spi-builder-workspace/.derivedData/Build/Intermediates.noindex/swift-binary-parse-support.build/Debug-watchos/BinaryParseSupport.build/Objects-normal/arm64/BinaryParseSupport.swiftsourceinfo /Users/admin/builder/spi-builder-workspace/.derivedData/Build/Products/Debug-watchos/BinaryParseSupport.swiftmodule/Project/arm64-apple-watchos.swiftsourceinfo
CompileC /Users/admin/builder/spi-builder-workspace/.derivedData/Build/Intermediates.noindex/ABIBridge.build/Debug-watchos/ABIBridgeCore.build/Objects-normal/arm64/SwiftInvocation.o /Users/admin/builder/spi-builder-workspace/.dependencies/checkouts/ABIBridge/Sources/ABIBridgeCore/SwiftInvocation.cpp normal arm64 c++ com.apple.compilers.llvm.clang.1_0.compiler (in target 'ABIBridgeCore' from project 'ABIBridge')
cd /Users/admin/builder/spi-builder-workspace/.swiftpm/xcode
Using response file: /Users/admin/builder/spi-builder-workspace/.derivedData/Build/Intermediates.noindex/ABIBridge.build/Debug-watchos/ABIBridgeCore.build/Objects-normal/arm64/82b82416624d2658e5098eb0a28c15c5-common-args.resp
/Applications/Xcode-26.5.0.app/Contents/Developer/Toolchains/XcodeDefault.xctoolchain/usr/bin/clang -x c++ -ivfsstatcache /Users/admin/builder/spi-builder-workspace/.derivedData/SDKStatCaches.noindex/watchos26.5-23T570-688ef53f1462e2c8f657fdc38a81448f7931b973dfc65d9472806dbbc3af9379.sdkstatcache -target arm64-apple-watchos11.4 -fmessage-length\=0 -fdiagnostics-show-note-include-stack -fmacro-backtrace-limit\=0 -fno-color-diagnostics -fmodules-prune-interval\=86400 -fmodules-prune-after\=345600 -fbuild-session-file\=/Users/admin/builder/spi-builder-workspace/.derivedData/ModuleCache.noindex/Session.modulevalidation -fmodules-validate-once-per-build-session -Wnon-modular-include-in-framework-module -Werror\=non-modular-include-in-framework-module -Wno-trigraphs -Wno-missing-field-initializers -Wno-missing-prototypes -Wno-return-type -Wno-non-virtual-dtor -Wno-overloaded-virtual -Wno-exit-time-destructors -Wno-missing-braces -Wparentheses -Wswitch -Wno-unused-function -Wno-unused-label -Wno-unused-parameter -Wno-unused-variable -Wunused-value -Wno-empty-body -Wno-uninitialized -Wno-unknown-pragmas -w -Wno-shadow -Wno-four-char-constants -Wno-conversion -Wno-constant-conversion -Wno-int-conversion -Wno-bool-conversion -Wno-enum-conversion -Wno-float-conversion -Wno-non-literal-null-conversion -Wno-objc-literal-conversion -Wshorten-64-to-32 -Wno-newline-eof -Wno-c++11-extensions -Wno-implicit-fallthrough -isysroot /Applications/Xcode-26.5.0.app/Contents/Developer/Platforms/WatchOS.platform/Developer/SDKs/WatchOS26.5.sdk -fstrict-aliasing -Wdeprecated-declarations -Winvalid-offsetof -Wno-sign-conversion -Wno-infinite-recursion -Wno-move -Wno-comma -Wno-block-capture-autoreleasing -Wno-strict-prototypes -Wno-range-loop-analysis -Wno-semicolon-before-method-body -index-store-path /Users/admin/builder/spi-builder-workspace/.derivedData/Index.noindex/DataStore @/Users/admin/builder/spi-builder-workspace/.derivedData/Build/Intermediates.noindex/ABIBridge.build/Debug-watchos/ABIBridgeCore.build/Objects-normal/arm64/82b82416624d2658e5098eb0a28c15c5-common-args.resp -MMD -MT dependencies -MF /Users/admin/builder/spi-builder-workspace/.derivedData/Build/Intermediates.noindex/ABIBridge.build/Debug-watchos/ABIBridgeCore.build/Objects-normal/arm64/SwiftInvocation.d --serialize-diagnostics /Users/admin/builder/spi-builder-workspace/.derivedData/Build/Intermediates.noindex/ABIBridge.build/Debug-watchos/ABIBridgeCore.build/Objects-normal/arm64/SwiftInvocation.dia -c /Users/admin/builder/spi-builder-workspace/.dependencies/checkouts/ABIBridge/Sources/ABIBridgeCore/SwiftInvocation.cpp -o /Users/admin/builder/spi-builder-workspace/.derivedData/Build/Intermediates.noindex/ABIBridge.build/Debug-watchos/ABIBridgeCore.build/Objects-normal/arm64/SwiftInvocation.o -index-unit-output-path /ABIBridge.build/Debug-watchos/ABIBridgeCore.build/Objects-normal/arm64/SwiftInvocation.o
CompileC /Users/admin/builder/spi-builder-workspace/.derivedData/Build/Intermediates.noindex/ABIBridge.build/Debug-watchos/ABIBridgeCore.build/Objects-normal/arm64/SwiftGenericMetadata.o /Users/admin/builder/spi-builder-workspace/.dependencies/checkouts/ABIBridge/Sources/ABIBridgeCore/SwiftGenericMetadata.cpp normal arm64 c++ com.apple.compilers.llvm.clang.1_0.compiler (in target 'ABIBridgeCore' from project 'ABIBridge')
cd /Users/admin/builder/spi-builder-workspace/.swiftpm/xcode
Using response file: /Users/admin/builder/spi-builder-workspace/.derivedData/Build/Intermediates.noindex/ABIBridge.build/Debug-watchos/ABIBridgeCore.build/Objects-normal/arm64/82b82416624d2658e5098eb0a28c15c5-common-args.resp
/Applications/Xcode-26.5.0.app/Contents/Developer/Toolchains/XcodeDefault.xctoolchain/usr/bin/clang -x c++ -ivfsstatcache /Users/admin/builder/spi-builder-workspace/.derivedData/SDKStatCaches.noindex/watchos26.5-23T570-688ef53f1462e2c8f657fdc38a81448f7931b973dfc65d9472806dbbc3af9379.sdkstatcache -target arm64-apple-watchos11.4 -fmessage-length\=0 -fdiagnostics-show-note-include-stack -fmacro-backtrace-limit\=0 -fno-color-diagnostics -fmodules-prune-interval\=86400 -fmodules-prune-after\=345600 -fbuild-session-file\=/Users/admin/builder/spi-builder-workspace/.derivedData/ModuleCache.noindex/Session.modulevalidation -fmodules-validate-once-per-build-session -Wnon-modular-include-in-framework-module -Werror\=non-modular-include-in-framework-module -Wno-trigraphs -Wno-missing-field-initializers -Wno-missing-prototypes -Wno-return-type -Wno-non-virtual-dtor -Wno-overloaded-virtual -Wno-exit-time-destructors -Wno-missing-braces -Wparentheses -Wswitch -Wno-unused-function -Wno-unused-label -Wno-unused-parameter -Wno-unused-variable -Wunused-value -Wno-empty-body -Wno-uninitialized -Wno-unknown-pragmas -w -Wno-shadow -Wno-four-char-constants -Wno-conversion -Wno-constant-conversion -Wno-int-conversion -Wno-bool-conversion -Wno-enum-conversion -Wno-float-conversion -Wno-non-literal-null-conversion -Wno-objc-literal-conversion -Wshorten-64-to-32 -Wno-newline-eof -Wno-c++11-extensions -Wno-implicit-fallthrough -isysroot /Applications/Xcode-26.5.0.app/Contents/Developer/Platforms/WatchOS.platform/Developer/SDKs/WatchOS26.5.sdk -fstrict-aliasing -Wdeprecated-declarations -Winvalid-offsetof -Wno-sign-conversion -Wno-infinite-recursion -Wno-move -Wno-comma -Wno-block-capture-autoreleasing -Wno-strict-prototypes -Wno-range-loop-analysis -Wno-semicolon-before-method-body -index-store-path /Users/admin/builder/spi-builder-workspace/.derivedData/Index.noindex/DataStore @/Users/admin/builder/spi-builder-workspace/.derivedData/Build/Intermediates.noindex/ABIBridge.build/Debug-watchos/ABIBridgeCore.build/Objects-normal/arm64/82b82416624d2658e5098eb0a28c15c5-common-args.resp -MMD -MT dependencies -MF /Users/admin/builder/spi-builder-workspace/.derivedData/Build/Intermediates.noindex/ABIBridge.build/Debug-watchos/ABIBridgeCore.build/Objects-normal/arm64/SwiftGenericMetadata.d --serialize-diagnostics /Users/admin/builder/spi-builder-workspace/.derivedData/Build/Intermediates.noindex/ABIBridge.build/Debug-watchos/ABIBridgeCore.build/Objects-normal/arm64/SwiftGenericMetadata.dia -c /Users/admin/builder/spi-builder-workspace/.dependencies/checkouts/ABIBridge/Sources/ABIBridgeCore/SwiftGenericMetadata.cpp -o /Users/admin/builder/spi-builder-workspace/.derivedData/Build/Intermediates.noindex/ABIBridge.build/Debug-watchos/ABIBridgeCore.build/Objects-normal/arm64/SwiftGenericMetadata.o -index-unit-output-path /ABIBridge.build/Debug-watchos/ABIBridgeCore.build/Objects-normal/arm64/SwiftGenericMetadata.o
CompileC /Users/admin/builder/spi-builder-workspace/.derivedData/Build/Intermediates.noindex/ABIBridge.build/Debug-watchos/ABIBridgeCore.build/Objects-normal/arm64/SwiftDemangling.o /Users/admin/builder/spi-builder-workspace/.dependencies/checkouts/ABIBridge/Sources/ABIBridgeCore/SwiftDemangling.cpp normal arm64 c++ com.apple.compilers.llvm.clang.1_0.compiler (in target 'ABIBridgeCore' from project 'ABIBridge')
cd /Users/admin/builder/spi-builder-workspace/.swiftpm/xcode
Using response file: /Users/admin/builder/spi-builder-workspace/.derivedData/Build/Intermediates.noindex/ABIBridge.build/Debug-watchos/ABIBridgeCore.build/Objects-normal/arm64/82b82416624d2658e5098eb0a28c15c5-common-args.resp
/Applications/Xcode-26.5.0.app/Contents/Developer/Toolchains/XcodeDefault.xctoolchain/usr/bin/clang -x c++ -ivfsstatcache /Users/admin/builder/spi-builder-workspace/.derivedData/SDKStatCaches.noindex/watchos26.5-23T570-688ef53f1462e2c8f657fdc38a81448f7931b973dfc65d9472806dbbc3af9379.sdkstatcache -target arm64-apple-watchos11.4 -fmessage-length\=0 -fdiagnostics-show-note-include-stack -fmacro-backtrace-limit\=0 -fno-color-diagnostics -fmodules-prune-interval\=86400 -fmodules-prune-after\=345600 -fbuild-session-file\=/Users/admin/builder/spi-builder-workspace/.derivedData/ModuleCache.noindex/Session.modulevalidation -fmodules-validate-once-per-build-session -Wnon-modular-include-in-framework-module -Werror\=non-modular-include-in-framework-module -Wno-trigraphs -Wno-missing-field-initializers -Wno-missing-prototypes -Wno-return-type -Wno-non-virtual-dtor -Wno-overloaded-virtual -Wno-exit-time-destructors -Wno-missing-braces -Wparentheses -Wswitch -Wno-unused-function -Wno-unused-label -Wno-unused-parameter -Wno-unused-variable -Wunused-value -Wno-empty-body -Wno-uninitialized -Wno-unknown-pragmas -w -Wno-shadow -Wno-four-char-constants -Wno-conversion -Wno-constant-conversion -Wno-int-conversion -Wno-bool-conversion -Wno-enum-conversion -Wno-float-conversion -Wno-non-literal-null-conversion -Wno-objc-literal-conversion -Wshorten-64-to-32 -Wno-newline-eof -Wno-c++11-extensions -Wno-implicit-fallthrough -isysroot /Applications/Xcode-26.5.0.app/Contents/Developer/Platforms/WatchOS.platform/Developer/SDKs/WatchOS26.5.sdk -fstrict-aliasing -Wdeprecated-declarations -Winvalid-offsetof -Wno-sign-conversion -Wno-infinite-recursion -Wno-move -Wno-comma -Wno-block-capture-autoreleasing -Wno-strict-prototypes -Wno-range-loop-analysis -Wno-semicolon-before-method-body -index-store-path /Users/admin/builder/spi-builder-workspace/.derivedData/Index.noindex/DataStore @/Users/admin/builder/spi-builder-workspace/.derivedData/Build/Intermediates.noindex/ABIBridge.build/Debug-watchos/ABIBridgeCore.build/Objects-normal/arm64/82b82416624d2658e5098eb0a28c15c5-common-args.resp -MMD -MT dependencies -MF /Users/admin/builder/spi-builder-workspace/.derivedData/Build/Intermediates.noindex/ABIBridge.build/Debug-watchos/ABIBridgeCore.build/Objects-normal/arm64/SwiftDemangling.d --serialize-diagnostics /Users/admin/builder/spi-builder-workspace/.derivedData/Build/Intermediates.noindex/ABIBridge.build/Debug-watchos/ABIBridgeCore.build/Objects-normal/arm64/SwiftDemangling.dia -c /Users/admin/builder/spi-builder-workspace/.dependencies/checkouts/ABIBridge/Sources/ABIBridgeCore/SwiftDemangling.cpp -o /Users/admin/builder/spi-builder-workspace/.derivedData/Build/Intermediates.noindex/ABIBridge.build/Debug-watchos/ABIBridgeCore.build/Objects-normal/arm64/SwiftDemangling.o -index-unit-output-path /ABIBridge.build/Debug-watchos/ABIBridgeCore.build/Objects-normal/arm64/SwiftDemangling.o
CompileC /Users/admin/builder/spi-builder-workspace/.derivedData/Build/Intermediates.noindex/ABIBridge.build/Debug-watchos/ABIBridgeCore.build/Objects-normal/arm64/SwiftCollections.o /Users/admin/builder/spi-builder-workspace/.dependencies/checkouts/ABIBridge/Sources/ABIBridgeCore/SwiftCollections.cpp normal arm64 c++ com.apple.compilers.llvm.clang.1_0.compiler (in target 'ABIBridgeCore' from project 'ABIBridge')
cd /Users/admin/builder/spi-builder-workspace/.swiftpm/xcode
Using response file: /Users/admin/builder/spi-builder-workspace/.derivedData/Build/Intermediates.noindex/ABIBridge.build/Debug-watchos/ABIBridgeCore.build/Objects-normal/arm64/82b82416624d2658e5098eb0a28c15c5-common-args.resp
/Applications/Xcode-26.5.0.app/Contents/Developer/Toolchains/XcodeDefault.xctoolchain/usr/bin/clang -x c++ -ivfsstatcache /Users/admin/builder/spi-builder-workspace/.derivedData/SDKStatCaches.noindex/watchos26.5-23T570-688ef53f1462e2c8f657fdc38a81448f7931b973dfc65d9472806dbbc3af9379.sdkstatcache -target arm64-apple-watchos11.4 -fmessage-length\=0 -fdiagnostics-show-note-include-stack -fmacro-backtrace-limit\=0 -fno-color-diagnostics -fmodules-prune-interval\=86400 -fmodules-prune-after\=345600 -fbuild-session-file\=/Users/admin/builder/spi-builder-workspace/.derivedData/ModuleCache.noindex/Session.modulevalidation -fmodules-validate-once-per-build-session -Wnon-modular-include-in-framework-module -Werror\=non-modular-include-in-framework-module -Wno-trigraphs -Wno-missing-field-initializers -Wno-missing-prototypes -Wno-return-type -Wno-non-virtual-dtor -Wno-overloaded-virtual -Wno-exit-time-destructors -Wno-missing-braces -Wparentheses -Wswitch -Wno-unused-function -Wno-unused-label -Wno-unused-parameter -Wno-unused-variable -Wunused-value -Wno-empty-body -Wno-uninitialized -Wno-unknown-pragmas -w -Wno-shadow -Wno-four-char-constants -Wno-conversion -Wno-constant-conversion -Wno-int-conversion -Wno-bool-conversion -Wno-enum-conversion -Wno-float-conversion -Wno-non-literal-null-conversion -Wno-objc-literal-conversion -Wshorten-64-to-32 -Wno-newline-eof -Wno-c++11-extensions -Wno-implicit-fallthrough -isysroot /Applications/Xcode-26.5.0.app/Contents/Developer/Platforms/WatchOS.platform/Developer/SDKs/WatchOS26.5.sdk -fstrict-aliasing -Wdeprecated-declarations -Winvalid-offsetof -Wno-sign-conversion -Wno-infinite-recursion -Wno-move -Wno-comma -Wno-block-capture-autoreleasing -Wno-strict-prototypes -Wno-range-loop-analysis -Wno-semicolon-before-method-body -index-store-path /Users/admin/builder/spi-builder-workspace/.derivedData/Index.noindex/DataStore @/Users/admin/builder/spi-builder-workspace/.derivedData/Build/Intermediates.noindex/ABIBridge.build/Debug-watchos/ABIBridgeCore.build/Objects-normal/arm64/82b82416624d2658e5098eb0a28c15c5-common-args.resp -MMD -MT dependencies -MF /Users/admin/builder/spi-builder-workspace/.derivedData/Build/Intermediates.noindex/ABIBridge.build/Debug-watchos/ABIBridgeCore.build/Objects-normal/arm64/SwiftCollections.d --serialize-diagnostics /Users/admin/builder/spi-builder-workspace/.derivedData/Build/Intermediates.noindex/ABIBridge.build/Debug-watchos/ABIBridgeCore.build/Objects-normal/arm64/SwiftCollections.dia -c /Users/admin/builder/spi-builder-workspace/.dependencies/checkouts/ABIBridge/Sources/ABIBridgeCore/SwiftCollections.cpp -o /Users/admin/builder/spi-builder-workspace/.derivedData/Build/Intermediates.noindex/ABIBridge.build/Debug-watchos/ABIBridgeCore.build/Objects-normal/arm64/SwiftCollections.o -index-unit-output-path /ABIBridge.build/Debug-watchos/ABIBridgeCore.build/Objects-normal/arm64/SwiftCollections.o
CompileC /Users/admin/builder/spi-builder-workspace/.derivedData/Build/Intermediates.noindex/ABIBridge.build/Debug-watchos/ABIBridgeCore.build/Objects-normal/arm64/SwiftCallbackCode.o /Users/admin/builder/spi-builder-workspace/.dependencies/checkouts/ABIBridge/Sources/ABIBridgeCore/SwiftCallbackCode.cpp normal arm64 c++ com.apple.compilers.llvm.clang.1_0.compiler (in target 'ABIBridgeCore' from project 'ABIBridge')
cd /Users/admin/builder/spi-builder-workspace/.swiftpm/xcode
Using response file: /Users/admin/builder/spi-builder-workspace/.derivedData/Build/Intermediates.noindex/ABIBridge.build/Debug-watchos/ABIBridgeCore.build/Objects-normal/arm64/82b82416624d2658e5098eb0a28c15c5-common-args.resp
/Applications/Xcode-26.5.0.app/Contents/Developer/Toolchains/XcodeDefault.xctoolchain/usr/bin/clang -x c++ -ivfsstatcache /Users/admin/builder/spi-builder-workspace/.derivedData/SDKStatCaches.noindex/watchos26.5-23T570-688ef53f1462e2c8f657fdc38a81448f7931b973dfc65d9472806dbbc3af9379.sdkstatcache -target arm64-apple-watchos11.4 -fmessage-length\=0 -fdiagnostics-show-note-include-stack -fmacro-backtrace-limit\=0 -fno-color-diagnostics -fmodules-prune-interval\=86400 -fmodules-prune-after\=345600 -fbuild-session-file\=/Users/admin/builder/spi-builder-workspace/.derivedData/ModuleCache.noindex/Session.modulevalidation -fmodules-validate-once-per-build-session -Wnon-modular-include-in-framework-module -Werror\=non-modular-include-in-framework-module -Wno-trigraphs -Wno-missing-field-initializers -Wno-missing-prototypes -Wno-return-type -Wno-non-virtual-dtor -Wno-overloaded-virtual -Wno-exit-time-destructors -Wno-missing-braces -Wparentheses -Wswitch -Wno-unused-function -Wno-unused-label -Wno-unused-parameter -Wno-unused-variable -Wunused-value -Wno-empty-body -Wno-uninitialized -Wno-unknown-pragmas -w -Wno-shadow -Wno-four-char-constants -Wno-conversion -Wno-constant-conversion -Wno-int-conversion -Wno-bool-conversion -Wno-enum-conversion -Wno-float-conversion -Wno-non-literal-null-conversion -Wno-objc-literal-conversion -Wshorten-64-to-32 -Wno-newline-eof -Wno-c++11-extensions -Wno-implicit-fallthrough -isysroot /Applications/Xcode-26.5.0.app/Contents/Developer/Platforms/WatchOS.platform/Developer/SDKs/WatchOS26.5.sdk -fstrict-aliasing -Wdeprecated-declarations -Winvalid-offsetof -Wno-sign-conversion -Wno-infinite-recursion -Wno-move -Wno-comma -Wno-block-capture-autoreleasing -Wno-strict-prototypes -Wno-range-loop-analysis -Wno-semicolon-before-method-body -index-store-path /Users/admin/builder/spi-builder-workspace/.derivedData/Index.noindex/DataStore @/Users/admin/builder/spi-builder-workspace/.derivedData/Build/Intermediates.noindex/ABIBridge.build/Debug-watchos/ABIBridgeCore.build/Objects-normal/arm64/82b82416624d2658e5098eb0a28c15c5-common-args.resp -MMD -MT dependencies -MF /Users/admin/builder/spi-builder-workspace/.derivedData/Build/Intermediates.noindex/ABIBridge.build/Debug-watchos/ABIBridgeCore.build/Objects-normal/arm64/SwiftCallbackCode.d --serialize-diagnostics /Users/admin/builder/spi-builder-workspace/.derivedData/Build/Intermediates.noindex/ABIBridge.build/Debug-watchos/ABIBridgeCore.build/Objects-normal/arm64/SwiftCallbackCode.dia -c /Users/admin/builder/spi-builder-workspace/.dependencies/checkouts/ABIBridge/Sources/ABIBridgeCore/SwiftCallbackCode.cpp -o /Users/admin/builder/spi-builder-workspace/.derivedData/Build/Intermediates.noindex/ABIBridge.build/Debug-watchos/ABIBridgeCore.build/Objects-normal/arm64/SwiftCallbackCode.o -index-unit-output-path /ABIBridge.build/Debug-watchos/ABIBridgeCore.build/Objects-normal/arm64/SwiftCallbackCode.o
CompileC /Users/admin/builder/spi-builder-workspace/.derivedData/Build/Intermediates.noindex/ABIBridge.build/Debug-watchos/ABIBridgeCore.build/Objects-normal/arm64/SwiftCallback.o /Users/admin/builder/spi-builder-workspace/.dependencies/checkouts/ABIBridge/Sources/ABIBridgeCore/SwiftCallback.S normal arm64 assembler-with-cpp com.apple.compilers.llvm.clang.1_0.compiler (in target 'ABIBridgeCore' from project 'ABIBridge')
cd /Users/admin/builder/spi-builder-workspace/.swiftpm/xcode
Using response file: /Users/admin/builder/spi-builder-workspace/.derivedData/Build/Intermediates.noindex/ABIBridge.build/Debug-watchos/ABIBridgeCore.build/Objects-normal/arm64/533656923a283fa776881f304837ed9e-common-args.resp
/Applications/Xcode-26.5.0.app/Contents/Developer/Toolchains/XcodeDefault.xctoolchain/usr/bin/clang -x assembler-with-cpp -ivfsstatcache /Users/admin/builder/spi-builder-workspace/.derivedData/SDKStatCaches.noindex/watchos26.5-23T570-688ef53f1462e2c8f657fdc38a81448f7931b973dfc65d9472806dbbc3af9379.sdkstatcache -target arm64-apple-watchos11.4 -fmessage-length\=0 -fdiagnostics-show-note-include-stack -fmacro-backtrace-limit\=0 -fno-color-diagnostics -fmodules-prune-interval\=86400 -fmodules-prune-after\=345600 -fbuild-session-file\=/Users/admin/builder/spi-builder-workspace/.derivedData/ModuleCache.noindex/Session.modulevalidation -fmodules-validate-once-per-build-session -Wnon-modular-include-in-framework-module -Werror\=non-modular-include-in-framework-module -Wno-trigraphs -Wno-missing-field-initializers -Wno-missing-prototypes -Wno-return-type -Wno-missing-braces -Wparentheses -Wswitch -Wno-unused-function -Wno-unused-label -Wno-unused-parameter -Wno-unused-variable -Wunused-value -Wno-empty-body -Wno-uninitialized -Wno-unknown-pragmas -w -Wno-shadow -Wno-four-char-constants -Wno-conversion -Wno-constant-conversion -Wno-int-conversion -Wno-bool-conversion -Wno-enum-conversion -Wno-float-conversion -Wno-non-literal-null-conversion -Wno-objc-literal-conversion -Wshorten-64-to-32 -Wno-newline-eof -Wno-implicit-fallthrough -isysroot /Applications/Xcode-26.5.0.app/Contents/Developer/Platforms/WatchOS.platform/Developer/SDKs/WatchOS26.5.sdk -fstrict-aliasing -Wdeprecated-declarations -Wno-sign-conversion -Wno-infinite-recursion -Wno-comma -Wno-block-capture-autoreleasing -Wno-strict-prototypes -Wno-semicolon-before-method-body -index-store-path /Users/admin/builder/spi-builder-workspace/.derivedData/Index.noindex/DataStore @/Users/admin/builder/spi-builder-workspace/.derivedData/Build/Intermediates.noindex/ABIBridge.build/Debug-watchos/ABIBridgeCore.build/Objects-normal/arm64/533656923a283fa776881f304837ed9e-common-args.resp -MMD -MT dependencies -MF /Users/admin/builder/spi-builder-workspace/.derivedData/Build/Intermediates.noindex/ABIBridge.build/Debug-watchos/ABIBridgeCore.build/Objects-normal/arm64/SwiftCallback.d --serialize-diagnostics /Users/admin/builder/spi-builder-workspace/.derivedData/Build/Intermediates.noindex/ABIBridge.build/Debug-watchos/ABIBridgeCore.build/Objects-normal/arm64/SwiftCallback.dia -c /Users/admin/builder/spi-builder-workspace/.dependencies/checkouts/ABIBridge/Sources/ABIBridgeCore/SwiftCallback.S -o /Users/admin/builder/spi-builder-workspace/.derivedData/Build/Intermediates.noindex/ABIBridge.build/Debug-watchos/ABIBridgeCore.build/Objects-normal/arm64/SwiftCallback.o -index-unit-output-path /ABIBridge.build/Debug-watchos/ABIBridgeCore.build/Objects-normal/arm64/SwiftCallback.o
CompileC /Users/admin/builder/spi-builder-workspace/.derivedData/Build/Intermediates.noindex/ABIBridge.build/Debug-watchos/ABIBridgeCore.build/Objects-normal/arm64/SwiftCall.o /Users/admin/builder/spi-builder-workspace/.dependencies/checkouts/ABIBridge/Sources/ABIBridgeCore/SwiftCall.S normal arm64 assembler-with-cpp com.apple.compilers.llvm.clang.1_0.compiler (in target 'ABIBridgeCore' from project 'ABIBridge')
cd /Users/admin/builder/spi-builder-workspace/.swiftpm/xcode
Using response file: /Users/admin/builder/spi-builder-workspace/.derivedData/Build/Intermediates.noindex/ABIBridge.build/Debug-watchos/ABIBridgeCore.build/Objects-normal/arm64/533656923a283fa776881f304837ed9e-common-args.resp
/Applications/Xcode-26.5.0.app/Contents/Developer/Toolchains/XcodeDefault.xctoolchain/usr/bin/clang -x assembler-with-cpp -ivfsstatcache /Users/admin/builder/spi-builder-workspace/.derivedData/SDKStatCaches.noindex/watchos26.5-23T570-688ef53f1462e2c8f657fdc38a81448f7931b973dfc65d9472806dbbc3af9379.sdkstatcache -target arm64-apple-watchos11.4 -fmessage-length\=0 -fdiagnostics-show-note-include-stack -fmacro-backtrace-limit\=0 -fno-color-diagnostics -fmodules-prune-interval\=86400 -fmodules-prune-after\=345600 -fbuild-session-file\=/Users/admin/builder/spi-builder-workspace/.derivedData/ModuleCache.noindex/Session.modulevalidation -fmodules-validate-once-per-build-session -Wnon-modular-include-in-framework-module -Werror\=non-modular-include-in-framework-module -Wno-trigraphs -Wno-missing-field-initializers -Wno-missing-prototypes -Wno-return-type -Wno-missing-braces -Wparentheses -Wswitch -Wno-unused-function -Wno-unused-label -Wno-unused-parameter -Wno-unused-variable -Wunused-value -Wno-empty-body -Wno-uninitialized -Wno-unknown-pragmas -w -Wno-shadow -Wno-four-char-constants -Wno-conversion -Wno-constant-conversion -Wno-int-conversion -Wno-bool-conversion -Wno-enum-conversion -Wno-float-conversion -Wno-non-literal-null-conversion -Wno-objc-literal-conversion -Wshorten-64-to-32 -Wno-newline-eof -Wno-implicit-fallthrough -isysroot /Applications/Xcode-26.5.0.app/Contents/Developer/Platforms/WatchOS.platform/Developer/SDKs/WatchOS26.5.sdk -fstrict-aliasing -Wdeprecated-declarations -Wno-sign-conversion -Wno-infinite-recursion -Wno-comma -Wno-block-capture-autoreleasing -Wno-strict-prototypes -Wno-semicolon-before-method-body -index-store-path /Users/admin/builder/spi-builder-workspace/.derivedData/Index.noindex/DataStore @/Users/admin/builder/spi-builder-workspace/.derivedData/Build/Intermediates.noindex/ABIBridge.build/Debug-watchos/ABIBridgeCore.build/Objects-normal/arm64/533656923a283fa776881f304837ed9e-common-args.resp -MMD -MT dependencies -MF /Users/admin/builder/spi-builder-workspace/.derivedData/Build/Intermediates.noindex/ABIBridge.build/Debug-watchos/ABIBridgeCore.build/Objects-normal/arm64/SwiftCall.d --serialize-diagnostics /Users/admin/builder/spi-builder-workspace/.derivedData/Build/Intermediates.noindex/ABIBridge.build/Debug-watchos/ABIBridgeCore.build/Objects-normal/arm64/SwiftCall.dia -c /Users/admin/builder/spi-builder-workspace/.dependencies/checkouts/ABIBridge/Sources/ABIBridgeCore/SwiftCall.S -o /Users/admin/builder/spi-builder-workspace/.derivedData/Build/Intermediates.noindex/ABIBridge.build/Debug-watchos/ABIBridgeCore.build/Objects-normal/arm64/SwiftCall.o -index-unit-output-path /ABIBridge.build/Debug-watchos/ABIBridgeCore.build/Objects-normal/arm64/SwiftCall.o
CompileC /Users/admin/builder/spi-builder-workspace/.derivedData/Build/Intermediates.noindex/ABIBridge.build/Debug-watchos/ABIBridgeCore.build/Objects-normal/arm64/SwiftAsyncDescriptor.o /Users/admin/builder/spi-builder-workspace/.dependencies/checkouts/ABIBridge/Sources/ABIBridgeCore/SwiftAsyncDescriptor.cpp normal arm64 c++ com.apple.compilers.llvm.clang.1_0.compiler (in target 'ABIBridgeCore' from project 'ABIBridge')
cd /Users/admin/builder/spi-builder-workspace/.swiftpm/xcode
Using response file: /Users/admin/builder/spi-builder-workspace/.derivedData/Build/Intermediates.noindex/ABIBridge.build/Debug-watchos/ABIBridgeCore.build/Objects-normal/arm64/82b82416624d2658e5098eb0a28c15c5-common-args.resp
/Applications/Xcode-26.5.0.app/Contents/Developer/Toolchains/XcodeDefault.xctoolchain/usr/bin/clang -x c++ -ivfsstatcache /Users/admin/builder/spi-builder-workspace/.derivedData/SDKStatCaches.noindex/watchos26.5-23T570-688ef53f1462e2c8f657fdc38a81448f7931b973dfc65d9472806dbbc3af9379.sdkstatcache -target arm64-apple-watchos11.4 -fmessage-length\=0 -fdiagnostics-show-note-include-stack -fmacro-backtrace-limit\=0 -fno-color-diagnostics -fmodules-prune-interval\=86400 -fmodules-prune-after\=345600 -fbuild-session-file\=/Users/admin/builder/spi-builder-workspace/.derivedData/ModuleCache.noindex/Session.modulevalidation -fmodules-validate-once-per-build-session -Wnon-modular-include-in-framework-module -Werror\=non-modular-include-in-framework-module -Wno-trigraphs -Wno-missing-field-initializers -Wno-missing-prototypes -Wno-return-type -Wno-non-virtual-dtor -Wno-overloaded-virtual -Wno-exit-time-destructors -Wno-missing-braces -Wparentheses -Wswitch -Wno-unused-function -Wno-unused-label -Wno-unused-parameter -Wno-unused-variable -Wunused-value -Wno-empty-body -Wno-uninitialized -Wno-unknown-pragmas -w -Wno-shadow -Wno-four-char-constants -Wno-conversion -Wno-constant-conversion -Wno-int-conversion -Wno-bool-conversion -Wno-enum-conversion -Wno-float-conversion -Wno-non-literal-null-conversion -Wno-objc-literal-conversion -Wshorten-64-to-32 -Wno-newline-eof -Wno-c++11-extensions -Wno-implicit-fallthrough -isysroot /Applications/Xcode-26.5.0.app/Contents/Developer/Platforms/WatchOS.platform/Developer/SDKs/WatchOS26.5.sdk -fstrict-aliasing -Wdeprecated-declarations -Winvalid-offsetof -Wno-sign-conversion -Wno-infinite-recursion -Wno-move -Wno-comma -Wno-block-capture-autoreleasing -Wno-strict-prototypes -Wno-range-loop-analysis -Wno-semicolon-before-method-body -index-store-path /Users/admin/builder/spi-builder-workspace/.derivedData/Index.noindex/DataStore @/Users/admin/builder/spi-builder-workspace/.derivedData/Build/Intermediates.noindex/ABIBridge.build/Debug-watchos/ABIBridgeCore.build/Objects-normal/arm64/82b82416624d2658e5098eb0a28c15c5-common-args.resp -MMD -MT dependencies -MF /Users/admin/builder/spi-builder-workspace/.derivedData/Build/Intermediates.noindex/ABIBridge.build/Debug-watchos/ABIBridgeCore.build/Objects-normal/arm64/SwiftAsyncDescriptor.d --serialize-diagnostics /Users/admin/builder/spi-builder-workspace/.derivedData/Build/Intermediates.noindex/ABIBridge.build/Debug-watchos/ABIBridgeCore.build/Objects-normal/arm64/SwiftAsyncDescriptor.dia -c /Users/admin/builder/spi-builder-workspace/.dependencies/checkouts/ABIBridge/Sources/ABIBridgeCore/SwiftAsyncDescriptor.cpp -o /Users/admin/builder/spi-builder-workspace/.derivedData/Build/Intermediates.noindex/ABIBridge.build/Debug-watchos/ABIBridgeCore.build/Objects-normal/arm64/SwiftAsyncDescriptor.o -index-unit-output-path /ABIBridge.build/Debug-watchos/ABIBridgeCore.build/Objects-normal/arm64/SwiftAsyncDescriptor.o
CompileC /Users/admin/builder/spi-builder-workspace/.derivedData/Build/Intermediates.noindex/ABIBridge.build/Debug-watchos/ABIBridgeCore.build/Objects-normal/arm64/SwiftAsyncCallback.o /Users/admin/builder/spi-builder-workspace/.dependencies/checkouts/ABIBridge/Sources/ABIBridgeCore/SwiftAsyncCallback.S normal arm64 assembler-with-cpp com.apple.compilers.llvm.clang.1_0.compiler (in target 'ABIBridgeCore' from project 'ABIBridge')
cd /Users/admin/builder/spi-builder-workspace/.swiftpm/xcode
Using response file: /Users/admin/builder/spi-builder-workspace/.derivedData/Build/Intermediates.noindex/ABIBridge.build/Debug-watchos/ABIBridgeCore.build/Objects-normal/arm64/533656923a283fa776881f304837ed9e-common-args.resp
/Applications/Xcode-26.5.0.app/Contents/Developer/Toolchains/XcodeDefault.xctoolchain/usr/bin/clang -x assembler-with-cpp -ivfsstatcache /Users/admin/builder/spi-builder-workspace/.derivedData/SDKStatCaches.noindex/watchos26.5-23T570-688ef53f1462e2c8f657fdc38a81448f7931b973dfc65d9472806dbbc3af9379.sdkstatcache -target arm64-apple-watchos11.4 -fmessage-length\=0 -fdiagnostics-show-note-include-stack -fmacro-backtrace-limit\=0 -fno-color-diagnostics -fmodules-prune-interval\=86400 -fmodules-prune-after\=345600 -fbuild-session-file\=/Users/admin/builder/spi-builder-workspace/.derivedData/ModuleCache.noindex/Session.modulevalidation -fmodules-validate-once-per-build-session -Wnon-modular-include-in-framework-module -Werror\=non-modular-include-in-framework-module -Wno-trigraphs -Wno-missing-field-initializers -Wno-missing-prototypes -Wno-return-type -Wno-missing-braces -Wparentheses -Wswitch -Wno-unused-function -Wno-unused-label -Wno-unused-parameter -Wno-unused-variable -Wunused-value -Wno-empty-body -Wno-uninitialized -Wno-unknown-pragmas -w -Wno-shadow -Wno-four-char-constants -Wno-conversion -Wno-constant-conversion -Wno-int-conversion -Wno-bool-conversion -Wno-enum-conversion -Wno-float-conversion -Wno-non-literal-null-conversion -Wno-objc-literal-conversion -Wshorten-64-to-32 -Wno-newline-eof -Wno-implicit-fallthrough -isysroot /Applications/Xcode-26.5.0.app/Contents/Developer/Platforms/WatchOS.platform/Developer/SDKs/WatchOS26.5.sdk -fstrict-aliasing -Wdeprecated-declarations -Wno-sign-conversion -Wno-infinite-recursion -Wno-comma -Wno-block-capture-autoreleasing -Wno-strict-prototypes -Wno-semicolon-before-method-body -index-store-path /Users/admin/builder/spi-builder-workspace/.derivedData/Index.noindex/DataStore @/Users/admin/builder/spi-builder-workspace/.derivedData/Build/Intermediates.noindex/ABIBridge.build/Debug-watchos/ABIBridgeCore.build/Objects-normal/arm64/533656923a283fa776881f304837ed9e-common-args.resp -MMD -MT dependencies -MF /Users/admin/builder/spi-builder-workspace/.derivedData/Build/Intermediates.noindex/ABIBridge.build/Debug-watchos/ABIBridgeCore.build/Objects-normal/arm64/SwiftAsyncCallback.d --serialize-diagnostics /Users/admin/builder/spi-builder-workspace/.derivedData/Build/Intermediates.noindex/ABIBridge.build/Debug-watchos/ABIBridgeCore.build/Objects-normal/arm64/SwiftAsyncCallback.dia -c /Users/admin/builder/spi-builder-workspace/.dependencies/checkouts/ABIBridge/Sources/ABIBridgeCore/SwiftAsyncCallback.S -o /Users/admin/builder/spi-builder-workspace/.derivedData/Build/Intermediates.noindex/ABIBridge.build/Debug-watchos/ABIBridgeCore.build/Objects-normal/arm64/SwiftAsyncCallback.o -index-unit-output-path /ABIBridge.build/Debug-watchos/ABIBridgeCore.build/Objects-normal/arm64/SwiftAsyncCallback.o
CompileC /Users/admin/builder/spi-builder-workspace/.derivedData/Build/Intermediates.noindex/ABIBridge.build/Debug-watchos/ABIBridgeCore.build/Objects-normal/arm64/SwiftAsyncCall.o /Users/admin/builder/spi-builder-workspace/.dependencies/checkouts/ABIBridge/Sources/ABIBridgeCore/SwiftAsyncCall.S normal arm64 assembler-with-cpp com.apple.compilers.llvm.clang.1_0.compiler (in target 'ABIBridgeCore' from project 'ABIBridge')
cd /Users/admin/builder/spi-builder-workspace/.swiftpm/xcode
Using response file: /Users/admin/builder/spi-builder-workspace/.derivedData/Build/Intermediates.noindex/ABIBridge.build/Debug-watchos/ABIBridgeCore.build/Objects-normal/arm64/533656923a283fa776881f304837ed9e-common-args.resp
/Applications/Xcode-26.5.0.app/Contents/Developer/Toolchains/XcodeDefault.xctoolchain/usr/bin/clang -x assembler-with-cpp -ivfsstatcache /Users/admin/builder/spi-builder-workspace/.derivedData/SDKStatCaches.noindex/watchos26.5-23T570-688ef53f1462e2c8f657fdc38a81448f7931b973dfc65d9472806dbbc3af9379.sdkstatcache -target arm64-apple-watchos11.4 -fmessage-length\=0 -fdiagnostics-show-note-include-stack -fmacro-backtrace-limit\=0 -fno-color-diagnostics -fmodules-prune-interval\=86400 -fmodules-prune-after\=345600 -fbuild-session-file\=/Users/admin/builder/spi-builder-workspace/.derivedData/ModuleCache.noindex/Session.modulevalidation -fmodules-validate-once-per-build-session -Wnon-modular-include-in-framework-module -Werror\=non-modular-include-in-framework-module -Wno-trigraphs -Wno-missing-field-initializers -Wno-missing-prototypes -Wno-return-type -Wno-missing-braces -Wparentheses -Wswitch -Wno-unused-function -Wno-unused-label -Wno-unused-parameter -Wno-unused-variable -Wunused-value -Wno-empty-body -Wno-uninitialized -Wno-unknown-pragmas -w -Wno-shadow -Wno-four-char-constants -Wno-conversion -Wno-constant-conversion -Wno-int-conversion -Wno-bool-conversion -Wno-enum-conversion -Wno-float-conversion -Wno-non-literal-null-conversion -Wno-objc-literal-conversion -Wshorten-64-to-32 -Wno-newline-eof -Wno-implicit-fallthrough -isysroot /Applications/Xcode-26.5.0.app/Contents/Developer/Platforms/WatchOS.platform/Developer/SDKs/WatchOS26.5.sdk -fstrict-aliasing -Wdeprecated-declarations -Wno-sign-conversion -Wno-infinite-recursion -Wno-comma -Wno-block-capture-autoreleasing -Wno-strict-prototypes -Wno-semicolon-before-method-body -index-store-path /Users/admin/builder/spi-builder-workspace/.derivedData/Index.noindex/DataStore @/Users/admin/builder/spi-builder-workspace/.derivedData/Build/Intermediates.noindex/ABIBridge.build/Debug-watchos/ABIBridgeCore.build/Objects-normal/arm64/533656923a283fa776881f304837ed9e-common-args.resp -MMD -MT dependencies -MF /Users/admin/builder/spi-builder-workspace/.derivedData/Build/Intermediates.noindex/ABIBridge.build/Debug-watchos/ABIBridgeCore.build/Objects-normal/arm64/SwiftAsyncCall.d --serialize-diagnostics /Users/admin/builder/spi-builder-workspace/.derivedData/Build/Intermediates.noindex/ABIBridge.build/Debug-watchos/ABIBridgeCore.build/Objects-normal/arm64/SwiftAsyncCall.dia -c /Users/admin/builder/spi-builder-workspace/.dependencies/checkouts/ABIBridge/Sources/ABIBridgeCore/SwiftAsyncCall.S -o /Users/admin/builder/spi-builder-workspace/.derivedData/Build/Intermediates.noindex/ABIBridge.build/Debug-watchos/ABIBridgeCore.build/Objects-normal/arm64/SwiftAsyncCall.o -index-unit-output-path /ABIBridge.build/Debug-watchos/ABIBridgeCore.build/Objects-normal/arm64/SwiftAsyncCall.o
CompileC /Users/admin/builder/spi-builder-workspace/.derivedData/Build/Intermediates.noindex/ABIBridge.build/Debug-watchos/ABIBridgeCore.build/Objects-normal/arm64/PointerSlot.o /Users/admin/builder/spi-builder-workspace/.dependencies/checkouts/ABIBridge/Sources/ABIBridgeCore/PointerSlot.cpp normal arm64 c++ com.apple.compilers.llvm.clang.1_0.compiler (in target 'ABIBridgeCore' from project 'ABIBridge')
cd /Users/admin/builder/spi-builder-workspace/.swiftpm/xcode
Using response file: /Users/admin/builder/spi-builder-workspace/.derivedData/Build/Intermediates.noindex/ABIBridge.build/Debug-watchos/ABIBridgeCore.build/Objects-normal/arm64/82b82416624d2658e5098eb0a28c15c5-common-args.resp
/Applications/Xcode-26.5.0.app/Contents/Developer/Toolchains/XcodeDefault.xctoolchain/usr/bin/clang -x c++ -ivfsstatcache /Users/admin/builder/spi-builder-workspace/.derivedData/SDKStatCaches.noindex/watchos26.5-23T570-688ef53f1462e2c8f657fdc38a81448f7931b973dfc65d9472806dbbc3af9379.sdkstatcache -target arm64-apple-watchos11.4 -fmessage-length\=0 -fdiagnostics-show-note-include-stack -fmacro-backtrace-limit\=0 -fno-color-diagnostics -fmodules-prune-interval\=86400 -fmodules-prune-after\=345600 -fbuild-session-file\=/Users/admin/builder/spi-builder-workspace/.derivedData/ModuleCache.noindex/Session.modulevalidation -fmodules-validate-once-per-build-session -Wnon-modular-include-in-framework-module -Werror\=non-modular-include-in-framework-module -Wno-trigraphs -Wno-missing-field-initializers -Wno-missing-prototypes -Wno-return-type -Wno-non-virtual-dtor -Wno-overloaded-virtual -Wno-exit-time-destructors -Wno-missing-braces -Wparentheses -Wswitch -Wno-unused-function -Wno-unused-label -Wno-unused-parameter -Wno-unused-variable -Wunused-value -Wno-empty-body -Wno-uninitialized -Wno-unknown-pragmas -w -Wno-shadow -Wno-four-char-constants -Wno-conversion -Wno-constant-conversion -Wno-int-conversion -Wno-bool-conversion -Wno-enum-conversion -Wno-float-conversion -Wno-non-literal-null-conversion -Wno-objc-literal-conversion -Wshorten-64-to-32 -Wno-newline-eof -Wno-c++11-extensions -Wno-implicit-fallthrough -isysroot /Applications/Xcode-26.5.0.app/Contents/Developer/Platforms/WatchOS.platform/Developer/SDKs/WatchOS26.5.sdk -fstrict-aliasing -Wdeprecated-declarations -Winvalid-offsetof -Wno-sign-conversion -Wno-infinite-recursion -Wno-move -Wno-comma -Wno-block-capture-autoreleasing -Wno-strict-prototypes -Wno-range-loop-analysis -Wno-semicolon-before-method-body -index-store-path /Users/admin/builder/spi-builder-workspace/.derivedData/Index.noindex/DataStore @/Users/admin/builder/spi-builder-workspace/.derivedData/Build/Intermediates.noindex/ABIBridge.build/Debug-watchos/ABIBridgeCore.build/Objects-normal/arm64/82b82416624d2658e5098eb0a28c15c5-common-args.resp -MMD -MT dependencies -MF /Users/admin/builder/spi-builder-workspace/.derivedData/Build/Intermediates.noindex/ABIBridge.build/Debug-watchos/ABIBridgeCore.build/Objects-normal/arm64/PointerSlot.d --serialize-diagnostics /Users/admin/builder/spi-builder-workspace/.derivedData/Build/Intermediates.noindex/ABIBridge.build/Debug-watchos/ABIBridgeCore.build/Objects-normal/arm64/PointerSlot.dia -c /Users/admin/builder/spi-builder-workspace/.dependencies/checkouts/ABIBridge/Sources/ABIBridgeCore/PointerSlot.cpp -o /Users/admin/builder/spi-builder-workspace/.derivedData/Build/Intermediates.noindex/ABIBridge.build/Debug-watchos/ABIBridgeCore.build/Objects-normal/arm64/PointerSlot.o -index-unit-output-path /ABIBridge.build/Debug-watchos/ABIBridgeCore.build/Objects-normal/arm64/PointerSlot.o
CompileC /Users/admin/builder/spi-builder-workspace/.derivedData/Build/Intermediates.noindex/ABIBridge.build/Debug-watchos/ABIBridgeCore.build/Objects-normal/arm64/PointerSearch.o /Users/admin/builder/spi-builder-workspace/.dependencies/checkouts/ABIBridge/Sources/ABIBridgeCore/PointerSearch.cpp normal arm64 c++ com.apple.compilers.llvm.clang.1_0.compiler (in target 'ABIBridgeCore' from project 'ABIBridge')
cd /Users/admin/builder/spi-builder-workspace/.swiftpm/xcode
Using response file: /Users/admin/builder/spi-builder-workspace/.derivedData/Build/Intermediates.noindex/ABIBridge.build/Debug-watchos/ABIBridgeCore.build/Objects-normal/arm64/82b82416624d2658e5098eb0a28c15c5-common-args.resp
/Applications/Xcode-26.5.0.app/Contents/Developer/Toolchains/XcodeDefault.xctoolchain/usr/bin/clang -x c++ -ivfsstatcache /Users/admin/builder/spi-builder-workspace/.derivedData/SDKStatCaches.noindex/watchos26.5-23T570-688ef53f1462e2c8f657fdc38a81448f7931b973dfc65d9472806dbbc3af9379.sdkstatcache -target arm64-apple-watchos11.4 -fmessage-length\=0 -fdiagnostics-show-note-include-stack -fmacro-backtrace-limit\=0 -fno-color-diagnostics -fmodules-prune-interval\=86400 -fmodules-prune-after\=345600 -fbuild-session-file\=/Users/admin/builder/spi-builder-workspace/.derivedData/ModuleCache.noindex/Session.modulevalidation -fmodules-validate-once-per-build-session -Wnon-modular-include-in-framework-module -Werror\=non-modular-include-in-framework-module -Wno-trigraphs -Wno-missing-field-initializers -Wno-missing-prototypes -Wno-return-type -Wno-non-virtual-dtor -Wno-overloaded-virtual -Wno-exit-time-destructors -Wno-missing-braces -Wparentheses -Wswitch -Wno-unused-function -Wno-unused-label -Wno-unused-parameter -Wno-unused-variable -Wunused-value -Wno-empty-body -Wno-uninitialized -Wno-unknown-pragmas -w -Wno-shadow -Wno-four-char-constants -Wno-conversion -Wno-constant-conversion -Wno-int-conversion -Wno-bool-conversion -Wno-enum-conversion -Wno-float-conversion -Wno-non-literal-null-conversion -Wno-objc-literal-conversion -Wshorten-64-to-32 -Wno-newline-eof -Wno-c++11-extensions -Wno-implicit-fallthrough -isysroot /Applications/Xcode-26.5.0.app/Contents/Developer/Platforms/WatchOS.platform/Developer/SDKs/WatchOS26.5.sdk -fstrict-aliasing -Wdeprecated-declarations -Winvalid-offsetof -Wno-sign-conversion -Wno-infinite-recursion -Wno-move -Wno-comma -Wno-block-capture-autoreleasing -Wno-strict-prototypes -Wno-range-loop-analysis -Wno-semicolon-before-method-body -index-store-path /Users/admin/builder/spi-builder-workspace/.derivedData/Index.noindex/DataStore @/Users/admin/builder/spi-builder-workspace/.derivedData/Build/Intermediates.noindex/ABIBridge.build/Debug-watchos/ABIBridgeCore.build/Objects-normal/arm64/82b82416624d2658e5098eb0a28c15c5-common-args.resp -MMD -MT dependencies -MF /Users/admin/builder/spi-builder-workspace/.derivedData/Build/Intermediates.noindex/ABIBridge.build/Debug-watchos/ABIBridgeCore.build/Objects-normal/arm64/PointerSearch.d --serialize-diagnostics /Users/admin/builder/spi-builder-workspace/.derivedData/Build/Intermediates.noindex/ABIBridge.build/Debug-watchos/ABIBridgeCore.build/Objects-normal/arm64/PointerSearch.dia -c /Users/admin/builder/spi-builder-workspace/.dependencies/checkouts/ABIBridge/Sources/ABIBridgeCore/PointerSearch.cpp -o /Users/admin/builder/spi-builder-workspace/.derivedData/Build/Intermediates.noindex/ABIBridge.build/Debug-watchos/ABIBridgeCore.build/Objects-normal/arm64/PointerSearch.o -index-unit-output-path /ABIBridge.build/Debug-watchos/ABIBridgeCore.build/Objects-normal/arm64/PointerSearch.o
CompileC /Users/admin/builder/spi-builder-workspace/.derivedData/Build/Intermediates.noindex/ABIBridge.build/Debug-watchos/ABIBridgeCore.build/Objects-normal/arm64/NativeFailure.o /Users/admin/builder/spi-builder-workspace/.dependencies/checkouts/ABIBridge/Sources/ABIBridgeCore/NativeFailure.cpp normal arm64 c++ com.apple.compilers.llvm.clang.1_0.compiler (in target 'ABIBridgeCore' from project 'ABIBridge')
cd /Users/admin/builder/spi-builder-workspace/.swiftpm/xcode
Using response file: /Users/admin/builder/spi-builder-workspace/.derivedData/Build/Intermediates.noindex/ABIBridge.build/Debug-watchos/ABIBridgeCore.build/Objects-normal/arm64/82b82416624d2658e5098eb0a28c15c5-common-args.resp
/Applications/Xcode-26.5.0.app/Contents/Developer/Toolchains/XcodeDefault.xctoolchain/usr/bin/clang -x c++ -ivfsstatcache /Users/admin/builder/spi-builder-workspace/.derivedData/SDKStatCaches.noindex/watchos26.5-23T570-688ef53f1462e2c8f657fdc38a81448f7931b973dfc65d9472806dbbc3af9379.sdkstatcache -target arm64-apple-watchos11.4 -fmessage-length\=0 -fdiagnostics-show-note-include-stack -fmacro-backtrace-limit\=0 -fno-color-diagnostics -fmodules-prune-interval\=86400 -fmodules-prune-after\=345600 -fbuild-session-file\=/Users/admin/builder/spi-builder-workspace/.derivedData/ModuleCache.noindex/Session.modulevalidation -fmodules-validate-once-per-build-session -Wnon-modular-include-in-framework-module -Werror\=non-modular-include-in-framework-module -Wno-trigraphs -Wno-missing-field-initializers -Wno-missing-prototypes -Wno-return-type -Wno-non-virtual-dtor -Wno-overloaded-virtual -Wno-exit-time-destructors -Wno-missing-braces -Wparentheses -Wswitch -Wno-unused-function -Wno-unused-label -Wno-unused-parameter -Wno-unused-variable -Wunused-value -Wno-empty-body -Wno-uninitialized -Wno-unknown-pragmas -w -Wno-shadow -Wno-four-char-constants -Wno-conversion -Wno-constant-conversion -Wno-int-conversion -Wno-bool-conversion -Wno-enum-conversion -Wno-float-conversion -Wno-non-literal-null-conversion -Wno-objc-literal-conversion -Wshorten-64-to-32 -Wno-newline-eof -Wno-c++11-extensions -Wno-implicit-fallthrough -isysroot /Applications/Xcode-26.5.0.app/Contents/Developer/Platforms/WatchOS.platform/Developer/SDKs/WatchOS26.5.sdk -fstrict-aliasing -Wdeprecated-declarations -Winvalid-offsetof -Wno-sign-conversion -Wno-infinite-recursion -Wno-move -Wno-comma -Wno-block-capture-autoreleasing -Wno-strict-prototypes -Wno-range-loop-analysis -Wno-semicolon-before-method-body -index-store-path /Users/admin/builder/spi-builder-workspace/.derivedData/Index.noindex/DataStore @/Users/admin/builder/spi-builder-workspace/.derivedData/Build/Intermediates.noindex/ABIBridge.build/Debug-watchos/ABIBridgeCore.build/Objects-normal/arm64/82b82416624d2658e5098eb0a28c15c5-common-args.resp -MMD -MT dependencies -MF /Users/admin/builder/spi-builder-workspace/.derivedData/Build/Intermediates.noindex/ABIBridge.build/Debug-watchos/ABIBridgeCore.build/Objects-normal/arm64/NativeFailure.d --serialize-diagnostics /Users/admin/builder/spi-builder-workspace/.derivedData/Build/Intermediates.noindex/ABIBridge.build/Debug-watchos/ABIBridgeCore.build/Objects-normal/arm64/NativeFailure.dia -c /Users/admin/builder/spi-builder-workspace/.dependencies/checkouts/ABIBridge/Sources/ABIBridgeCore/NativeFailure.cpp -o /Users/admin/builder/spi-builder-workspace/.derivedData/Build/Intermediates.noindex/ABIBridge.build/Debug-watchos/ABIBridgeCore.build/Objects-normal/arm64/NativeFailure.o -index-unit-output-path /ABIBridge.build/Debug-watchos/ABIBridgeCore.build/Objects-normal/arm64/NativeFailure.o
CompileC /Users/admin/builder/spi-builder-workspace/.derivedData/Build/Intermediates.noindex/ABIBridge.build/Debug-watchos/ABIBridgeCore.build/Objects-normal/arm64/NativeDispatch.o /Users/admin/builder/spi-builder-workspace/.dependencies/checkouts/ABIBridge/Sources/ABIBridgeCore/NativeDispatch.cpp normal arm64 c++ com.apple.compilers.llvm.clang.1_0.compiler (in target 'ABIBridgeCore' from project 'ABIBridge')
cd /Users/admin/builder/spi-builder-workspace/.swiftpm/xcode
Using response file: /Users/admin/builder/spi-builder-workspace/.derivedData/Build/Intermediates.noindex/ABIBridge.build/Debug-watchos/ABIBridgeCore.build/Objects-normal/arm64/82b82416624d2658e5098eb0a28c15c5-common-args.resp
/Applications/Xcode-26.5.0.app/Contents/Developer/Toolchains/XcodeDefault.xctoolchain/usr/bin/clang -x c++ -ivfsstatcache /Users/admin/builder/spi-builder-workspace/.derivedData/SDKStatCaches.noindex/watchos26.5-23T570-688ef53f1462e2c8f657fdc38a81448f7931b973dfc65d9472806dbbc3af9379.sdkstatcache -target arm64-apple-watchos11.4 -fmessage-length\=0 -fdiagnostics-show-note-include-stack -fmacro-backtrace-limit\=0 -fno-color-diagnostics -fmodules-prune-interval\=86400 -fmodules-prune-after\=345600 -fbuild-session-file\=/Users/admin/builder/spi-builder-workspace/.derivedData/ModuleCache.noindex/Session.modulevalidation -fmodules-validate-once-per-build-session -Wnon-modular-include-in-framework-module -Werror\=non-modular-include-in-framework-module -Wno-trigraphs -Wno-missing-field-initializers -Wno-missing-prototypes -Wno-return-type -Wno-non-virtual-dtor -Wno-overloaded-virtual -Wno-exit-time-destructors -Wno-missing-braces -Wparentheses -Wswitch -Wno-unused-function -Wno-unused-label -Wno-unused-parameter -Wno-unused-variable -Wunused-value -Wno-empty-body -Wno-uninitialized -Wno-unknown-pragmas -w -Wno-shadow -Wno-four-char-constants -Wno-conversion -Wno-constant-conversion -Wno-int-conversion -Wno-bool-conversion -Wno-enum-conversion -Wno-float-conversion -Wno-non-literal-null-conversion -Wno-objc-literal-conversion -Wshorten-64-to-32 -Wno-newline-eof -Wno-c++11-extensions -Wno-implicit-fallthrough -isysroot /Applications/Xcode-26.5.0.app/Contents/Developer/Platforms/WatchOS.platform/Developer/SDKs/WatchOS26.5.sdk -fstrict-aliasing -Wdeprecated-declarations -Winvalid-offsetof -Wno-sign-conversion -Wno-infinite-recursion -Wno-move -Wno-comma -Wno-block-capture-autoreleasing -Wno-strict-prototypes -Wno-range-loop-analysis -Wno-semicolon-before-method-body -index-store-path /Users/admin/builder/spi-builder-workspace/.derivedData/Index.noindex/DataStore @/Users/admin/builder/spi-builder-workspace/.derivedData/Build/Intermediates.noindex/ABIBridge.build/Debug-watchos/ABIBridgeCore.build/Objects-normal/arm64/82b82416624d2658e5098eb0a28c15c5-common-args.resp -MMD -MT dependencies -MF /Users/admin/builder/spi-builder-workspace/.derivedData/Build/Intermediates.noindex/ABIBridge.build/Debug-watchos/ABIBridgeCore.build/Objects-normal/arm64/NativeDispatch.d --serialize-diagnostics /Users/admin/builder/spi-builder-workspace/.derivedData/Build/Intermediates.noindex/ABIBridge.build/Debug-watchos/ABIBridgeCore.build/Objects-normal/arm64/NativeDispatch.dia -c /Users/admin/builder/spi-builder-workspace/.dependencies/checkouts/ABIBridge/Sources/ABIBridgeCore/NativeDispatch.cpp -o /Users/admin/builder/spi-builder-workspace/.derivedData/Build/Intermediates.noindex/ABIBridge.build/Debug-watchos/ABIBridgeCore.build/Objects-normal/arm64/NativeDispatch.o -index-unit-output-path /ABIBridge.build/Debug-watchos/ABIBridgeCore.build/Objects-normal/arm64/NativeDispatch.o
CompileC /Users/admin/builder/spi-builder-workspace/.derivedData/Build/Intermediates.noindex/ABIBridge.build/Debug-watchos/ABIBridgeCore.build/Objects-normal/arm64/Memory.o /Users/admin/builder/spi-builder-workspace/.dependencies/checkouts/ABIBridge/Sources/ABIBridgeCore/Memory.cpp normal arm64 c++ com.apple.compilers.llvm.clang.1_0.compiler (in target 'ABIBridgeCore' from project 'ABIBridge')
cd /Users/admin/builder/spi-builder-workspace/.swiftpm/xcode
Using response file: /Users/admin/builder/spi-builder-workspace/.derivedData/Build/Intermediates.noindex/ABIBridge.build/Debug-watchos/ABIBridgeCore.build/Objects-normal/arm64/82b82416624d2658e5098eb0a28c15c5-common-args.resp
/Applications/Xcode-26.5.0.app/Contents/Developer/Toolchains/XcodeDefault.xctoolchain/usr/bin/clang -x c++ -ivfsstatcache /Users/admin/builder/spi-builder-workspace/.derivedData/SDKStatCaches.noindex/watchos26.5-23T570-688ef53f1462e2c8f657fdc38a81448f7931b973dfc65d9472806dbbc3af9379.sdkstatcache -target arm64-apple-watchos11.4 -fmessage-length\=0 -fdiagnostics-show-note-include-stack -fmacro-backtrace-limit\=0 -fno-color-diagnostics -fmodules-prune-interval\=86400 -fmodules-prune-after\=345600 -fbuild-session-file\=/Users/admin/builder/spi-builder-workspace/.derivedData/ModuleCache.noindex/Session.modulevalidation -fmodules-validate-once-per-build-session -Wnon-modular-include-in-framework-module -Werror\=non-modular-include-in-framework-module -Wno-trigraphs -Wno-missing-field-initializers -Wno-missing-prototypes -Wno-return-type -Wno-non-virtual-dtor -Wno-overloaded-virtual -Wno-exit-time-destructors -Wno-missing-braces -Wparentheses -Wswitch -Wno-unused-function -Wno-unused-label -Wno-unused-parameter -Wno-unused-variable -Wunused-value -Wno-empty-body -Wno-uninitialized -Wno-unknown-pragmas -w -Wno-shadow -Wno-four-char-constants -Wno-conversion -Wno-constant-conversion -Wno-int-conversion -Wno-bool-conversion -Wno-enum-conversion -Wno-float-conversion -Wno-non-literal-null-conversion -Wno-objc-literal-conversion -Wshorten-64-to-32 -Wno-newline-eof -Wno-c++11-extensions -Wno-implicit-fallthrough -isysroot /Applications/Xcode-26.5.0.app/Contents/Developer/Platforms/WatchOS.platform/Developer/SDKs/WatchOS26.5.sdk -fstrict-aliasing -Wdeprecated-declarations -Winvalid-offsetof -Wno-sign-conversion -Wno-infinite-recursion -Wno-move -Wno-comma -Wno-block-capture-autoreleasing -Wno-strict-prototypes -Wno-range-loop-analysis -Wno-semicolon-before-method-body -index-store-path /Users/admin/builder/spi-builder-workspace/.derivedData/Index.noindex/DataStore @/Users/admin/builder/spi-builder-workspace/.derivedData/Build/Intermediates.noindex/ABIBridge.build/Debug-watchos/ABIBridgeCore.build/Objects-normal/arm64/82b82416624d2658e5098eb0a28c15c5-common-args.resp -MMD -MT dependencies -MF /Users/admin/builder/spi-builder-workspace/.derivedData/Build/Intermediates.noindex/ABIBridge.build/Debug-watchos/ABIBridgeCore.build/Objects-normal/arm64/Memory.d --serialize-diagnostics /Users/admin/builder/spi-builder-workspace/.derivedData/Build/Intermediates.noindex/ABIBridge.build/Debug-watchos/ABIBridgeCore.build/Objects-normal/arm64/Memory.dia -c /Users/admin/builder/spi-builder-workspace/.dependencies/checkouts/ABIBridge/Sources/ABIBridgeCore/Memory.cpp -o /Users/admin/builder/spi-builder-workspace/.derivedData/Build/Intermediates.noindex/ABIBridge.build/Debug-watchos/ABIBridgeCore.build/Objects-normal/arm64/Memory.o -index-unit-output-path /ABIBridge.build/Debug-watchos/ABIBridgeCore.build/Objects-normal/arm64/Memory.o
CompileC /Users/admin/builder/spi-builder-workspace/.derivedData/Build/Intermediates.noindex/ABIBridge.build/Debug-watchos/ABIBridgeCore.build/Objects-normal/arm64/ManagedVirtualEntry.o /Users/admin/builder/spi-builder-workspace/.dependencies/checkouts/ABIBridge/Sources/ABIBridgeCore/ManagedVirtualEntry.cpp normal arm64 c++ com.apple.compilers.llvm.clang.1_0.compiler (in target 'ABIBridgeCore' from project 'ABIBridge')
cd /Users/admin/builder/spi-builder-workspace/.swiftpm/xcode
Using response file: /Users/admin/builder/spi-builder-workspace/.derivedData/Build/Intermediates.noindex/ABIBridge.build/Debug-watchos/ABIBridgeCore.build/Objects-normal/arm64/82b82416624d2658e5098eb0a28c15c5-common-args.resp
/Applications/Xcode-26.5.0.app/Contents/Developer/Toolchains/XcodeDefault.xctoolchain/usr/bin/clang -x c++ -ivfsstatcache /Users/admin/builder/spi-builder-workspace/.derivedData/SDKStatCaches.noindex/watchos26.5-23T570-688ef53f1462e2c8f657fdc38a81448f7931b973dfc65d9472806dbbc3af9379.sdkstatcache -target arm64-apple-watchos11.4 -fmessage-length\=0 -fdiagnostics-show-note-include-stack -fmacro-backtrace-limit\=0 -fno-color-diagnostics -fmodules-prune-interval\=86400 -fmodules-prune-after\=345600 -fbuild-session-file\=/Users/admin/builder/spi-builder-workspace/.derivedData/ModuleCache.noindex/Session.modulevalidation -fmodules-validate-once-per-build-session -Wnon-modular-include-in-framework-module -Werror\=non-modular-include-in-framework-module -Wno-trigraphs -Wno-missing-field-initializers -Wno-missing-prototypes -Wno-return-type -Wno-non-virtual-dtor -Wno-overloaded-virtual -Wno-exit-time-destructors -Wno-missing-braces -Wparentheses -Wswitch -Wno-unused-function -Wno-unused-label -Wno-unused-parameter -Wno-unused-variable -Wunused-value -Wno-empty-body -Wno-uninitialized -Wno-unknown-pragmas -w -Wno-shadow -Wno-four-char-constants -Wno-conversion -Wno-constant-conversion -Wno-int-conversion -Wno-bool-conversion -Wno-enum-conversion -Wno-float-conversion -Wno-non-literal-null-conversion -Wno-objc-literal-conversion -Wshorten-64-to-32 -Wno-newline-eof -Wno-c++11-extensions -Wno-implicit-fallthrough -isysroot /Applications/Xcode-26.5.0.app/Contents/Developer/Platforms/WatchOS.platform/Developer/SDKs/WatchOS26.5.sdk -fstrict-aliasing -Wdeprecated-declarations -Winvalid-offsetof -Wno-sign-conversion -Wno-infinite-recursion -Wno-move -Wno-comma -Wno-block-capture-autoreleasing -Wno-strict-prototypes -Wno-range-loop-analysis -Wno-semicolon-before-method-body -index-store-path /Users/admin/builder/spi-builder-workspace/.derivedData/Index.noindex/DataStore @/Users/admin/builder/spi-builder-workspace/.derivedData/Build/Intermediates.noindex/ABIBridge.build/Debug-watchos/ABIBridgeCore.build/Objects-normal/arm64/82b82416624d2658e5098eb0a28c15c5-common-args.resp -MMD -MT dependencies -MF /Users/admin/builder/spi-builder-workspace/.derivedData/Build/Intermediates.noindex/ABIBridge.build/Debug-watchos/ABIBridgeCore.build/Objects-normal/arm64/ManagedVirtualEntry.d --serialize-diagnostics /Users/admin/builder/spi-builder-workspace/.derivedData/Build/Intermediates.noindex/ABIBridge.build/Debug-watchos/ABIBridgeCore.build/Objects-normal/arm64/ManagedVirtualEntry.dia -c /Users/admin/builder/spi-builder-workspace/.dependencies/checkouts/ABIBridge/Sources/ABIBridgeCore/ManagedVirtualEntry.cpp -o /Users/admin/builder/spi-builder-workspace/.derivedData/Build/Intermediates.noindex/ABIBridge.build/Debug-watchos/ABIBridgeCore.build/Objects-normal/arm64/ManagedVirtualEntry.o -index-unit-output-path /ABIBridge.build/Debug-watchos/ABIBridgeCore.build/Objects-normal/arm64/ManagedVirtualEntry.o
CompileC /Users/admin/builder/spi-builder-workspace/.derivedData/Build/Intermediates.noindex/ABIBridge.build/Debug-watchos/ABIBridgeCore.build/Objects-normal/arm64/LoadedImages.o /Users/admin/builder/spi-builder-workspace/.dependencies/checkouts/ABIBridge/Sources/ABIBridgeCore/LoadedImages.cpp normal arm64 c++ com.apple.compilers.llvm.clang.1_0.compiler (in target 'ABIBridgeCore' from project 'ABIBridge')
cd /Users/admin/builder/spi-builder-workspace/.swiftpm/xcode
Using response file: /Users/admin/builder/spi-builder-workspace/.derivedData/Build/Intermediates.noindex/ABIBridge.build/Debug-watchos/ABIBridgeCore.build/Objects-normal/arm64/82b82416624d2658e5098eb0a28c15c5-common-args.resp
/Applications/Xcode-26.5.0.app/Contents/Developer/Toolchains/XcodeDefault.xctoolchain/usr/bin/clang -x c++ -ivfsstatcache /Users/admin/builder/spi-builder-workspace/.derivedData/SDKStatCaches.noindex/watchos26.5-23T570-688ef53f1462e2c8f657fdc38a81448f7931b973dfc65d9472806dbbc3af9379.sdkstatcache -target arm64-apple-watchos11.4 -fmessage-length\=0 -fdiagnostics-show-note-include-stack -fmacro-backtrace-limit\=0 -fno-color-diagnostics -fmodules-prune-interval\=86400 -fmodules-prune-after\=345600 -fbuild-session-file\=/Users/admin/builder/spi-builder-workspace/.derivedData/ModuleCache.noindex/Session.modulevalidation -fmodules-validate-once-per-build-session -Wnon-modular-include-in-framework-module -Werror\=non-modular-include-in-framework-module -Wno-trigraphs -Wno-missing-field-initializers -Wno-missing-prototypes -Wno-return-type -Wno-non-virtual-dtor -Wno-overloaded-virtual -Wno-exit-time-destructors -Wno-missing-braces -Wparentheses -Wswitch -Wno-unused-function -Wno-unused-label -Wno-unused-parameter -Wno-unused-variable -Wunused-value -Wno-empty-body -Wno-uninitialized -Wno-unknown-pragmas -w -Wno-shadow -Wno-four-char-constants -Wno-conversion -Wno-constant-conversion -Wno-int-conversion -Wno-bool-conversion -Wno-enum-conversion -Wno-float-conversion -Wno-non-literal-null-conversion -Wno-objc-literal-conversion -Wshorten-64-to-32 -Wno-newline-eof -Wno-c++11-extensions -Wno-implicit-fallthrough -isysroot /Applications/Xcode-26.5.0.app/Contents/Developer/Platforms/WatchOS.platform/Developer/SDKs/WatchOS26.5.sdk -fstrict-aliasing -Wdeprecated-declarations -Winvalid-offsetof -Wno-sign-conversion -Wno-infinite-recursion -Wno-move -Wno-comma -Wno-block-capture-autoreleasing -Wno-strict-prototypes -Wno-range-loop-analysis -Wno-semicolon-before-method-body -index-store-path /Users/admin/builder/spi-builder-workspace/.derivedData/Index.noindex/DataStore @/Users/admin/builder/spi-builder-workspace/.derivedData/Build/Intermediates.noindex/ABIBridge.build/Debug-watchos/ABIBridgeCore.build/Objects-normal/arm64/82b82416624d2658e5098eb0a28c15c5-common-args.resp -MMD -MT dependencies -MF /Users/admin/builder/spi-builder-workspace/.derivedData/Build/Intermediates.noindex/ABIBridge.build/Debug-watchos/ABIBridgeCore.build/Objects-normal/arm64/LoadedImages.d --serialize-diagnostics /Users/admin/builder/spi-builder-workspace/.derivedData/Build/Intermediates.noindex/ABIBridge.build/Debug-watchos/ABIBridgeCore.build/Objects-normal/arm64/LoadedImages.dia -c /Users/admin/builder/spi-builder-workspace/.dependencies/checkouts/ABIBridge/Sources/ABIBridgeCore/LoadedImages.cpp -o /Users/admin/builder/spi-builder-workspace/.derivedData/Build/Intermediates.noindex/ABIBridge.build/Debug-watchos/ABIBridgeCore.build/Objects-normal/arm64/LoadedImages.o -index-unit-output-path /ABIBridge.build/Debug-watchos/ABIBridgeCore.build/Objects-normal/arm64/LoadedImages.o
CompileC /Users/admin/builder/spi-builder-workspace/.derivedData/Build/Intermediates.noindex/ABIBridge.build/Debug-watchos/ABIBridgeCore.build/Objects-normal/arm64/Invocation.o /Users/admin/builder/spi-builder-workspace/.dependencies/checkouts/ABIBridge/Sources/ABIBridgeCore/Invocation.cpp normal arm64 c++ com.apple.compilers.llvm.clang.1_0.compiler (in target 'ABIBridgeCore' from project 'ABIBridge')
cd /Users/admin/builder/spi-builder-workspace/.swiftpm/xcode
Using response file: /Users/admin/builder/spi-builder-workspace/.derivedData/Build/Intermediates.noindex/ABIBridge.build/Debug-watchos/ABIBridgeCore.build/Objects-normal/arm64/82b82416624d2658e5098eb0a28c15c5-common-args.resp
/Applications/Xcode-26.5.0.app/Contents/Developer/Toolchains/XcodeDefault.xctoolchain/usr/bin/clang -x c++ -ivfsstatcache /Users/admin/builder/spi-builder-workspace/.derivedData/SDKStatCaches.noindex/watchos26.5-23T570-688ef53f1462e2c8f657fdc38a81448f7931b973dfc65d9472806dbbc3af9379.sdkstatcache -target arm64-apple-watchos11.4 -fmessage-length\=0 -fdiagnostics-show-note-include-stack -fmacro-backtrace-limit\=0 -fno-color-diagnostics -fmodules-prune-interval\=86400 -fmodules-prune-after\=345600 -fbuild-session-file\=/Users/admin/builder/spi-builder-workspace/.derivedData/ModuleCache.noindex/Session.modulevalidation -fmodules-validate-once-per-build-session -Wnon-modular-include-in-framework-module -Werror\=non-modular-include-in-framework-module -Wno-trigraphs -Wno-missing-field-initializers -Wno-missing-prototypes -Wno-return-type -Wno-non-virtual-dtor -Wno-overloaded-virtual -Wno-exit-time-destructors -Wno-missing-braces -Wparentheses -Wswitch -Wno-unused-function -Wno-unused-label -Wno-unused-parameter -Wno-unused-variable -Wunused-value -Wno-empty-body -Wno-uninitialized -Wno-unknown-pragmas -w -Wno-shadow -Wno-four-char-constants -Wno-conversion -Wno-constant-conversion -Wno-int-conversion -Wno-bool-conversion -Wno-enum-conversion -Wno-float-conversion -Wno-non-literal-null-conversion -Wno-objc-literal-conversion -Wshorten-64-to-32 -Wno-newline-eof -Wno-c++11-extensions -Wno-implicit-fallthrough -isysroot /Applications/Xcode-26.5.0.app/Contents/Developer/Platforms/WatchOS.platform/Developer/SDKs/WatchOS26.5.sdk -fstrict-aliasing -Wdeprecated-declarations -Winvalid-offsetof -Wno-sign-conversion -Wno-infinite-recursion -Wno-move -Wno-comma -Wno-block-capture-autoreleasing -Wno-strict-prototypes -Wno-range-loop-analysis -Wno-semicolon-before-method-body -index-store-path /Users/admin/builder/spi-builder-workspace/.derivedData/Index.noindex/DataStore @/Users/admin/builder/spi-builder-workspace/.derivedData/Build/Intermediates.noindex/ABIBridge.build/Debug-watchos/ABIBridgeCore.build/Objects-normal/arm64/82b82416624d2658e5098eb0a28c15c5-common-args.resp -MMD -MT dependencies -MF /Users/admin/builder/spi-builder-workspace/.derivedData/Build/Intermediates.noindex/ABIBridge.build/Debug-watchos/ABIBridgeCore.build/Objects-normal/arm64/Invocation.d --serialize-diagnostics /Users/admin/builder/spi-builder-workspace/.derivedData/Build/Intermediates.noindex/ABIBridge.build/Debug-watchos/ABIBridgeCore.build/Objects-normal/arm64/Invocation.dia -c /Users/admin/builder/spi-builder-workspace/.dependencies/checkouts/ABIBridge/Sources/ABIBridgeCore/Invocation.cpp -o /Users/admin/builder/spi-builder-workspace/.derivedData/Build/Intermediates.noindex/ABIBridge.build/Debug-watchos/ABIBridgeCore.build/Objects-normal/arm64/Invocation.o -index-unit-output-path /ABIBridge.build/Debug-watchos/ABIBridgeCore.build/Objects-normal/arm64/Invocation.o
CompileC /Users/admin/builder/spi-builder-workspace/.derivedData/Build/Intermediates.noindex/ABIBridge.build/Debug-watchos/ABIBridgeCore.build/Objects-normal/arm64/ImportedHooks.o /Users/admin/builder/spi-builder-workspace/.dependencies/checkouts/ABIBridge/Sources/ABIBridgeCore/ImportedHooks.cpp normal arm64 c++ com.apple.compilers.llvm.clang.1_0.compiler (in target 'ABIBridgeCore' from project 'ABIBridge')
cd /Users/admin/builder/spi-builder-workspace/.swiftpm/xcode
Using response file: /Users/admin/builder/spi-builder-workspace/.derivedData/Build/Intermediates.noindex/ABIBridge.build/Debug-watchos/ABIBridgeCore.build/Objects-normal/arm64/82b82416624d2658e5098eb0a28c15c5-common-args.resp
/Applications/Xcode-26.5.0.app/Contents/Developer/Toolchains/XcodeDefault.xctoolchain/usr/bin/clang -x c++ -ivfsstatcache /Users/admin/builder/spi-builder-workspace/.derivedData/SDKStatCaches.noindex/watchos26.5-23T570-688ef53f1462e2c8f657fdc38a81448f7931b973dfc65d9472806dbbc3af9379.sdkstatcache -target arm64-apple-watchos11.4 -fmessage-length\=0 -fdiagnostics-show-note-include-stack -fmacro-backtrace-limit\=0 -fno-color-diagnostics -fmodules-prune-interval\=86400 -fmodules-prune-after\=345600 -fbuild-session-file\=/Users/admin/builder/spi-builder-workspace/.derivedData/ModuleCache.noindex/Session.modulevalidation -fmodules-validate-once-per-build-session -Wnon-modular-include-in-framework-module -Werror\=non-modular-include-in-framework-module -Wno-trigraphs -Wno-missing-field-initializers -Wno-missing-prototypes -Wno-return-type -Wno-non-virtual-dtor -Wno-overloaded-virtual -Wno-exit-time-destructors -Wno-missing-braces -Wparentheses -Wswitch -Wno-unused-function -Wno-unused-label -Wno-unused-parameter -Wno-unused-variable -Wunused-value -Wno-empty-body -Wno-uninitialized -Wno-unknown-pragmas -w -Wno-shadow -Wno-four-char-constants -Wno-conversion -Wno-constant-conversion -Wno-int-conversion -Wno-bool-conversion -Wno-enum-conversion -Wno-float-conversion -Wno-non-literal-null-conversion -Wno-objc-literal-conversion -Wshorten-64-to-32 -Wno-newline-eof -Wno-c++11-extensions -Wno-implicit-fallthrough -isysroot /Applications/Xcode-26.5.0.app/Contents/Developer/Platforms/WatchOS.platform/Developer/SDKs/WatchOS26.5.sdk -fstrict-aliasing -Wdeprecated-declarations -Winvalid-offsetof -Wno-sign-conversion -Wno-infinite-recursion -Wno-move -Wno-comma -Wno-block-capture-autoreleasing -Wno-strict-prototypes -Wno-range-loop-analysis -Wno-semicolon-before-method-body -index-store-path /Users/admin/builder/spi-builder-workspace/.derivedData/Index.noindex/DataStore @/Users/admin/builder/spi-builder-workspace/.derivedData/Build/Intermediates.noindex/ABIBridge.build/Debug-watchos/ABIBridgeCore.build/Objects-normal/arm64/82b82416624d2658e5098eb0a28c15c5-common-args.resp -MMD -MT dependencies -MF /Users/admin/builder/spi-builder-workspace/.derivedData/Build/Intermediates.noindex/ABIBridge.build/Debug-watchos/ABIBridgeCore.build/Objects-normal/arm64/ImportedHooks.d --serialize-diagnostics /Users/admin/builder/spi-builder-workspace/.derivedData/Build/Intermediates.noindex/ABIBridge.build/Debug-watchos/ABIBridgeCore.build/Objects-normal/arm64/ImportedHooks.dia -c /Users/admin/builder/spi-builder-workspace/.dependencies/checkouts/ABIBridge/Sources/ABIBridgeCore/ImportedHooks.cpp -o /Users/admin/builder/spi-builder-workspace/.derivedData/Build/Intermediates.noindex/ABIBridge.build/Debug-watchos/ABIBridgeCore.build/Objects-normal/arm64/ImportedHooks.o -index-unit-output-path /ABIBridge.build/Debug-watchos/ABIBridgeCore.build/Objects-normal/arm64/ImportedHooks.o
CompileC /Users/admin/builder/spi-builder-workspace/.derivedData/Build/Intermediates.noindex/ABIBridge.build/Debug-watchos/ABIBridgeCore.build/Objects-normal/arm64/ImportedHookMonitoring.o /Users/admin/builder/spi-builder-workspace/.dependencies/checkouts/ABIBridge/Sources/ABIBridgeCore/ImportedHookMonitoring.cpp normal arm64 c++ com.apple.compilers.llvm.clang.1_0.compiler (in target 'ABIBridgeCore' from project 'ABIBridge')
cd /Users/admin/builder/spi-builder-workspace/.swiftpm/xcode
Using response file: /Users/admin/builder/spi-builder-workspace/.derivedData/Build/Intermediates.noindex/ABIBridge.build/Debug-watchos/ABIBridgeCore.build/Objects-normal/arm64/82b82416624d2658e5098eb0a28c15c5-common-args.resp
/Applications/Xcode-26.5.0.app/Contents/Developer/Toolchains/XcodeDefault.xctoolchain/usr/bin/clang -x c++ -ivfsstatcache /Users/admin/builder/spi-builder-workspace/.derivedData/SDKStatCaches.noindex/watchos26.5-23T570-688ef53f1462e2c8f657fdc38a81448f7931b973dfc65d9472806dbbc3af9379.sdkstatcache -target arm64-apple-watchos11.4 -fmessage-length\=0 -fdiagnostics-show-note-include-stack -fmacro-backtrace-limit\=0 -fno-color-diagnostics -fmodules-prune-interval\=86400 -fmodules-prune-after\=345600 -fbuild-session-file\=/Users/admin/builder/spi-builder-workspace/.derivedData/ModuleCache.noindex/Session.modulevalidation -fmodules-validate-once-per-build-session -Wnon-modular-include-in-framework-module -Werror\=non-modular-include-in-framework-module -Wno-trigraphs -Wno-missing-field-initializers -Wno-missing-prototypes -Wno-return-type -Wno-non-virtual-dtor -Wno-overloaded-virtual -Wno-exit-time-destructors -Wno-missing-braces -Wparentheses -Wswitch -Wno-unused-function -Wno-unused-label -Wno-unused-parameter -Wno-unused-variable -Wunused-value -Wno-empty-body -Wno-uninitialized -Wno-unknown-pragmas -w -Wno-shadow -Wno-four-char-constants -Wno-conversion -Wno-constant-conversion -Wno-int-conversion -Wno-bool-conversion -Wno-enum-conversion -Wno-float-conversion -Wno-non-literal-null-conversion -Wno-objc-literal-conversion -Wshorten-64-to-32 -Wno-newline-eof -Wno-c++11-extensions -Wno-implicit-fallthrough -isysroot /Applications/Xcode-26.5.0.app/Contents/Developer/Platforms/WatchOS.platform/Developer/SDKs/WatchOS26.5.sdk -fstrict-aliasing -Wdeprecated-declarations -Winvalid-offsetof -Wno-sign-conversion -Wno-infinite-recursion -Wno-move -Wno-comma -Wno-block-capture-autoreleasing -Wno-strict-prototypes -Wno-range-loop-analysis -Wno-semicolon-before-method-body -index-store-path /Users/admin/builder/spi-builder-workspace/.derivedData/Index.noindex/DataStore @/Users/admin/builder/spi-builder-workspace/.derivedData/Build/Intermediates.noindex/ABIBridge.build/Debug-watchos/ABIBridgeCore.build/Objects-normal/arm64/82b82416624d2658e5098eb0a28c15c5-common-args.resp -MMD -MT dependencies -MF /Users/admin/builder/spi-builder-workspace/.derivedData/Build/Intermediates.noindex/ABIBridge.build/Debug-watchos/ABIBridgeCore.build/Objects-normal/arm64/ImportedHookMonitoring.d --serialize-diagnostics /Users/admin/builder/spi-builder-workspace/.derivedData/Build/Intermediates.noindex/ABIBridge.build/Debug-watchos/ABIBridgeCore.build/Objects-normal/arm64/ImportedHookMonitoring.dia -c /Users/admin/builder/spi-builder-workspace/.dependencies/checkouts/ABIBridge/Sources/ABIBridgeCore/ImportedHookMonitoring.cpp -o /Users/admin/builder/spi-builder-workspace/.derivedData/Build/Intermediates.noindex/ABIBridge.build/Debug-watchos/ABIBridgeCore.build/Objects-normal/arm64/ImportedHookMonitoring.o -index-unit-output-path /ABIBridge.build/Debug-watchos/ABIBridgeCore.build/Objects-normal/arm64/ImportedHookMonitoring.o
CompileC /Users/admin/builder/spi-builder-workspace/.derivedData/Build/Intermediates.noindex/ABIBridge.build/Debug-watchos/ABIBridgeCore.build/Objects-normal/arm64/ABIBridgeCore.o /Users/admin/builder/spi-builder-workspace/.dependencies/checkouts/ABIBridge/Sources/ABIBridgeCore/ABIBridgeCore.cpp normal arm64 c++ com.apple.compilers.llvm.clang.1_0.compiler (in target 'ABIBridgeCore' from project 'ABIBridge')
cd /Users/admin/builder/spi-builder-workspace/.swiftpm/xcode
Using response file: /Users/admin/builder/spi-builder-workspace/.derivedData/Build/Intermediates.noindex/ABIBridge.build/Debug-watchos/ABIBridgeCore.build/Objects-normal/arm64/82b82416624d2658e5098eb0a28c15c5-common-args.resp
/Applications/Xcode-26.5.0.app/Contents/Developer/Toolchains/XcodeDefault.xctoolchain/usr/bin/clang -x c++ -ivfsstatcache /Users/admin/builder/spi-builder-workspace/.derivedData/SDKStatCaches.noindex/watchos26.5-23T570-688ef53f1462e2c8f657fdc38a81448f7931b973dfc65d9472806dbbc3af9379.sdkstatcache -target arm64-apple-watchos11.4 -fmessage-length\=0 -fdiagnostics-show-note-include-stack -fmacro-backtrace-limit\=0 -fno-color-diagnostics -fmodules-prune-interval\=86400 -fmodules-prune-after\=345600 -fbuild-session-file\=/Users/admin/builder/spi-builder-workspace/.derivedData/ModuleCache.noindex/Session.modulevalidation -fmodules-validate-once-per-build-session -Wnon-modular-include-in-framework-module -Werror\=non-modular-include-in-framework-module -Wno-trigraphs -Wno-missing-field-initializers -Wno-missing-prototypes -Wno-return-type -Wno-non-virtual-dtor -Wno-overloaded-virtual -Wno-exit-time-destructors -Wno-missing-braces -Wparentheses -Wswitch -Wno-unused-function -Wno-unused-label -Wno-unused-parameter -Wno-unused-variable -Wunused-value -Wno-empty-body -Wno-uninitialized -Wno-unknown-pragmas -w -Wno-shadow -Wno-four-char-constants -Wno-conversion -Wno-constant-conversion -Wno-int-conversion -Wno-bool-conversion -Wno-enum-conversion -Wno-float-conversion -Wno-non-literal-null-conversion -Wno-objc-literal-conversion -Wshorten-64-to-32 -Wno-newline-eof -Wno-c++11-extensions -Wno-implicit-fallthrough -isysroot /Applications/Xcode-26.5.0.app/Contents/Developer/Platforms/WatchOS.platform/Developer/SDKs/WatchOS26.5.sdk -fstrict-aliasing -Wdeprecated-declarations -Winvalid-offsetof -Wno-sign-conversion -Wno-infinite-recursion -Wno-move -Wno-comma -Wno-block-capture-autoreleasing -Wno-strict-prototypes -Wno-range-loop-analysis -Wno-semicolon-before-method-body -index-store-path /Users/admin/builder/spi-builder-workspace/.derivedData/Index.noindex/DataStore @/Users/admin/builder/spi-builder-workspace/.derivedData/Build/Intermediates.noindex/ABIBridge.build/Debug-watchos/ABIBridgeCore.build/Objects-normal/arm64/82b82416624d2658e5098eb0a28c15c5-common-args.resp -MMD -MT dependencies -MF /Users/admin/builder/spi-builder-workspace/.derivedData/Build/Intermediates.noindex/ABIBridge.build/Debug-watchos/ABIBridgeCore.build/Objects-normal/arm64/ABIBridgeCore.d --serialize-diagnostics /Users/admin/builder/spi-builder-workspace/.derivedData/Build/Intermediates.noindex/ABIBridge.build/Debug-watchos/ABIBridgeCore.build/Objects-normal/arm64/ABIBridgeCore.dia -c /Users/admin/builder/spi-builder-workspace/.dependencies/checkouts/ABIBridge/Sources/ABIBridgeCore/ABIBridgeCore.cpp -o /Users/admin/builder/spi-builder-workspace/.derivedData/Build/Intermediates.noindex/ABIBridge.build/Debug-watchos/ABIBridgeCore.build/Objects-normal/arm64/ABIBridgeCore.o -index-unit-output-path /ABIBridge.build/Debug-watchos/ABIBridgeCore.build/Objects-normal/arm64/ABIBridgeCore.o
ScanDependencies /Users/admin/builder/spi-builder-workspace/.derivedData/Build/Intermediates.noindex/ZDLibffi.build/Debug-watchos/ZDLibffi.build/Objects-normal/armv7k/types.o /Users/admin/builder/spi-builder-workspace/.dependencies/checkouts/ZDLibffi/Source/src/common/types.c normal armv7k c com.apple.compilers.llvm.clang.1_0.compiler (in target 'ZDLibffi' from project 'ZDLibffi')
cd /Users/admin/builder/spi-builder-workspace/.swiftpm/xcode
Using response file: /Users/admin/builder/spi-builder-workspace/.derivedData/Build/Intermediates.noindex/ZDLibffi.build/Debug-watchos/ZDLibffi.build/Objects-normal/armv7k/7187679823f38a2a940e0043cdf9d637-common-args.resp
builtin-ScanDependencies -o /Users/admin/builder/spi-builder-workspace/.derivedData/Build/Intermediates.noindex/ZDLibffi.build/Debug-watchos/ZDLibffi.build/Objects-normal/armv7k/types.o.scan -- /Applications/Xcode-26.5.0.app/Contents/Developer/Toolchains/XcodeDefault.xctoolchain/usr/bin/clang -x c -ivfsstatcache /Users/admin/builder/spi-builder-workspace/.derivedData/SDKStatCaches.noindex/watchos26.5-23T570-688ef53f1462e2c8f657fdc38a81448f7931b973dfc65d9472806dbbc3af9379.sdkstatcache -target armv7k-apple-watchos4.0 -fmessage-length\=0 -fdiagnostics-show-note-include-stack -fmacro-backtrace-limit\=0 -fno-color-diagnostics -fmodules-prune-interval\=86400 -fmodules-prune-after\=345600 -fbuild-session-file\=/Users/admin/builder/spi-builder-workspace/.derivedData/ModuleCache.noindex/Session.modulevalidation -fmodules-validate-once-per-build-session -Wnon-modular-include-in-framework-module -Werror\=non-modular-include-in-framework-module -Wno-trigraphs -Wno-missing-field-initializers -Wno-missing-prototypes -Wno-return-type -Wno-missing-braces -Wparentheses -Wswitch -Wno-unused-function -Wno-unused-label -Wno-unused-parameter -Wno-unused-variable -Wunused-value -Wno-empty-body -Wno-uninitialized -Wno-unknown-pragmas -w -Wno-shadow -Wno-four-char-constants -Wno-conversion -Wno-constant-conversion -Wno-int-conversion -Wno-bool-conversion -Wno-enum-conversion -Wno-float-conversion -Wno-non-literal-null-conversion -Wno-objc-literal-conversion -Wno-shorten-64-to-32 -Wpointer-sign -Wno-newline-eof -Wno-implicit-fallthrough -isysroot /Applications/Xcode-26.5.0.app/Contents/Developer/Platforms/WatchOS.platform/Developer/SDKs/WatchOS26.5.sdk -fstrict-aliasing -Wdeprecated-declarations -Wno-sign-conversion -Wno-infinite-recursion -Wno-comma -Wno-block-capture-autoreleasing -Wno-strict-prototypes -Wno-semicolon-before-method-body -index-store-path /Users/admin/builder/spi-builder-workspace/.derivedData/Index.noindex/DataStore @/Users/admin/builder/spi-builder-workspace/.derivedData/Build/Intermediates.noindex/ZDLibffi.build/Debug-watchos/ZDLibffi.build/Objects-normal/armv7k/7187679823f38a2a940e0043cdf9d637-common-args.resp -MMD -MT dependencies -MF /Users/admin/builder/spi-builder-workspace/.derivedData/Build/Intermediates.noindex/ZDLibffi.build/Debug-watchos/ZDLibffi.build/Objects-normal/armv7k/types.d --serialize-diagnostics /Users/admin/builder/spi-builder-workspace/.derivedData/Build/Intermediates.noindex/ZDLibffi.build/Debug-watchos/ZDLibffi.build/Objects-normal/armv7k/types.dia -c /Users/admin/builder/spi-builder-workspace/.dependencies/checkouts/ZDLibffi/Source/src/common/types.c -o /Users/admin/builder/spi-builder-workspace/.derivedData/Build/Intermediates.noindex/ZDLibffi.build/Debug-watchos/ZDLibffi.build/Objects-normal/armv7k/types.o -index-unit-output-path /ZDLibffi.build/Debug-watchos/ZDLibffi.build/Objects-normal/armv7k/types.o
ScanDependencies /Users/admin/builder/spi-builder-workspace/.derivedData/Build/Intermediates.noindex/ZDLibffi.build/Debug-watchos/ZDLibffi.build/Objects-normal/armv7k/tramp.o /Users/admin/builder/spi-builder-workspace/.dependencies/checkouts/ZDLibffi/Source/src/common/tramp.c normal armv7k c com.apple.compilers.llvm.clang.1_0.compiler (in target 'ZDLibffi' from project 'ZDLibffi')
cd /Users/admin/builder/spi-builder-workspace/.swiftpm/xcode
Using response file: /Users/admin/builder/spi-builder-workspace/.derivedData/Build/Intermediates.noindex/ZDLibffi.build/Debug-watchos/ZDLibffi.build/Objects-normal/armv7k/7187679823f38a2a940e0043cdf9d637-common-args.resp
builtin-ScanDependencies -o /Users/admin/builder/spi-builder-workspace/.derivedData/Build/Intermediates.noindex/ZDLibffi.build/Debug-watchos/ZDLibffi.build/Objects-normal/armv7k/tramp.o.scan -- /Applications/Xcode-26.5.0.app/Contents/Developer/Toolchains/XcodeDefault.xctoolchain/usr/bin/clang -x c -ivfsstatcache /Users/admin/builder/spi-builder-workspace/.derivedData/SDKStatCaches.noindex/watchos26.5-23T570-688ef53f1462e2c8f657fdc38a81448f7931b973dfc65d9472806dbbc3af9379.sdkstatcache -target armv7k-apple-watchos4.0 -fmessage-length\=0 -fdiagnostics-show-note-include-stack -fmacro-backtrace-limit\=0 -fno-color-diagnostics -fmodules-prune-interval\=86400 -fmodules-prune-after\=345600 -fbuild-session-file\=/Users/admin/builder/spi-builder-workspace/.derivedData/ModuleCache.noindex/Session.modulevalidation -fmodules-validate-once-per-build-session -Wnon-modular-include-in-framework-module -Werror\=non-modular-include-in-framework-module -Wno-trigraphs -Wno-missing-field-initializers -Wno-missing-prototypes -Wno-return-type -Wno-missing-braces -Wparentheses -Wswitch -Wno-unused-function -Wno-unused-label -Wno-unused-parameter -Wno-unused-variable -Wunused-value -Wno-empty-body -Wno-uninitialized -Wno-unknown-pragmas -w -Wno-shadow -Wno-four-char-constants -Wno-conversion -Wno-constant-conversion -Wno-int-conversion -Wno-bool-conversion -Wno-enum-conversion -Wno-float-conversion -Wno-non-literal-null-conversion -Wno-objc-literal-conversion -Wno-shorten-64-to-32 -Wpointer-sign -Wno-newline-eof -Wno-implicit-fallthrough -isysroot /Applications/Xcode-26.5.0.app/Contents/Developer/Platforms/WatchOS.platform/Developer/SDKs/WatchOS26.5.sdk -fstrict-aliasing -Wdeprecated-declarations -Wno-sign-conversion -Wno-infinite-recursion -Wno-comma -Wno-block-capture-autoreleasing -Wno-strict-prototypes -Wno-semicolon-before-method-body -index-store-path /Users/admin/builder/spi-builder-workspace/.derivedData/Index.noindex/DataStore @/Users/admin/builder/spi-builder-workspace/.derivedData/Build/Intermediates.noindex/ZDLibffi.build/Debug-watchos/ZDLibffi.build/Objects-normal/armv7k/7187679823f38a2a940e0043cdf9d637-common-args.resp -MMD -MT dependencies -MF /Users/admin/builder/spi-builder-workspace/.derivedData/Build/Intermediates.noindex/ZDLibffi.build/Debug-watchos/ZDLibffi.build/Objects-normal/armv7k/tramp.d --serialize-diagnostics /Users/admin/builder/spi-builder-workspace/.derivedData/Build/Intermediates.noindex/ZDLibffi.build/Debug-watchos/ZDLibffi.build/Objects-normal/armv7k/tramp.dia -c /Users/admin/builder/spi-builder-workspace/.dependencies/checkouts/ZDLibffi/Source/src/common/tramp.c -o /Users/admin/builder/spi-builder-workspace/.derivedData/Build/Intermediates.noindex/ZDLibffi.build/Debug-watchos/ZDLibffi.build/Objects-normal/armv7k/tramp.o -index-unit-output-path /ZDLibffi.build/Debug-watchos/ZDLibffi.build/Objects-normal/armv7k/tramp.o
CompileC /Users/admin/builder/spi-builder-workspace/.derivedData/Build/Intermediates.noindex/ZDLibffi.build/Debug-watchos/ZDLibffi.build/Objects-normal/armv7k/types.o /Users/admin/builder/spi-builder-workspace/.dependencies/checkouts/ZDLibffi/Source/src/common/types.c normal armv7k c com.apple.compilers.llvm.clang.1_0.compiler (in target 'ZDLibffi' from project 'ZDLibffi')
cd /Users/admin/builder/spi-builder-workspace/.swiftpm/xcode
Using response file: /Users/admin/builder/spi-builder-workspace/.derivedData/Build/Intermediates.noindex/ZDLibffi.build/Debug-watchos/ZDLibffi.build/Objects-normal/armv7k/7187679823f38a2a940e0043cdf9d637-common-args.resp
/Applications/Xcode-26.5.0.app/Contents/Developer/Toolchains/XcodeDefault.xctoolchain/usr/bin/clang -x c -ivfsstatcache /Users/admin/builder/spi-builder-workspace/.derivedData/SDKStatCaches.noindex/watchos26.5-23T570-688ef53f1462e2c8f657fdc38a81448f7931b973dfc65d9472806dbbc3af9379.sdkstatcache -target armv7k-apple-watchos4.0 -fmessage-length\=0 -fdiagnostics-show-note-include-stack -fmacro-backtrace-limit\=0 -fno-color-diagnostics -fmodules-prune-interval\=86400 -fmodules-prune-after\=345600 -fbuild-session-file\=/Users/admin/builder/spi-builder-workspace/.derivedData/ModuleCache.noindex/Session.modulevalidation -fmodules-validate-once-per-build-session -Wnon-modular-include-in-framework-module -Werror\=non-modular-include-in-framework-module -Wno-trigraphs -Wno-missing-field-initializers -Wno-missing-prototypes -Wno-return-type -Wno-missing-braces -Wparentheses -Wswitch -Wno-unused-function -Wno-unused-label -Wno-unused-parameter -Wno-unused-variable -Wunused-value -Wno-empty-body -Wno-uninitialized -Wno-unknown-pragmas -w -Wno-shadow -Wno-four-char-constants -Wno-conversion -Wno-constant-conversion -Wno-int-conversion -Wno-bool-conversion -Wno-enum-conversion -Wno-float-conversion -Wno-non-literal-null-conversion -Wno-objc-literal-conversion -Wno-shorten-64-to-32 -Wpointer-sign -Wno-newline-eof -Wno-implicit-fallthrough -isysroot /Applications/Xcode-26.5.0.app/Contents/Developer/Platforms/WatchOS.platform/Developer/SDKs/WatchOS26.5.sdk -fstrict-aliasing -Wdeprecated-declarations -Wno-sign-conversion -Wno-infinite-recursion -Wno-comma -Wno-block-capture-autoreleasing -Wno-strict-prototypes -Wno-semicolon-before-method-body -index-store-path /Users/admin/builder/spi-builder-workspace/.derivedData/Index.noindex/DataStore @/Users/admin/builder/spi-builder-workspace/.derivedData/Build/Intermediates.noindex/ZDLibffi.build/Debug-watchos/ZDLibffi.build/Objects-normal/armv7k/7187679823f38a2a940e0043cdf9d637-common-args.resp -MMD -MT dependencies -MF /Users/admin/builder/spi-builder-workspace/.derivedData/Build/Intermediates.noindex/ZDLibffi.build/Debug-watchos/ZDLibffi.build/Objects-normal/armv7k/types.d --serialize-diagnostics /Users/admin/builder/spi-builder-workspace/.derivedData/Build/Intermediates.noindex/ZDLibffi.build/Debug-watchos/ZDLibffi.build/Objects-normal/armv7k/types.dia -c /Users/admin/builder/spi-builder-workspace/.dependencies/checkouts/ZDLibffi/Source/src/common/types.c -o /Users/admin/builder/spi-builder-workspace/.derivedData/Build/Intermediates.noindex/ZDLibffi.build/Debug-watchos/ZDLibffi.build/Objects-normal/armv7k/types.o -index-unit-output-path /ZDLibffi.build/Debug-watchos/ZDLibffi.build/Objects-normal/armv7k/types.o
In file included from /Users/admin/builder/spi-builder-workspace/.dependencies/checkouts/ZDLibffi/Source/src/common/types.c:32:
/Users/admin/builder/spi-builder-workspace/.dependencies/checkouts/ZDLibffi/Source/include/ffi_common.h:129:1: error: unknown type name 'ffi_status'
129 | ffi_status ffi_prep_cif_machdep(ffi_cif *cif);
| ^
/Users/admin/builder/spi-builder-workspace/.dependencies/checkouts/ZDLibffi/Source/include/ffi_common.h:129:33: error: unknown type name 'ffi_cif'
129 | ffi_status ffi_prep_cif_machdep(ffi_cif *cif);
| ^
/Users/admin/builder/spi-builder-workspace/.dependencies/checkouts/ZDLibffi/Source/include/ffi_common.h:130:1: error: unknown type name 'ffi_status'
130 | ffi_status ffi_prep_cif_machdep_var(ffi_cif *cif,
| ^
/Users/admin/builder/spi-builder-workspace/.dependencies/checkouts/ZDLibffi/Source/include/ffi_common.h:130:37: error: unknown type name 'ffi_cif'
130 | ffi_status ffi_prep_cif_machdep_var(ffi_cif *cif,
| ^
/Users/admin/builder/spi-builder-workspace/.dependencies/checkouts/ZDLibffi/Source/include/ffi_common.h:140:1: error: unknown type name 'ffi_status'
140 | ffi_status ffi_prep_cif_core(ffi_cif *cif,
| ^
/Users/admin/builder/spi-builder-workspace/.dependencies/checkouts/ZDLibffi/Source/include/ffi_common.h:140:30: error: unknown type name 'ffi_cif'
140 | ffi_status ffi_prep_cif_core(ffi_cif *cif,
| ^
/Users/admin/builder/spi-builder-workspace/.dependencies/checkouts/ZDLibffi/Source/include/ffi_common.h:141:9: error: unknown type name 'ffi_abi'
141 | ffi_abi abi,
| ^
/Users/admin/builder/spi-builder-workspace/.dependencies/checkouts/ZDLibffi/Source/include/ffi_common.h:145:9: error: unknown type name 'ffi_type'
145 | ffi_type *rtype,
| ^
/Users/admin/builder/spi-builder-workspace/.dependencies/checkouts/ZDLibffi/Source/include/ffi_common.h:146:9: error: unknown type name 'ffi_type'
146 | ffi_type **atypes);
| ^
/Users/admin/builder/spi-builder-workspace/.dependencies/checkouts/ZDLibffi/Source/include/ffi_common.h:150:45: error: expected function body after function declarator
150 | void *ffi_data_to_code_pointer (void *data) FFI_HIDDEN;
| ^
/Users/admin/builder/spi-builder-workspace/.dependencies/checkouts/ZDLibffi/Source/include/ffi_common.h:154:42: error: expected function body after function declarator
154 | int ffi_tramp_is_present (void *closure) FFI_HIDDEN;
| ^
/Users/admin/builder/spi-builder-workspace/.dependencies/checkouts/ZDLibffi/Source/include/ffi_common.h:158:31: error: expected function body after function declarator
158 | int open_temp_exec_file(void) FFI_HIDDEN;
| ^
/Users/admin/builder/spi-builder-workspace/.dependencies/checkouts/ZDLibffi/Source/include/ffi_common.h:163:3: error: unknown type name 'ffi_cif'
163 | ffi_cif *cif;
| ^
/Users/admin/builder/spi-builder-workspace/.dependencies/checkouts/ZDLibffi/Source/src/common/types.c:37:10: error: use of undeclared identifier 'FFI_VERSION_STRING'
37 | return FFI_VERSION_STRING;
| ^~~~~~~~~~~~~~~~~~
/Users/admin/builder/spi-builder-workspace/.dependencies/checkouts/ZDLibffi/Source/src/common/types.c:43:10: error: use of undeclared identifier 'FFI_VERSION_NUMBER'
43 | return FFI_VERSION_NUMBER;
| ^~~~~~~~~~~~~~~~~~
/Users/admin/builder/spi-builder-workspace/.dependencies/checkouts/ZDLibffi/Source/src/common/types.c:48:10: error: use of undeclared identifier 'FFI_DEFAULT_ABI'
48 | return FFI_DEFAULT_ABI;
| ^~~~~~~~~~~~~~~
/Users/admin/builder/spi-builder-workspace/.dependencies/checkouts/ZDLibffi/Source/src/common/types.c:51:1: error: unknown type name 'size_t'
51 | size_t ffi_get_closure_size (void)
| ^
/Users/admin/builder/spi-builder-workspace/.dependencies/checkouts/ZDLibffi/Source/src/common/types.c:53:17: error: use of undeclared identifier 'ffi_closure'
53 | return sizeof(ffi_closure);
| ^~~~~~~~~~~
/Users/admin/builder/spi-builder-workspace/.dependencies/checkouts/ZDLibffi/Source/src/common/types.c:87:1: error: unknown type name 'FFI_EXTERN'
87 | FFI_EXTERN const ffi_type ffi_type_void = {
| ^
fatal error: too many errors emitted, stopping now [-ferror-limit=]
20 errors generated.
Failed frontend command:
/Applications/Xcode-26.5.0.app/Contents/Developer/Toolchains/XcodeDefault.xctoolchain/usr/bin/clang -cc1 -Wundef-prefix\=TARGET_OS_ -fdiagnostics-show-note-include-stack -fmacro-backtrace-limit\=0 -w -ferror-limit 19 -serialize-diagnostic-file /Users/admin/builder/spi-builder-workspace/.derivedData/Build/Intermediates.noindex/ZDLibffi.build/Debug-watchos/ZDLibffi.build/Objects-normal/armv7k/types.dia -Wdeprecated-objc-isa-usage -Werror\=deprecated-objc-isa-usage -Werror\=implicit-function-declaration -Wnon-modular-include-in-framework-module -Werror\=non-modular-include-in-framework-module -Wno-trigraphs -Wno-missing-field-initializers -Wno-missing-prototypes -Wno-return-type -Wno-missing-braces -Wparentheses -Wswitch -Wno-unused-function -Wno-unused-label -Wno-unused-parameter -Wno-unused-variable -Wunused-value -Wno-empty-body -Wno-uninitialized -Wno-unknown-pragmas -Wno-shadow -Wno-four-char-constants -Wno-conversion -Wno-constant-conversion -Wno-int-conversion -Wno-bool-conversion -Wno-enum-conversion -Wno-float-conversion -Wno-non-literal-null-conversion -Wno-objc-literal-conversion -Wno-shorten-64-to-32 -Wpointer-sign -Wno-newline-eof -Wno-implicit-fallthrough -Wdeprecated-declarations -Wno-sign-conversion -Wno-infinite-recursion -Wno-comma -Wno-block-capture-autoreleasing -Wno-strict-prototypes -Wno-semicolon-before-method-body -Wno-elaborated-enum-base -Wno-error\=allocator-wrappers -index-store-path /Users/admin/builder/spi-builder-workspace/.derivedData/Index.noindex/DataStore -index-unit-output-path /ZDLibffi.build/Debug-watchos/ZDLibffi.build/Objects-normal/armv7k/types.o -o /Users/admin/builder/spi-builder-workspace/.derivedData/Build/Intermediates.noindex/ZDLibffi.build/Debug-watchos/ZDLibffi.build/Objects-normal/armv7k/types.o -disable-free -emit-obj -x c /Users/admin/builder/spi-builder-workspace/.dependencies/checkouts/ZDLibffi/Source/src/common/types.c -target-abi aapcs16 -target-cpu cortex-a7 -target-feature +read-tp-tpidruro -target-feature +vfp2 -target-feature +vfp2sp -target-feature +vfp3 -target-feature +vfp3d16 -target-feature +vfp3d16sp -target-feature +vfp3sp -target-feature +fp16 -target-feature +vfp4 -target-feature +vfp4d16 -target-feature +vfp4d16sp -target-feature +vfp4sp -target-feature -fp-armv8 -target-feature -fp-armv8d16 -target-feature -fp-armv8d16sp -target-feature -fp-armv8sp -target-feature -fullfp16 -target-feature +fp64 -target-feature +d32 -target-feature +neon -target-feature -sha2 -target-feature -aes -target-feature -fp16fml -triple thumbv7k-apple-watchos4.0.0 -target-linker-version 1267 -target-sdk-version\=26.5 -fmodules-validate-system-headers -fno-modulemap-allow-subdirectory-search -isysroot /Applications/Xcode-26.5.0.app/Contents/Developer/Platforms/WatchOS.platform/Developer/SDKs/WatchOS26.5.sdk -resource-dir /Applications/Xcode-26.5.0.app/Contents/Developer/Toolchains/XcodeDefault.xctoolchain/usr/lib/clang/21 -fmodule-format\=obj -I /Users/admin/builder/spi-builder-workspace/.derivedData/Build/Products/Debug-watchos/include -I /Users/admin/builder/spi-builder-workspace/.dependencies/checkouts/ZDLibffi/Source/include -I /Users/admin/builder/spi-builder-workspace/.dependencies/checkouts/ZDLibffi/Source/include -I /Users/admin/builder/spi-builder-workspace/.derivedData/Build/Intermediates.noindex/ZDLibffi.build/Debug-watchos/ZDLibffi.build/DerivedSources-normal/armv7k -I /Users/admin/builder/spi-builder-workspace/.derivedData/Build/Intermediates.noindex/ZDLibffi.build/Debug-watchos/ZDLibffi.build/DerivedSources/armv7k -I /Users/admin/builder/spi-builder-workspace/.derivedData/Build/Intermediates.noindex/ZDLibffi.build/Debug-watchos/ZDLibffi.build/DerivedSources -F /Users/admin/builder/spi-builder-workspace/.derivedData/Build/Products/Debug-watchos -iframework /Applications/Xcode-26.5.0.app/Contents/Developer/Platforms/WatchOS.platform/Developer/Library/Frameworks -iframework /Applications/Xcode-26.5.0.app/Contents/Developer/Platforms/WatchOS.platform/Developer/SDKs/WatchOS26.5.sdk/Developer/Library/Frameworks -internal-isystem /Applications/Xcode-26.5.0.app/Contents/Developer/Platforms/WatchOS.platform/Developer/SDKs/WatchOS26.5.sdk/usr/local/include -internal-isystem /Applications/Xcode-26.5.0.app/Contents/Developer/Toolchains/XcodeDefault.xctoolchain/usr/lib/clang/21/include -internal-externc-isystem /Applications/Xcode-26.5.0.app/Contents/Developer/Platforms/WatchOS.platform/Developer/SDKs/WatchOS26.5.sdk/usr/include -internal-externc-isystem /Applications/Xcode-26.5.0.app/Contents/Developer/Toolchains/XcodeDefault.xctoolchain/usr/include -internal-iframework /Applications/Xcode-26.5.0.app/Contents/Developer/Platforms/WatchOS.platform/Developer/SDKs/WatchOS26.5.sdk/System/Library/Frameworks -internal-iframework /Applications/Xcode-26.5.0.app/Contents/Developer/Platforms/WatchOS.platform/Developer/SDKs/WatchOS26.5.sdk/System/Library/SubFrameworks -internal-iframework /Applications/Xcode-26.5.0.app/Contents/Developer/Platforms/WatchOS.platform/Developer/SDKs/WatchOS26.5.sdk/Library/Frameworks -ivfsstatcache /Users/admin/builder/spi-builder-workspace/.derivedData/SDKStatCaches.noindex/watchos26.5-23T570-688ef53f1462e2c8f657fdc38a81448f7931b973dfc65d9472806dbbc3af9379.sdkstatcache -std\=gnu17 -exception-model dwarf -fskip-odr-check-in-gmf -fmodules -fmodule-name\=ZDLibffi -fno-implicit-modules -fmax-type-align\=16 -fpascal-strings -fvisibility-inlines-hidden-static-local-var -mdarwin-stkchk-strong-link -fno-odr-hash-protocols -pic-level 2 -fencode-extended-block-signature -stack-protector 1 -fgnuc-version\=4.2.1 -fblocks -fno-convergent-functions -ffp-contract\=on -fclang-abi-compat\=4.0 -fno-experimental-relative-c++-abi-vtables -fno-file-reproducible -clang-vendor-feature\=+disableNonDependentMemberExprInCurrentInstantiation -clang-vendor-feature\=+enableAggressiveVLAFolding -clang-vendor-feature\=+revert09abecef7bbf -clang-vendor-feature\=+thisNoAlignAttr -clang-vendor-feature\=+thisNoNullAttr -clang-vendor-feature\=+disableAtImportPrivateFrameworkInImplementationError -O0 -fno-assume-unique-vtables -fdebug-compilation-dir\=/Users/admin/builder/spi-builder-workspace/.swiftpm/xcode -fcoverage-compilation-dir\=/Users/admin/builder/spi-builder-workspace/.swiftpm/xcode -fcoverage-mapping -fcommon -fdwarf2-cfi-asm -fregister-global-dtors-with-atexit -fno-strict-return -dwarf-version\=4 -debugger-tuning\=lldb -disable-llvm-verifier -dwarf-ext-refs -mfloat-abi hard -funwind-tables\=2 -fprofile-instrument\=clang -clear-ast-before-backend -discard-value-names -main-file-name types.c -mframe-pointer\=non-leaf -debug-info-kind\=standalone -fno-loop-interchange -fdiagnostics-hotness-threshold\=0 -fdiagnostics-misexpect-tolerance\=0 -D DEBUG\=1 -D HAVE_MORECORE\=0 -D SWIFT_PACKAGE -D USE_DL_PREFIX\=1 -D Xcode -fdefine-target-os-macros -MT dependencies -dependency-file /Users/admin/builder/spi-builder-workspace/.derivedData/Build/Intermediates.noindex/ZDLibffi.build/Debug-watchos/ZDLibffi.build/Objects-normal/armv7k/types.d -skip-unused-modulemap-deps
PrecompileModule /Users/admin/builder/spi-builder-workspace/.derivedData/Build/Intermediates.noindex/ExplicitPrecompiledModules/_Builtin_stddef-4RCK28V8SV6K32K2GX4XNSNTG.scan
cd /
builtin-precompileModule /Users/admin/builder/spi-builder-workspace/.derivedData/Build/Intermediates.noindex/ExplicitPrecompiledModules/_Builtin_stddef-4RCK28V8SV6K32K2GX4XNSNTG.scan
2026-10-28 21:06:24.523 xcodebuild[1297:7323] [MT] IDERunDestination: Supported platforms for the buildables in the current scheme is empty.
2026-10-28 21:06:24.627 xcodebuild[1297:7323] [MT] IDERunDestination: Supported platforms for the buildables in the current scheme is empty.
** BUILD FAILED **
The following build commands failed:
CompileC /Users/admin/builder/spi-builder-workspace/.derivedData/Build/Intermediates.noindex/ZDLibffi.build/Debug-watchos/ZDLibffi.build/Objects-normal/armv7k/types.o /Users/admin/builder/spi-builder-workspace/.dependencies/checkouts/ZDLibffi/Source/src/common/types.c normal armv7k c com.apple.compilers.llvm.clang.1_0.compiler (in target 'ZDLibffi' from project 'ZDLibffi')
Building workspace spi-builder-workspace with scheme ObservationBridge-Package
(2 failures)
Command line invocation:
/Applications/Xcode-26.5.0.app/Contents/Developer/usr/bin/xcodebuild -IDEClonedSourcePackagesDirPathOverride=/Users/admin/builder/spi-builder-workspace/.dependencies -resolvePackageDependencies
Resolve Package Graph
Resolved source packages:
ObservationBridge: /Users/admin/builder/spi-builder-workspace
SymbolKit: https://github.com/swiftlang/swift-docc-symbolkit @ 1.0.0
swift-binary-parse-support: https://github.com/p-x9/swift-binary-parse-support.git @ 0.3.0
swift-fileio: https://github.com/p-x9/swift-fileio.git @ 0.15.1
ABIBridge: https://github.com/lynnswap/ABIBridge.git @ 0.13.2
swift-asn1: https://github.com/apple/swift-asn1.git @ 1.7.3
ObjectArchiveKit: https://github.com/p-x9/ObjectArchiveKit.git @ 0.5.0
ZDLibffi: https://github.com/lynnswap/ZDLibffi.git @ 0.380.1
swift-crypto: https://github.com/apple/swift-crypto.git @ 3.15.1
ObjCDump: https://github.com/p-x9/swift-objc-dump.git @ 0.9.0
MachOKit: https://github.com/p-x9/MachOKit.git @ 0.55.0
SwiftDocCPlugin: https://github.com/swiftlang/swift-docc-plugin @ 1.5.0
swift-fileio-extra: https://github.com/p-x9/swift-fileio-extra.git @ 0.4.0
resolved source packages: ObservationBridge, SymbolKit, swift-binary-parse-support, swift-fileio, ABIBridge, swift-asn1, ObjectArchiveKit, ZDLibffi, swift-crypto, ObjCDump, MachOKit, SwiftDocCPlugin, swift-fileio-extra
2026-10-28 21:06:51.626 xcodebuild[1849:9585] [MT] IDERunDestination: Supported platforms for the buildables in the current scheme is empty.
2026-10-28 21:06:51.727 xcodebuild[1849:9585] [MT] IDERunDestination: Supported platforms for the buildables in the current scheme is empty.
{
"dependencies" : [
{
"identity" : "abibridge",
"requirement" : {
"exact" : [
"0.13.2"
]
},
"type" : "sourceControl",
"url" : "https://github.com/lynnswap/ABIBridge.git"
},
{
"identity" : "swift-docc-plugin",
"requirement" : {
"range" : [
{
"lower_bound" : "1.5.0",
"upper_bound" : "2.0.0"
}
]
},
"type" : "sourceControl",
"url" : "https://github.com/swiftlang/swift-docc-plugin"
}
],
"manifest_display_name" : "ObservationBridge",
"name" : "ObservationBridge",
"path" : "/Users/admin/builder/spi-builder-workspace",
"platforms" : [
{
"name" : "ios",
"version" : "18.4"
},
{
"name" : "maccatalyst",
"version" : "18.4"
},
{
"name" : "macos",
"version" : "15.4"
},
{
"name" : "tvos",
"version" : "18.4"
},
{
"name" : "watchos",
"version" : "11.4"
},
{
"name" : "visionos",
"version" : "2.4"
}
],
"products" : [
{
"name" : "ObservationBridge",
"targets" : [
"ObservationBridge"
],
"type" : {
"library" : [
"automatic"
]
}
},
{
"name" : "ObservationBridgeBenchmarks",
"targets" : [
"ObservationBridgeBenchmarks"
],
"type" : {
"executable" : null
}
}
],
"targets" : [
{
"c99name" : "_ObservationBridgeBenchmarkSupport",
"module_type" : "ClangTarget",
"name" : "_ObservationBridgeBenchmarkSupport",
"path" : "ObservationBridge/Sources/_ObservationBridgeBenchmarkSupport",
"sources" : [
"ObservationBridgeBenchmarkSupport.c"
],
"type" : "library"
},
{
"c99name" : "ObservationBridgeTests",
"module_type" : "SwiftTarget",
"name" : "ObservationBridgeTests",
"path" : "ObservationBridge/Tests/ObservationBridgeTests",
"sources" : [
"ObservationOptionsTests.swift",
"ObservationScopeObserveTests.swift",
"TestSupport/AsyncTestSupport.swift",
"TestSupport/ObservationBridgeTestModels.swift",
"TestSupport/StressTestSupport.swift"
],
"target_dependencies" : [
"ObservationBridge"
],
"type" : "test"
},
{
"c99name" : "ObservationBridgeBenchmarks",
"module_type" : "SwiftTarget",
"name" : "ObservationBridgeBenchmarks",
"path" : "Benchmarks/ObservationBridgeBenchmarks",
"product_memberships" : [
"ObservationBridgeBenchmarks"
],
"sources" : [
"main.swift"
],
"target_dependencies" : [
"ObservationBridge"
],
"type" : "executable"
},
{
"c99name" : "ObservationBridge",
"module_type" : "SwiftTarget",
"name" : "ObservationBridge",
"path" : "ObservationBridge/Sources/ObservationBridge",
"product_dependencies" : [
"ABIBridge"
],
"product_memberships" : [
"ObservationBridge",
"ObservationBridgeBenchmarks"
],
"sources" : [
"ObservationCallbackExecution.swift",
"ObservationDelivery.swift",
"ObservationEvent.swift",
"ObservationOptions.swift",
"ObservedValues.swift",
"PortableContinuousObservation.swift",
"PortableContinuousObservationInternals.swift"
],
"type" : "library"
}
],
"tools_version" : "6.3"
}
{
"workspace" : {
"name" : "spi-builder-workspace",
"schemes" : [
"BinaryParseSupport",
"ObservationBridge",
"ObservationBridge-Package",
"ObservationBridgeBenchmarks",
"ObservationBridgeTests",
"swift-binary-parse-support"
]
}
}
2026-10-28 21:06:59.118 xcodebuild[1945:10100] [MT] IDERunDestination: Supported platforms for the buildables in the current scheme is empty.
2026-10-28 21:06:59.219 xcodebuild[1945:10100] [MT] IDERunDestination: Supported platforms for the buildables in the current scheme is empty.
Running build ...
env DEVELOPER_DIR=/Applications/Xcode-26.5.0.app xcrun xcodebuild -IDEClonedSourcePackagesDirPathOverride=$PWD/.dependencies -skipMacroValidation -skipPackagePluginValidation -derivedDataPath $PWD/.derivedData build -scheme ObservationBridge-Package -destination generic/platform=watchOS
Command line invocation:
/Applications/Xcode-26.5.0.app/Contents/Developer/usr/bin/xcodebuild -IDEClonedSourcePackagesDirPathOverride=/Users/admin/builder/spi-builder-workspace/.dependencies -skipMacroValidation -skipPackagePluginValidation -derivedDataPath /Users/admin/builder/spi-builder-workspace/.derivedData build -scheme ObservationBridge-Package -destination generic/platform=watchOS
Resolve Package Graph
Resolved source packages:
swift-fileio: https://github.com/p-x9/swift-fileio.git @ 0.15.1
MachOKit: https://github.com/p-x9/MachOKit.git @ 0.55.0
ZDLibffi: https://github.com/lynnswap/ZDLibffi.git @ 0.380.1
ObjectArchiveKit: https://github.com/p-x9/ObjectArchiveKit.git @ 0.5.0
swift-crypto: https://github.com/apple/swift-crypto.git @ 3.15.1
ObjCDump: https://github.com/p-x9/swift-objc-dump.git @ 0.9.0
ABIBridge: https://github.com/lynnswap/ABIBridge.git @ 0.13.2
SymbolKit: https://github.com/swiftlang/swift-docc-symbolkit @ 1.0.0
swift-binary-parse-support: https://github.com/p-x9/swift-binary-parse-support.git @ 0.3.0
SwiftDocCPlugin: https://github.com/swiftlang/swift-docc-plugin @ 1.5.0
swift-asn1: https://github.com/apple/swift-asn1.git @ 1.7.3
ObservationBridge: /Users/admin/builder/spi-builder-workspace
swift-fileio-extra: https://github.com/p-x9/swift-fileio-extra.git @ 0.4.0
ComputePackagePrebuildTargetDependencyGraph
Prepare packages
CreateBuildRequest
SendProjectDescription
CreateBuildOperation
ComputeTargetDependencyGraph
note: Building targets in dependency order
note: Target dependency graph (22 targets)
Target 'ObservationBridgeBenchmarks' in project 'ObservationBridge'
➜ Explicit dependency on target 'ObservationBridge' in project 'ObservationBridge'
➜ Explicit dependency on target 'ABIBridge' in project 'ABIBridge'
Target 'ObservationBridge' in project 'ObservationBridge'
➜ Explicit dependency on target 'ObservationBridge' in project 'ObservationBridge'
➜ Explicit dependency on target 'ABIBridge' in project 'ABIBridge'
Target 'ObservationBridge' in project 'ObservationBridge'
➜ Explicit dependency on target 'ABIBridge' in project 'ABIBridge'
Target 'ABIBridge' in project 'ABIBridge'
➜ Explicit dependency on target 'ABIBridge' in project 'ABIBridge'
➜ Explicit dependency on target 'ABIBridgeCore' in project 'ABIBridge'
➜ Explicit dependency on target 'ABIBridgeObjCXX' in project 'ABIBridge'
➜ Explicit dependency on target 'ABIBridgeRuntime' in project 'ABIBridge'
➜ Explicit dependency on target 'ZDLibffi' in project 'ZDLibffi'
➜ Explicit dependency on target 'MachOKit' in project 'MachOKit'
➜ Explicit dependency on target 'ObjCDump' in project 'ObjCDump'
Target 'ABIBridge' in project 'ABIBridge'
➜ Explicit dependency on target 'ABIBridgeCore' in project 'ABIBridge'
➜ Explicit dependency on target 'ABIBridgeObjCXX' in project 'ABIBridge'
➜ Explicit dependency on target 'ABIBridgeRuntime' in project 'ABIBridge'
➜ Explicit dependency on target 'ZDLibffi' in project 'ZDLibffi'
➜ Explicit dependency on target 'MachOKit' in project 'MachOKit'
➜ Explicit dependency on target 'ObjCDump' in project 'ObjCDump'
Target 'ABIBridgeRuntime' in project 'ABIBridge'
➜ Explicit dependency on target 'ABIBridgeCore' in project 'ABIBridge'
➜ Explicit dependency on target 'ABIBridgeObjCXX' in project 'ABIBridge'
➜ Explicit dependency on target 'ZDLibffi' in project 'ZDLibffi'
➜ Explicit dependency on target 'MachOKit' in project 'MachOKit'
➜ Explicit dependency on target 'ObjCDump' in project 'ObjCDump'
Target 'ObjCDump' in project 'ObjCDump'
➜ Explicit dependency on target 'ObjCDump' in project 'ObjCDump'
➜ Explicit dependency on target 'ObjCTypeDecodeKit' in project 'ObjCDump'
Target 'ObjCDump' in project 'ObjCDump'
➜ Explicit dependency on target 'ObjCTypeDecodeKit' in project 'ObjCDump'
Target 'ObjCTypeDecodeKit' in project 'ObjCDump' (no dependencies)
Target 'MachOKit' in project 'MachOKit'
➜ Explicit dependency on target 'MachOKit' in project 'MachOKit'
➜ Explicit dependency on target 'MachOKitC' in project 'MachOKit'
➜ Explicit dependency on target 'FileIO' in project 'swift-fileio'
➜ Explicit dependency on target 'FileIOBinary' in project 'swift-fileio-extra'
➜ Explicit dependency on target 'BinaryParseSupport' in project 'swift-binary-parse-support'
Target 'MachOKit' in project 'MachOKit'
➜ Explicit dependency on target 'MachOKitC' in project 'MachOKit'
➜ Explicit dependency on target 'FileIO' in project 'swift-fileio'
➜ Explicit dependency on target 'FileIOBinary' in project 'swift-fileio-extra'
➜ Explicit dependency on target 'BinaryParseSupport' in project 'swift-binary-parse-support'
Target 'FileIOBinary' in project 'swift-fileio-extra'
➜ Explicit dependency on target 'FileIOBinary' in project 'swift-fileio-extra'
➜ Explicit dependency on target 'FileIO' in project 'swift-fileio'
➜ Explicit dependency on target 'BinaryParseSupport' in project 'swift-binary-parse-support'
Target 'FileIOBinary' in project 'swift-fileio-extra'
➜ Explicit dependency on target 'FileIO' in project 'swift-fileio'
➜ Explicit dependency on target 'BinaryParseSupport' in project 'swift-binary-parse-support'
Target 'BinaryParseSupport' in project 'swift-binary-parse-support'
➜ Explicit dependency on target 'BinaryParseSupport' in project 'swift-binary-parse-support'
Target 'BinaryParseSupport' in project 'swift-binary-parse-support' (no dependencies)
Target 'FileIO' in project 'swift-fileio'
➜ Explicit dependency on target 'FileIO' in project 'swift-fileio'
Target 'FileIO' in project 'swift-fileio' (no dependencies)
Target 'MachOKitC' in project 'MachOKit' (no dependencies)
Target 'ABIBridgeObjCXX' in project 'ABIBridge'
➜ Explicit dependency on target 'ABIBridgeCore' in project 'ABIBridge'
➜ Explicit dependency on target 'ZDLibffi' in project 'ZDLibffi'
Target 'ABIBridgeCore' in project 'ABIBridge'
➜ Explicit dependency on target 'ZDLibffi' in project 'ZDLibffi'
Target 'ZDLibffi' in project 'ZDLibffi'
➜ Explicit dependency on target 'ZDLibffi' in project 'ZDLibffi'
Target 'ZDLibffi' in project 'ZDLibffi' (no dependencies)
GatherProvisioningInputs
CreateBuildDescription
ClangStatCache /Applications/Xcode-26.5.0.app/Contents/Developer/Toolchains/XcodeDefault.xctoolchain/usr/bin/clang-stat-cache /Applications/Xcode-26.5.0.app/Contents/Developer/Platforms/WatchOS.platform/Developer/SDKs/WatchOS26.5.sdk /Users/admin/builder/spi-builder-workspace/.derivedData/SDKStatCaches.noindex/watchos26.5-23T570-688ef53f1462e2c8f657fdc38a81448f7931b973dfc65d9472806dbbc3af9379.sdkstatcache
cd /Users/admin/builder/spi-builder-workspace/.swiftpm/xcode
/Applications/Xcode-26.5.0.app/Contents/Developer/Toolchains/XcodeDefault.xctoolchain/usr/bin/clang-stat-cache /Applications/Xcode-26.5.0.app/Contents/Developer/Platforms/WatchOS.platform/Developer/SDKs/WatchOS26.5.sdk -o /Users/admin/builder/spi-builder-workspace/.derivedData/SDKStatCaches.noindex/watchos26.5-23T570-688ef53f1462e2c8f657fdc38a81448f7931b973dfc65d9472806dbbc3af9379.sdkstatcache
CompileC /Users/admin/builder/spi-builder-workspace/.derivedData/Build/Intermediates.noindex/ZDLibffi.build/Debug-watchos/ZDLibffi.build/Objects-normal/armv7k/types.o /Users/admin/builder/spi-builder-workspace/.dependencies/checkouts/ZDLibffi/Source/src/common/types.c normal armv7k c com.apple.compilers.llvm.clang.1_0.compiler (in target 'ZDLibffi' from project 'ZDLibffi')
cd /Users/admin/builder/spi-builder-workspace/.swiftpm/xcode
Using response file: /Users/admin/builder/spi-builder-workspace/.derivedData/Build/Intermediates.noindex/ZDLibffi.build/Debug-watchos/ZDLibffi.build/Objects-normal/armv7k/7187679823f38a2a940e0043cdf9d637-common-args.resp
/Applications/Xcode-26.5.0.app/Contents/Developer/Toolchains/XcodeDefault.xctoolchain/usr/bin/clang -x c -ivfsstatcache /Users/admin/builder/spi-builder-workspace/.derivedData/SDKStatCaches.noindex/watchos26.5-23T570-688ef53f1462e2c8f657fdc38a81448f7931b973dfc65d9472806dbbc3af9379.sdkstatcache -target armv7k-apple-watchos4.0 -fmessage-length\=0 -fdiagnostics-show-note-include-stack -fmacro-backtrace-limit\=0 -fno-color-diagnostics -fmodules-prune-interval\=86400 -fmodules-prune-after\=345600 -fbuild-session-file\=/Users/admin/builder/spi-builder-workspace/.derivedData/ModuleCache.noindex/Session.modulevalidation -fmodules-validate-once-per-build-session -Wnon-modular-include-in-framework-module -Werror\=non-modular-include-in-framework-module -Wno-trigraphs -Wno-missing-field-initializers -Wno-missing-prototypes -Wno-return-type -Wno-missing-braces -Wparentheses -Wswitch -Wno-unused-function -Wno-unused-label -Wno-unused-parameter -Wno-unused-variable -Wunused-value -Wno-empty-body -Wno-uninitialized -Wno-unknown-pragmas -w -Wno-shadow -Wno-four-char-constants -Wno-conversion -Wno-constant-conversion -Wno-int-conversion -Wno-bool-conversion -Wno-enum-conversion -Wno-float-conversion -Wno-non-literal-null-conversion -Wno-objc-literal-conversion -Wno-shorten-64-to-32 -Wpointer-sign -Wno-newline-eof -Wno-implicit-fallthrough -isysroot /Applications/Xcode-26.5.0.app/Contents/Developer/Platforms/WatchOS.platform/Developer/SDKs/WatchOS26.5.sdk -fstrict-aliasing -Wdeprecated-declarations -Wno-sign-conversion -Wno-infinite-recursion -Wno-comma -Wno-block-capture-autoreleasing -Wno-strict-prototypes -Wno-semicolon-before-method-body -index-store-path /Users/admin/builder/spi-builder-workspace/.derivedData/Index.noindex/DataStore @/Users/admin/builder/spi-builder-workspace/.derivedData/Build/Intermediates.noindex/ZDLibffi.build/Debug-watchos/ZDLibffi.build/Objects-normal/armv7k/7187679823f38a2a940e0043cdf9d637-common-args.resp -MMD -MT dependencies -MF /Users/admin/builder/spi-builder-workspace/.derivedData/Build/Intermediates.noindex/ZDLibffi.build/Debug-watchos/ZDLibffi.build/Objects-normal/armv7k/types.d --serialize-diagnostics /Users/admin/builder/spi-builder-workspace/.derivedData/Build/Intermediates.noindex/ZDLibffi.build/Debug-watchos/ZDLibffi.build/Objects-normal/armv7k/types.dia -c /Users/admin/builder/spi-builder-workspace/.dependencies/checkouts/ZDLibffi/Source/src/common/types.c -o /Users/admin/builder/spi-builder-workspace/.derivedData/Build/Intermediates.noindex/ZDLibffi.build/Debug-watchos/ZDLibffi.build/Objects-normal/armv7k/types.o -index-unit-output-path /ZDLibffi.build/Debug-watchos/ZDLibffi.build/Objects-normal/armv7k/types.o
In file included from /Users/admin/builder/spi-builder-workspace/.dependencies/checkouts/ZDLibffi/Source/src/common/types.c:32:
/Users/admin/builder/spi-builder-workspace/.dependencies/checkouts/ZDLibffi/Source/include/ffi_common.h:129:1: error: unknown type name 'ffi_status'
129 | ffi_status ffi_prep_cif_machdep(ffi_cif *cif);
| ^
/Users/admin/builder/spi-builder-workspace/.dependencies/checkouts/ZDLibffi/Source/include/ffi_common.h:129:33: error: unknown type name 'ffi_cif'
129 | ffi_status ffi_prep_cif_machdep(ffi_cif *cif);
| ^
/Users/admin/builder/spi-builder-workspace/.dependencies/checkouts/ZDLibffi/Source/include/ffi_common.h:130:1: error: unknown type name 'ffi_status'
130 | ffi_status ffi_prep_cif_machdep_var(ffi_cif *cif,
| ^
/Users/admin/builder/spi-builder-workspace/.dependencies/checkouts/ZDLibffi/Source/include/ffi_common.h:130:37: error: unknown type name 'ffi_cif'
130 | ffi_status ffi_prep_cif_machdep_var(ffi_cif *cif,
| ^
/Users/admin/builder/spi-builder-workspace/.dependencies/checkouts/ZDLibffi/Source/include/ffi_common.h:140:1: error: unknown type name 'ffi_status'
140 | ffi_status ffi_prep_cif_core(ffi_cif *cif,
| ^
/Users/admin/builder/spi-builder-workspace/.dependencies/checkouts/ZDLibffi/Source/include/ffi_common.h:140:30: error: unknown type name 'ffi_cif'
140 | ffi_status ffi_prep_cif_core(ffi_cif *cif,
| ^
/Users/admin/builder/spi-builder-workspace/.dependencies/checkouts/ZDLibffi/Source/include/ffi_common.h:141:9: error: unknown type name 'ffi_abi'
141 | ffi_abi abi,
| ^
/Users/admin/builder/spi-builder-workspace/.dependencies/checkouts/ZDLibffi/Source/include/ffi_common.h:145:9: error: unknown type name 'ffi_type'
145 | ffi_type *rtype,
| ^
/Users/admin/builder/spi-builder-workspace/.dependencies/checkouts/ZDLibffi/Source/include/ffi_common.h:146:9: error: unknown type name 'ffi_type'
146 | ffi_type **atypes);
| ^
/Users/admin/builder/spi-builder-workspace/.dependencies/checkouts/ZDLibffi/Source/include/ffi_common.h:150:45: error: expected function body after function declarator
150 | void *ffi_data_to_code_pointer (void *data) FFI_HIDDEN;
| ^
/Users/admin/builder/spi-builder-workspace/.dependencies/checkouts/ZDLibffi/Source/include/ffi_common.h:154:42: error: expected function body after function declarator
154 | int ffi_tramp_is_present (void *closure) FFI_HIDDEN;
| ^
/Users/admin/builder/spi-builder-workspace/.dependencies/checkouts/ZDLibffi/Source/include/ffi_common.h:158:31: error: expected function body after function declarator
158 | int open_temp_exec_file(void) FFI_HIDDEN;
| ^
/Users/admin/builder/spi-builder-workspace/.dependencies/checkouts/ZDLibffi/Source/include/ffi_common.h:163:3: error: unknown type name 'ffi_cif'
163 | ffi_cif *cif;
| ^
/Users/admin/builder/spi-builder-workspace/.dependencies/checkouts/ZDLibffi/Source/src/common/types.c:37:10: error: use of undeclared identifier 'FFI_VERSION_STRING'
37 | return FFI_VERSION_STRING;
| ^~~~~~~~~~~~~~~~~~
/Users/admin/builder/spi-builder-workspace/.dependencies/checkouts/ZDLibffi/Source/src/common/types.c:43:10: error: use of undeclared identifier 'FFI_VERSION_NUMBER'
43 | return FFI_VERSION_NUMBER;
| ^~~~~~~~~~~~~~~~~~
/Users/admin/builder/spi-builder-workspace/.dependencies/checkouts/ZDLibffi/Source/src/common/types.c:48:10: error: use of undeclared identifier 'FFI_DEFAULT_ABI'
48 | return FFI_DEFAULT_ABI;
| ^~~~~~~~~~~~~~~
/Users/admin/builder/spi-builder-workspace/.dependencies/checkouts/ZDLibffi/Source/src/common/types.c:51:1: error: unknown type name 'size_t'
51 | size_t ffi_get_closure_size (void)
| ^
/Users/admin/builder/spi-builder-workspace/.dependencies/checkouts/ZDLibffi/Source/src/common/types.c:53:17: error: use of undeclared identifier 'ffi_closure'
53 | return sizeof(ffi_closure);
| ^~~~~~~~~~~
/Users/admin/builder/spi-builder-workspace/.dependencies/checkouts/ZDLibffi/Source/src/common/types.c:87:1: error: unknown type name 'FFI_EXTERN'
87 | FFI_EXTERN const ffi_type ffi_type_void = {
| ^
fatal error: too many errors emitted, stopping now [-ferror-limit=]
20 errors generated.
Failed frontend command:
/Applications/Xcode-26.5.0.app/Contents/Developer/Toolchains/XcodeDefault.xctoolchain/usr/bin/clang -cc1 -Wundef-prefix\=TARGET_OS_ -fdiagnostics-show-note-include-stack -fmacro-backtrace-limit\=0 -w -ferror-limit 19 -serialize-diagnostic-file /Users/admin/builder/spi-builder-workspace/.derivedData/Build/Intermediates.noindex/ZDLibffi.build/Debug-watchos/ZDLibffi.build/Objects-normal/armv7k/types.dia -Wdeprecated-objc-isa-usage -Werror\=deprecated-objc-isa-usage -Werror\=implicit-function-declaration -Wnon-modular-include-in-framework-module -Werror\=non-modular-include-in-framework-module -Wno-trigraphs -Wno-missing-field-initializers -Wno-missing-prototypes -Wno-return-type -Wno-missing-braces -Wparentheses -Wswitch -Wno-unused-function -Wno-unused-label -Wno-unused-parameter -Wno-unused-variable -Wunused-value -Wno-empty-body -Wno-uninitialized -Wno-unknown-pragmas -Wno-shadow -Wno-four-char-constants -Wno-conversion -Wno-constant-conversion -Wno-int-conversion -Wno-bool-conversion -Wno-enum-conversion -Wno-float-conversion -Wno-non-literal-null-conversion -Wno-objc-literal-conversion -Wno-shorten-64-to-32 -Wpointer-sign -Wno-newline-eof -Wno-implicit-fallthrough -Wdeprecated-declarations -Wno-sign-conversion -Wno-infinite-recursion -Wno-comma -Wno-block-capture-autoreleasing -Wno-strict-prototypes -Wno-semicolon-before-method-body -Wno-elaborated-enum-base -Wno-error\=allocator-wrappers -index-store-path /Users/admin/builder/spi-builder-workspace/.derivedData/Index.noindex/DataStore -index-unit-output-path /ZDLibffi.build/Debug-watchos/ZDLibffi.build/Objects-normal/armv7k/types.o -o /Users/admin/builder/spi-builder-workspace/.derivedData/Build/Intermediates.noindex/ZDLibffi.build/Debug-watchos/ZDLibffi.build/Objects-normal/armv7k/types.o -disable-free -emit-obj -x c /Users/admin/builder/spi-builder-workspace/.dependencies/checkouts/ZDLibffi/Source/src/common/types.c -target-abi aapcs16 -target-cpu cortex-a7 -target-feature +read-tp-tpidruro -target-feature +vfp2 -target-feature +vfp2sp -target-feature +vfp3 -target-feature +vfp3d16 -target-feature +vfp3d16sp -target-feature +vfp3sp -target-feature +fp16 -target-feature +vfp4 -target-feature +vfp4d16 -target-feature +vfp4d16sp -target-feature +vfp4sp -target-feature -fp-armv8 -target-feature -fp-armv8d16 -target-feature -fp-armv8d16sp -target-feature -fp-armv8sp -target-feature -fullfp16 -target-feature +fp64 -target-feature +d32 -target-feature +neon -target-feature -sha2 -target-feature -aes -target-feature -fp16fml -triple thumbv7k-apple-watchos4.0.0 -target-linker-version 1267 -target-sdk-version\=26.5 -fmodules-validate-system-headers -fno-modulemap-allow-subdirectory-search -isysroot /Applications/Xcode-26.5.0.app/Contents/Developer/Platforms/WatchOS.platform/Developer/SDKs/WatchOS26.5.sdk -resource-dir /Applications/Xcode-26.5.0.app/Contents/Developer/Toolchains/XcodeDefault.xctoolchain/usr/lib/clang/21 -fmodule-format\=obj -I /Users/admin/builder/spi-builder-workspace/.derivedData/Build/Products/Debug-watchos/include -I /Users/admin/builder/spi-builder-workspace/.dependencies/checkouts/ZDLibffi/Source/include -I /Users/admin/builder/spi-builder-workspace/.dependencies/checkouts/ZDLibffi/Source/include -I /Users/admin/builder/spi-builder-workspace/.derivedData/Build/Intermediates.noindex/ZDLibffi.build/Debug-watchos/ZDLibffi.build/DerivedSources-normal/armv7k -I /Users/admin/builder/spi-builder-workspace/.derivedData/Build/Intermediates.noindex/ZDLibffi.build/Debug-watchos/ZDLibffi.build/DerivedSources/armv7k -I /Users/admin/builder/spi-builder-workspace/.derivedData/Build/Intermediates.noindex/ZDLibffi.build/Debug-watchos/ZDLibffi.build/DerivedSources -F /Users/admin/builder/spi-builder-workspace/.derivedData/Build/Products/Debug-watchos -iframework /Applications/Xcode-26.5.0.app/Contents/Developer/Platforms/WatchOS.platform/Developer/Library/Frameworks -iframework /Applications/Xcode-26.5.0.app/Contents/Developer/Platforms/WatchOS.platform/Developer/SDKs/WatchOS26.5.sdk/Developer/Library/Frameworks -internal-isystem /Applications/Xcode-26.5.0.app/Contents/Developer/Platforms/WatchOS.platform/Developer/SDKs/WatchOS26.5.sdk/usr/local/include -internal-isystem /Applications/Xcode-26.5.0.app/Contents/Developer/Toolchains/XcodeDefault.xctoolchain/usr/lib/clang/21/include -internal-externc-isystem /Applications/Xcode-26.5.0.app/Contents/Developer/Platforms/WatchOS.platform/Developer/SDKs/WatchOS26.5.sdk/usr/include -internal-externc-isystem /Applications/Xcode-26.5.0.app/Contents/Developer/Toolchains/XcodeDefault.xctoolchain/usr/include -internal-iframework /Applications/Xcode-26.5.0.app/Contents/Developer/Platforms/WatchOS.platform/Developer/SDKs/WatchOS26.5.sdk/System/Library/Frameworks -internal-iframework /Applications/Xcode-26.5.0.app/Contents/Developer/Platforms/WatchOS.platform/Developer/SDKs/WatchOS26.5.sdk/System/Library/SubFrameworks -internal-iframework /Applications/Xcode-26.5.0.app/Contents/Developer/Platforms/WatchOS.platform/Developer/SDKs/WatchOS26.5.sdk/Library/Frameworks -ivfsstatcache /Users/admin/builder/spi-builder-workspace/.derivedData/SDKStatCaches.noindex/watchos26.5-23T570-688ef53f1462e2c8f657fdc38a81448f7931b973dfc65d9472806dbbc3af9379.sdkstatcache -std\=gnu17 -exception-model dwarf -fskip-odr-check-in-gmf -fmodules -fmodule-name\=ZDLibffi -fno-implicit-modules -fmax-type-align\=16 -fpascal-strings -fvisibility-inlines-hidden-static-local-var -mdarwin-stkchk-strong-link -fno-odr-hash-protocols -pic-level 2 -fencode-extended-block-signature -stack-protector 1 -fgnuc-version\=4.2.1 -fblocks -fno-convergent-functions -ffp-contract\=on -fclang-abi-compat\=4.0 -fno-experimental-relative-c++-abi-vtables -fno-file-reproducible -clang-vendor-feature\=+disableNonDependentMemberExprInCurrentInstantiation -clang-vendor-feature\=+enableAggressiveVLAFolding -clang-vendor-feature\=+revert09abecef7bbf -clang-vendor-feature\=+thisNoAlignAttr -clang-vendor-feature\=+thisNoNullAttr -clang-vendor-feature\=+disableAtImportPrivateFrameworkInImplementationError -O0 -fno-assume-unique-vtables -fdebug-compilation-dir\=/Users/admin/builder/spi-builder-workspace/.swiftpm/xcode -fcoverage-compilation-dir\=/Users/admin/builder/spi-builder-workspace/.swiftpm/xcode -fcoverage-mapping -fcommon -fdwarf2-cfi-asm -fregister-global-dtors-with-atexit -fno-strict-return -dwarf-version\=4 -debugger-tuning\=lldb -disable-llvm-verifier -dwarf-ext-refs -mfloat-abi hard -funwind-tables\=2 -fprofile-instrument\=clang -clear-ast-before-backend -discard-value-names -main-file-name types.c -mframe-pointer\=non-leaf -debug-info-kind\=standalone -fno-loop-interchange -fdiagnostics-hotness-threshold\=0 -fdiagnostics-misexpect-tolerance\=0 -D DEBUG\=1 -D HAVE_MORECORE\=0 -D SWIFT_PACKAGE -D USE_DL_PREFIX\=1 -D Xcode -fdefine-target-os-macros -MT dependencies -dependency-file /Users/admin/builder/spi-builder-workspace/.derivedData/Build/Intermediates.noindex/ZDLibffi.build/Debug-watchos/ZDLibffi.build/Objects-normal/armv7k/types.d -skip-unused-modulemap-deps
ScanDependencies /Users/admin/builder/spi-builder-workspace/.derivedData/Build/Intermediates.noindex/ZDLibffi.build/Debug-watchos/ZDLibffi.build/Objects-normal/armv7k/raw_api.o /Users/admin/builder/spi-builder-workspace/.dependencies/checkouts/ZDLibffi/Source/src/common/raw_api.c normal armv7k c com.apple.compilers.llvm.clang.1_0.compiler (in target 'ZDLibffi' from project 'ZDLibffi')
cd /Users/admin/builder/spi-builder-workspace/.swiftpm/xcode
Using response file: /Users/admin/builder/spi-builder-workspace/.derivedData/Build/Intermediates.noindex/ZDLibffi.build/Debug-watchos/ZDLibffi.build/Objects-normal/armv7k/7187679823f38a2a940e0043cdf9d637-common-args.resp
builtin-ScanDependencies -o /Users/admin/builder/spi-builder-workspace/.derivedData/Build/Intermediates.noindex/ZDLibffi.build/Debug-watchos/ZDLibffi.build/Objects-normal/armv7k/raw_api.o.scan -- /Applications/Xcode-26.5.0.app/Contents/Developer/Toolchains/XcodeDefault.xctoolchain/usr/bin/clang -x c -ivfsstatcache /Users/admin/builder/spi-builder-workspace/.derivedData/SDKStatCaches.noindex/watchos26.5-23T570-688ef53f1462e2c8f657fdc38a81448f7931b973dfc65d9472806dbbc3af9379.sdkstatcache -target armv7k-apple-watchos4.0 -fmessage-length\=0 -fdiagnostics-show-note-include-stack -fmacro-backtrace-limit\=0 -fno-color-diagnostics -fmodules-prune-interval\=86400 -fmodules-prune-after\=345600 -fbuild-session-file\=/Users/admin/builder/spi-builder-workspace/.derivedData/ModuleCache.noindex/Session.modulevalidation -fmodules-validate-once-per-build-session -Wnon-modular-include-in-framework-module -Werror\=non-modular-include-in-framework-module -Wno-trigraphs -Wno-missing-field-initializers -Wno-missing-prototypes -Wno-return-type -Wno-missing-braces -Wparentheses -Wswitch -Wno-unused-function -Wno-unused-label -Wno-unused-parameter -Wno-unused-variable -Wunused-value -Wno-empty-body -Wno-uninitialized -Wno-unknown-pragmas -w -Wno-shadow -Wno-four-char-constants -Wno-conversion -Wno-constant-conversion -Wno-int-conversion -Wno-bool-conversion -Wno-enum-conversion -Wno-float-conversion -Wno-non-literal-null-conversion -Wno-objc-literal-conversion -Wno-shorten-64-to-32 -Wpointer-sign -Wno-newline-eof -Wno-implicit-fallthrough -isysroot /Applications/Xcode-26.5.0.app/Contents/Developer/Platforms/WatchOS.platform/Developer/SDKs/WatchOS26.5.sdk -fstrict-aliasing -Wdeprecated-declarations -Wno-sign-conversion -Wno-infinite-recursion -Wno-comma -Wno-block-capture-autoreleasing -Wno-strict-prototypes -Wno-semicolon-before-method-body -index-store-path /Users/admin/builder/spi-builder-workspace/.derivedData/Index.noindex/DataStore @/Users/admin/builder/spi-builder-workspace/.derivedData/Build/Intermediates.noindex/ZDLibffi.build/Debug-watchos/ZDLibffi.build/Objects-normal/armv7k/7187679823f38a2a940e0043cdf9d637-common-args.resp -MMD -MT dependencies -MF /Users/admin/builder/spi-builder-workspace/.derivedData/Build/Intermediates.noindex/ZDLibffi.build/Debug-watchos/ZDLibffi.build/Objects-normal/armv7k/raw_api.d --serialize-diagnostics /Users/admin/builder/spi-builder-workspace/.derivedData/Build/Intermediates.noindex/ZDLibffi.build/Debug-watchos/ZDLibffi.build/Objects-normal/armv7k/raw_api.dia -c /Users/admin/builder/spi-builder-workspace/.dependencies/checkouts/ZDLibffi/Source/src/common/raw_api.c -o /Users/admin/builder/spi-builder-workspace/.derivedData/Build/Intermediates.noindex/ZDLibffi.build/Debug-watchos/ZDLibffi.build/Objects-normal/armv7k/raw_api.o -index-unit-output-path /ZDLibffi.build/Debug-watchos/ZDLibffi.build/Objects-normal/armv7k/raw_api.o
ScanDependencies /Users/admin/builder/spi-builder-workspace/.derivedData/Build/Intermediates.noindex/ZDLibffi.build/Debug-watchos/ZDLibffi.build/Objects-normal/armv7k/prep_cif.o /Users/admin/builder/spi-builder-workspace/.dependencies/checkouts/ZDLibffi/Source/src/common/prep_cif.c normal armv7k c com.apple.compilers.llvm.clang.1_0.compiler (in target 'ZDLibffi' from project 'ZDLibffi')
cd /Users/admin/builder/spi-builder-workspace/.swiftpm/xcode
Using response file: /Users/admin/builder/spi-builder-workspace/.derivedData/Build/Intermediates.noindex/ZDLibffi.build/Debug-watchos/ZDLibffi.build/Objects-normal/armv7k/7187679823f38a2a940e0043cdf9d637-common-args.resp
builtin-ScanDependencies -o /Users/admin/builder/spi-builder-workspace/.derivedData/Build/Intermediates.noindex/ZDLibffi.build/Debug-watchos/ZDLibffi.build/Objects-normal/armv7k/prep_cif.o.scan -- /Applications/Xcode-26.5.0.app/Contents/Developer/Toolchains/XcodeDefault.xctoolchain/usr/bin/clang -x c -ivfsstatcache /Users/admin/builder/spi-builder-workspace/.derivedData/SDKStatCaches.noindex/watchos26.5-23T570-688ef53f1462e2c8f657fdc38a81448f7931b973dfc65d9472806dbbc3af9379.sdkstatcache -target armv7k-apple-watchos4.0 -fmessage-length\=0 -fdiagnostics-show-note-include-stack -fmacro-backtrace-limit\=0 -fno-color-diagnostics -fmodules-prune-interval\=86400 -fmodules-prune-after\=345600 -fbuild-session-file\=/Users/admin/builder/spi-builder-workspace/.derivedData/ModuleCache.noindex/Session.modulevalidation -fmodules-validate-once-per-build-session -Wnon-modular-include-in-framework-module -Werror\=non-modular-include-in-framework-module -Wno-trigraphs -Wno-missing-field-initializers -Wno-missing-prototypes -Wno-return-type -Wno-missing-braces -Wparentheses -Wswitch -Wno-unused-function -Wno-unused-label -Wno-unused-parameter -Wno-unused-variable -Wunused-value -Wno-empty-body -Wno-uninitialized -Wno-unknown-pragmas -w -Wno-shadow -Wno-four-char-constants -Wno-conversion -Wno-constant-conversion -Wno-int-conversion -Wno-bool-conversion -Wno-enum-conversion -Wno-float-conversion -Wno-non-literal-null-conversion -Wno-objc-literal-conversion -Wno-shorten-64-to-32 -Wpointer-sign -Wno-newline-eof -Wno-implicit-fallthrough -isysroot /Applications/Xcode-26.5.0.app/Contents/Developer/Platforms/WatchOS.platform/Developer/SDKs/WatchOS26.5.sdk -fstrict-aliasing -Wdeprecated-declarations -Wno-sign-conversion -Wno-infinite-recursion -Wno-comma -Wno-block-capture-autoreleasing -Wno-strict-prototypes -Wno-semicolon-before-method-body -index-store-path /Users/admin/builder/spi-builder-workspace/.derivedData/Index.noindex/DataStore @/Users/admin/builder/spi-builder-workspace/.derivedData/Build/Intermediates.noindex/ZDLibffi.build/Debug-watchos/ZDLibffi.build/Objects-normal/armv7k/7187679823f38a2a940e0043cdf9d637-common-args.resp -MMD -MT dependencies -MF /Users/admin/builder/spi-builder-workspace/.derivedData/Build/Intermediates.noindex/ZDLibffi.build/Debug-watchos/ZDLibffi.build/Objects-normal/armv7k/prep_cif.d --serialize-diagnostics /Users/admin/builder/spi-builder-workspace/.derivedData/Build/Intermediates.noindex/ZDLibffi.build/Debug-watchos/ZDLibffi.build/Objects-normal/armv7k/prep_cif.dia -c /Users/admin/builder/spi-builder-workspace/.dependencies/checkouts/ZDLibffi/Source/src/common/prep_cif.c -o /Users/admin/builder/spi-builder-workspace/.derivedData/Build/Intermediates.noindex/ZDLibffi.build/Debug-watchos/ZDLibffi.build/Objects-normal/armv7k/prep_cif.o -index-unit-output-path /ZDLibffi.build/Debug-watchos/ZDLibffi.build/Objects-normal/armv7k/prep_cif.o
ScanDependencies /Users/admin/builder/spi-builder-workspace/.derivedData/Build/Intermediates.noindex/ZDLibffi.build/Debug-watchos/ZDLibffi.build/Objects-normal/armv7k/ffiw64_x86_64.o /Users/admin/builder/spi-builder-workspace/.dependencies/checkouts/ZDLibffi/Source/src/x86/ffiw64_x86_64.c normal armv7k c com.apple.compilers.llvm.clang.1_0.compiler (in target 'ZDLibffi' from project 'ZDLibffi')
cd /Users/admin/builder/spi-builder-workspace/.swiftpm/xcode
Using response file: /Users/admin/builder/spi-builder-workspace/.derivedData/Build/Intermediates.noindex/ZDLibffi.build/Debug-watchos/ZDLibffi.build/Objects-normal/armv7k/7187679823f38a2a940e0043cdf9d637-common-args.resp
builtin-ScanDependencies -o /Users/admin/builder/spi-builder-workspace/.derivedData/Build/Intermediates.noindex/ZDLibffi.build/Debug-watchos/ZDLibffi.build/Objects-normal/armv7k/ffiw64_x86_64.o.scan -- /Applications/Xcode-26.5.0.app/Contents/Developer/Toolchains/XcodeDefault.xctoolchain/usr/bin/clang -x c -ivfsstatcache /Users/admin/builder/spi-builder-workspace/.derivedData/SDKStatCaches.noindex/watchos26.5-23T570-688ef53f1462e2c8f657fdc38a81448f7931b973dfc65d9472806dbbc3af9379.sdkstatcache -target armv7k-apple-watchos4.0 -fmessage-length\=0 -fdiagnostics-show-note-include-stack -fmacro-backtrace-limit\=0 -fno-color-diagnostics -fmodules-prune-interval\=86400 -fmodules-prune-after\=345600 -fbuild-session-file\=/Users/admin/builder/spi-builder-workspace/.derivedData/ModuleCache.noindex/Session.modulevalidation -fmodules-validate-once-per-build-session -Wnon-modular-include-in-framework-module -Werror\=non-modular-include-in-framework-module -Wno-trigraphs -Wno-missing-field-initializers -Wno-missing-prototypes -Wno-return-type -Wno-missing-braces -Wparentheses -Wswitch -Wno-unused-function -Wno-unused-label -Wno-unused-parameter -Wno-unused-variable -Wunused-value -Wno-empty-body -Wno-uninitialized -Wno-unknown-pragmas -w -Wno-shadow -Wno-four-char-constants -Wno-conversion -Wno-constant-conversion -Wno-int-conversion -Wno-bool-conversion -Wno-enum-conversion -Wno-float-conversion -Wno-non-literal-null-conversion -Wno-objc-literal-conversion -Wno-shorten-64-to-32 -Wpointer-sign -Wno-newline-eof -Wno-implicit-fallthrough -isysroot /Applications/Xcode-26.5.0.app/Contents/Developer/Platforms/WatchOS.platform/Developer/SDKs/WatchOS26.5.sdk -fstrict-aliasing -Wdeprecated-declarations -Wno-sign-conversion -Wno-infinite-recursion -Wno-comma -Wno-block-capture-autoreleasing -Wno-strict-prototypes -Wno-semicolon-before-method-body -index-store-path /Users/admin/builder/spi-builder-workspace/.derivedData/Index.noindex/DataStore @/Users/admin/builder/spi-builder-workspace/.derivedData/Build/Intermediates.noindex/ZDLibffi.build/Debug-watchos/ZDLibffi.build/Objects-normal/armv7k/7187679823f38a2a940e0043cdf9d637-common-args.resp -MMD -MT dependencies -MF /Users/admin/builder/spi-builder-workspace/.derivedData/Build/Intermediates.noindex/ZDLibffi.build/Debug-watchos/ZDLibffi.build/Objects-normal/armv7k/ffiw64_x86_64.d --serialize-diagnostics /Users/admin/builder/spi-builder-workspace/.derivedData/Build/Intermediates.noindex/ZDLibffi.build/Debug-watchos/ZDLibffi.build/Objects-normal/armv7k/ffiw64_x86_64.dia -c /Users/admin/builder/spi-builder-workspace/.dependencies/checkouts/ZDLibffi/Source/src/x86/ffiw64_x86_64.c -o /Users/admin/builder/spi-builder-workspace/.derivedData/Build/Intermediates.noindex/ZDLibffi.build/Debug-watchos/ZDLibffi.build/Objects-normal/armv7k/ffiw64_x86_64.o -index-unit-output-path /ZDLibffi.build/Debug-watchos/ZDLibffi.build/Objects-normal/armv7k/ffiw64_x86_64.o
ScanDependencies /Users/admin/builder/spi-builder-workspace/.derivedData/Build/Intermediates.noindex/ZDLibffi.build/Debug-watchos/ZDLibffi.build/Objects-normal/armv7k/java_raw_api.o /Users/admin/builder/spi-builder-workspace/.dependencies/checkouts/ZDLibffi/Source/src/common/java_raw_api.c normal armv7k c com.apple.compilers.llvm.clang.1_0.compiler (in target 'ZDLibffi' from project 'ZDLibffi')
cd /Users/admin/builder/spi-builder-workspace/.swiftpm/xcode
Using response file: /Users/admin/builder/spi-builder-workspace/.derivedData/Build/Intermediates.noindex/ZDLibffi.build/Debug-watchos/ZDLibffi.build/Objects-normal/armv7k/7187679823f38a2a940e0043cdf9d637-common-args.resp
builtin-ScanDependencies -o /Users/admin/builder/spi-builder-workspace/.derivedData/Build/Intermediates.noindex/ZDLibffi.build/Debug-watchos/ZDLibffi.build/Objects-normal/armv7k/java_raw_api.o.scan -- /Applications/Xcode-26.5.0.app/Contents/Developer/Toolchains/XcodeDefault.xctoolchain/usr/bin/clang -x c -ivfsstatcache /Users/admin/builder/spi-builder-workspace/.derivedData/SDKStatCaches.noindex/watchos26.5-23T570-688ef53f1462e2c8f657fdc38a81448f7931b973dfc65d9472806dbbc3af9379.sdkstatcache -target armv7k-apple-watchos4.0 -fmessage-length\=0 -fdiagnostics-show-note-include-stack -fmacro-backtrace-limit\=0 -fno-color-diagnostics -fmodules-prune-interval\=86400 -fmodules-prune-after\=345600 -fbuild-session-file\=/Users/admin/builder/spi-builder-workspace/.derivedData/ModuleCache.noindex/Session.modulevalidation -fmodules-validate-once-per-build-session -Wnon-modular-include-in-framework-module -Werror\=non-modular-include-in-framework-module -Wno-trigraphs -Wno-missing-field-initializers -Wno-missing-prototypes -Wno-return-type -Wno-missing-braces -Wparentheses -Wswitch -Wno-unused-function -Wno-unused-label -Wno-unused-parameter -Wno-unused-variable -Wunused-value -Wno-empty-body -Wno-uninitialized -Wno-unknown-pragmas -w -Wno-shadow -Wno-four-char-constants -Wno-conversion -Wno-constant-conversion -Wno-int-conversion -Wno-bool-conversion -Wno-enum-conversion -Wno-float-conversion -Wno-non-literal-null-conversion -Wno-objc-literal-conversion -Wno-shorten-64-to-32 -Wpointer-sign -Wno-newline-eof -Wno-implicit-fallthrough -isysroot /Applications/Xcode-26.5.0.app/Contents/Developer/Platforms/WatchOS.platform/Developer/SDKs/WatchOS26.5.sdk -fstrict-aliasing -Wdeprecated-declarations -Wno-sign-conversion -Wno-infinite-recursion -Wno-comma -Wno-block-capture-autoreleasing -Wno-strict-prototypes -Wno-semicolon-before-method-body -index-store-path /Users/admin/builder/spi-builder-workspace/.derivedData/Index.noindex/DataStore @/Users/admin/builder/spi-builder-workspace/.derivedData/Build/Intermediates.noindex/ZDLibffi.build/Debug-watchos/ZDLibffi.build/Objects-normal/armv7k/7187679823f38a2a940e0043cdf9d637-common-args.resp -MMD -MT dependencies -MF /Users/admin/builder/spi-builder-workspace/.derivedData/Build/Intermediates.noindex/ZDLibffi.build/Debug-watchos/ZDLibffi.build/Objects-normal/armv7k/java_raw_api.d --serialize-diagnostics /Users/admin/builder/spi-builder-workspace/.derivedData/Build/Intermediates.noindex/ZDLibffi.build/Debug-watchos/ZDLibffi.build/Objects-normal/armv7k/java_raw_api.dia -c /Users/admin/builder/spi-builder-workspace/.dependencies/checkouts/ZDLibffi/Source/src/common/java_raw_api.c -o /Users/admin/builder/spi-builder-workspace/.derivedData/Build/Intermediates.noindex/ZDLibffi.build/Debug-watchos/ZDLibffi.build/Objects-normal/armv7k/java_raw_api.o -index-unit-output-path /ZDLibffi.build/Debug-watchos/ZDLibffi.build/Objects-normal/armv7k/java_raw_api.o
ScanDependencies /Users/admin/builder/spi-builder-workspace/.derivedData/Build/Intermediates.noindex/ZDLibffi.build/Debug-watchos/ZDLibffi.build/Objects-normal/armv7k/ffi_arm64_32.o /Users/admin/builder/spi-builder-workspace/.dependencies/checkouts/ZDLibffi/Source/src/aarch64/ffi_arm64_32.c normal armv7k c com.apple.compilers.llvm.clang.1_0.compiler (in target 'ZDLibffi' from project 'ZDLibffi')
cd /Users/admin/builder/spi-builder-workspace/.swiftpm/xcode
Using response file: /Users/admin/builder/spi-builder-workspace/.derivedData/Build/Intermediates.noindex/ZDLibffi.build/Debug-watchos/ZDLibffi.build/Objects-normal/armv7k/7187679823f38a2a940e0043cdf9d637-common-args.resp
builtin-ScanDependencies -o /Users/admin/builder/spi-builder-workspace/.derivedData/Build/Intermediates.noindex/ZDLibffi.build/Debug-watchos/ZDLibffi.build/Objects-normal/armv7k/ffi_arm64_32.o.scan -- /Applications/Xcode-26.5.0.app/Contents/Developer/Toolchains/XcodeDefault.xctoolchain/usr/bin/clang -x c -ivfsstatcache /Users/admin/builder/spi-builder-workspace/.derivedData/SDKStatCaches.noindex/watchos26.5-23T570-688ef53f1462e2c8f657fdc38a81448f7931b973dfc65d9472806dbbc3af9379.sdkstatcache -target armv7k-apple-watchos4.0 -fmessage-length\=0 -fdiagnostics-show-note-include-stack -fmacro-backtrace-limit\=0 -fno-color-diagnostics -fmodules-prune-interval\=86400 -fmodules-prune-after\=345600 -fbuild-session-file\=/Users/admin/builder/spi-builder-workspace/.derivedData/ModuleCache.noindex/Session.modulevalidation -fmodules-validate-once-per-build-session -Wnon-modular-include-in-framework-module -Werror\=non-modular-include-in-framework-module -Wno-trigraphs -Wno-missing-field-initializers -Wno-missing-prototypes -Wno-return-type -Wno-missing-braces -Wparentheses -Wswitch -Wno-unused-function -Wno-unused-label -Wno-unused-parameter -Wno-unused-variable -Wunused-value -Wno-empty-body -Wno-uninitialized -Wno-unknown-pragmas -w -Wno-shadow -Wno-four-char-constants -Wno-conversion -Wno-constant-conversion -Wno-int-conversion -Wno-bool-conversion -Wno-enum-conversion -Wno-float-conversion -Wno-non-literal-null-conversion -Wno-objc-literal-conversion -Wno-shorten-64-to-32 -Wpointer-sign -Wno-newline-eof -Wno-implicit-fallthrough -isysroot /Applications/Xcode-26.5.0.app/Contents/Developer/Platforms/WatchOS.platform/Developer/SDKs/WatchOS26.5.sdk -fstrict-aliasing -Wdeprecated-declarations -Wno-sign-conversion -Wno-infinite-recursion -Wno-comma -Wno-block-capture-autoreleasing -Wno-strict-prototypes -Wno-semicolon-before-method-body -index-store-path /Users/admin/builder/spi-builder-workspace/.derivedData/Index.noindex/DataStore @/Users/admin/builder/spi-builder-workspace/.derivedData/Build/Intermediates.noindex/ZDLibffi.build/Debug-watchos/ZDLibffi.build/Objects-normal/armv7k/7187679823f38a2a940e0043cdf9d637-common-args.resp -MMD -MT dependencies -MF /Users/admin/builder/spi-builder-workspace/.derivedData/Build/Intermediates.noindex/ZDLibffi.build/Debug-watchos/ZDLibffi.build/Objects-normal/armv7k/ffi_arm64_32.d --serialize-diagnostics /Users/admin/builder/spi-builder-workspace/.derivedData/Build/Intermediates.noindex/ZDLibffi.build/Debug-watchos/ZDLibffi.build/Objects-normal/armv7k/ffi_arm64_32.dia -c /Users/admin/builder/spi-builder-workspace/.dependencies/checkouts/ZDLibffi/Source/src/aarch64/ffi_arm64_32.c -o /Users/admin/builder/spi-builder-workspace/.derivedData/Build/Intermediates.noindex/ZDLibffi.build/Debug-watchos/ZDLibffi.build/Objects-normal/armv7k/ffi_arm64_32.o -index-unit-output-path /ZDLibffi.build/Debug-watchos/ZDLibffi.build/Objects-normal/armv7k/ffi_arm64_32.o
ScanDependencies /Users/admin/builder/spi-builder-workspace/.derivedData/Build/Intermediates.noindex/ZDLibffi.build/Debug-watchos/ZDLibffi.build/Objects-normal/armv7k/ffi_arm64.o /Users/admin/builder/spi-builder-workspace/.dependencies/checkouts/ZDLibffi/Source/src/aarch64/ffi_arm64.c normal armv7k c com.apple.compilers.llvm.clang.1_0.compiler (in target 'ZDLibffi' from project 'ZDLibffi')
cd /Users/admin/builder/spi-builder-workspace/.swiftpm/xcode
Using response file: /Users/admin/builder/spi-builder-workspace/.derivedData/Build/Intermediates.noindex/ZDLibffi.build/Debug-watchos/ZDLibffi.build/Objects-normal/armv7k/7187679823f38a2a940e0043cdf9d637-common-args.resp
builtin-ScanDependencies -o /Users/admin/builder/spi-builder-workspace/.derivedData/Build/Intermediates.noindex/ZDLibffi.build/Debug-watchos/ZDLibffi.build/Objects-normal/armv7k/ffi_arm64.o.scan -- /Applications/Xcode-26.5.0.app/Contents/Developer/Toolchains/XcodeDefault.xctoolchain/usr/bin/clang -x c -ivfsstatcache /Users/admin/builder/spi-builder-workspace/.derivedData/SDKStatCaches.noindex/watchos26.5-23T570-688ef53f1462e2c8f657fdc38a81448f7931b973dfc65d9472806dbbc3af9379.sdkstatcache -target armv7k-apple-watchos4.0 -fmessage-length\=0 -fdiagnostics-show-note-include-stack -fmacro-backtrace-limit\=0 -fno-color-diagnostics -fmodules-prune-interval\=86400 -fmodules-prune-after\=345600 -fbuild-session-file\=/Users/admin/builder/spi-builder-workspace/.derivedData/ModuleCache.noindex/Session.modulevalidation -fmodules-validate-once-per-build-session -Wnon-modular-include-in-framework-module -Werror\=non-modular-include-in-framework-module -Wno-trigraphs -Wno-missing-field-initializers -Wno-missing-prototypes -Wno-return-type -Wno-missing-braces -Wparentheses -Wswitch -Wno-unused-function -Wno-unused-label -Wno-unused-parameter -Wno-unused-variable -Wunused-value -Wno-empty-body -Wno-uninitialized -Wno-unknown-pragmas -w -Wno-shadow -Wno-four-char-constants -Wno-conversion -Wno-constant-conversion -Wno-int-conversion -Wno-bool-conversion -Wno-enum-conversion -Wno-float-conversion -Wno-non-literal-null-conversion -Wno-objc-literal-conversion -Wno-shorten-64-to-32 -Wpointer-sign -Wno-newline-eof -Wno-implicit-fallthrough -isysroot /Applications/Xcode-26.5.0.app/Contents/Developer/Platforms/WatchOS.platform/Developer/SDKs/WatchOS26.5.sdk -fstrict-aliasing -Wdeprecated-declarations -Wno-sign-conversion -Wno-infinite-recursion -Wno-comma -Wno-block-capture-autoreleasing -Wno-strict-prototypes -Wno-semicolon-before-method-body -index-store-path /Users/admin/builder/spi-builder-workspace/.derivedData/Index.noindex/DataStore @/Users/admin/builder/spi-builder-workspace/.derivedData/Build/Intermediates.noindex/ZDLibffi.build/Debug-watchos/ZDLibffi.build/Objects-normal/armv7k/7187679823f38a2a940e0043cdf9d637-common-args.resp -MMD -MT dependencies -MF /Users/admin/builder/spi-builder-workspace/.derivedData/Build/Intermediates.noindex/ZDLibffi.build/Debug-watchos/ZDLibffi.build/Objects-normal/armv7k/ffi_arm64.d --serialize-diagnostics /Users/admin/builder/spi-builder-workspace/.derivedData/Build/Intermediates.noindex/ZDLibffi.build/Debug-watchos/ZDLibffi.build/Objects-normal/armv7k/ffi_arm64.dia -c /Users/admin/builder/spi-builder-workspace/.dependencies/checkouts/ZDLibffi/Source/src/aarch64/ffi_arm64.c -o /Users/admin/builder/spi-builder-workspace/.derivedData/Build/Intermediates.noindex/ZDLibffi.build/Debug-watchos/ZDLibffi.build/Objects-normal/armv7k/ffi_arm64.o -index-unit-output-path /ZDLibffi.build/Debug-watchos/ZDLibffi.build/Objects-normal/armv7k/ffi_arm64.o
ScanDependencies /Users/admin/builder/spi-builder-workspace/.derivedData/Build/Intermediates.noindex/ZDLibffi.build/Debug-watchos/ZDLibffi.build/Objects-normal/armv7k/ffi64_x86_64.o /Users/admin/builder/spi-builder-workspace/.dependencies/checkouts/ZDLibffi/Source/src/x86/ffi64_x86_64.c normal armv7k c com.apple.compilers.llvm.clang.1_0.compiler (in target 'ZDLibffi' from project 'ZDLibffi')
cd /Users/admin/builder/spi-builder-workspace/.swiftpm/xcode
Using response file: /Users/admin/builder/spi-builder-workspace/.derivedData/Build/Intermediates.noindex/ZDLibffi.build/Debug-watchos/ZDLibffi.build/Objects-normal/armv7k/7187679823f38a2a940e0043cdf9d637-common-args.resp
builtin-ScanDependencies -o /Users/admin/builder/spi-builder-workspace/.derivedData/Build/Intermediates.noindex/ZDLibffi.build/Debug-watchos/ZDLibffi.build/Objects-normal/armv7k/ffi64_x86_64.o.scan -- /Applications/Xcode-26.5.0.app/Contents/Developer/Toolchains/XcodeDefault.xctoolchain/usr/bin/clang -x c -ivfsstatcache /Users/admin/builder/spi-builder-workspace/.derivedData/SDKStatCaches.noindex/watchos26.5-23T570-688ef53f1462e2c8f657fdc38a81448f7931b973dfc65d9472806dbbc3af9379.sdkstatcache -target armv7k-apple-watchos4.0 -fmessage-length\=0 -fdiagnostics-show-note-include-stack -fmacro-backtrace-limit\=0 -fno-color-diagnostics -fmodules-prune-interval\=86400 -fmodules-prune-after\=345600 -fbuild-session-file\=/Users/admin/builder/spi-builder-workspace/.derivedData/ModuleCache.noindex/Session.modulevalidation -fmodules-validate-once-per-build-session -Wnon-modular-include-in-framework-module -Werror\=non-modular-include-in-framework-module -Wno-trigraphs -Wno-missing-field-initializers -Wno-missing-prototypes -Wno-return-type -Wno-missing-braces -Wparentheses -Wswitch -Wno-unused-function -Wno-unused-label -Wno-unused-parameter -Wno-unused-variable -Wunused-value -Wno-empty-body -Wno-uninitialized -Wno-unknown-pragmas -w -Wno-shadow -Wno-four-char-constants -Wno-conversion -Wno-constant-conversion -Wno-int-conversion -Wno-bool-conversion -Wno-enum-conversion -Wno-float-conversion -Wno-non-literal-null-conversion -Wno-objc-literal-conversion -Wno-shorten-64-to-32 -Wpointer-sign -Wno-newline-eof -Wno-implicit-fallthrough -isysroot /Applications/Xcode-26.5.0.app/Contents/Developer/Platforms/WatchOS.platform/Developer/SDKs/WatchOS26.5.sdk -fstrict-aliasing -Wdeprecated-declarations -Wno-sign-conversion -Wno-infinite-recursion -Wno-comma -Wno-block-capture-autoreleasing -Wno-strict-prototypes -Wno-semicolon-before-method-body -index-store-path /Users/admin/builder/spi-builder-workspace/.derivedData/Index.noindex/DataStore @/Users/admin/builder/spi-builder-workspace/.derivedData/Build/Intermediates.noindex/ZDLibffi.build/Debug-watchos/ZDLibffi.build/Objects-normal/armv7k/7187679823f38a2a940e0043cdf9d637-common-args.resp -MMD -MT dependencies -MF /Users/admin/builder/spi-builder-workspace/.derivedData/Build/Intermediates.noindex/ZDLibffi.build/Debug-watchos/ZDLibffi.build/Objects-normal/armv7k/ffi64_x86_64.d --serialize-diagnostics /Users/admin/builder/spi-builder-workspace/.derivedData/Build/Intermediates.noindex/ZDLibffi.build/Debug-watchos/ZDLibffi.build/Objects-normal/armv7k/ffi64_x86_64.dia -c /Users/admin/builder/spi-builder-workspace/.dependencies/checkouts/ZDLibffi/Source/src/x86/ffi64_x86_64.c -o /Users/admin/builder/spi-builder-workspace/.derivedData/Build/Intermediates.noindex/ZDLibffi.build/Debug-watchos/ZDLibffi.build/Objects-normal/armv7k/ffi64_x86_64.o -index-unit-output-path /ZDLibffi.build/Debug-watchos/ZDLibffi.build/Objects-normal/armv7k/ffi64_x86_64.o
ScanDependencies /Users/admin/builder/spi-builder-workspace/.derivedData/Build/Intermediates.noindex/ZDLibffi.build/Debug-watchos/ZDLibffi.build/Objects-normal/armv7k/debug.o /Users/admin/builder/spi-builder-workspace/.dependencies/checkouts/ZDLibffi/Source/src/common/debug.c normal armv7k c com.apple.compilers.llvm.clang.1_0.compiler (in target 'ZDLibffi' from project 'ZDLibffi')
cd /Users/admin/builder/spi-builder-workspace/.swiftpm/xcode
Using response file: /Users/admin/builder/spi-builder-workspace/.derivedData/Build/Intermediates.noindex/ZDLibffi.build/Debug-watchos/ZDLibffi.build/Objects-normal/armv7k/7187679823f38a2a940e0043cdf9d637-common-args.resp
builtin-ScanDependencies -o /Users/admin/builder/spi-builder-workspace/.derivedData/Build/Intermediates.noindex/ZDLibffi.build/Debug-watchos/ZDLibffi.build/Objects-normal/armv7k/debug.o.scan -- /Applications/Xcode-26.5.0.app/Contents/Developer/Toolchains/XcodeDefault.xctoolchain/usr/bin/clang -x c -ivfsstatcache /Users/admin/builder/spi-builder-workspace/.derivedData/SDKStatCaches.noindex/watchos26.5-23T570-688ef53f1462e2c8f657fdc38a81448f7931b973dfc65d9472806dbbc3af9379.sdkstatcache -target armv7k-apple-watchos4.0 -fmessage-length\=0 -fdiagnostics-show-note-include-stack -fmacro-backtrace-limit\=0 -fno-color-diagnostics -fmodules-prune-interval\=86400 -fmodules-prune-after\=345600 -fbuild-session-file\=/Users/admin/builder/spi-builder-workspace/.derivedData/ModuleCache.noindex/Session.modulevalidation -fmodules-validate-once-per-build-session -Wnon-modular-include-in-framework-module -Werror\=non-modular-include-in-framework-module -Wno-trigraphs -Wno-missing-field-initializers -Wno-missing-prototypes -Wno-return-type -Wno-missing-braces -Wparentheses -Wswitch -Wno-unused-function -Wno-unused-label -Wno-unused-parameter -Wno-unused-variable -Wunused-value -Wno-empty-body -Wno-uninitialized -Wno-unknown-pragmas -w -Wno-shadow -Wno-four-char-constants -Wno-conversion -Wno-constant-conversion -Wno-int-conversion -Wno-bool-conversion -Wno-enum-conversion -Wno-float-conversion -Wno-non-literal-null-conversion -Wno-objc-literal-conversion -Wno-shorten-64-to-32 -Wpointer-sign -Wno-newline-eof -Wno-implicit-fallthrough -isysroot /Applications/Xcode-26.5.0.app/Contents/Developer/Platforms/WatchOS.platform/Developer/SDKs/WatchOS26.5.sdk -fstrict-aliasing -Wdeprecated-declarations -Wno-sign-conversion -Wno-infinite-recursion -Wno-comma -Wno-block-capture-autoreleasing -Wno-strict-prototypes -Wno-semicolon-before-method-body -index-store-path /Users/admin/builder/spi-builder-workspace/.derivedData/Index.noindex/DataStore @/Users/admin/builder/spi-builder-workspace/.derivedData/Build/Intermediates.noindex/ZDLibffi.build/Debug-watchos/ZDLibffi.build/Objects-normal/armv7k/7187679823f38a2a940e0043cdf9d637-common-args.resp -MMD -MT dependencies -MF /Users/admin/builder/spi-builder-workspace/.derivedData/Build/Intermediates.noindex/ZDLibffi.build/Debug-watchos/ZDLibffi.build/Objects-normal/armv7k/debug.d --serialize-diagnostics /Users/admin/builder/spi-builder-workspace/.derivedData/Build/Intermediates.noindex/ZDLibffi.build/Debug-watchos/ZDLibffi.build/Objects-normal/armv7k/debug.dia -c /Users/admin/builder/spi-builder-workspace/.dependencies/checkouts/ZDLibffi/Source/src/common/debug.c -o /Users/admin/builder/spi-builder-workspace/.derivedData/Build/Intermediates.noindex/ZDLibffi.build/Debug-watchos/ZDLibffi.build/Objects-normal/armv7k/debug.o -index-unit-output-path /ZDLibffi.build/Debug-watchos/ZDLibffi.build/Objects-normal/armv7k/debug.o
SwiftDriver ObjCTypeDecodeKit normal arm64 com.apple.xcode.tools.swift.compiler (in target 'ObjCTypeDecodeKit' from project 'ObjCDump')
cd /Users/admin/builder/spi-builder-workspace/.swiftpm/xcode
builtin-SwiftDriver -- /Applications/Xcode-26.5.0.app/Contents/Developer/Toolchains/XcodeDefault.xctoolchain/usr/bin/swiftc -module-name ObjCTypeDecodeKit -Onone @/Users/admin/builder/spi-builder-workspace/.derivedData/Build/Intermediates.noindex/ObjCDump.build/Debug-watchos/ObjCTypeDecodeKit.build/Objects-normal/arm64/ObjCTypeDecodeKit.SwiftFileList -DSWIFT_PACKAGE -DDEBUG -DSWIFT_MODULE_RESOURCE_BUNDLE_UNAVAILABLE -DXcode -plugin-path /Applications/Xcode-26.5.0.app/Contents/Developer/Toolchains/XcodeDefault.xctoolchain/usr/lib/swift/host/plugins/testing -enable-experimental-feature DebugDescriptionMacro -sdk /Applications/Xcode-26.5.0.app/Contents/Developer/Platforms/WatchOS.platform/Developer/SDKs/WatchOS26.5.sdk -target arm64-apple-watchos5.0 -g -module-cache-path /Users/admin/builder/spi-builder-workspace/.derivedData/ModuleCache.noindex -Xfrontend -serialize-debugging-options -profile-coverage-mapping -profile-generate -enable-testing -suppress-warnings -index-store-path /Users/admin/builder/spi-builder-workspace/.derivedData/Index.noindex/DataStore -Xcc -D_LIBCPP_HARDENING_MODE\=_LIBCPP_HARDENING_MODE_DEBUG -swift-version 5 -I /Users/admin/builder/spi-builder-workspace/.derivedData/Build/Products/Debug-watchos -Isystem /Applications/Xcode-26.5.0.app/Contents/Developer/Platforms/WatchOS.platform/Developer/usr/lib -F /Users/admin/builder/spi-builder-workspace/.derivedData/Build/Products/Debug-watchos -F /Applications/Xcode-26.5.0.app/Contents/Developer/Platforms/WatchOS.platform/Developer/Library/Frameworks -F /Applications/Xcode-26.5.0.app/Contents/Developer/Platforms/WatchOS.platform/Developer/SDKs/WatchOS26.5.sdk/Developer/Library/Frameworks -c -j10 -enable-batch-mode -incremental -Xcc -ivfsstatcache -Xcc /Users/admin/builder/spi-builder-workspace/.derivedData/SDKStatCaches.noindex/watchos26.5-23T570-688ef53f1462e2c8f657fdc38a81448f7931b973dfc65d9472806dbbc3af9379.sdkstatcache -output-file-map /Users/admin/builder/spi-builder-workspace/.derivedData/Build/Intermediates.noindex/ObjCDump.build/Debug-watchos/ObjCTypeDecodeKit.build/Objects-normal/arm64/ObjCTypeDecodeKit-OutputFileMap.json -use-frontend-parseable-output -save-temps -no-color-diagnostics -explicit-module-build -module-cache-path /Users/admin/builder/spi-builder-workspace/.derivedData/Build/Intermediates.noindex/SwiftExplicitPrecompiledModules -clang-scanner-module-cache-path /Users/admin/builder/spi-builder-workspace/.derivedData/ModuleCache.noindex -sdk-module-cache-path /Users/admin/builder/spi-builder-workspace/.derivedData/ModuleCache.noindex -serialize-diagnostics -emit-dependencies -emit-module -emit-module-path /Users/admin/builder/spi-builder-workspace/.derivedData/Build/Intermediates.noindex/ObjCDump.build/Debug-watchos/ObjCTypeDecodeKit.build/Objects-normal/arm64/ObjCTypeDecodeKit.swiftmodule -validate-clang-modules-once -clang-build-session-file /Users/admin/builder/spi-builder-workspace/.derivedData/ModuleCache.noindex/Session.modulevalidation -package-name swift_objc_dump -Xcc -I/Users/admin/builder/spi-builder-workspace/.derivedData/Build/Intermediates.noindex/ObjCDump.build/Debug-watchos/ObjCTypeDecodeKit.build/swift-overrides.hmap -emit-const-values -Xfrontend -const-gather-protocols-file -Xfrontend /Users/admin/builder/spi-builder-workspace/.derivedData/Build/Intermediates.noindex/ObjCDump.build/Debug-watchos/ObjCTypeDecodeKit.build/Objects-normal/arm64/ObjCTypeDecodeKit_const_extract_protocols.json -Xcc -I/Users/admin/builder/spi-builder-workspace/.derivedData/Build/Products/Debug-watchos/include -Xcc -I/Users/admin/builder/spi-builder-workspace/.derivedData/Build/Intermediates.noindex/ObjCDump.build/Debug-watchos/ObjCTypeDecodeKit.build/DerivedSources-normal/arm64 -Xcc -I/Users/admin/builder/spi-builder-workspace/.derivedData/Build/Intermediates.noindex/ObjCDump.build/Debug-watchos/ObjCTypeDecodeKit.build/DerivedSources/arm64 -Xcc -I/Users/admin/builder/spi-builder-workspace/.derivedData/Build/Intermediates.noindex/ObjCDump.build/Debug-watchos/ObjCTypeDecodeKit.build/DerivedSources -Xcc -DSWIFT_PACKAGE -Xcc -DDEBUG\=1 -emit-objc-header -emit-objc-header-path /Users/admin/builder/spi-builder-workspace/.derivedData/Build/Intermediates.noindex/ObjCDump.build/Debug-watchos/ObjCTypeDecodeKit.build/Objects-normal/arm64/ObjCTypeDecodeKit-Swift.h -working-directory /Users/admin/builder/spi-builder-workspace/.swiftpm/xcode -experimental-emit-module-separately -disable-cmo
SwiftDriver ObjCTypeDecodeKit normal armv7k com.apple.xcode.tools.swift.compiler (in target 'ObjCTypeDecodeKit' from project 'ObjCDump')
cd /Users/admin/builder/spi-builder-workspace/.swiftpm/xcode
builtin-SwiftDriver -- /Applications/Xcode-26.5.0.app/Contents/Developer/Toolchains/XcodeDefault.xctoolchain/usr/bin/swiftc -module-name ObjCTypeDecodeKit -Onone @/Users/admin/builder/spi-builder-workspace/.derivedData/Build/Intermediates.noindex/ObjCDump.build/Debug-watchos/ObjCTypeDecodeKit.build/Objects-normal/armv7k/ObjCTypeDecodeKit.SwiftFileList -DSWIFT_PACKAGE -DDEBUG -DSWIFT_MODULE_RESOURCE_BUNDLE_UNAVAILABLE -DXcode -plugin-path /Applications/Xcode-26.5.0.app/Contents/Developer/Toolchains/XcodeDefault.xctoolchain/usr/lib/swift/host/plugins/testing -enable-experimental-feature DebugDescriptionMacro -sdk /Applications/Xcode-26.5.0.app/Contents/Developer/Platforms/WatchOS.platform/Developer/SDKs/WatchOS26.5.sdk -target armv7k-apple-watchos5.0 -g -module-cache-path /Users/admin/builder/spi-builder-workspace/.derivedData/ModuleCache.noindex -Xfrontend -serialize-debugging-options -profile-coverage-mapping -profile-generate -enable-testing -suppress-warnings -index-store-path /Users/admin/builder/spi-builder-workspace/.derivedData/Index.noindex/DataStore -Xcc -D_LIBCPP_HARDENING_MODE\=_LIBCPP_HARDENING_MODE_DEBUG -swift-version 5 -I /Users/admin/builder/spi-builder-workspace/.derivedData/Build/Products/Debug-watchos -Isystem /Applications/Xcode-26.5.0.app/Contents/Developer/Platforms/WatchOS.platform/Developer/usr/lib -F /Users/admin/builder/spi-builder-workspace/.derivedData/Build/Products/Debug-watchos -F /Applications/Xcode-26.5.0.app/Contents/Developer/Platforms/WatchOS.platform/Developer/Library/Frameworks -F /Applications/Xcode-26.5.0.app/Contents/Developer/Platforms/WatchOS.platform/Developer/SDKs/WatchOS26.5.sdk/Developer/Library/Frameworks -c -j10 -enable-batch-mode -incremental -Xcc -ivfsstatcache -Xcc /Users/admin/builder/spi-builder-workspace/.derivedData/SDKStatCaches.noindex/watchos26.5-23T570-688ef53f1462e2c8f657fdc38a81448f7931b973dfc65d9472806dbbc3af9379.sdkstatcache -output-file-map /Users/admin/builder/spi-builder-workspace/.derivedData/Build/Intermediates.noindex/ObjCDump.build/Debug-watchos/ObjCTypeDecodeKit.build/Objects-normal/armv7k/ObjCTypeDecodeKit-OutputFileMap.json -use-frontend-parseable-output -save-temps -no-color-diagnostics -explicit-module-build -module-cache-path /Users/admin/builder/spi-builder-workspace/.derivedData/Build/Intermediates.noindex/SwiftExplicitPrecompiledModules -clang-scanner-module-cache-path /Users/admin/builder/spi-builder-workspace/.derivedData/ModuleCache.noindex -sdk-module-cache-path /Users/admin/builder/spi-builder-workspace/.derivedData/ModuleCache.noindex -serialize-diagnostics -emit-dependencies -emit-module -emit-module-path /Users/admin/builder/spi-builder-workspace/.derivedData/Build/Intermediates.noindex/ObjCDump.build/Debug-watchos/ObjCTypeDecodeKit.build/Objects-normal/armv7k/ObjCTypeDecodeKit.swiftmodule -validate-clang-modules-once -clang-build-session-file /Users/admin/builder/spi-builder-workspace/.derivedData/ModuleCache.noindex/Session.modulevalidation -package-name swift_objc_dump -Xcc -I/Users/admin/builder/spi-builder-workspace/.derivedData/Build/Intermediates.noindex/ObjCDump.build/Debug-watchos/ObjCTypeDecodeKit.build/swift-overrides.hmap -emit-const-values -Xfrontend -const-gather-protocols-file -Xfrontend /Users/admin/builder/spi-builder-workspace/.derivedData/Build/Intermediates.noindex/ObjCDump.build/Debug-watchos/ObjCTypeDecodeKit.build/Objects-normal/armv7k/ObjCTypeDecodeKit_const_extract_protocols.json -Xcc -I/Users/admin/builder/spi-builder-workspace/.derivedData/Build/Products/Debug-watchos/include -Xcc -I/Users/admin/builder/spi-builder-workspace/.derivedData/Build/Intermediates.noindex/ObjCDump.build/Debug-watchos/ObjCTypeDecodeKit.build/DerivedSources-normal/armv7k -Xcc -I/Users/admin/builder/spi-builder-workspace/.derivedData/Build/Intermediates.noindex/ObjCDump.build/Debug-watchos/ObjCTypeDecodeKit.build/DerivedSources/armv7k -Xcc -I/Users/admin/builder/spi-builder-workspace/.derivedData/Build/Intermediates.noindex/ObjCDump.build/Debug-watchos/ObjCTypeDecodeKit.build/DerivedSources -Xcc -DSWIFT_PACKAGE -Xcc -DDEBUG\=1 -emit-objc-header -emit-objc-header-path /Users/admin/builder/spi-builder-workspace/.derivedData/Build/Intermediates.noindex/ObjCDump.build/Debug-watchos/ObjCTypeDecodeKit.build/Objects-normal/armv7k/ObjCTypeDecodeKit-Swift.h -working-directory /Users/admin/builder/spi-builder-workspace/.swiftpm/xcode -experimental-emit-module-separately -disable-cmo
2026-10-28 21:07:06.599 xcodebuild[2034:10572] [MT] IDERunDestination: Supported platforms for the buildables in the current scheme is empty.
2026-10-28 21:07:06.697 xcodebuild[2034:10572] [MT] IDERunDestination: Supported platforms for the buildables in the current scheme is empty.
** BUILD FAILED **
The following build commands failed:
CompileC /Users/admin/builder/spi-builder-workspace/.derivedData/Build/Intermediates.noindex/ZDLibffi.build/Debug-watchos/ZDLibffi.build/Objects-normal/armv7k/types.o /Users/admin/builder/spi-builder-workspace/.dependencies/checkouts/ZDLibffi/Source/src/common/types.c normal armv7k c com.apple.compilers.llvm.clang.1_0.compiler (in target 'ZDLibffi' from project 'ZDLibffi')
Building workspace spi-builder-workspace with scheme ObservationBridge-Package
(2 failures)
BUILD FAILURE 6.3 watchOS