The Swift Package Index logo.Swift Package Index

Build Information

Failed to build Perfect-FCM-Server, reference 1.0.2 (e1af1b), with Swift 6.4 for watchOS using Xcode 27.0 on 16 Sep 2026 00:32:46 UTC.

Build Command

env DEVELOPER_DIR=/Applications/Xcode-27.0.0-Release.Candidate.app xcrun xcodebuild -IDEClonedSourcePackagesDirPathOverride=$PWD/.dependencies -skipMacroValidation -skipPackagePluginValidation -derivedDataPath $PWD/.derivedData build -scheme Perfect-FCM-Server -destination generic/platform=watchOS

Build Log

        ➜ Explicit dependency on target 'PerfectNet-product' in project 'PerfectNet'
    Target 'PerfectNet-product' in project 'PerfectNet'
        ➜ Explicit dependency on target 'PerfectNet' in project 'PerfectNet'
        ➜ Explicit dependency on target 'PerfectCrypto-product' in project 'PerfectCrypto'
        ➜ Explicit dependency on target 'PerfectThread-product' in project 'PerfectThread'
    Target 'PerfectNet' in project 'PerfectNet'
        ➜ Explicit dependency on target 'PerfectCrypto-product' in project 'PerfectCrypto'
        ➜ Explicit dependency on target 'PerfectThread-product' in project 'PerfectThread'
    Target 'PerfectCrypto-product' in project 'PerfectCrypto'
        ➜ Explicit dependency on target 'PerfectCrypto' in project 'PerfectCrypto'
        ➜ Explicit dependency on target 'PerfectLib-product' in project 'PerfectLib'
        ➜ Explicit dependency on target 'PerfectThread-product' in project 'PerfectThread'
        ➜ Explicit dependency on target 'COpenSSL-product' in project 'COpenSSL'
    Target 'PerfectCrypto' in project 'PerfectCrypto'
        ➜ Explicit dependency on target 'PerfectLib-product' in project 'PerfectLib'
        ➜ Explicit dependency on target 'PerfectThread-product' in project 'PerfectThread'
        ➜ Explicit dependency on target 'COpenSSL-product' in project 'COpenSSL'
    Target 'COpenSSL-product' in project 'COpenSSL'
        ➜ Explicit dependency on target 'COpenSSL' in project 'COpenSSL'
    Target 'COpenSSL' in project 'COpenSSL' (no dependencies)
    Target 'PerfectThread-product' in project 'PerfectThread'
        ➜ Explicit dependency on target 'PerfectThread' in project 'PerfectThread'
    Target 'PerfectThread' in project 'PerfectThread' (no dependencies)
    Target 'PerfectLib-product' in project 'PerfectLib'
        ➜ Explicit dependency on target 'PerfectLib' in project 'PerfectLib'
    Target 'PerfectLib' in project 'PerfectLib' (no dependencies)
    Target 'cURL' in project 'cURL' (no dependencies)
GatherProvisioningInputs
CreateBuildDescription
ClangStatCache /Applications/Xcode-27.0.0-Release.Candidate.app/Contents/Developer/Toolchains/XcodeDefault.xctoolchain/usr/bin/clang-stat-cache /Applications/Xcode-27.0.0-Release.Candidate.app/Contents/Developer/Platforms/WatchOS.platform/Developer/SDKs/WatchOS27.0.sdk /Users/admin/builder/spi-builder-workspace/.derivedData/SDKStatCaches.noindex/watchos27.0-24R360-e829b21a6f8c9b70876ba0858053c04477534ef55a1706bf4c1112bbb242f0a2.sdkstatcache
    cd /Users/admin/builder/spi-builder-workspace/.swiftpm/xcode
    /Applications/Xcode-27.0.0-Release.Candidate.app/Contents/Developer/Toolchains/XcodeDefault.xctoolchain/usr/bin/clang-stat-cache /Applications/Xcode-27.0.0-Release.Candidate.app/Contents/Developer/Platforms/WatchOS.platform/Developer/SDKs/WatchOS27.0.sdk -o /Users/admin/builder/spi-builder-workspace/.derivedData/SDKStatCaches.noindex/watchos27.0-24R360-e829b21a6f8c9b70876ba0858053c04477534ef55a1706bf4c1112bbb242f0a2.sdkstatcache
ScanDependencies /Users/admin/builder/spi-builder-workspace/.derivedData/Build/Intermediates.noindex/COpenSSL.build/Debug-watchos/COpenSSL-t.build/Objects-normal/arm64_32/ts_.o /Users/admin/builder/spi-builder-workspace/.dependencies/checkouts/Perfect-COpenSSL/COpenSSL/ts_.c normal arm64_32 c com.apple.compilers.llvm.clang.1_0.compiler (in target 'COpenSSL' from project 'COpenSSL')
    cd /Users/admin/builder/spi-builder-workspace/.swiftpm/xcode

    Using response file: /Users/admin/builder/spi-builder-workspace/.derivedData/Build/Intermediates.noindex/COpenSSL.build/Debug-watchos/COpenSSL-t.build/Objects-normal/arm64_32/7187679823f38a2a940e0043cdf9d637-common-args.resp

    builtin-ScanDependencies -o /Users/admin/builder/spi-builder-workspace/.derivedData/Build/Intermediates.noindex/COpenSSL.build/Debug-watchos/COpenSSL-t.build/Objects-normal/arm64_32/ts_.o.scan -- /Applications/Xcode-27.0.0-Release.Candidate.app/Contents/Developer/Toolchains/XcodeDefault.xctoolchain/usr/bin/clang -x c -ivfsstatcache /Users/admin/builder/spi-builder-workspace/.derivedData/SDKStatCaches.noindex/watchos27.0-24R360-e829b21a6f8c9b70876ba0858053c04477534ef55a1706bf4c1112bbb242f0a2.sdkstatcache -target arm64_32-apple-watchos9.0 -fmessage-length\=0 -fdiagnostics-show-note-include-stack -fmacro-backtrace-limit\=0 -fno-color-diagnostics -fmodules-prune-interval\=86400 -fmodules-prune-after\=345600 -fbuild-session-file\=/Users/admin/builder/spi-builder-workspace/.derivedData/ModuleCache.noindex/Session.modulevalidation -fmodules-validate-once-per-build-session -Wnon-modular-include-in-framework-module -Werror\=non-modular-include-in-framework-module -Wno-trigraphs -Wno-missing-field-initializers -Wno-missing-prototypes -Wno-return-type -Wno-missing-braces -Wparentheses -Wswitch -Wno-unused-function -Wno-unused-label -Wno-unused-parameter -Wno-unused-variable -Wunused-value -Wno-empty-body -Wno-uninitialized -Wno-unknown-pragmas -w -Wno-shadow -Wno-four-char-constants -Wno-conversion -Wno-constant-conversion -Wno-int-conversion -Wno-bool-conversion -Wno-enum-conversion -Wno-float-conversion -Wno-non-literal-null-conversion -Wno-objc-literal-conversion -Wno-shorten-64-to-32 -Wpointer-sign -Wno-newline-eof -Wno-implicit-fallthrough -isysroot /Applications/Xcode-27.0.0-Release.Candidate.app/Contents/Developer/Platforms/WatchOS.platform/Developer/SDKs/WatchOS27.0.sdk -fstrict-aliasing -Wdeprecated-declarations -Wno-sign-conversion -Wno-infinite-recursion -Wno-comma -Wno-block-capture-autoreleasing -Wno-strict-prototypes -Wno-semicolon-before-method-body -index-store-path /Users/admin/builder/spi-builder-workspace/.derivedData/Index.noindex/DataStore @/Users/admin/builder/spi-builder-workspace/.derivedData/Build/Intermediates.noindex/COpenSSL.build/Debug-watchos/COpenSSL-t.build/Objects-normal/arm64_32/7187679823f38a2a940e0043cdf9d637-common-args.resp -MMD -MT dependencies -MF /Users/admin/builder/spi-builder-workspace/.derivedData/Build/Intermediates.noindex/COpenSSL.build/Debug-watchos/COpenSSL-t.build/Objects-normal/arm64_32/ts_.d --serialize-diagnostics /Users/admin/builder/spi-builder-workspace/.derivedData/Build/Intermediates.noindex/COpenSSL.build/Debug-watchos/COpenSSL-t.build/Objects-normal/arm64_32/ts_.dia -c /Users/admin/builder/spi-builder-workspace/.dependencies/checkouts/Perfect-COpenSSL/COpenSSL/ts_.c -o /Users/admin/builder/spi-builder-workspace/.derivedData/Build/Intermediates.noindex/COpenSSL.build/Debug-watchos/COpenSSL-t.build/Objects-normal/arm64_32/ts_.o -index-unit-output-path /COpenSSL.build/Debug-watchos/COpenSSL-t.build/Objects-normal/arm64_32/ts_.o
ScanDependencies /Users/admin/builder/spi-builder-workspace/.derivedData/Build/Intermediates.noindex/COpenSSL.build/Debug-watchos/COpenSSL-t.build/Objects-normal/arm64_32/th-lock.o /Users/admin/builder/spi-builder-workspace/.dependencies/checkouts/Perfect-COpenSSL/COpenSSL/th-lock.c normal arm64_32 c com.apple.compilers.llvm.clang.1_0.compiler (in target 'COpenSSL' from project 'COpenSSL')
    cd /Users/admin/builder/spi-builder-workspace/.swiftpm/xcode

    Using response file: /Users/admin/builder/spi-builder-workspace/.derivedData/Build/Intermediates.noindex/COpenSSL.build/Debug-watchos/COpenSSL-t.build/Objects-normal/arm64_32/7187679823f38a2a940e0043cdf9d637-common-args.resp

    builtin-ScanDependencies -o /Users/admin/builder/spi-builder-workspace/.derivedData/Build/Intermediates.noindex/COpenSSL.build/Debug-watchos/COpenSSL-t.build/Objects-normal/arm64_32/th-lock.o.scan -- /Applications/Xcode-27.0.0-Release.Candidate.app/Contents/Developer/Toolchains/XcodeDefault.xctoolchain/usr/bin/clang -x c -ivfsstatcache /Users/admin/builder/spi-builder-workspace/.derivedData/SDKStatCaches.noindex/watchos27.0-24R360-e829b21a6f8c9b70876ba0858053c04477534ef55a1706bf4c1112bbb242f0a2.sdkstatcache -target arm64_32-apple-watchos9.0 -fmessage-length\=0 -fdiagnostics-show-note-include-stack -fmacro-backtrace-limit\=0 -fno-color-diagnostics -fmodules-prune-interval\=86400 -fmodules-prune-after\=345600 -fbuild-session-file\=/Users/admin/builder/spi-builder-workspace/.derivedData/ModuleCache.noindex/Session.modulevalidation -fmodules-validate-once-per-build-session -Wnon-modular-include-in-framework-module -Werror\=non-modular-include-in-framework-module -Wno-trigraphs -Wno-missing-field-initializers -Wno-missing-prototypes -Wno-return-type -Wno-missing-braces -Wparentheses -Wswitch -Wno-unused-function -Wno-unused-label -Wno-unused-parameter -Wno-unused-variable -Wunused-value -Wno-empty-body -Wno-uninitialized -Wno-unknown-pragmas -w -Wno-shadow -Wno-four-char-constants -Wno-conversion -Wno-constant-conversion -Wno-int-conversion -Wno-bool-conversion -Wno-enum-conversion -Wno-float-conversion -Wno-non-literal-null-conversion -Wno-objc-literal-conversion -Wno-shorten-64-to-32 -Wpointer-sign -Wno-newline-eof -Wno-implicit-fallthrough -isysroot /Applications/Xcode-27.0.0-Release.Candidate.app/Contents/Developer/Platforms/WatchOS.platform/Developer/SDKs/WatchOS27.0.sdk -fstrict-aliasing -Wdeprecated-declarations -Wno-sign-conversion -Wno-infinite-recursion -Wno-comma -Wno-block-capture-autoreleasing -Wno-strict-prototypes -Wno-semicolon-before-method-body -index-store-path /Users/admin/builder/spi-builder-workspace/.derivedData/Index.noindex/DataStore @/Users/admin/builder/spi-builder-workspace/.derivedData/Build/Intermediates.noindex/COpenSSL.build/Debug-watchos/COpenSSL-t.build/Objects-normal/arm64_32/7187679823f38a2a940e0043cdf9d637-common-args.resp -MMD -MT dependencies -MF /Users/admin/builder/spi-builder-workspace/.derivedData/Build/Intermediates.noindex/COpenSSL.build/Debug-watchos/COpenSSL-t.build/Objects-normal/arm64_32/th-lock.d --serialize-diagnostics /Users/admin/builder/spi-builder-workspace/.derivedData/Build/Intermediates.noindex/COpenSSL.build/Debug-watchos/COpenSSL-t.build/Objects-normal/arm64_32/th-lock.dia -c /Users/admin/builder/spi-builder-workspace/.dependencies/checkouts/Perfect-COpenSSL/COpenSSL/th-lock.c -o /Users/admin/builder/spi-builder-workspace/.derivedData/Build/Intermediates.noindex/COpenSSL.build/Debug-watchos/COpenSSL-t.build/Objects-normal/arm64_32/th-lock.o -index-unit-output-path /COpenSSL.build/Debug-watchos/COpenSSL-t.build/Objects-normal/arm64_32/th-lock.o
ScanDependencies /Users/admin/builder/spi-builder-workspace/.derivedData/Build/Intermediates.noindex/COpenSSL.build/Debug-watchos/COpenSSL-t.build/Objects-normal/arm64_32/tls_srp.o /Users/admin/builder/spi-builder-workspace/.dependencies/checkouts/Perfect-COpenSSL/COpenSSL/tls_srp.c normal arm64_32 c com.apple.compilers.llvm.clang.1_0.compiler (in target 'COpenSSL' from project 'COpenSSL')
    cd /Users/admin/builder/spi-builder-workspace/.swiftpm/xcode

    Using response file: /Users/admin/builder/spi-builder-workspace/.derivedData/Build/Intermediates.noindex/COpenSSL.build/Debug-watchos/COpenSSL-t.build/Objects-normal/arm64_32/7187679823f38a2a940e0043cdf9d637-common-args.resp

    builtin-ScanDependencies -o /Users/admin/builder/spi-builder-workspace/.derivedData/Build/Intermediates.noindex/COpenSSL.build/Debug-watchos/COpenSSL-t.build/Objects-normal/arm64_32/tls_srp.o.scan -- /Applications/Xcode-27.0.0-Release.Candidate.app/Contents/Developer/Toolchains/XcodeDefault.xctoolchain/usr/bin/clang -x c -ivfsstatcache /Users/admin/builder/spi-builder-workspace/.derivedData/SDKStatCaches.noindex/watchos27.0-24R360-e829b21a6f8c9b70876ba0858053c04477534ef55a1706bf4c1112bbb242f0a2.sdkstatcache -target arm64_32-apple-watchos9.0 -fmessage-length\=0 -fdiagnostics-show-note-include-stack -fmacro-backtrace-limit\=0 -fno-color-diagnostics -fmodules-prune-interval\=86400 -fmodules-prune-after\=345600 -fbuild-session-file\=/Users/admin/builder/spi-builder-workspace/.derivedData/ModuleCache.noindex/Session.modulevalidation -fmodules-validate-once-per-build-session -Wnon-modular-include-in-framework-module -Werror\=non-modular-include-in-framework-module -Wno-trigraphs -Wno-missing-field-initializers -Wno-missing-prototypes -Wno-return-type -Wno-missing-braces -Wparentheses -Wswitch -Wno-unused-function -Wno-unused-label -Wno-unused-parameter -Wno-unused-variable -Wunused-value -Wno-empty-body -Wno-uninitialized -Wno-unknown-pragmas -w -Wno-shadow -Wno-four-char-constants -Wno-conversion -Wno-constant-conversion -Wno-int-conversion -Wno-bool-conversion -Wno-enum-conversion -Wno-float-conversion -Wno-non-literal-null-conversion -Wno-objc-literal-conversion -Wno-shorten-64-to-32 -Wpointer-sign -Wno-newline-eof -Wno-implicit-fallthrough -isysroot /Applications/Xcode-27.0.0-Release.Candidate.app/Contents/Developer/Platforms/WatchOS.platform/Developer/SDKs/WatchOS27.0.sdk -fstrict-aliasing -Wdeprecated-declarations -Wno-sign-conversion -Wno-infinite-recursion -Wno-comma -Wno-block-capture-autoreleasing -Wno-strict-prototypes -Wno-semicolon-before-method-body -index-store-path /Users/admin/builder/spi-builder-workspace/.derivedData/Index.noindex/DataStore @/Users/admin/builder/spi-builder-workspace/.derivedData/Build/Intermediates.noindex/COpenSSL.build/Debug-watchos/COpenSSL-t.build/Objects-normal/arm64_32/7187679823f38a2a940e0043cdf9d637-common-args.resp -MMD -MT dependencies -MF /Users/admin/builder/spi-builder-workspace/.derivedData/Build/Intermediates.noindex/COpenSSL.build/Debug-watchos/COpenSSL-t.build/Objects-normal/arm64_32/tls_srp.d --serialize-diagnostics /Users/admin/builder/spi-builder-workspace/.derivedData/Build/Intermediates.noindex/COpenSSL.build/Debug-watchos/COpenSSL-t.build/Objects-normal/arm64_32/tls_srp.dia -c /Users/admin/builder/spi-builder-workspace/.dependencies/checkouts/Perfect-COpenSSL/COpenSSL/tls_srp.c -o /Users/admin/builder/spi-builder-workspace/.derivedData/Build/Intermediates.noindex/COpenSSL.build/Debug-watchos/COpenSSL-t.build/Objects-normal/arm64_32/tls_srp.o -index-unit-output-path /COpenSSL.build/Debug-watchos/COpenSSL-t.build/Objects-normal/arm64_32/tls_srp.o
ScanDependencies /Users/admin/builder/spi-builder-workspace/.derivedData/Build/Intermediates.noindex/COpenSSL.build/Debug-watchos/COpenSSL-t.build/Objects-normal/arm64_32/tb_store.o /Users/admin/builder/spi-builder-workspace/.dependencies/checkouts/Perfect-COpenSSL/COpenSSL/tb_store.c normal arm64_32 c com.apple.compilers.llvm.clang.1_0.compiler (in target 'COpenSSL' from project 'COpenSSL')
    cd /Users/admin/builder/spi-builder-workspace/.swiftpm/xcode

    Using response file: /Users/admin/builder/spi-builder-workspace/.derivedData/Build/Intermediates.noindex/COpenSSL.build/Debug-watchos/COpenSSL-t.build/Objects-normal/arm64_32/7187679823f38a2a940e0043cdf9d637-common-args.resp

    builtin-ScanDependencies -o /Users/admin/builder/spi-builder-workspace/.derivedData/Build/Intermediates.noindex/COpenSSL.build/Debug-watchos/COpenSSL-t.build/Objects-normal/arm64_32/tb_store.o.scan -- /Applications/Xcode-27.0.0-Release.Candidate.app/Contents/Developer/Toolchains/XcodeDefault.xctoolchain/usr/bin/clang -x c -ivfsstatcache /Users/admin/builder/spi-builder-workspace/.derivedData/SDKStatCaches.noindex/watchos27.0-24R360-e829b21a6f8c9b70876ba0858053c04477534ef55a1706bf4c1112bbb242f0a2.sdkstatcache -target arm64_32-apple-watchos9.0 -fmessage-length\=0 -fdiagnostics-show-note-include-stack -fmacro-backtrace-limit\=0 -fno-color-diagnostics -fmodules-prune-interval\=86400 -fmodules-prune-after\=345600 -fbuild-session-file\=/Users/admin/builder/spi-builder-workspace/.derivedData/ModuleCache.noindex/Session.modulevalidation -fmodules-validate-once-per-build-session -Wnon-modular-include-in-framework-module -Werror\=non-modular-include-in-framework-module -Wno-trigraphs -Wno-missing-field-initializers -Wno-missing-prototypes -Wno-return-type -Wno-missing-braces -Wparentheses -Wswitch -Wno-unused-function -Wno-unused-label -Wno-unused-parameter -Wno-unused-variable -Wunused-value -Wno-empty-body -Wno-uninitialized -Wno-unknown-pragmas -w -Wno-shadow -Wno-four-char-constants -Wno-conversion -Wno-constant-conversion -Wno-int-conversion -Wno-bool-conversion -Wno-enum-conversion -Wno-float-conversion -Wno-non-literal-null-conversion -Wno-objc-literal-conversion -Wno-shorten-64-to-32 -Wpointer-sign -Wno-newline-eof -Wno-implicit-fallthrough -isysroot /Applications/Xcode-27.0.0-Release.Candidate.app/Contents/Developer/Platforms/WatchOS.platform/Developer/SDKs/WatchOS27.0.sdk -fstrict-aliasing -Wdeprecated-declarations -Wno-sign-conversion -Wno-infinite-recursion -Wno-comma -Wno-block-capture-autoreleasing -Wno-strict-prototypes -Wno-semicolon-before-method-body -index-store-path /Users/admin/builder/spi-builder-workspace/.derivedData/Index.noindex/DataStore @/Users/admin/builder/spi-builder-workspace/.derivedData/Build/Intermediates.noindex/COpenSSL.build/Debug-watchos/COpenSSL-t.build/Objects-normal/arm64_32/7187679823f38a2a940e0043cdf9d637-common-args.resp -MMD -MT dependencies -MF /Users/admin/builder/spi-builder-workspace/.derivedData/Build/Intermediates.noindex/COpenSSL.build/Debug-watchos/COpenSSL-t.build/Objects-normal/arm64_32/tb_store.d --serialize-diagnostics /Users/admin/builder/spi-builder-workspace/.derivedData/Build/Intermediates.noindex/COpenSSL.build/Debug-watchos/COpenSSL-t.build/Objects-normal/arm64_32/tb_store.dia -c /Users/admin/builder/spi-builder-workspace/.dependencies/checkouts/Perfect-COpenSSL/COpenSSL/tb_store.c -o /Users/admin/builder/spi-builder-workspace/.derivedData/Build/Intermediates.noindex/COpenSSL.build/Debug-watchos/COpenSSL-t.build/Objects-normal/arm64_32/tb_store.o -index-unit-output-path /COpenSSL.build/Debug-watchos/COpenSSL-t.build/Objects-normal/arm64_32/tb_store.o
ScanDependencies /Users/admin/builder/spi-builder-workspace/.derivedData/Build/Intermediates.noindex/COpenSSL.build/Debug-watchos/COpenSSL-t.build/Objects-normal/arm64_32/tb_rand.o /Users/admin/builder/spi-builder-workspace/.dependencies/checkouts/Perfect-COpenSSL/COpenSSL/tb_rand.c normal arm64_32 c com.apple.compilers.llvm.clang.1_0.compiler (in target 'COpenSSL' from project 'COpenSSL')
    cd /Users/admin/builder/spi-builder-workspace/.swiftpm/xcode

    Using response file: /Users/admin/builder/spi-builder-workspace/.derivedData/Build/Intermediates.noindex/COpenSSL.build/Debug-watchos/COpenSSL-t.build/Objects-normal/arm64_32/7187679823f38a2a940e0043cdf9d637-common-args.resp

    builtin-ScanDependencies -o /Users/admin/builder/spi-builder-workspace/.derivedData/Build/Intermediates.noindex/COpenSSL.build/Debug-watchos/COpenSSL-t.build/Objects-normal/arm64_32/tb_rand.o.scan -- /Applications/Xcode-27.0.0-Release.Candidate.app/Contents/Developer/Toolchains/XcodeDefault.xctoolchain/usr/bin/clang -x c -ivfsstatcache /Users/admin/builder/spi-builder-workspace/.derivedData/SDKStatCaches.noindex/watchos27.0-24R360-e829b21a6f8c9b70876ba0858053c04477534ef55a1706bf4c1112bbb242f0a2.sdkstatcache -target arm64_32-apple-watchos9.0 -fmessage-length\=0 -fdiagnostics-show-note-include-stack -fmacro-backtrace-limit\=0 -fno-color-diagnostics -fmodules-prune-interval\=86400 -fmodules-prune-after\=345600 -fbuild-session-file\=/Users/admin/builder/spi-builder-workspace/.derivedData/ModuleCache.noindex/Session.modulevalidation -fmodules-validate-once-per-build-session -Wnon-modular-include-in-framework-module -Werror\=non-modular-include-in-framework-module -Wno-trigraphs -Wno-missing-field-initializers -Wno-missing-prototypes -Wno-return-type -Wno-missing-braces -Wparentheses -Wswitch -Wno-unused-function -Wno-unused-label -Wno-unused-parameter -Wno-unused-variable -Wunused-value -Wno-empty-body -Wno-uninitialized -Wno-unknown-pragmas -w -Wno-shadow -Wno-four-char-constants -Wno-conversion -Wno-constant-conversion -Wno-int-conversion -Wno-bool-conversion -Wno-enum-conversion -Wno-float-conversion -Wno-non-literal-null-conversion -Wno-objc-literal-conversion -Wno-shorten-64-to-32 -Wpointer-sign -Wno-newline-eof -Wno-implicit-fallthrough -isysroot /Applications/Xcode-27.0.0-Release.Candidate.app/Contents/Developer/Platforms/WatchOS.platform/Developer/SDKs/WatchOS27.0.sdk -fstrict-aliasing -Wdeprecated-declarations -Wno-sign-conversion -Wno-infinite-recursion -Wno-comma -Wno-block-capture-autoreleasing -Wno-strict-prototypes -Wno-semicolon-before-method-body -index-store-path /Users/admin/builder/spi-builder-workspace/.derivedData/Index.noindex/DataStore @/Users/admin/builder/spi-builder-workspace/.derivedData/Build/Intermediates.noindex/COpenSSL.build/Debug-watchos/COpenSSL-t.build/Objects-normal/arm64_32/7187679823f38a2a940e0043cdf9d637-common-args.resp -MMD -MT dependencies -MF /Users/admin/builder/spi-builder-workspace/.derivedData/Build/Intermediates.noindex/COpenSSL.build/Debug-watchos/COpenSSL-t.build/Objects-normal/arm64_32/tb_rand.d --serialize-diagnostics /Users/admin/builder/spi-builder-workspace/.derivedData/Build/Intermediates.noindex/COpenSSL.build/Debug-watchos/COpenSSL-t.build/Objects-normal/arm64_32/tb_rand.dia -c /Users/admin/builder/spi-builder-workspace/.dependencies/checkouts/Perfect-COpenSSL/COpenSSL/tb_rand.c -o /Users/admin/builder/spi-builder-workspace/.derivedData/Build/Intermediates.noindex/COpenSSL.build/Debug-watchos/COpenSSL-t.build/Objects-normal/arm64_32/tb_rand.o -index-unit-output-path /COpenSSL.build/Debug-watchos/COpenSSL-t.build/Objects-normal/arm64_32/tb_rand.o
ScanDependencies /Users/admin/builder/spi-builder-workspace/.derivedData/Build/Intermediates.noindex/COpenSSL.build/Debug-watchos/COpenSSL-t.build/Objects-normal/arm64_32/tb_ecdsa.o /Users/admin/builder/spi-builder-workspace/.dependencies/checkouts/Perfect-COpenSSL/COpenSSL/tb_ecdsa.c normal arm64_32 c com.apple.compilers.llvm.clang.1_0.compiler (in target 'COpenSSL' from project 'COpenSSL')
    cd /Users/admin/builder/spi-builder-workspace/.swiftpm/xcode

    Using response file: /Users/admin/builder/spi-builder-workspace/.derivedData/Build/Intermediates.noindex/COpenSSL.build/Debug-watchos/COpenSSL-t.build/Objects-normal/arm64_32/7187679823f38a2a940e0043cdf9d637-common-args.resp

    builtin-ScanDependencies -o /Users/admin/builder/spi-builder-workspace/.derivedData/Build/Intermediates.noindex/COpenSSL.build/Debug-watchos/COpenSSL-t.build/Objects-normal/arm64_32/tb_ecdsa.o.scan -- /Applications/Xcode-27.0.0-Release.Candidate.app/Contents/Developer/Toolchains/XcodeDefault.xctoolchain/usr/bin/clang -x c -ivfsstatcache /Users/admin/builder/spi-builder-workspace/.derivedData/SDKStatCaches.noindex/watchos27.0-24R360-e829b21a6f8c9b70876ba0858053c04477534ef55a1706bf4c1112bbb242f0a2.sdkstatcache -target arm64_32-apple-watchos9.0 -fmessage-length\=0 -fdiagnostics-show-note-include-stack -fmacro-backtrace-limit\=0 -fno-color-diagnostics -fmodules-prune-interval\=86400 -fmodules-prune-after\=345600 -fbuild-session-file\=/Users/admin/builder/spi-builder-workspace/.derivedData/ModuleCache.noindex/Session.modulevalidation -fmodules-validate-once-per-build-session -Wnon-modular-include-in-framework-module -Werror\=non-modular-include-in-framework-module -Wno-trigraphs -Wno-missing-field-initializers -Wno-missing-prototypes -Wno-return-type -Wno-missing-braces -Wparentheses -Wswitch -Wno-unused-function -Wno-unused-label -Wno-unused-parameter -Wno-unused-variable -Wunused-value -Wno-empty-body -Wno-uninitialized -Wno-unknown-pragmas -w -Wno-shadow -Wno-four-char-constants -Wno-conversion -Wno-constant-conversion -Wno-int-conversion -Wno-bool-conversion -Wno-enum-conversion -Wno-float-conversion -Wno-non-literal-null-conversion -Wno-objc-literal-conversion -Wno-shorten-64-to-32 -Wpointer-sign -Wno-newline-eof -Wno-implicit-fallthrough -isysroot /Applications/Xcode-27.0.0-Release.Candidate.app/Contents/Developer/Platforms/WatchOS.platform/Developer/SDKs/WatchOS27.0.sdk -fstrict-aliasing -Wdeprecated-declarations -Wno-sign-conversion -Wno-infinite-recursion -Wno-comma -Wno-block-capture-autoreleasing -Wno-strict-prototypes -Wno-semicolon-before-method-body -index-store-path /Users/admin/builder/spi-builder-workspace/.derivedData/Index.noindex/DataStore @/Users/admin/builder/spi-builder-workspace/.derivedData/Build/Intermediates.noindex/COpenSSL.build/Debug-watchos/COpenSSL-t.build/Objects-normal/arm64_32/7187679823f38a2a940e0043cdf9d637-common-args.resp -MMD -MT dependencies -MF /Users/admin/builder/spi-builder-workspace/.derivedData/Build/Intermediates.noindex/COpenSSL.build/Debug-watchos/COpenSSL-t.build/Objects-normal/arm64_32/tb_ecdsa.d --serialize-diagnostics /Users/admin/builder/spi-builder-workspace/.derivedData/Build/Intermediates.noindex/COpenSSL.build/Debug-watchos/COpenSSL-t.build/Objects-normal/arm64_32/tb_ecdsa.dia -c /Users/admin/builder/spi-builder-workspace/.dependencies/checkouts/Perfect-COpenSSL/COpenSSL/tb_ecdsa.c -o /Users/admin/builder/spi-builder-workspace/.derivedData/Build/Intermediates.noindex/COpenSSL.build/Debug-watchos/COpenSSL-t.build/Objects-normal/arm64_32/tb_ecdsa.o -index-unit-output-path /COpenSSL.build/Debug-watchos/COpenSSL-t.build/Objects-normal/arm64_32/tb_ecdsa.o
ScanDependencies /Users/admin/builder/spi-builder-workspace/.derivedData/Build/Intermediates.noindex/COpenSSL.build/Debug-watchos/COpenSSL-t.build/Objects-normal/arm64_32/tb_ecdh.o /Users/admin/builder/spi-builder-workspace/.dependencies/checkouts/Perfect-COpenSSL/COpenSSL/tb_ecdh.c normal arm64_32 c com.apple.compilers.llvm.clang.1_0.compiler (in target 'COpenSSL' from project 'COpenSSL')
    cd /Users/admin/builder/spi-builder-workspace/.swiftpm/xcode

    Using response file: /Users/admin/builder/spi-builder-workspace/.derivedData/Build/Intermediates.noindex/COpenSSL.build/Debug-watchos/COpenSSL-t.build/Objects-normal/arm64_32/7187679823f38a2a940e0043cdf9d637-common-args.resp

    builtin-ScanDependencies -o /Users/admin/builder/spi-builder-workspace/.derivedData/Build/Intermediates.noindex/COpenSSL.build/Debug-watchos/COpenSSL-t.build/Objects-normal/arm64_32/tb_ecdh.o.scan -- /Applications/Xcode-27.0.0-Release.Candidate.app/Contents/Developer/Toolchains/XcodeDefault.xctoolchain/usr/bin/clang -x c -ivfsstatcache /Users/admin/builder/spi-builder-workspace/.derivedData/SDKStatCaches.noindex/watchos27.0-24R360-e829b21a6f8c9b70876ba0858053c04477534ef55a1706bf4c1112bbb242f0a2.sdkstatcache -target arm64_32-apple-watchos9.0 -fmessage-length\=0 -fdiagnostics-show-note-include-stack -fmacro-backtrace-limit\=0 -fno-color-diagnostics -fmodules-prune-interval\=86400 -fmodules-prune-after\=345600 -fbuild-session-file\=/Users/admin/builder/spi-builder-workspace/.derivedData/ModuleCache.noindex/Session.modulevalidation -fmodules-validate-once-per-build-session -Wnon-modular-include-in-framework-module -Werror\=non-modular-include-in-framework-module -Wno-trigraphs -Wno-missing-field-initializers -Wno-missing-prototypes -Wno-return-type -Wno-missing-braces -Wparentheses -Wswitch -Wno-unused-function -Wno-unused-label -Wno-unused-parameter -Wno-unused-variable -Wunused-value -Wno-empty-body -Wno-uninitialized -Wno-unknown-pragmas -w -Wno-shadow -Wno-four-char-constants -Wno-conversion -Wno-constant-conversion -Wno-int-conversion -Wno-bool-conversion -Wno-enum-conversion -Wno-float-conversion -Wno-non-literal-null-conversion -Wno-objc-literal-conversion -Wno-shorten-64-to-32 -Wpointer-sign -Wno-newline-eof -Wno-implicit-fallthrough -isysroot /Applications/Xcode-27.0.0-Release.Candidate.app/Contents/Developer/Platforms/WatchOS.platform/Developer/SDKs/WatchOS27.0.sdk -fstrict-aliasing -Wdeprecated-declarations -Wno-sign-conversion -Wno-infinite-recursion -Wno-comma -Wno-block-capture-autoreleasing -Wno-strict-prototypes -Wno-semicolon-before-method-body -index-store-path /Users/admin/builder/spi-builder-workspace/.derivedData/Index.noindex/DataStore @/Users/admin/builder/spi-builder-workspace/.derivedData/Build/Intermediates.noindex/COpenSSL.build/Debug-watchos/COpenSSL-t.build/Objects-normal/arm64_32/7187679823f38a2a940e0043cdf9d637-common-args.resp -MMD -MT dependencies -MF /Users/admin/builder/spi-builder-workspace/.derivedData/Build/Intermediates.noindex/COpenSSL.build/Debug-watchos/COpenSSL-t.build/Objects-normal/arm64_32/tb_ecdh.d --serialize-diagnostics /Users/admin/builder/spi-builder-workspace/.derivedData/Build/Intermediates.noindex/COpenSSL.build/Debug-watchos/COpenSSL-t.build/Objects-normal/arm64_32/tb_ecdh.dia -c /Users/admin/builder/spi-builder-workspace/.dependencies/checkouts/Perfect-COpenSSL/COpenSSL/tb_ecdh.c -o /Users/admin/builder/spi-builder-workspace/.derivedData/Build/Intermediates.noindex/COpenSSL.build/Debug-watchos/COpenSSL-t.build/Objects-normal/arm64_32/tb_ecdh.o -index-unit-output-path /COpenSSL.build/Debug-watchos/COpenSSL-t.build/Objects-normal/arm64_32/tb_ecdh.o
ScanDependencies /Users/admin/builder/spi-builder-workspace/.derivedData/Build/Intermediates.noindex/COpenSSL.build/Debug-watchos/COpenSSL-t.build/Objects-normal/arm64_32/tb_rsa.o /Users/admin/builder/spi-builder-workspace/.dependencies/checkouts/Perfect-COpenSSL/COpenSSL/tb_rsa.c normal arm64_32 c com.apple.compilers.llvm.clang.1_0.compiler (in target 'COpenSSL' from project 'COpenSSL')
    cd /Users/admin/builder/spi-builder-workspace/.swiftpm/xcode

    Using response file: /Users/admin/builder/spi-builder-workspace/.derivedData/Build/Intermediates.noindex/COpenSSL.build/Debug-watchos/COpenSSL-t.build/Objects-normal/arm64_32/7187679823f38a2a940e0043cdf9d637-common-args.resp

    builtin-ScanDependencies -o /Users/admin/builder/spi-builder-workspace/.derivedData/Build/Intermediates.noindex/COpenSSL.build/Debug-watchos/COpenSSL-t.build/Objects-normal/arm64_32/tb_rsa.o.scan -- /Applications/Xcode-27.0.0-Release.Candidate.app/Contents/Developer/Toolchains/XcodeDefault.xctoolchain/usr/bin/clang -x c -ivfsstatcache /Users/admin/builder/spi-builder-workspace/.derivedData/SDKStatCaches.noindex/watchos27.0-24R360-e829b21a6f8c9b70876ba0858053c04477534ef55a1706bf4c1112bbb242f0a2.sdkstatcache -target arm64_32-apple-watchos9.0 -fmessage-length\=0 -fdiagnostics-show-note-include-stack -fmacro-backtrace-limit\=0 -fno-color-diagnostics -fmodules-prune-interval\=86400 -fmodules-prune-after\=345600 -fbuild-session-file\=/Users/admin/builder/spi-builder-workspace/.derivedData/ModuleCache.noindex/Session.modulevalidation -fmodules-validate-once-per-build-session -Wnon-modular-include-in-framework-module -Werror\=non-modular-include-in-framework-module -Wno-trigraphs -Wno-missing-field-initializers -Wno-missing-prototypes -Wno-return-type -Wno-missing-braces -Wparentheses -Wswitch -Wno-unused-function -Wno-unused-label -Wno-unused-parameter -Wno-unused-variable -Wunused-value -Wno-empty-body -Wno-uninitialized -Wno-unknown-pragmas -w -Wno-shadow -Wno-four-char-constants -Wno-conversion -Wno-constant-conversion -Wno-int-conversion -Wno-bool-conversion -Wno-enum-conversion -Wno-float-conversion -Wno-non-literal-null-conversion -Wno-objc-literal-conversion -Wno-shorten-64-to-32 -Wpointer-sign -Wno-newline-eof -Wno-implicit-fallthrough -isysroot /Applications/Xcode-27.0.0-Release.Candidate.app/Contents/Developer/Platforms/WatchOS.platform/Developer/SDKs/WatchOS27.0.sdk -fstrict-aliasing -Wdeprecated-declarations -Wno-sign-conversion -Wno-infinite-recursion -Wno-comma -Wno-block-capture-autoreleasing -Wno-strict-prototypes -Wno-semicolon-before-method-body -index-store-path /Users/admin/builder/spi-builder-workspace/.derivedData/Index.noindex/DataStore @/Users/admin/builder/spi-builder-workspace/.derivedData/Build/Intermediates.noindex/COpenSSL.build/Debug-watchos/COpenSSL-t.build/Objects-normal/arm64_32/7187679823f38a2a940e0043cdf9d637-common-args.resp -MMD -MT dependencies -MF /Users/admin/builder/spi-builder-workspace/.derivedData/Build/Intermediates.noindex/COpenSSL.build/Debug-watchos/COpenSSL-t.build/Objects-normal/arm64_32/tb_rsa.d --serialize-diagnostics /Users/admin/builder/spi-builder-workspace/.derivedData/Build/Intermediates.noindex/COpenSSL.build/Debug-watchos/COpenSSL-t.build/Objects-normal/arm64_32/tb_rsa.dia -c /Users/admin/builder/spi-builder-workspace/.dependencies/checkouts/Perfect-COpenSSL/COpenSSL/tb_rsa.c -o /Users/admin/builder/spi-builder-workspace/.derivedData/Build/Intermediates.noindex/COpenSSL.build/Debug-watchos/COpenSSL-t.build/Objects-normal/arm64_32/tb_rsa.o -index-unit-output-path /COpenSSL.build/Debug-watchos/COpenSSL-t.build/Objects-normal/arm64_32/tb_rsa.o
ScanDependencies /Users/admin/builder/spi-builder-workspace/.derivedData/Build/Intermediates.noindex/COpenSSL.build/Debug-watchos/COpenSSL-t.build/Objects-normal/arm64_32/tb_pkmeth.o /Users/admin/builder/spi-builder-workspace/.dependencies/checkouts/Perfect-COpenSSL/COpenSSL/tb_pkmeth.c normal arm64_32 c com.apple.compilers.llvm.clang.1_0.compiler (in target 'COpenSSL' from project 'COpenSSL')
    cd /Users/admin/builder/spi-builder-workspace/.swiftpm/xcode

    Using response file: /Users/admin/builder/spi-builder-workspace/.derivedData/Build/Intermediates.noindex/COpenSSL.build/Debug-watchos/COpenSSL-t.build/Objects-normal/arm64_32/7187679823f38a2a940e0043cdf9d637-common-args.resp

    builtin-ScanDependencies -o /Users/admin/builder/spi-builder-workspace/.derivedData/Build/Intermediates.noindex/COpenSSL.build/Debug-watchos/COpenSSL-t.build/Objects-normal/arm64_32/tb_pkmeth.o.scan -- /Applications/Xcode-27.0.0-Release.Candidate.app/Contents/Developer/Toolchains/XcodeDefault.xctoolchain/usr/bin/clang -x c -ivfsstatcache /Users/admin/builder/spi-builder-workspace/.derivedData/SDKStatCaches.noindex/watchos27.0-24R360-e829b21a6f8c9b70876ba0858053c04477534ef55a1706bf4c1112bbb242f0a2.sdkstatcache -target arm64_32-apple-watchos9.0 -fmessage-length\=0 -fdiagnostics-show-note-include-stack -fmacro-backtrace-limit\=0 -fno-color-diagnostics -fmodules-prune-interval\=86400 -fmodules-prune-after\=345600 -fbuild-session-file\=/Users/admin/builder/spi-builder-workspace/.derivedData/ModuleCache.noindex/Session.modulevalidation -fmodules-validate-once-per-build-session -Wnon-modular-include-in-framework-module -Werror\=non-modular-include-in-framework-module -Wno-trigraphs -Wno-missing-field-initializers -Wno-missing-prototypes -Wno-return-type -Wno-missing-braces -Wparentheses -Wswitch -Wno-unused-function -Wno-unused-label -Wno-unused-parameter -Wno-unused-variable -Wunused-value -Wno-empty-body -Wno-uninitialized -Wno-unknown-pragmas -w -Wno-shadow -Wno-four-char-constants -Wno-conversion -Wno-constant-conversion -Wno-int-conversion -Wno-bool-conversion -Wno-enum-conversion -Wno-float-conversion -Wno-non-literal-null-conversion -Wno-objc-literal-conversion -Wno-shorten-64-to-32 -Wpointer-sign -Wno-newline-eof -Wno-implicit-fallthrough -isysroot /Applications/Xcode-27.0.0-Release.Candidate.app/Contents/Developer/Platforms/WatchOS.platform/Developer/SDKs/WatchOS27.0.sdk -fstrict-aliasing -Wdeprecated-declarations -Wno-sign-conversion -Wno-infinite-recursion -Wno-comma -Wno-block-capture-autoreleasing -Wno-strict-prototypes -Wno-semicolon-before-method-body -index-store-path /Users/admin/builder/spi-builder-workspace/.derivedData/Index.noindex/DataStore @/Users/admin/builder/spi-builder-workspace/.derivedData/Build/Intermediates.noindex/COpenSSL.build/Debug-watchos/COpenSSL-t.build/Objects-normal/arm64_32/7187679823f38a2a940e0043cdf9d637-common-args.resp -MMD -MT dependencies -MF /Users/admin/builder/spi-builder-workspace/.derivedData/Build/Intermediates.noindex/COpenSSL.build/Debug-watchos/COpenSSL-t.build/Objects-normal/arm64_32/tb_pkmeth.d --serialize-diagnostics /Users/admin/builder/spi-builder-workspace/.derivedData/Build/Intermediates.noindex/COpenSSL.build/Debug-watchos/COpenSSL-t.build/Objects-normal/arm64_32/tb_pkmeth.dia -c /Users/admin/builder/spi-builder-workspace/.dependencies/checkouts/Perfect-COpenSSL/COpenSSL/tb_pkmeth.c -o /Users/admin/builder/spi-builder-workspace/.derivedData/Build/Intermediates.noindex/COpenSSL.build/Debug-watchos/COpenSSL-t.build/Objects-normal/arm64_32/tb_pkmeth.o -index-unit-output-path /COpenSSL.build/Debug-watchos/COpenSSL-t.build/Objects-normal/arm64_32/tb_pkmeth.o
ScanDependencies /Users/admin/builder/spi-builder-workspace/.derivedData/Build/Intermediates.noindex/COpenSSL.build/Debug-watchos/COpenSSL-t.build/Objects-normal/arm64_32/tb_dsa.o /Users/admin/builder/spi-builder-workspace/.dependencies/checkouts/Perfect-COpenSSL/COpenSSL/tb_dsa.c normal arm64_32 c com.apple.compilers.llvm.clang.1_0.compiler (in target 'COpenSSL' from project 'COpenSSL')
    cd /Users/admin/builder/spi-builder-workspace/.swiftpm/xcode

    Using response file: /Users/admin/builder/spi-builder-workspace/.derivedData/Build/Intermediates.noindex/COpenSSL.build/Debug-watchos/COpenSSL-t.build/Objects-normal/arm64_32/7187679823f38a2a940e0043cdf9d637-common-args.resp

    builtin-ScanDependencies -o /Users/admin/builder/spi-builder-workspace/.derivedData/Build/Intermediates.noindex/COpenSSL.build/Debug-watchos/COpenSSL-t.build/Objects-normal/arm64_32/tb_dsa.o.scan -- /Applications/Xcode-27.0.0-Release.Candidate.app/Contents/Developer/Toolchains/XcodeDefault.xctoolchain/usr/bin/clang -x c -ivfsstatcache /Users/admin/builder/spi-builder-workspace/.derivedData/SDKStatCaches.noindex/watchos27.0-24R360-e829b21a6f8c9b70876ba0858053c04477534ef55a1706bf4c1112bbb242f0a2.sdkstatcache -target arm64_32-apple-watchos9.0 -fmessage-length\=0 -fdiagnostics-show-note-include-stack -fmacro-backtrace-limit\=0 -fno-color-diagnostics -fmodules-prune-interval\=86400 -fmodules-prune-after\=345600 -fbuild-session-file\=/Users/admin/builder/spi-builder-workspace/.derivedData/ModuleCache.noindex/Session.modulevalidation -fmodules-validate-once-per-build-session -Wnon-modular-include-in-framework-module -Werror\=non-modular-include-in-framework-module -Wno-trigraphs -Wno-missing-field-initializers -Wno-missing-prototypes -Wno-return-type -Wno-missing-braces -Wparentheses -Wswitch -Wno-unused-function -Wno-unused-label -Wno-unused-parameter -Wno-unused-variable -Wunused-value -Wno-empty-body -Wno-uninitialized -Wno-unknown-pragmas -w -Wno-shadow -Wno-four-char-constants -Wno-conversion -Wno-constant-conversion -Wno-int-conversion -Wno-bool-conversion -Wno-enum-conversion -Wno-float-conversion -Wno-non-literal-null-conversion -Wno-objc-literal-conversion -Wno-shorten-64-to-32 -Wpointer-sign -Wno-newline-eof -Wno-implicit-fallthrough -isysroot /Applications/Xcode-27.0.0-Release.Candidate.app/Contents/Developer/Platforms/WatchOS.platform/Developer/SDKs/WatchOS27.0.sdk -fstrict-aliasing -Wdeprecated-declarations -Wno-sign-conversion -Wno-infinite-recursion -Wno-comma -Wno-block-capture-autoreleasing -Wno-strict-prototypes -Wno-semicolon-before-method-body -index-store-path /Users/admin/builder/spi-builder-workspace/.derivedData/Index.noindex/DataStore @/Users/admin/builder/spi-builder-workspace/.derivedData/Build/Intermediates.noindex/COpenSSL.build/Debug-watchos/COpenSSL-t.build/Objects-normal/arm64_32/7187679823f38a2a940e0043cdf9d637-common-args.resp -MMD -MT dependencies -MF /Users/admin/builder/spi-builder-workspace/.derivedData/Build/Intermediates.noindex/COpenSSL.build/Debug-watchos/COpenSSL-t.build/Objects-normal/arm64_32/tb_dsa.d --serialize-diagnostics /Users/admin/builder/spi-builder-workspace/.derivedData/Build/Intermediates.noindex/COpenSSL.build/Debug-watchos/COpenSSL-t.build/Objects-normal/arm64_32/tb_dsa.dia -c /Users/admin/builder/spi-builder-workspace/.dependencies/checkouts/Perfect-COpenSSL/COpenSSL/tb_dsa.c -o /Users/admin/builder/spi-builder-workspace/.derivedData/Build/Intermediates.noindex/COpenSSL.build/Debug-watchos/COpenSSL-t.build/Objects-normal/arm64_32/tb_dsa.o -index-unit-output-path /COpenSSL.build/Debug-watchos/COpenSSL-t.build/Objects-normal/arm64_32/tb_dsa.o
SwiftDriver PerfectThread normal arm64_32 com.apple.xcode.tools.swift.compiler (in target 'PerfectThread' from project 'PerfectThread')
    cd /Users/admin/builder/spi-builder-workspace/.swiftpm/xcode
    builtin-SwiftDriver -- /Applications/Xcode-27.0.0-Release.Candidate.app/Contents/Developer/Toolchains/XcodeDefault.xctoolchain/usr/bin/swiftc -parse-as-library -module-name PerfectThread -Onone @/Users/admin/builder/spi-builder-workspace/.derivedData/Build/Intermediates.noindex/PerfectThread.build/Debug-watchos/PerfectThread-t.build/Objects-normal/arm64_32/PerfectThread.SwiftFileList -DSWIFT_PACKAGE -DDEBUG -DSWIFT_MODULE_RESOURCE_BUNDLE_UNAVAILABLE -DXcode -plugin-path /Applications/Xcode-27.0.0-Release.Candidate.app/Contents/Developer/Toolchains/XcodeDefault.xctoolchain/usr/lib/swift/host/plugins/testing -enable-experimental-feature DebugDescriptionMacro -sdk /Applications/Xcode-27.0.0-Release.Candidate.app/Contents/Developer/Platforms/WatchOS.platform/Developer/SDKs/WatchOS27.0.sdk -target arm64_32-apple-watchos9.0 -g -module-cache-path /Users/admin/builder/spi-builder-workspace/.derivedData/ModuleCache.noindex -Xfrontend -serialize-debugging-options -profile-coverage-mapping -profile-generate -enable-testing -suppress-warnings -index-store-path /Users/admin/builder/spi-builder-workspace/.derivedData/Index.noindex/DataStore -Xcc -D_LIBCPP_HARDENING_MODE\=_LIBCPP_HARDENING_MODE_DEBUG -swift-version 4 -I /Users/admin/builder/spi-builder-workspace/.derivedData/Build/Products/Debug-watchos -Isystem /Applications/Xcode-27.0.0-Release.Candidate.app/Contents/Developer/Platforms/WatchOS.platform/Developer/usr/lib -F /Users/admin/builder/spi-builder-workspace/.derivedData/Build/Products/Debug-watchos -F /Applications/Xcode-27.0.0-Release.Candidate.app/Contents/Developer/Platforms/WatchOS.platform/Developer/Library/Frameworks -F /Applications/Xcode-27.0.0-Release.Candidate.app/Contents/Developer/Platforms/WatchOS.platform/Developer/SDKs/WatchOS27.0.sdk/Developer/Library/Frameworks -c -j10 -enable-batch-mode -incremental -Xcc -ivfsstatcache -Xcc /Users/admin/builder/spi-builder-workspace/.derivedData/SDKStatCaches.noindex/watchos27.0-24R360-e829b21a6f8c9b70876ba0858053c04477534ef55a1706bf4c1112bbb242f0a2.sdkstatcache -output-file-map /Users/admin/builder/spi-builder-workspace/.derivedData/Build/Intermediates.noindex/PerfectThread.build/Debug-watchos/PerfectThread-t.build/Objects-normal/arm64_32/PerfectThread-OutputFileMap.json -save-temps -no-color-diagnostics -emit-dependencies -emit-module -emit-module-path /Users/admin/builder/spi-builder-workspace/.derivedData/Build/Intermediates.noindex/PerfectThread.build/Debug-watchos/PerfectThread-t.build/Objects-normal/arm64_32/PerfectThread.swiftmodule -serialize-diagnostics -validate-clang-modules-once -clang-build-session-file /Users/admin/builder/spi-builder-workspace/.derivedData/ModuleCache.noindex/Session.modulevalidation -Xcc -fmodules-prune-interval\=86400 -Xcc -fmodules-prune-after\=345600 -emit-const-values -const-gather-protocols-list /Users/admin/builder/spi-builder-workspace/.derivedData/Build/Intermediates.noindex/PerfectThread.build/Debug-watchos/PerfectThread-t.build/Objects-normal/arm64_32/PerfectThread_const_extract_protocols.json -Xcc -I/Users/admin/builder/spi-builder-workspace/.derivedData/Build/Products/Debug-watchos/include -Xcc -I/Users/admin/builder/spi-builder-workspace/.derivedData/Build/Intermediates.noindex/PerfectThread.build/Debug-watchos/PerfectThread-t.build/DerivedSources-normal/arm64_32 -Xcc -I/Users/admin/builder/spi-builder-workspace/.derivedData/Build/Intermediates.noindex/PerfectThread.build/Debug-watchos/PerfectThread-t.build/DerivedSources/arm64_32 -Xcc -I/Users/admin/builder/spi-builder-workspace/.derivedData/Build/Intermediates.noindex/PerfectThread.build/Debug-watchos/PerfectThread-t.build/DerivedSources -Xcc -DSWIFT_PACKAGE -Xcc -DDEBUG\=1 -emit-objc-header -emit-objc-header-path /Users/admin/builder/spi-builder-workspace/.derivedData/Build/Intermediates.noindex/PerfectThread.build/Debug-watchos/PerfectThread-t.build/Objects-normal/arm64_32/PerfectThread-Swift.h -working-directory /Users/admin/builder/spi-builder-workspace/.swiftpm/xcode -experimental-emit-module-separately -disable-cmo
SwiftDriver PerfectThread normal arm64 com.apple.xcode.tools.swift.compiler (in target 'PerfectThread' from project 'PerfectThread')
    cd /Users/admin/builder/spi-builder-workspace/.swiftpm/xcode
    builtin-SwiftDriver -- /Applications/Xcode-27.0.0-Release.Candidate.app/Contents/Developer/Toolchains/XcodeDefault.xctoolchain/usr/bin/swiftc -parse-as-library -module-name PerfectThread -Onone @/Users/admin/builder/spi-builder-workspace/.derivedData/Build/Intermediates.noindex/PerfectThread.build/Debug-watchos/PerfectThread-t.build/Objects-normal/arm64/PerfectThread.SwiftFileList -DSWIFT_PACKAGE -DDEBUG -DSWIFT_MODULE_RESOURCE_BUNDLE_UNAVAILABLE -DXcode -plugin-path /Applications/Xcode-27.0.0-Release.Candidate.app/Contents/Developer/Toolchains/XcodeDefault.xctoolchain/usr/lib/swift/host/plugins/testing -enable-experimental-feature DebugDescriptionMacro -sdk /Applications/Xcode-27.0.0-Release.Candidate.app/Contents/Developer/Platforms/WatchOS.platform/Developer/SDKs/WatchOS27.0.sdk -target arm64-apple-watchos9.0 -g -module-cache-path /Users/admin/builder/spi-builder-workspace/.derivedData/ModuleCache.noindex -Xfrontend -serialize-debugging-options -profile-coverage-mapping -profile-generate -enable-testing -suppress-warnings -index-store-path /Users/admin/builder/spi-builder-workspace/.derivedData/Index.noindex/DataStore -Xcc -D_LIBCPP_HARDENING_MODE\=_LIBCPP_HARDENING_MODE_DEBUG -swift-version 4 -I /Users/admin/builder/spi-builder-workspace/.derivedData/Build/Products/Debug-watchos -Isystem /Applications/Xcode-27.0.0-Release.Candidate.app/Contents/Developer/Platforms/WatchOS.platform/Developer/usr/lib -F /Users/admin/builder/spi-builder-workspace/.derivedData/Build/Products/Debug-watchos -F /Applications/Xcode-27.0.0-Release.Candidate.app/Contents/Developer/Platforms/WatchOS.platform/Developer/Library/Frameworks -F /Applications/Xcode-27.0.0-Release.Candidate.app/Contents/Developer/Platforms/WatchOS.platform/Developer/SDKs/WatchOS27.0.sdk/Developer/Library/Frameworks -c -j10 -enable-batch-mode -incremental -Xcc -ivfsstatcache -Xcc /Users/admin/builder/spi-builder-workspace/.derivedData/SDKStatCaches.noindex/watchos27.0-24R360-e829b21a6f8c9b70876ba0858053c04477534ef55a1706bf4c1112bbb242f0a2.sdkstatcache -output-file-map /Users/admin/builder/spi-builder-workspace/.derivedData/Build/Intermediates.noindex/PerfectThread.build/Debug-watchos/PerfectThread-t.build/Objects-normal/arm64/PerfectThread-OutputFileMap.json -save-temps -no-color-diagnostics -emit-dependencies -emit-module -emit-module-path /Users/admin/builder/spi-builder-workspace/.derivedData/Build/Intermediates.noindex/PerfectThread.build/Debug-watchos/PerfectThread-t.build/Objects-normal/arm64/PerfectThread.swiftmodule -serialize-diagnostics -validate-clang-modules-once -clang-build-session-file /Users/admin/builder/spi-builder-workspace/.derivedData/ModuleCache.noindex/Session.modulevalidation -Xcc -fmodules-prune-interval\=86400 -Xcc -fmodules-prune-after\=345600 -emit-const-values -const-gather-protocols-list /Users/admin/builder/spi-builder-workspace/.derivedData/Build/Intermediates.noindex/PerfectThread.build/Debug-watchos/PerfectThread-t.build/Objects-normal/arm64/PerfectThread_const_extract_protocols.json -Xcc -I/Users/admin/builder/spi-builder-workspace/.derivedData/Build/Products/Debug-watchos/include -Xcc -I/Users/admin/builder/spi-builder-workspace/.derivedData/Build/Intermediates.noindex/PerfectThread.build/Debug-watchos/PerfectThread-t.build/DerivedSources-normal/arm64 -Xcc -I/Users/admin/builder/spi-builder-workspace/.derivedData/Build/Intermediates.noindex/PerfectThread.build/Debug-watchos/PerfectThread-t.build/DerivedSources/arm64 -Xcc -I/Users/admin/builder/spi-builder-workspace/.derivedData/Build/Intermediates.noindex/PerfectThread.build/Debug-watchos/PerfectThread-t.build/DerivedSources -Xcc -DSWIFT_PACKAGE -Xcc -DDEBUG\=1 -emit-objc-header -emit-objc-header-path /Users/admin/builder/spi-builder-workspace/.derivedData/Build/Intermediates.noindex/PerfectThread.build/Debug-watchos/PerfectThread-t.build/Objects-normal/arm64/PerfectThread-Swift.h -working-directory /Users/admin/builder/spi-builder-workspace/.swiftpm/xcode -experimental-emit-module-separately -disable-cmo
SwiftDriver PerfectLib normal arm64 com.apple.xcode.tools.swift.compiler (in target 'PerfectLib' from project 'PerfectLib')
    cd /Users/admin/builder/spi-builder-workspace/.swiftpm/xcode
    builtin-SwiftDriver -- /Applications/Xcode-27.0.0-Release.Candidate.app/Contents/Developer/Toolchains/XcodeDefault.xctoolchain/usr/bin/swiftc -parse-as-library -module-name PerfectLib -Onone @/Users/admin/builder/spi-builder-workspace/.derivedData/Build/Intermediates.noindex/PerfectLib.build/Debug-watchos/PerfectLib-t.build/Objects-normal/arm64/PerfectLib.SwiftFileList -DSWIFT_PACKAGE -DDEBUG -DSWIFT_MODULE_RESOURCE_BUNDLE_UNAVAILABLE -DXcode -plugin-path /Applications/Xcode-27.0.0-Release.Candidate.app/Contents/Developer/Toolchains/XcodeDefault.xctoolchain/usr/lib/swift/host/plugins/testing -enable-experimental-feature DebugDescriptionMacro -sdk /Applications/Xcode-27.0.0-Release.Candidate.app/Contents/Developer/Platforms/WatchOS.platform/Developer/SDKs/WatchOS27.0.sdk -target arm64-apple-watchos9.0 -g -module-cache-path /Users/admin/builder/spi-builder-workspace/.derivedData/ModuleCache.noindex -Xfrontend -serialize-debugging-options -profile-coverage-mapping -profile-generate -enable-testing -suppress-warnings -index-store-path /Users/admin/builder/spi-builder-workspace/.derivedData/Index.noindex/DataStore -Xcc -D_LIBCPP_HARDENING_MODE\=_LIBCPP_HARDENING_MODE_DEBUG -swift-version 4 -I /Users/admin/builder/spi-builder-workspace/.derivedData/Build/Products/Debug-watchos -Isystem /Applications/Xcode-27.0.0-Release.Candidate.app/Contents/Developer/Platforms/WatchOS.platform/Developer/usr/lib -F /Users/admin/builder/spi-builder-workspace/.derivedData/Build/Products/Debug-watchos -F /Applications/Xcode-27.0.0-Release.Candidate.app/Contents/Developer/Platforms/WatchOS.platform/Developer/Library/Frameworks -F /Applications/Xcode-27.0.0-Release.Candidate.app/Contents/Developer/Platforms/WatchOS.platform/Developer/SDKs/WatchOS27.0.sdk/Developer/Library/Frameworks -c -j10 -enable-batch-mode -incremental -Xcc -ivfsstatcache -Xcc /Users/admin/builder/spi-builder-workspace/.derivedData/SDKStatCaches.noindex/watchos27.0-24R360-e829b21a6f8c9b70876ba0858053c04477534ef55a1706bf4c1112bbb242f0a2.sdkstatcache -output-file-map /Users/admin/builder/spi-builder-workspace/.derivedData/Build/Intermediates.noindex/PerfectLib.build/Debug-watchos/PerfectLib-t.build/Objects-normal/arm64/PerfectLib-OutputFileMap.json -save-temps -no-color-diagnostics -emit-dependencies -emit-module -emit-module-path /Users/admin/builder/spi-builder-workspace/.derivedData/Build/Intermediates.noindex/PerfectLib.build/Debug-watchos/PerfectLib-t.build/Objects-normal/arm64/PerfectLib.swiftmodule -serialize-diagnostics -validate-clang-modules-once -clang-build-session-file /Users/admin/builder/spi-builder-workspace/.derivedData/ModuleCache.noindex/Session.modulevalidation -Xcc -fmodules-prune-interval\=86400 -Xcc -fmodules-prune-after\=345600 -emit-const-values -const-gather-protocols-list /Users/admin/builder/spi-builder-workspace/.derivedData/Build/Intermediates.noindex/PerfectLib.build/Debug-watchos/PerfectLib-t.build/Objects-normal/arm64/PerfectLib_const_extract_protocols.json -Xcc -I/Users/admin/builder/spi-builder-workspace/.derivedData/Build/Products/Debug-watchos/include -Xcc -I/Users/admin/builder/spi-builder-workspace/.derivedData/Build/Intermediates.noindex/PerfectLib.build/Debug-watchos/PerfectLib-t.build/DerivedSources-normal/arm64 -Xcc -I/Users/admin/builder/spi-builder-workspace/.derivedData/Build/Intermediates.noindex/PerfectLib.build/Debug-watchos/PerfectLib-t.build/DerivedSources/arm64 -Xcc -I/Users/admin/builder/spi-builder-workspace/.derivedData/Build/Intermediates.noindex/PerfectLib.build/Debug-watchos/PerfectLib-t.build/DerivedSources -Xcc -DSWIFT_PACKAGE -Xcc -DDEBUG\=1 -emit-objc-header -emit-objc-header-path /Users/admin/builder/spi-builder-workspace/.derivedData/Build/Intermediates.noindex/PerfectLib.build/Debug-watchos/PerfectLib-t.build/Objects-normal/arm64/PerfectLib-Swift.h -working-directory /Users/admin/builder/spi-builder-workspace/.swiftpm/xcode -experimental-emit-module-separately -disable-cmo
SwiftDriver PerfectLib normal arm64_32 com.apple.xcode.tools.swift.compiler (in target 'PerfectLib' from project 'PerfectLib')
    cd /Users/admin/builder/spi-builder-workspace/.swiftpm/xcode
    builtin-SwiftDriver -- /Applications/Xcode-27.0.0-Release.Candidate.app/Contents/Developer/Toolchains/XcodeDefault.xctoolchain/usr/bin/swiftc -parse-as-library -module-name PerfectLib -Onone @/Users/admin/builder/spi-builder-workspace/.derivedData/Build/Intermediates.noindex/PerfectLib.build/Debug-watchos/PerfectLib-t.build/Objects-normal/arm64_32/PerfectLib.SwiftFileList -DSWIFT_PACKAGE -DDEBUG -DSWIFT_MODULE_RESOURCE_BUNDLE_UNAVAILABLE -DXcode -plugin-path /Applications/Xcode-27.0.0-Release.Candidate.app/Contents/Developer/Toolchains/XcodeDefault.xctoolchain/usr/lib/swift/host/plugins/testing -enable-experimental-feature DebugDescriptionMacro -sdk /Applications/Xcode-27.0.0-Release.Candidate.app/Contents/Developer/Platforms/WatchOS.platform/Developer/SDKs/WatchOS27.0.sdk -target arm64_32-apple-watchos9.0 -g -module-cache-path /Users/admin/builder/spi-builder-workspace/.derivedData/ModuleCache.noindex -Xfrontend -serialize-debugging-options -profile-coverage-mapping -profile-generate -enable-testing -suppress-warnings -index-store-path /Users/admin/builder/spi-builder-workspace/.derivedData/Index.noindex/DataStore -Xcc -D_LIBCPP_HARDENING_MODE\=_LIBCPP_HARDENING_MODE_DEBUG -swift-version 4 -I /Users/admin/builder/spi-builder-workspace/.derivedData/Build/Products/Debug-watchos -Isystem /Applications/Xcode-27.0.0-Release.Candidate.app/Contents/Developer/Platforms/WatchOS.platform/Developer/usr/lib -F /Users/admin/builder/spi-builder-workspace/.derivedData/Build/Products/Debug-watchos -F /Applications/Xcode-27.0.0-Release.Candidate.app/Contents/Developer/Platforms/WatchOS.platform/Developer/Library/Frameworks -F /Applications/Xcode-27.0.0-Release.Candidate.app/Contents/Developer/Platforms/WatchOS.platform/Developer/SDKs/WatchOS27.0.sdk/Developer/Library/Frameworks -c -j10 -enable-batch-mode -incremental -Xcc -ivfsstatcache -Xcc /Users/admin/builder/spi-builder-workspace/.derivedData/SDKStatCaches.noindex/watchos27.0-24R360-e829b21a6f8c9b70876ba0858053c04477534ef55a1706bf4c1112bbb242f0a2.sdkstatcache -output-file-map /Users/admin/builder/spi-builder-workspace/.derivedData/Build/Intermediates.noindex/PerfectLib.build/Debug-watchos/PerfectLib-t.build/Objects-normal/arm64_32/PerfectLib-OutputFileMap.json -save-temps -no-color-diagnostics -emit-dependencies -emit-module -emit-module-path /Users/admin/builder/spi-builder-workspace/.derivedData/Build/Intermediates.noindex/PerfectLib.build/Debug-watchos/PerfectLib-t.build/Objects-normal/arm64_32/PerfectLib.swiftmodule -serialize-diagnostics -validate-clang-modules-once -clang-build-session-file /Users/admin/builder/spi-builder-workspace/.derivedData/ModuleCache.noindex/Session.modulevalidation -Xcc -fmodules-prune-interval\=86400 -Xcc -fmodules-prune-after\=345600 -emit-const-values -const-gather-protocols-list /Users/admin/builder/spi-builder-workspace/.derivedData/Build/Intermediates.noindex/PerfectLib.build/Debug-watchos/PerfectLib-t.build/Objects-normal/arm64_32/PerfectLib_const_extract_protocols.json -Xcc -I/Users/admin/builder/spi-builder-workspace/.derivedData/Build/Products/Debug-watchos/include -Xcc -I/Users/admin/builder/spi-builder-workspace/.derivedData/Build/Intermediates.noindex/PerfectLib.build/Debug-watchos/PerfectLib-t.build/DerivedSources-normal/arm64_32 -Xcc -I/Users/admin/builder/spi-builder-workspace/.derivedData/Build/Intermediates.noindex/PerfectLib.build/Debug-watchos/PerfectLib-t.build/DerivedSources/arm64_32 -Xcc -I/Users/admin/builder/spi-builder-workspace/.derivedData/Build/Intermediates.noindex/PerfectLib.build/Debug-watchos/PerfectLib-t.build/DerivedSources -Xcc -DSWIFT_PACKAGE -Xcc -DDEBUG\=1 -emit-objc-header -emit-objc-header-path /Users/admin/builder/spi-builder-workspace/.derivedData/Build/Intermediates.noindex/PerfectLib.build/Debug-watchos/PerfectLib-t.build/Objects-normal/arm64_32/PerfectLib-Swift.h -working-directory /Users/admin/builder/spi-builder-workspace/.swiftpm/xcode -experimental-emit-module-separately -disable-cmo
CompileC /Users/admin/builder/spi-builder-workspace/.derivedData/Build/Intermediates.noindex/COpenSSL.build/Debug-watchos/COpenSSL-t.build/Objects-normal/arm64_32/x_.o /Users/admin/builder/spi-builder-workspace/.dependencies/checkouts/Perfect-COpenSSL/COpenSSL/x_.c normal arm64_32 c com.apple.compilers.llvm.clang.1_0.compiler (in target 'COpenSSL' from project 'COpenSSL')
    cd /Users/admin/builder/spi-builder-workspace/.swiftpm/xcode

    Using response file: /Users/admin/builder/spi-builder-workspace/.derivedData/Build/Intermediates.noindex/COpenSSL.build/Debug-watchos/COpenSSL-t.build/Objects-normal/arm64_32/7187679823f38a2a940e0043cdf9d637-common-args.resp

    /Applications/Xcode-27.0.0-Release.Candidate.app/Contents/Developer/Toolchains/XcodeDefault.xctoolchain/usr/bin/clang -x c -ivfsstatcache /Users/admin/builder/spi-builder-workspace/.derivedData/SDKStatCaches.noindex/watchos27.0-24R360-e829b21a6f8c9b70876ba0858053c04477534ef55a1706bf4c1112bbb242f0a2.sdkstatcache -target arm64_32-apple-watchos9.0 -fmessage-length\=0 -fdiagnostics-show-note-include-stack -fmacro-backtrace-limit\=0 -fno-color-diagnostics -fmodules-prune-interval\=86400 -fmodules-prune-after\=345600 -fbuild-session-file\=/Users/admin/builder/spi-builder-workspace/.derivedData/ModuleCache.noindex/Session.modulevalidation -fmodules-validate-once-per-build-session -Wnon-modular-include-in-framework-module -Werror\=non-modular-include-in-framework-module -Wno-trigraphs -Wno-missing-field-initializers -Wno-missing-prototypes -Wno-return-type -Wno-missing-braces -Wparentheses -Wswitch -Wno-unused-function -Wno-unused-label -Wno-unused-parameter -Wno-unused-variable -Wunused-value -Wno-empty-body -Wno-uninitialized -Wno-unknown-pragmas -w -Wno-shadow -Wno-four-char-constants -Wno-conversion -Wno-constant-conversion -Wno-int-conversion -Wno-bool-conversion -Wno-enum-conversion -Wno-float-conversion -Wno-non-literal-null-conversion -Wno-objc-literal-conversion -Wno-shorten-64-to-32 -Wpointer-sign -Wno-newline-eof -Wno-implicit-fallthrough -isysroot /Applications/Xcode-27.0.0-Release.Candidate.app/Contents/Developer/Platforms/WatchOS.platform/Developer/SDKs/WatchOS27.0.sdk -fstrict-aliasing -Wdeprecated-declarations -Wno-sign-conversion -Wno-infinite-recursion -Wno-comma -Wno-block-capture-autoreleasing -Wno-strict-prototypes -Wno-semicolon-before-method-body -index-store-path /Users/admin/builder/spi-builder-workspace/.derivedData/Index.noindex/DataStore @/Users/admin/builder/spi-builder-workspace/.derivedData/Build/Intermediates.noindex/COpenSSL.build/Debug-watchos/COpenSSL-t.build/Objects-normal/arm64_32/7187679823f38a2a940e0043cdf9d637-common-args.resp -MMD -MT dependencies -MF /Users/admin/builder/spi-builder-workspace/.derivedData/Build/Intermediates.noindex/COpenSSL.build/Debug-watchos/COpenSSL-t.build/Objects-normal/arm64_32/x_.d --serialize-diagnostics /Users/admin/builder/spi-builder-workspace/.derivedData/Build/Intermediates.noindex/COpenSSL.build/Debug-watchos/COpenSSL-t.build/Objects-normal/arm64_32/x_.dia -c /Users/admin/builder/spi-builder-workspace/.dependencies/checkouts/Perfect-COpenSSL/COpenSSL/x_.c -o /Users/admin/builder/spi-builder-workspace/.derivedData/Build/Intermediates.noindex/COpenSSL.build/Debug-watchos/COpenSSL-t.build/Objects-normal/arm64_32/x_.o -index-unit-output-path /COpenSSL.build/Debug-watchos/COpenSSL-t.build/Objects-normal/arm64_32/x_.o
CompileC /Users/admin/builder/spi-builder-workspace/.derivedData/Build/Intermediates.noindex/COpenSSL.build/Debug-watchos/COpenSSL-t.build/Objects-normal/arm64_32/x509type.o /Users/admin/builder/spi-builder-workspace/.dependencies/checkouts/Perfect-COpenSSL/COpenSSL/x509type.c normal arm64_32 c com.apple.compilers.llvm.clang.1_0.compiler (in target 'COpenSSL' from project 'COpenSSL')
    cd /Users/admin/builder/spi-builder-workspace/.swiftpm/xcode

    Using response file: /Users/admin/builder/spi-builder-workspace/.derivedData/Build/Intermediates.noindex/COpenSSL.build/Debug-watchos/COpenSSL-t.build/Objects-normal/arm64_32/7187679823f38a2a940e0043cdf9d637-common-args.resp

    /Applications/Xcode-27.0.0-Release.Candidate.app/Contents/Developer/Toolchains/XcodeDefault.xctoolchain/usr/bin/clang -x c -ivfsstatcache /Users/admin/builder/spi-builder-workspace/.derivedData/SDKStatCaches.noindex/watchos27.0-24R360-e829b21a6f8c9b70876ba0858053c04477534ef55a1706bf4c1112bbb242f0a2.sdkstatcache -target arm64_32-apple-watchos9.0 -fmessage-length\=0 -fdiagnostics-show-note-include-stack -fmacro-backtrace-limit\=0 -fno-color-diagnostics -fmodules-prune-interval\=86400 -fmodules-prune-after\=345600 -fbuild-session-file\=/Users/admin/builder/spi-builder-workspace/.derivedData/ModuleCache.noindex/Session.modulevalidation -fmodules-validate-once-per-build-session -Wnon-modular-include-in-framework-module -Werror\=non-modular-include-in-framework-module -Wno-trigraphs -Wno-missing-field-initializers -Wno-missing-prototypes -Wno-return-type -Wno-missing-braces -Wparentheses -Wswitch -Wno-unused-function -Wno-unused-label -Wno-unused-parameter -Wno-unused-variable -Wunused-value -Wno-empty-body -Wno-uninitialized -Wno-unknown-pragmas -w -Wno-shadow -Wno-four-char-constants -Wno-conversion -Wno-constant-conversion -Wno-int-conversion -Wno-bool-conversion -Wno-enum-conversion -Wno-float-conversion -Wno-non-literal-null-conversion -Wno-objc-literal-conversion -Wno-shorten-64-to-32 -Wpointer-sign -Wno-newline-eof -Wno-implicit-fallthrough -isysroot /Applications/Xcode-27.0.0-Release.Candidate.app/Contents/Developer/Platforms/WatchOS.platform/Developer/SDKs/WatchOS27.0.sdk -fstrict-aliasing -Wdeprecated-declarations -Wno-sign-conversion -Wno-infinite-recursion -Wno-comma -Wno-block-capture-autoreleasing -Wno-strict-prototypes -Wno-semicolon-before-method-body -index-store-path /Users/admin/builder/spi-builder-workspace/.derivedData/Index.noindex/DataStore @/Users/admin/builder/spi-builder-workspace/.derivedData/Build/Intermediates.noindex/COpenSSL.build/Debug-watchos/COpenSSL-t.build/Objects-normal/arm64_32/7187679823f38a2a940e0043cdf9d637-common-args.resp -MMD -MT dependencies -MF /Users/admin/builder/spi-builder-workspace/.derivedData/Build/Intermediates.noindex/COpenSSL.build/Debug-watchos/COpenSSL-t.build/Objects-normal/arm64_32/x509type.d --serialize-diagnostics /Users/admin/builder/spi-builder-workspace/.derivedData/Build/Intermediates.noindex/COpenSSL.build/Debug-watchos/COpenSSL-t.build/Objects-normal/arm64_32/x509type.dia -c /Users/admin/builder/spi-builder-workspace/.dependencies/checkouts/Perfect-COpenSSL/COpenSSL/x509type.c -o /Users/admin/builder/spi-builder-workspace/.derivedData/Build/Intermediates.noindex/COpenSSL.build/Debug-watchos/COpenSSL-t.build/Objects-normal/arm64_32/x509type.o -index-unit-output-path /COpenSSL.build/Debug-watchos/COpenSSL-t.build/Objects-normal/arm64_32/x509type.o
CompileC /Users/admin/builder/spi-builder-workspace/.derivedData/Build/Intermediates.noindex/COpenSSL.build/Debug-watchos/COpenSSL-t.build/Objects-normal/arm64_32/x509spki.o /Users/admin/builder/spi-builder-workspace/.dependencies/checkouts/Perfect-COpenSSL/COpenSSL/x509spki.c normal arm64_32 c com.apple.compilers.llvm.clang.1_0.compiler (in target 'COpenSSL' from project 'COpenSSL')
    cd /Users/admin/builder/spi-builder-workspace/.swiftpm/xcode

    Using response file: /Users/admin/builder/spi-builder-workspace/.derivedData/Build/Intermediates.noindex/COpenSSL.build/Debug-watchos/COpenSSL-t.build/Objects-normal/arm64_32/7187679823f38a2a940e0043cdf9d637-common-args.resp

    /Applications/Xcode-27.0.0-Release.Candidate.app/Contents/Developer/Toolchains/XcodeDefault.xctoolchain/usr/bin/clang -x c -ivfsstatcache /Users/admin/builder/spi-builder-workspace/.derivedData/SDKStatCaches.noindex/watchos27.0-24R360-e829b21a6f8c9b70876ba0858053c04477534ef55a1706bf4c1112bbb242f0a2.sdkstatcache -target arm64_32-apple-watchos9.0 -fmessage-length\=0 -fdiagnostics-show-note-include-stack -fmacro-backtrace-limit\=0 -fno-color-diagnostics -fmodules-prune-interval\=86400 -fmodules-prune-after\=345600 -fbuild-session-file\=/Users/admin/builder/spi-builder-workspace/.derivedData/ModuleCache.noindex/Session.modulevalidation -fmodules-validate-once-per-build-session -Wnon-modular-include-in-framework-module -Werror\=non-modular-include-in-framework-module -Wno-trigraphs -Wno-missing-field-initializers -Wno-missing-prototypes -Wno-return-type -Wno-missing-braces -Wparentheses -Wswitch -Wno-unused-function -Wno-unused-label -Wno-unused-parameter -Wno-unused-variable -Wunused-value -Wno-empty-body -Wno-uninitialized -Wno-unknown-pragmas -w -Wno-shadow -Wno-four-char-constants -Wno-conversion -Wno-constant-conversion -Wno-int-conversion -Wno-bool-conversion -Wno-enum-conversion -Wno-float-conversion -Wno-non-literal-null-conversion -Wno-objc-literal-conversion -Wno-shorten-64-to-32 -Wpointer-sign -Wno-newline-eof -Wno-implicit-fallthrough -isysroot /Applications/Xcode-27.0.0-Release.Candidate.app/Contents/Developer/Platforms/WatchOS.platform/Developer/SDKs/WatchOS27.0.sdk -fstrict-aliasing -Wdeprecated-declarations -Wno-sign-conversion -Wno-infinite-recursion -Wno-comma -Wno-block-capture-autoreleasing -Wno-strict-prototypes -Wno-semicolon-before-method-body -index-store-path /Users/admin/builder/spi-builder-workspace/.derivedData/Index.noindex/DataStore @/Users/admin/builder/spi-builder-workspace/.derivedData/Build/Intermediates.noindex/COpenSSL.build/Debug-watchos/COpenSSL-t.build/Objects-normal/arm64_32/7187679823f38a2a940e0043cdf9d637-common-args.resp -MMD -MT dependencies -MF /Users/admin/builder/spi-builder-workspace/.derivedData/Build/Intermediates.noindex/COpenSSL.build/Debug-watchos/COpenSSL-t.build/Objects-normal/arm64_32/x509spki.d --serialize-diagnostics /Users/admin/builder/spi-builder-workspace/.derivedData/Build/Intermediates.noindex/COpenSSL.build/Debug-watchos/COpenSSL-t.build/Objects-normal/arm64_32/x509spki.dia -c /Users/admin/builder/spi-builder-workspace/.dependencies/checkouts/Perfect-COpenSSL/COpenSSL/x509spki.c -o /Users/admin/builder/spi-builder-workspace/.derivedData/Build/Intermediates.noindex/COpenSSL.build/Debug-watchos/COpenSSL-t.build/Objects-normal/arm64_32/x509spki.o -index-unit-output-path /COpenSSL.build/Debug-watchos/COpenSSL-t.build/Objects-normal/arm64_32/x509spki.o
CompileC /Users/admin/builder/spi-builder-workspace/.derivedData/Build/Intermediates.noindex/COpenSSL.build/Debug-watchos/COpenSSL-t.build/Objects-normal/arm64_32/x509rset.o /Users/admin/builder/spi-builder-workspace/.dependencies/checkouts/Perfect-COpenSSL/COpenSSL/x509rset.c normal arm64_32 c com.apple.compilers.llvm.clang.1_0.compiler (in target 'COpenSSL' from project 'COpenSSL')
    cd /Users/admin/builder/spi-builder-workspace/.swiftpm/xcode

    Using response file: /Users/admin/builder/spi-builder-workspace/.derivedData/Build/Intermediates.noindex/COpenSSL.build/Debug-watchos/COpenSSL-t.build/Objects-normal/arm64_32/7187679823f38a2a940e0043cdf9d637-common-args.resp

    /Applications/Xcode-27.0.0-Release.Candidate.app/Contents/Developer/Toolchains/XcodeDefault.xctoolchain/usr/bin/clang -x c -ivfsstatcache /Users/admin/builder/spi-builder-workspace/.derivedData/SDKStatCaches.noindex/watchos27.0-24R360-e829b21a6f8c9b70876ba0858053c04477534ef55a1706bf4c1112bbb242f0a2.sdkstatcache -target arm64_32-apple-watchos9.0 -fmessage-length\=0 -fdiagnostics-show-note-include-stack -fmacro-backtrace-limit\=0 -fno-color-diagnostics -fmodules-prune-interval\=86400 -fmodules-prune-after\=345600 -fbuild-session-file\=/Users/admin/builder/spi-builder-workspace/.derivedData/ModuleCache.noindex/Session.modulevalidation -fmodules-validate-once-per-build-session -Wnon-modular-include-in-framework-module -Werror\=non-modular-include-in-framework-module -Wno-trigraphs -Wno-missing-field-initializers -Wno-missing-prototypes -Wno-return-type -Wno-missing-braces -Wparentheses -Wswitch -Wno-unused-function -Wno-unused-label -Wno-unused-parameter -Wno-unused-variable -Wunused-value -Wno-empty-body -Wno-uninitialized -Wno-unknown-pragmas -w -Wno-shadow -Wno-four-char-constants -Wno-conversion -Wno-constant-conversion -Wno-int-conversion -Wno-bool-conversion -Wno-enum-conversion -Wno-float-conversion -Wno-non-literal-null-conversion -Wno-objc-literal-conversion -Wno-shorten-64-to-32 -Wpointer-sign -Wno-newline-eof -Wno-implicit-fallthrough -isysroot /Applications/Xcode-27.0.0-Release.Candidate.app/Contents/Developer/Platforms/WatchOS.platform/Developer/SDKs/WatchOS27.0.sdk -fstrict-aliasing -Wdeprecated-declarations -Wno-sign-conversion -Wno-infinite-recursion -Wno-comma -Wno-block-capture-autoreleasing -Wno-strict-prototypes -Wno-semicolon-before-method-body -index-store-path /Users/admin/builder/spi-builder-workspace/.derivedData/Index.noindex/DataStore @/Users/admin/builder/spi-builder-workspace/.derivedData/Build/Intermediates.noindex/COpenSSL.build/Debug-watchos/COpenSSL-t.build/Objects-normal/arm64_32/7187679823f38a2a940e0043cdf9d637-common-args.resp -MMD -MT dependencies -MF /Users/admin/builder/spi-builder-workspace/.derivedData/Build/Intermediates.noindex/COpenSSL.build/Debug-watchos/COpenSSL-t.build/Objects-normal/arm64_32/x509rset.d --serialize-diagnostics /Users/admin/builder/spi-builder-workspace/.derivedData/Build/Intermediates.noindex/COpenSSL.build/Debug-watchos/COpenSSL-t.build/Objects-normal/arm64_32/x509rset.dia -c /Users/admin/builder/spi-builder-workspace/.dependencies/checkouts/Perfect-COpenSSL/COpenSSL/x509rset.c -o /Users/admin/builder/spi-builder-workspace/.derivedData/Build/Intermediates.noindex/COpenSSL.build/Debug-watchos/COpenSSL-t.build/Objects-normal/arm64_32/x509rset.o -index-unit-output-path /COpenSSL.build/Debug-watchos/COpenSSL-t.build/Objects-normal/arm64_32/x509rset.o
CompileC /Users/admin/builder/spi-builder-workspace/.derivedData/Build/Intermediates.noindex/COpenSSL.build/Debug-watchos/COpenSSL-t.build/Objects-normal/arm64_32/x509name.o /Users/admin/builder/spi-builder-workspace/.dependencies/checkouts/Perfect-COpenSSL/COpenSSL/x509name.c normal arm64_32 c com.apple.compilers.llvm.clang.1_0.compiler (in target 'COpenSSL' from project 'COpenSSL')
    cd /Users/admin/builder/spi-builder-workspace/.swiftpm/xcode

    Using response file: /Users/admin/builder/spi-builder-workspace/.derivedData/Build/Intermediates.noindex/COpenSSL.build/Debug-watchos/COpenSSL-t.build/Objects-normal/arm64_32/7187679823f38a2a940e0043cdf9d637-common-args.resp

    /Applications/Xcode-27.0.0-Release.Candidate.app/Contents/Developer/Toolchains/XcodeDefault.xctoolchain/usr/bin/clang -x c -ivfsstatcache /Users/admin/builder/spi-builder-workspace/.derivedData/SDKStatCaches.noindex/watchos27.0-24R360-e829b21a6f8c9b70876ba0858053c04477534ef55a1706bf4c1112bbb242f0a2.sdkstatcache -target arm64_32-apple-watchos9.0 -fmessage-length\=0 -fdiagnostics-show-note-include-stack -fmacro-backtrace-limit\=0 -fno-color-diagnostics -fmodules-prune-interval\=86400 -fmodules-prune-after\=345600 -fbuild-session-file\=/Users/admin/builder/spi-builder-workspace/.derivedData/ModuleCache.noindex/Session.modulevalidation -fmodules-validate-once-per-build-session -Wnon-modular-include-in-framework-module -Werror\=non-modular-include-in-framework-module -Wno-trigraphs -Wno-missing-field-initializers -Wno-missing-prototypes -Wno-return-type -Wno-missing-braces -Wparentheses -Wswitch -Wno-unused-function -Wno-unused-label -Wno-unused-parameter -Wno-unused-variable -Wunused-value -Wno-empty-body -Wno-uninitialized -Wno-unknown-pragmas -w -Wno-shadow -Wno-four-char-constants -Wno-conversion -Wno-constant-conversion -Wno-int-conversion -Wno-bool-conversion -Wno-enum-conversion -Wno-float-conversion -Wno-non-literal-null-conversion -Wno-objc-literal-conversion -Wno-shorten-64-to-32 -Wpointer-sign -Wno-newline-eof -Wno-implicit-fallthrough -isysroot /Applications/Xcode-27.0.0-Release.Candidate.app/Contents/Developer/Platforms/WatchOS.platform/Developer/SDKs/WatchOS27.0.sdk -fstrict-aliasing -Wdeprecated-declarations -Wno-sign-conversion -Wno-infinite-recursion -Wno-comma -Wno-block-capture-autoreleasing -Wno-strict-prototypes -Wno-semicolon-before-method-body -index-store-path /Users/admin/builder/spi-builder-workspace/.derivedData/Index.noindex/DataStore @/Users/admin/builder/spi-builder-workspace/.derivedData/Build/Intermediates.noindex/COpenSSL.build/Debug-watchos/COpenSSL-t.build/Objects-normal/arm64_32/7187679823f38a2a940e0043cdf9d637-common-args.resp -MMD -MT dependencies -MF /Users/admin/builder/spi-builder-workspace/.derivedData/Build/Intermediates.noindex/COpenSSL.build/Debug-watchos/COpenSSL-t.build/Objects-normal/arm64_32/x509name.d --serialize-diagnostics /Users/admin/builder/spi-builder-workspace/.derivedData/Build/Intermediates.noindex/COpenSSL.build/Debug-watchos/COpenSSL-t.build/Objects-normal/arm64_32/x509name.dia -c /Users/admin/builder/spi-builder-workspace/.dependencies/checkouts/Perfect-COpenSSL/COpenSSL/x509name.c -o /Users/admin/builder/spi-builder-workspace/.derivedData/Build/Intermediates.noindex/COpenSSL.build/Debug-watchos/COpenSSL-t.build/Objects-normal/arm64_32/x509name.o -index-unit-output-path /COpenSSL.build/Debug-watchos/COpenSSL-t.build/Objects-normal/arm64_32/x509name.o
CompileC /Users/admin/builder/spi-builder-workspace/.derivedData/Build/Intermediates.noindex/COpenSSL.build/Debug-watchos/COpenSSL-t.build/Objects-normal/arm64_32/x509cset.o /Users/admin/builder/spi-builder-workspace/.dependencies/checkouts/Perfect-COpenSSL/COpenSSL/x509cset.c normal arm64_32 c com.apple.compilers.llvm.clang.1_0.compiler (in target 'COpenSSL' from project 'COpenSSL')
    cd /Users/admin/builder/spi-builder-workspace/.swiftpm/xcode

    Using response file: /Users/admin/builder/spi-builder-workspace/.derivedData/Build/Intermediates.noindex/COpenSSL.build/Debug-watchos/COpenSSL-t.build/Objects-normal/arm64_32/7187679823f38a2a940e0043cdf9d637-common-args.resp

    /Applications/Xcode-27.0.0-Release.Candidate.app/Contents/Developer/Toolchains/XcodeDefault.xctoolchain/usr/bin/clang -x c -ivfsstatcache /Users/admin/builder/spi-builder-workspace/.derivedData/SDKStatCaches.noindex/watchos27.0-24R360-e829b21a6f8c9b70876ba0858053c04477534ef55a1706bf4c1112bbb242f0a2.sdkstatcache -target arm64_32-apple-watchos9.0 -fmessage-length\=0 -fdiagnostics-show-note-include-stack -fmacro-backtrace-limit\=0 -fno-color-diagnostics -fmodules-prune-interval\=86400 -fmodules-prune-after\=345600 -fbuild-session-file\=/Users/admin/builder/spi-builder-workspace/.derivedData/ModuleCache.noindex/Session.modulevalidation -fmodules-validate-once-per-build-session -Wnon-modular-include-in-framework-module -Werror\=non-modular-include-in-framework-module -Wno-trigraphs -Wno-missing-field-initializers -Wno-missing-prototypes -Wno-return-type -Wno-missing-braces -Wparentheses -Wswitch -Wno-unused-function -Wno-unused-label -Wno-unused-parameter -Wno-unused-variable -Wunused-value -Wno-empty-body -Wno-uninitialized -Wno-unknown-pragmas -w -Wno-shadow -Wno-four-char-constants -Wno-conversion -Wno-constant-conversion -Wno-int-conversion -Wno-bool-conversion -Wno-enum-conversion -Wno-float-conversion -Wno-non-literal-null-conversion -Wno-objc-literal-conversion -Wno-shorten-64-to-32 -Wpointer-sign -Wno-newline-eof -Wno-implicit-fallthrough -isysroot /Applications/Xcode-27.0.0-Release.Candidate.app/Contents/Developer/Platforms/WatchOS.platform/Developer/SDKs/WatchOS27.0.sdk -fstrict-aliasing -Wdeprecated-declarations -Wno-sign-conversion -Wno-infinite-recursion -Wno-comma -Wno-block-capture-autoreleasing -Wno-strict-prototypes -Wno-semicolon-before-method-body -index-store-path /Users/admin/builder/spi-builder-workspace/.derivedData/Index.noindex/DataStore @/Users/admin/builder/spi-builder-workspace/.derivedData/Build/Intermediates.noindex/COpenSSL.build/Debug-watchos/COpenSSL-t.build/Objects-normal/arm64_32/7187679823f38a2a940e0043cdf9d637-common-args.resp -MMD -MT dependencies -MF /Users/admin/builder/spi-builder-workspace/.derivedData/Build/Intermediates.noindex/COpenSSL.build/Debug-watchos/COpenSSL-t.build/Objects-normal/arm64_32/x509cset.d --serialize-diagnostics /Users/admin/builder/spi-builder-workspace/.derivedData/Build/Intermediates.noindex/COpenSSL.build/Debug-watchos/COpenSSL-t.build/Objects-normal/arm64_32/x509cset.dia -c /Users/admin/builder/spi-builder-workspace/.dependencies/checkouts/Perfect-COpenSSL/COpenSSL/x509cset.c -o /Users/admin/builder/spi-builder-workspace/.derivedData/Build/Intermediates.noindex/COpenSSL.build/Debug-watchos/COpenSSL-t.build/Objects-normal/arm64_32/x509cset.o -index-unit-output-path /COpenSSL.build/Debug-watchos/COpenSSL-t.build/Objects-normal/arm64_32/x509cset.o
CompileC /Users/admin/builder/spi-builder-workspace/.derivedData/Build/Intermediates.noindex/COpenSSL.build/Debug-watchos/COpenSSL-t.build/Objects-normal/arm64_32/x509_.o /Users/admin/builder/spi-builder-workspace/.dependencies/checkouts/Perfect-COpenSSL/COpenSSL/x509_.c normal arm64_32 c com.apple.compilers.llvm.clang.1_0.compiler (in target 'COpenSSL' from project 'COpenSSL')
    cd /Users/admin/builder/spi-builder-workspace/.swiftpm/xcode

    Using response file: /Users/admin/builder/spi-builder-workspace/.derivedData/Build/Intermediates.noindex/COpenSSL.build/Debug-watchos/COpenSSL-t.build/Objects-normal/arm64_32/7187679823f38a2a940e0043cdf9d637-common-args.resp

    /Applications/Xcode-27.0.0-Release.Candidate.app/Contents/Developer/Toolchains/XcodeDefault.xctoolchain/usr/bin/clang -x c -ivfsstatcache /Users/admin/builder/spi-builder-workspace/.derivedData/SDKStatCaches.noindex/watchos27.0-24R360-e829b21a6f8c9b70876ba0858053c04477534ef55a1706bf4c1112bbb242f0a2.sdkstatcache -target arm64_32-apple-watchos9.0 -fmessage-length\=0 -fdiagnostics-show-note-include-stack -fmacro-backtrace-limit\=0 -fno-color-diagnostics -fmodules-prune-interval\=86400 -fmodules-prune-after\=345600 -fbuild-session-file\=/Users/admin/builder/spi-builder-workspace/.derivedData/ModuleCache.noindex/Session.modulevalidation -fmodules-validate-once-per-build-session -Wnon-modular-include-in-framework-module -Werror\=non-modular-include-in-framework-module -Wno-trigraphs -Wno-missing-field-initializers -Wno-missing-prototypes -Wno-return-type -Wno-missing-braces -Wparentheses -Wswitch -Wno-unused-function -Wno-unused-label -Wno-unused-parameter -Wno-unused-variable -Wunused-value -Wno-empty-body -Wno-uninitialized -Wno-unknown-pragmas -w -Wno-shadow -Wno-four-char-constants -Wno-conversion -Wno-constant-conversion -Wno-int-conversion -Wno-bool-conversion -Wno-enum-conversion -Wno-float-conversion -Wno-non-literal-null-conversion -Wno-objc-literal-conversion -Wno-shorten-64-to-32 -Wpointer-sign -Wno-newline-eof -Wno-implicit-fallthrough -isysroot /Applications/Xcode-27.0.0-Release.Candidate.app/Contents/Developer/Platforms/WatchOS.platform/Developer/SDKs/WatchOS27.0.sdk -fstrict-aliasing -Wdeprecated-declarations -Wno-sign-conversion -Wno-infinite-recursion -Wno-comma -Wno-block-capture-autoreleasing -Wno-strict-prototypes -Wno-semicolon-before-method-body -index-store-path /Users/admin/builder/spi-builder-workspace/.derivedData/Index.noindex/DataStore @/Users/admin/builder/spi-builder-workspace/.derivedData/Build/Intermediates.noindex/COpenSSL.build/Debug-watchos/COpenSSL-t.build/Objects-normal/arm64_32/7187679823f38a2a940e0043cdf9d637-common-args.resp -MMD -MT dependencies -MF /Users/admin/builder/spi-builder-workspace/.derivedData/Build/Intermediates.noindex/COpenSSL.build/Debug-watchos/COpenSSL-t.build/Objects-normal/arm64_32/x509_.d --serialize-diagnostics /Users/admin/builder/spi-builder-workspace/.derivedData/Build/Intermediates.noindex/COpenSSL.build/Debug-watchos/COpenSSL-t.build/Objects-normal/arm64_32/x509_.dia -c /Users/admin/builder/spi-builder-workspace/.dependencies/checkouts/Perfect-COpenSSL/COpenSSL/x509_.c -o /Users/admin/builder/spi-builder-workspace/.derivedData/Build/Intermediates.noindex/COpenSSL.build/Debug-watchos/COpenSSL-t.build/Objects-normal/arm64_32/x509_.o -index-unit-output-path /COpenSSL.build/Debug-watchos/COpenSSL-t.build/Objects-normal/arm64_32/x509_.o
CompileC /Users/admin/builder/spi-builder-workspace/.derivedData/Build/Intermediates.noindex/COpenSSL.build/Debug-watchos/COpenSSL-t.build/Objects-normal/arm64_32/wrap128.o /Users/admin/builder/spi-builder-workspace/.dependencies/checkouts/Perfect-COpenSSL/COpenSSL/wrap128.c normal arm64_32 c com.apple.compilers.llvm.clang.1_0.compiler (in target 'COpenSSL' from project 'COpenSSL')
    cd /Users/admin/builder/spi-builder-workspace/.swiftpm/xcode

    Using response file: /Users/admin/builder/spi-builder-workspace/.derivedData/Build/Intermediates.noindex/COpenSSL.build/Debug-watchos/COpenSSL-t.build/Objects-normal/arm64_32/7187679823f38a2a940e0043cdf9d637-common-args.resp

    /Applications/Xcode-27.0.0-Release.Candidate.app/Contents/Developer/Toolchains/XcodeDefault.xctoolchain/usr/bin/clang -x c -ivfsstatcache /Users/admin/builder/spi-builder-workspace/.derivedData/SDKStatCaches.noindex/watchos27.0-24R360-e829b21a6f8c9b70876ba0858053c04477534ef55a1706bf4c1112bbb242f0a2.sdkstatcache -target arm64_32-apple-watchos9.0 -fmessage-length\=0 -fdiagnostics-show-note-include-stack -fmacro-backtrace-limit\=0 -fno-color-diagnostics -fmodules-prune-interval\=86400 -fmodules-prune-after\=345600 -fbuild-session-file\=/Users/admin/builder/spi-builder-workspace/.derivedData/ModuleCache.noindex/Session.modulevalidation -fmodules-validate-once-per-build-session -Wnon-modular-include-in-framework-module -Werror\=non-modular-include-in-framework-module -Wno-trigraphs -Wno-missing-field-initializers -Wno-missing-prototypes -Wno-return-type -Wno-missing-braces -Wparentheses -Wswitch -Wno-unused-function -Wno-unused-label -Wno-unused-parameter -Wno-unused-variable -Wunused-value -Wno-empty-body -Wno-uninitialized -Wno-unknown-pragmas -w -Wno-shadow -Wno-four-char-constants -Wno-conversion -Wno-constant-conversion -Wno-int-conversion -Wno-bool-conversion -Wno-enum-conversion -Wno-float-conversion -Wno-non-literal-null-conversion -Wno-objc-literal-conversion -Wno-shorten-64-to-32 -Wpointer-sign -Wno-newline-eof -Wno-implicit-fallthrough -isysroot /Applications/Xcode-27.0.0-Release.Candidate.app/Contents/Developer/Platforms/WatchOS.platform/Developer/SDKs/WatchOS27.0.sdk -fstrict-aliasing -Wdeprecated-declarations -Wno-sign-conversion -Wno-infinite-recursion -Wno-comma -Wno-block-capture-autoreleasing -Wno-strict-prototypes -Wno-semicolon-before-method-body -index-store-path /Users/admin/builder/spi-builder-workspace/.derivedData/Index.noindex/DataStore @/Users/admin/builder/spi-builder-workspace/.derivedData/Build/Intermediates.noindex/COpenSSL.build/Debug-watchos/COpenSSL-t.build/Objects-normal/arm64_32/7187679823f38a2a940e0043cdf9d637-common-args.resp -MMD -MT dependencies -MF /Users/admin/builder/spi-builder-workspace/.derivedData/Build/Intermediates.noindex/COpenSSL.build/Debug-watchos/COpenSSL-t.build/Objects-normal/arm64_32/wrap128.d --serialize-diagnostics /Users/admin/builder/spi-builder-workspace/.derivedData/Build/Intermediates.noindex/COpenSSL.build/Debug-watchos/COpenSSL-t.build/Objects-normal/arm64_32/wrap128.dia -c /Users/admin/builder/spi-builder-workspace/.dependencies/checkouts/Perfect-COpenSSL/COpenSSL/wrap128.c -o /Users/admin/builder/spi-builder-workspace/.derivedData/Build/Intermediates.noindex/COpenSSL.build/Debug-watchos/COpenSSL-t.build/Objects-normal/arm64_32/wrap128.o -index-unit-output-path /COpenSSL.build/Debug-watchos/COpenSSL-t.build/Objects-normal/arm64_32/wrap128.o
SwiftEmitModule normal arm64_32 Emitting\ module\ for\ PerfectThread (in target 'PerfectThread' from project 'PerfectThread')
SwiftCompile normal arm64_32 (in target 'PerfectThread' from project 'PerfectThread')
    cd /Users/admin/builder/spi-builder-workspace/.swiftpm/xcode

SwiftEmitModule normal arm64 Emitting\ module\ for\ PerfectThread (in target 'PerfectThread' from project 'PerfectThread')
SwiftCompile normal arm64 (in target 'PerfectThread' from project 'PerfectThread')
    cd /Users/admin/builder/spi-builder-workspace/.swiftpm/xcode

SwiftEmitModule normal arm64_32 Emitting\ module\ for\ PerfectLib (in target 'PerfectLib' from project 'PerfectLib')
/Users/admin/builder/spi-builder-workspace/.dependencies/checkouts/PerfectLib/Sources/PerfectLib/SysProcess.swift:102:3: error: 'posix_spawn_file_actions_init' is unavailable in watchOS
100 |         var spawnRes = 0
101 |     #else
102 | 		posix_spawn_file_actions_init(&action);
    |   `- error: 'posix_spawn_file_actions_init' is unavailable in watchOS
103 | 		posix_spawn_file_actions_adddup2(&action, fSTDOUT[1], STDOUT_FILENO);
104 | 		posix_spawn_file_actions_adddup2(&action, fSTDIN[0], STDIN_FILENO);
/Applications/Xcode-27.0.0-Release.Candidate.app/Contents/Developer/Platforms/WatchOS.platform/Developer/SDKs/WatchOS27.0.sdk/usr/include/spawn.h:89:9: note: 'posix_spawn_file_actions_init' has been explicitly marked unavailable here
 87 | int     posix_spawn_file_actions_destroy(posix_spawn_file_actions_t *) __API_AVAILABLE(macos(10.5), ios(2.0)) __API_UNAVAILABLE(watchos, tvos);
 88 |
 89 | int     posix_spawn_file_actions_init(posix_spawn_file_actions_t *) __API_AVAILABLE(macos(10.5), ios(2.0)) __API_UNAVAILABLE(watchos, tvos);
    |         `- note: 'posix_spawn_file_actions_init' has been explicitly marked unavailable here
 90 |
 91 | int     posix_spawnattr_destroy(posix_spawnattr_t *) __API_AVAILABLE(macos(10.5), ios(2.0)) __API_UNAVAILABLE(watchos, tvos);
/Users/admin/builder/spi-builder-workspace/.dependencies/checkouts/PerfectLib/Sources/PerfectLib/SysProcess.swift:103:3: error: 'posix_spawn_file_actions_adddup2' is unavailable in watchOS
101 |     #else
102 | 		posix_spawn_file_actions_init(&action);
103 | 		posix_spawn_file_actions_adddup2(&action, fSTDOUT[1], STDOUT_FILENO);
    |   `- error: 'posix_spawn_file_actions_adddup2' is unavailable in watchOS
104 | 		posix_spawn_file_actions_adddup2(&action, fSTDIN[0], STDIN_FILENO);
105 | 		posix_spawn_file_actions_adddup2(&action, fSTDERR[1], STDERR_FILENO);
/Applications/Xcode-27.0.0-Release.Candidate.app/Contents/Developer/Platforms/WatchOS.platform/Developer/SDKs/WatchOS27.0.sdk/usr/include/spawn.h:80:9: note: 'posix_spawn_file_actions_adddup2' has been explicitly marked unavailable here
 78 | int     posix_spawn_file_actions_addclose(posix_spawn_file_actions_t *, int) __API_AVAILABLE(macos(10.5), ios(2.0)) __API_UNAVAILABLE(watchos, tvos);
 79 |
 80 | int     posix_spawn_file_actions_adddup2(posix_spawn_file_actions_t *, int,
    |         `- note: 'posix_spawn_file_actions_adddup2' has been explicitly marked unavailable here
 81 |     int) __API_AVAILABLE(macos(10.5), ios(2.0)) __API_UNAVAILABLE(watchos, tvos);
 82 |
/Users/admin/builder/spi-builder-workspace/.dependencies/checkouts/PerfectLib/Sources/PerfectLib/SysProcess.swift:104:3: error: 'posix_spawn_file_actions_adddup2' is unavailable in watchOS
102 | 		posix_spawn_file_actions_init(&action);
103 | 		posix_spawn_file_actions_adddup2(&action, fSTDOUT[1], STDOUT_FILENO);
104 | 		posix_spawn_file_actions_adddup2(&action, fSTDIN[0], STDIN_FILENO);
    |   `- error: 'posix_spawn_file_actions_adddup2' is unavailable in watchOS
105 | 		posix_spawn_file_actions_adddup2(&action, fSTDERR[1], STDERR_FILENO);
106 |
/Applications/Xcode-27.0.0-Release.Candidate.app/Contents/Developer/Platforms/WatchOS.platform/Developer/SDKs/WatchOS27.0.sdk/usr/include/spawn.h:80:9: note: 'posix_spawn_file_actions_adddup2' has been explicitly marked unavailable here
 78 | int     posix_spawn_file_actions_addclose(posix_spawn_file_actions_t *, int) __API_AVAILABLE(macos(10.5), ios(2.0)) __API_UNAVAILABLE(watchos, tvos);
 79 |
 80 | int     posix_spawn_file_actions_adddup2(posix_spawn_file_actions_t *, int,
    |         `- note: 'posix_spawn_file_actions_adddup2' has been explicitly marked unavailable here
 81 |     int) __API_AVAILABLE(macos(10.5), ios(2.0)) __API_UNAVAILABLE(watchos, tvos);
 82 |
/Users/admin/builder/spi-builder-workspace/.dependencies/checkouts/PerfectLib/Sources/PerfectLib/SysProcess.swift:105:3: error: 'posix_spawn_file_actions_adddup2' is unavailable in watchOS
103 | 		posix_spawn_file_actions_adddup2(&action, fSTDOUT[1], STDOUT_FILENO);
104 | 		posix_spawn_file_actions_adddup2(&action, fSTDIN[0], STDIN_FILENO);
105 | 		posix_spawn_file_actions_adddup2(&action, fSTDERR[1], STDERR_FILENO);
    |   `- error: 'posix_spawn_file_actions_adddup2' is unavailable in watchOS
106 |
107 | 		posix_spawn_file_actions_addclose(&action, fSTDOUT[0]);
/Applications/Xcode-27.0.0-Release.Candidate.app/Contents/Developer/Platforms/WatchOS.platform/Developer/SDKs/WatchOS27.0.sdk/usr/include/spawn.h:80:9: note: 'posix_spawn_file_actions_adddup2' has been explicitly marked unavailable here
 78 | int     posix_spawn_file_actions_addclose(posix_spawn_file_actions_t *, int) __API_AVAILABLE(macos(10.5), ios(2.0)) __API_UNAVAILABLE(watchos, tvos);
 79 |
 80 | int     posix_spawn_file_actions_adddup2(posix_spawn_file_actions_t *, int,
    |         `- note: 'posix_spawn_file_actions_adddup2' has been explicitly marked unavailable here
 81 |     int) __API_AVAILABLE(macos(10.5), ios(2.0)) __API_UNAVAILABLE(watchos, tvos);
 82 |
/Users/admin/builder/spi-builder-workspace/.dependencies/checkouts/PerfectLib/Sources/PerfectLib/SysProcess.swift:107:3: error: 'posix_spawn_file_actions_addclose' is unavailable in watchOS
105 | 		posix_spawn_file_actions_adddup2(&action, fSTDERR[1], STDERR_FILENO);
106 |
107 | 		posix_spawn_file_actions_addclose(&action, fSTDOUT[0]);
    |   `- error: 'posix_spawn_file_actions_addclose' is unavailable in watchOS
108 | 		posix_spawn_file_actions_addclose(&action, fSTDIN[0]);
109 | 		posix_spawn_file_actions_addclose(&action, fSTDERR[0]);
/Applications/Xcode-27.0.0-Release.Candidate.app/Contents/Developer/Platforms/WatchOS.platform/Developer/SDKs/WatchOS27.0.sdk/usr/include/spawn.h:78:9: note: 'posix_spawn_file_actions_addclose' has been explicitly marked unavailable here
 76 |     int) __API_AVAILABLE(macos(26.0)) __API_UNAVAILABLE(ios, tvos, watchos, visionos);
 77 |
 78 | int     posix_spawn_file_actions_addclose(posix_spawn_file_actions_t *, int) __API_AVAILABLE(macos(10.5), ios(2.0)) __API_UNAVAILABLE(watchos, tvos);
    |         `- note: 'posix_spawn_file_actions_addclose' has been explicitly marked unavailable here
 79 |
 80 | int     posix_spawn_file_actions_adddup2(posix_spawn_file_actions_t *, int,
/Users/admin/builder/spi-builder-workspace/.dependencies/checkouts/PerfectLib/Sources/PerfectLib/SysProcess.swift:108:3: error: 'posix_spawn_file_actions_addclose' is unavailable in watchOS
106 |
107 | 		posix_spawn_file_actions_addclose(&action, fSTDOUT[0]);
108 | 		posix_spawn_file_actions_addclose(&action, fSTDIN[0]);
    |   `- error: 'posix_spawn_file_actions_addclose' is unavailable in watchOS
109 | 		posix_spawn_file_actions_addclose(&action, fSTDERR[0]);
110 | 		posix_spawn_file_actions_addclose(&action, fSTDOUT[1]);
/Applications/Xcode-27.0.0-Release.Candidate.app/Contents/Developer/Platforms/WatchOS.platform/Developer/SDKs/WatchOS27.0.sdk/usr/include/spawn.h:78:9: note: 'posix_spawn_file_actions_addclose' has been explicitly marked unavailable here
 76 |     int) __API_AVAILABLE(macos(26.0)) __API_UNAVAILABLE(ios, tvos, watchos, visionos);
 77 |
 78 | int     posix_spawn_file_actions_addclose(posix_spawn_file_actions_t *, int) __API_AVAILABLE(macos(10.5), ios(2.0)) __API_UNAVAILABLE(watchos, tvos);
    |         `- note: 'posix_spawn_file_actions_addclose' has been explicitly marked unavailable here
 79 |
 80 | int     posix_spawn_file_actions_adddup2(posix_spawn_file_actions_t *, int,
/Users/admin/builder/spi-builder-workspace/.dependencies/checkouts/PerfectLib/Sources/PerfectLib/SysProcess.swift:109:3: error: 'posix_spawn_file_actions_addclose' is unavailable in watchOS
107 | 		posix_spawn_file_actions_addclose(&action, fSTDOUT[0]);
108 | 		posix_spawn_file_actions_addclose(&action, fSTDIN[0]);
109 | 		posix_spawn_file_actions_addclose(&action, fSTDERR[0]);
    |   `- error: 'posix_spawn_file_actions_addclose' is unavailable in watchOS
110 | 		posix_spawn_file_actions_addclose(&action, fSTDOUT[1]);
111 | 		posix_spawn_file_actions_addclose(&action, fSTDIN[1]);
/Applications/Xcode-27.0.0-Release.Candidate.app/Contents/Developer/Platforms/WatchOS.platform/Developer/SDKs/WatchOS27.0.sdk/usr/include/spawn.h:78:9: note: 'posix_spawn_file_actions_addclose' has been explicitly marked unavailable here
 76 |     int) __API_AVAILABLE(macos(26.0)) __API_UNAVAILABLE(ios, tvos, watchos, visionos);
 77 |
 78 | int     posix_spawn_file_actions_addclose(posix_spawn_file_actions_t *, int) __API_AVAILABLE(macos(10.5), ios(2.0)) __API_UNAVAILABLE(watchos, tvos);
    |         `- note: 'posix_spawn_file_actions_addclose' has been explicitly marked unavailable here
 79 |
 80 | int     posix_spawn_file_actions_adddup2(posix_spawn_file_actions_t *, int,
/Users/admin/builder/spi-builder-workspace/.dependencies/checkouts/PerfectLib/Sources/PerfectLib/SysProcess.swift:110:3: error: 'posix_spawn_file_actions_addclose' is unavailable in watchOS
108 | 		posix_spawn_file_actions_addclose(&action, fSTDIN[0]);
109 | 		posix_spawn_file_actions_addclose(&action, fSTDERR[0]);
110 | 		posix_spawn_file_actions_addclose(&action, fSTDOUT[1]);
    |   `- error: 'posix_spawn_file_actions_addclose' is unavailable in watchOS
111 | 		posix_spawn_file_actions_addclose(&action, fSTDIN[1]);
112 | 		posix_spawn_file_actions_addclose(&action, fSTDERR[1]);
/Applications/Xcode-27.0.0-Release.Candidate.app/Contents/Developer/Platforms/WatchOS.platform/Developer/SDKs/WatchOS27.0.sdk/usr/include/spawn.h:78:9: note: 'posix_spawn_file_actions_addclose' has been explicitly marked unavailable here
 76 |     int) __API_AVAILABLE(macos(26.0)) __API_UNAVAILABLE(ios, tvos, watchos, visionos);
 77 |
 78 | int     posix_spawn_file_actions_addclose(posix_spawn_file_actions_t *, int) __API_AVAILABLE(macos(10.5), ios(2.0)) __API_UNAVAILABLE(watchos, tvos);
    |         `- note: 'posix_spawn_file_actions_addclose' has been explicitly marked unavailable here
 79 |
 80 | int     posix_spawn_file_actions_adddup2(posix_spawn_file_actions_t *, int,
/Users/admin/builder/spi-builder-workspace/.dependencies/checkouts/PerfectLib/Sources/PerfectLib/SysProcess.swift:111:3: error: 'posix_spawn_file_actions_addclose' is unavailable in watchOS
109 | 		posix_spawn_file_actions_addclose(&action, fSTDERR[0]);
110 | 		posix_spawn_file_actions_addclose(&action, fSTDOUT[1]);
111 | 		posix_spawn_file_actions_addclose(&action, fSTDIN[1]);
    |   `- error: 'posix_spawn_file_actions_addclose' is unavailable in watchOS
112 | 		posix_spawn_file_actions_addclose(&action, fSTDERR[1]);
113 |
/Applications/Xcode-27.0.0-Release.Candidate.app/Contents/Developer/Platforms/WatchOS.platform/Developer/SDKs/WatchOS27.0.sdk/usr/include/spawn.h:78:9: note: 'posix_spawn_file_actions_addclose' has been explicitly marked unavailable here
 76 |     int) __API_AVAILABLE(macos(26.0)) __API_UNAVAILABLE(ios, tvos, watchos, visionos);
 77 |
 78 | int     posix_spawn_file_actions_addclose(posix_spawn_file_actions_t *, int) __API_AVAILABLE(macos(10.5), ios(2.0)) __API_UNAVAILABLE(watchos, tvos);
    |         `- note: 'posix_spawn_file_actions_addclose' has been explicitly marked unavailable here
 79 |
 80 | int     posix_spawn_file_actions_adddup2(posix_spawn_file_actions_t *, int,
/Users/admin/builder/spi-builder-workspace/.dependencies/checkouts/PerfectLib/Sources/PerfectLib/SysProcess.swift:112:3: error: 'posix_spawn_file_actions_addclose' is unavailable in watchOS
110 | 		posix_spawn_file_actions_addclose(&action, fSTDOUT[1]);
111 | 		posix_spawn_file_actions_addclose(&action, fSTDIN[1]);
112 | 		posix_spawn_file_actions_addclose(&action, fSTDERR[1]);
    |   `- error: 'posix_spawn_file_actions_addclose' is unavailable in watchOS
113 |
114 | 		posix_spawnattr_init(&attr)
/Applications/Xcode-27.0.0-Release.Candidate.app/Contents/Developer/Platforms/WatchOS.platform/Developer/SDKs/WatchOS27.0.sdk/usr/include/spawn.h:78:9: note: 'posix_spawn_file_actions_addclose' has been explicitly marked unavailable here
 76 |     int) __API_AVAILABLE(macos(26.0)) __API_UNAVAILABLE(ios, tvos, watchos, visionos);
 77 |
 78 | int     posix_spawn_file_actions_addclose(posix_spawn_file_actions_t *, int) __API_AVAILABLE(macos(10.5), ios(2.0)) __API_UNAVAILABLE(watchos, tvos);
    |         `- note: 'posix_spawn_file_actions_addclose' has been explicitly marked unavailable here
 79 |
 80 | int     posix_spawn_file_actions_adddup2(posix_spawn_file_actions_t *, int,
/Users/admin/builder/spi-builder-workspace/.dependencies/checkouts/PerfectLib/Sources/PerfectLib/SysProcess.swift:114:3: error: 'posix_spawnattr_init' is unavailable in watchOS
112 | 		posix_spawn_file_actions_addclose(&action, fSTDERR[1]);
113 |
114 | 		posix_spawnattr_init(&attr)
    |   `- error: 'posix_spawnattr_init' is unavailable in watchOS
115 |
116 | 		if newGroup {
/Applications/Xcode-27.0.0-Release.Candidate.app/Contents/Developer/Platforms/WatchOS.platform/Developer/SDKs/WatchOS27.0.sdk/usr/include/spawn.h:105:9: note: 'posix_spawnattr_init' has been explicitly marked unavailable here
103 |     sigset_t * __restrict) __API_AVAILABLE(macos(10.5), ios(2.0)) __API_UNAVAILABLE(watchos, tvos);
104 |
105 | int     posix_spawnattr_init(posix_spawnattr_t *) __API_AVAILABLE(macos(10.5), ios(2.0)) __API_UNAVAILABLE(watchos, tvos);
    |         `- note: 'posix_spawnattr_init' has been explicitly marked unavailable here
106 |
107 | int     posix_spawnattr_setsigdefault(posix_spawnattr_t * __restrict,
/Users/admin/builder/spi-builder-workspace/.dependencies/checkouts/PerfectLib/Sources/PerfectLib/SysProcess.swift:119:4: error: 'posix_spawnattr_setflags' is unavailable in watchOS
117 | 			// By default, all flags are unset after the init call
118 | 			// so no need to OR in the existing flags.
119 | 			posix_spawnattr_setflags(&attr, Int16(POSIX_SPAWN_SETPGROUP))
    |    `- error: 'posix_spawnattr_setflags' is unavailable in watchOS
120 | 		}
121 |
/Applications/Xcode-27.0.0-Release.Candidate.app/Contents/Developer/Platforms/WatchOS.platform/Developer/SDKs/WatchOS27.0.sdk/usr/include/spawn.h:110:9: note: 'posix_spawnattr_setflags' has been explicitly marked unavailable here
108 |     const sigset_t * __restrict) __API_AVAILABLE(macos(10.5), ios(2.0)) __API_UNAVAILABLE(watchos, tvos);
109 |
110 | int     posix_spawnattr_setflags(posix_spawnattr_t *, short) __API_AVAILABLE(macos(10.5), ios(2.0)) __API_UNAVAILABLE(watchos, tvos);
    |         `- note: 'posix_spawnattr_setflags' has been explicitly marked unavailable here
111 |
112 | int     posix_spawnattr_setpgroup(posix_spawnattr_t *, pid_t) __API_AVAILABLE(macos(10.5), ios(2.0)) __API_UNAVAILABLE(watchos, tvos);
/Users/admin/builder/spi-builder-workspace/.dependencies/checkouts/PerfectLib/Sources/PerfectLib/SysProcess.swift:124:3: error: 'posix_spawn_file_actions_destroy' is unavailable in watchOS
122 | 		var procPid = pid_t()
123 | 		let spawnRes = posix_spawnp(&procPid, cmd, &action, &attr, cArgs, cEnv)
124 | 		posix_spawn_file_actions_destroy(&action)
    |   `- error: 'posix_spawn_file_actions_destroy' is unavailable in watchOS
125 | 		posix_spawnattr_destroy(&attr)
126 |
/Applications/Xcode-27.0.0-Release.Candidate.app/Contents/Developer/Platforms/WatchOS.platform/Developer/SDKs/WatchOS27.0.sdk/usr/include/spawn.h:87:9: note: 'posix_spawn_file_actions_destroy' has been explicitly marked unavailable here
 85 | 	const char * __restrict, int, mode_t) __API_AVAILABLE(macos(10.5), ios(2.0)) __API_UNAVAILABLE(watchos, tvos);
 86 |
 87 | int     posix_spawn_file_actions_destroy(posix_spawn_file_actions_t *) __API_AVAILABLE(macos(10.5), ios(2.0)) __API_UNAVAILABLE(watchos, tvos);
    |         `- note: 'posix_spawn_file_actions_destroy' has been explicitly marked unavailable here
 88 |
 89 | int     posix_spawn_file_actions_init(posix_spawn_file_actions_t *) __API_AVAILABLE(macos(10.5), ios(2.0)) __API_UNAVAILABLE(watchos, tvos);
/Users/admin/builder/spi-builder-workspace/.dependencies/checkouts/PerfectLib/Sources/PerfectLib/SysProcess.swift:125:3: error: 'posix_spawnattr_destroy' is unavailable in watchOS
123 | 		let spawnRes = posix_spawnp(&procPid, cmd, &action, &attr, cArgs, cEnv)
124 | 		posix_spawn_file_actions_destroy(&action)
125 | 		posix_spawnattr_destroy(&attr)
    |   `- error: 'posix_spawnattr_destroy' is unavailable in watchOS
126 |
127 | 		for idx in 0..<cArgsCount {
/Applications/Xcode-27.0.0-Release.Candidate.app/Contents/Developer/Platforms/WatchOS.platform/Developer/SDKs/WatchOS27.0.sdk/usr/include/spawn.h:91:9: note: 'posix_spawnattr_destroy' has been explicitly marked unavailable here
 89 | int     posix_spawn_file_actions_init(posix_spawn_file_actions_t *) __API_AVAILABLE(macos(10.5), ios(2.0)) __API_UNAVAILABLE(watchos, tvos);
 90 |
 91 | int     posix_spawnattr_destroy(posix_spawnattr_t *) __API_AVAILABLE(macos(10.5), ios(2.0)) __API_UNAVAILABLE(watchos, tvos);
    |         `- note: 'posix_spawnattr_destroy' has been explicitly marked unavailable here
 92 |
 93 | int     posix_spawnattr_getsigdefault(const posix_spawnattr_t * __restrict,
Failed frontend command:
SwiftCompile normal arm64_32 (in target 'PerfectLib' from project 'PerfectLib')
    cd /Users/admin/builder/spi-builder-workspace/.swiftpm/xcode

/Applications/Xcode-27.0.0-Release.Candidate.app/Contents/Developer/Toolchains/XcodeDefault.xctoolchain/usr/bin/swift-frontend -frontend -emit-module -experimental-skip-non-inlinable-function-bodies-without-types /Users/admin/builder/spi-builder-workspace/.dependencies/checkouts/PerfectLib/Sources/PerfectLib/Bytes.swift /Users/admin/builder/spi-builder-workspace/.dependencies/checkouts/PerfectLib/Sources/PerfectLib/Dir.swift /Users/admin/builder/spi-builder-workspace/.dependencies/checkouts/PerfectLib/Sources/PerfectLib/File.swift /Users/admin/builder/spi-builder-workspace/.dependencies/checkouts/PerfectLib/Sources/PerfectLib/JSONConvertible.swift /Users/admin/builder/spi-builder-workspace/.dependencies/checkouts/PerfectLib/Sources/PerfectLib/Log.swift /Users/admin/builder/spi-builder-workspace/.dependencies/checkouts/PerfectLib/Sources/PerfectLib/PerfectError.swift /Users/admin/builder/spi-builder-workspace/.dependencies/checkouts/PerfectLib/Sources/PerfectLib/PerfectServer.swift /Users/admin/builder/spi-builder-workspace/.dependencies/checkouts/PerfectLib/Sources/PerfectLib/SysProcess.swift /Users/admin/builder/spi-builder-workspace/.dependencies/checkouts/PerfectLib/Sources/PerfectLib/Utilities.swift -target arm64_32-apple-watchos9.0 -enable-objc-interop -sdk /Applications/Xcode-27.0.0-Release.Candidate.app/Contents/Developer/Platforms/WatchOS.platform/Developer/SDKs/WatchOS27.0.sdk -I /Users/admin/builder/spi-builder-workspace/.derivedData/Build/Products/Debug-watchos -Isystem /Applications/Xcode-27.0.0-Release.Candidate.app/Contents/Developer/Platforms/WatchOS.platform/Developer/usr/lib -F /Users/admin/builder/spi-builder-workspace/.derivedData/Build/Products/Debug-watchos -F /Applications/Xcode-27.0.0-Release.Candidate.app/Contents/Developer/Platforms/WatchOS.platform/Developer/Library/Frameworks -F /Applications/Xcode-27.0.0-Release.Candidate.app/Contents/Developer/Platforms/WatchOS.platform/Developer/SDKs/WatchOS27.0.sdk/Developer/Library/Frameworks -module-cache-path /Users/admin/builder/spi-builder-workspace/.derivedData/ModuleCache.noindex -no-color-diagnostics -Xcc -fno-color-diagnostics -enable-testing -g -debug-info-format\=dwarf -dwarf-version\=4 -suppress-warnings -profile-generate -profile-coverage-mapping -swift-version 4 -Onone -D SWIFT_PACKAGE -D DEBUG -D SWIFT_MODULE_RESOURCE_BUNDLE_UNAVAILABLE -D Xcode -serialize-debugging-options -enable-experimental-feature DebugDescriptionMacro -empty-abi-descriptor -plugin-path /Applications/Xcode-27.0.0-Release.Candidate.app/Contents/Developer/Toolchains/XcodeDefault.xctoolchain/usr/lib/swift/host/plugins/testing -validate-clang-modules-once -clang-build-session-file /Users/admin/builder/spi-builder-workspace/.derivedData/ModuleCache.noindex/Session.modulevalidation -Xcc -working-directory -Xcc /Users/admin/builder/spi-builder-workspace/.swiftpm/xcode -enable-anonymous-context-mangled-names -file-compilation-dir /Users/admin/builder/spi-builder-workspace/.swiftpm/xcode -Xcc -D_LIBCPP_HARDENING_MODE\=_LIBCPP_HARDENING_MODE_DEBUG -Xcc -ivfsstatcache -Xcc /Users/admin/builder/spi-builder-workspace/.derivedData/SDKStatCaches.noindex/watchos27.0-24R360-e829b21a6f8c9b70876ba0858053c04477534ef55a1706bf4c1112bbb242f0a2.sdkstatcache -Xcc -fmodules-prune-interval\=86400 -Xcc -fmodules-prune-after\=345600 -Xcc -I/Users/admin/builder/spi-builder-workspace/.derivedData/Build/Products/Debug-watchos/include -Xcc -I/Users/admin/builder/spi-builder-workspace/.derivedData/Build/Intermediates.noindex/PerfectLib.build/Debug-watchos/PerfectLib-t.build/DerivedSources-normal/arm64_32 -Xcc -I/Users/admin/builder/spi-builder-workspace/.derivedData/Build/Intermediates.noindex/PerfectLib.build/Debug-watchos/PerfectLib-t.build/DerivedSources/arm64_32 -Xcc -I/Users/admin/builder/spi-builder-workspace/.derivedData/Build/Intermediates.noindex/PerfectLib.build/Debug-watchos/PerfectLib-t.build/DerivedSources -Xcc -DSWIFT_PACKAGE -Xcc -DDEBUG\=1 -no-auto-bridging-header-chaining -module-name PerfectLib -const-gather-protocols-file /Users/admin/builder/spi-builder-workspace/.derivedData/Build/Intermediates.noindex/PerfectLib.build/Debug-watchos/PerfectLib-t.build/Objects-normal/arm64_32/PerfectLib_const_extract_protocols.json -disable-clang-spi -target-sdk-version 27.0 -target-sdk-name watchos27.0 -external-plugin-path /Applications/Xcode-27.0.0-Release.Candidate.app/Contents/Developer/Platforms/WatchOS.platform/Developer/usr/lib/swift/host/plugins\#/Applications/Xcode-27.0.0-Release.Candidate.app/Contents/Developer/Platforms/WatchOS.platform/Developer/usr/bin/swift-plugin-server -external-plugin-path /Applications/Xcode-27.0.0-Release.Candidate.app/Contents/Developer/Platforms/WatchOS.platform/Developer/usr/local/lib/swift/host/plugins\#/Applications/Xcode-27.0.0-Release.Candidate.app/Contents/Developer/Platforms/WatchOS.platform/Developer/usr/bin/swift-plugin-server -in-process-plugin-server-path /Applications/Xcode-27.0.0-Release.Candidate.app/Contents/Developer/Toolchains/XcodeDefault.xctoolchain/usr/lib/swift/host/libSwiftInProcPluginServer.dylib -plugin-path /Applications/Xcode-27.0.0-Release.Candidate.app/Contents/Developer/Toolchains/XcodeDefault.xctoolchain/usr/lib/swift/host/plugins -plugin-path /Applications/Xcode-27.0.0-Release.Candidate.app/Contents/Developer/Toolchains/XcodeDefault.xctoolchain/usr/local/lib/swift/host/plugins -emit-module-doc-path /Users/admin/builder/spi-builder-workspace/.derivedData/Build/Intermediates.noindex/PerfectLib.build/Debug-watchos/PerfectLib-t.build/Objects-normal/arm64_32/PerfectLib.swiftdoc -emit-module-source-info-path /Users/admin/builder/spi-builder-workspace/.derivedData/Build/Intermediates.noindex/PerfectLib.build/Debug-watchos/PerfectLib-t.build/Objects-normal/arm64_32/PerfectLib.swiftsourceinfo -emit-objc-header-path /Users/admin/builder/spi-builder-workspace/.derivedData/Build/Intermediates.noindex/PerfectLib.build/Debug-watchos/PerfectLib-t.build/Objects-normal/arm64_32/PerfectLib-Swift.h -serialize-diagnostics-path /Users/admin/builder/spi-builder-workspace/.derivedData/Build/Intermediates.noindex/PerfectLib.build/Debug-watchos/PerfectLib-t.build/Objects-normal/arm64_32/PerfectLib-primary-emit-module.dia -emit-dependencies-path /Users/admin/builder/spi-builder-workspace/.derivedData/Build/Intermediates.noindex/PerfectLib.build/Debug-watchos/PerfectLib-t.build/Objects-normal/arm64_32/PerfectLib-primary-emit-module.d -parse-as-library -o /Users/admin/builder/spi-builder-workspace/.derivedData/Build/Intermediates.noindex/PerfectLib.build/Debug-watchos/PerfectLib-t.build/Objects-normal/arm64_32/PerfectLib.swiftmodule -emit-abi-descriptor-path /Users/admin/builder/spi-builder-workspace/.derivedData/Build/Intermediates.noindex/PerfectLib.build/Debug-watchos/PerfectLib-t.build/Objects-normal/arm64_32/PerfectLib.abi.json
SwiftEmitModule normal arm64 Emitting\ module\ for\ PerfectLib (in target 'PerfectLib' from project 'PerfectLib')
/Users/admin/builder/spi-builder-workspace/.dependencies/checkouts/PerfectLib/Sources/PerfectLib/SysProcess.swift:102:3: error: 'posix_spawn_file_actions_init' is unavailable in watchOS
100 |         var spawnRes = 0
101 |     #else
102 | 		posix_spawn_file_actions_init(&action);
    |   `- error: 'posix_spawn_file_actions_init' is unavailable in watchOS
103 | 		posix_spawn_file_actions_adddup2(&action, fSTDOUT[1], STDOUT_FILENO);
104 | 		posix_spawn_file_actions_adddup2(&action, fSTDIN[0], STDIN_FILENO);
/Applications/Xcode-27.0.0-Release.Candidate.app/Contents/Developer/Platforms/WatchOS.platform/Developer/SDKs/WatchOS27.0.sdk/usr/include/spawn.h:89:9: note: 'posix_spawn_file_actions_init' has been explicitly marked unavailable here
 87 | int     posix_spawn_file_actions_destroy(posix_spawn_file_actions_t *) __API_AVAILABLE(macos(10.5), ios(2.0)) __API_UNAVAILABLE(watchos, tvos);
 88 |
 89 | int     posix_spawn_file_actions_init(posix_spawn_file_actions_t *) __API_AVAILABLE(macos(10.5), ios(2.0)) __API_UNAVAILABLE(watchos, tvos);
    |         `- note: 'posix_spawn_file_actions_init' has been explicitly marked unavailable here
 90 |
 91 | int     posix_spawnattr_destroy(posix_spawnattr_t *) __API_AVAILABLE(macos(10.5), ios(2.0)) __API_UNAVAILABLE(watchos, tvos);
/Users/admin/builder/spi-builder-workspace/.dependencies/checkouts/PerfectLib/Sources/PerfectLib/SysProcess.swift:103:3: error: 'posix_spawn_file_actions_adddup2' is unavailable in watchOS
101 |     #else
102 | 		posix_spawn_file_actions_init(&action);
103 | 		posix_spawn_file_actions_adddup2(&action, fSTDOUT[1], STDOUT_FILENO);
    |   `- error: 'posix_spawn_file_actions_adddup2' is unavailable in watchOS
104 | 		posix_spawn_file_actions_adddup2(&action, fSTDIN[0], STDIN_FILENO);
105 | 		posix_spawn_file_actions_adddup2(&action, fSTDERR[1], STDERR_FILENO);
/Applications/Xcode-27.0.0-Release.Candidate.app/Contents/Developer/Platforms/WatchOS.platform/Developer/SDKs/WatchOS27.0.sdk/usr/include/spawn.h:80:9: note: 'posix_spawn_file_actions_adddup2' has been explicitly marked unavailable here
 78 | int     posix_spawn_file_actions_addclose(posix_spawn_file_actions_t *, int) __API_AVAILABLE(macos(10.5), ios(2.0)) __API_UNAVAILABLE(watchos, tvos);
 79 |
 80 | int     posix_spawn_file_actions_adddup2(posix_spawn_file_actions_t *, int,
    |         `- note: 'posix_spawn_file_actions_adddup2' has been explicitly marked unavailable here
 81 |     int) __API_AVAILABLE(macos(10.5), ios(2.0)) __API_UNAVAILABLE(watchos, tvos);
 82 |
/Users/admin/builder/spi-builder-workspace/.dependencies/checkouts/PerfectLib/Sources/PerfectLib/SysProcess.swift:104:3: error: 'posix_spawn_file_actions_adddup2' is unavailable in watchOS
102 | 		posix_spawn_file_actions_init(&action);
103 | 		posix_spawn_file_actions_adddup2(&action, fSTDOUT[1], STDOUT_FILENO);
104 | 		posix_spawn_file_actions_adddup2(&action, fSTDIN[0], STDIN_FILENO);
    |   `- error: 'posix_spawn_file_actions_adddup2' is unavailable in watchOS
105 | 		posix_spawn_file_actions_adddup2(&action, fSTDERR[1], STDERR_FILENO);
106 |
/Applications/Xcode-27.0.0-Release.Candidate.app/Contents/Developer/Platforms/WatchOS.platform/Developer/SDKs/WatchOS27.0.sdk/usr/include/spawn.h:80:9: note: 'posix_spawn_file_actions_adddup2' has been explicitly marked unavailable here
 78 | int     posix_spawn_file_actions_addclose(posix_spawn_file_actions_t *, int) __API_AVAILABLE(macos(10.5), ios(2.0)) __API_UNAVAILABLE(watchos, tvos);
 79 |
 80 | int     posix_spawn_file_actions_adddup2(posix_spawn_file_actions_t *, int,
    |         `- note: 'posix_spawn_file_actions_adddup2' has been explicitly marked unavailable here
 81 |     int) __API_AVAILABLE(macos(10.5), ios(2.0)) __API_UNAVAILABLE(watchos, tvos);
 82 |
/Users/admin/builder/spi-builder-workspace/.dependencies/checkouts/PerfectLib/Sources/PerfectLib/SysProcess.swift:105:3: error: 'posix_spawn_file_actions_adddup2' is unavailable in watchOS
103 | 		posix_spawn_file_actions_adddup2(&action, fSTDOUT[1], STDOUT_FILENO);
104 | 		posix_spawn_file_actions_adddup2(&action, fSTDIN[0], STDIN_FILENO);
105 | 		posix_spawn_file_actions_adddup2(&action, fSTDERR[1], STDERR_FILENO);
    |   `- error: 'posix_spawn_file_actions_adddup2' is unavailable in watchOS
106 |
107 | 		posix_spawn_file_actions_addclose(&action, fSTDOUT[0]);
/Applications/Xcode-27.0.0-Release.Candidate.app/Contents/Developer/Platforms/WatchOS.platform/Developer/SDKs/WatchOS27.0.sdk/usr/include/spawn.h:80:9: note: 'posix_spawn_file_actions_adddup2' has been explicitly marked unavailable here
 78 | int     posix_spawn_file_actions_addclose(posix_spawn_file_actions_t *, int) __API_AVAILABLE(macos(10.5), ios(2.0)) __API_UNAVAILABLE(watchos, tvos);
 79 |
 80 | int     posix_spawn_file_actions_adddup2(posix_spawn_file_actions_t *, int,
    |         `- note: 'posix_spawn_file_actions_adddup2' has been explicitly marked unavailable here
 81 |     int) __API_AVAILABLE(macos(10.5), ios(2.0)) __API_UNAVAILABLE(watchos, tvos);
 82 |
/Users/admin/builder/spi-builder-workspace/.dependencies/checkouts/PerfectLib/Sources/PerfectLib/SysProcess.swift:107:3: error: 'posix_spawn_file_actions_addclose' is unavailable in watchOS
105 | 		posix_spawn_file_actions_adddup2(&action, fSTDERR[1], STDERR_FILENO);
106 |
107 | 		posix_spawn_file_actions_addclose(&action, fSTDOUT[0]);
    |   `- error: 'posix_spawn_file_actions_addclose' is unavailable in watchOS
108 | 		posix_spawn_file_actions_addclose(&action, fSTDIN[0]);
109 | 		posix_spawn_file_actions_addclose(&action, fSTDERR[0]);
/Applications/Xcode-27.0.0-Release.Candidate.app/Contents/Developer/Platforms/WatchOS.platform/Developer/SDKs/WatchOS27.0.sdk/usr/include/spawn.h:78:9: note: 'posix_spawn_file_actions_addclose' has been explicitly marked unavailable here
 76 |     int) __API_AVAILABLE(macos(26.0)) __API_UNAVAILABLE(ios, tvos, watchos, visionos);
 77 |
 78 | int     posix_spawn_file_actions_addclose(posix_spawn_file_actions_t *, int) __API_AVAILABLE(macos(10.5), ios(2.0)) __API_UNAVAILABLE(watchos, tvos);
    |         `- note: 'posix_spawn_file_actions_addclose' has been explicitly marked unavailable here
 79 |
 80 | int     posix_spawn_file_actions_adddup2(posix_spawn_file_actions_t *, int,
/Users/admin/builder/spi-builder-workspace/.dependencies/checkouts/PerfectLib/Sources/PerfectLib/SysProcess.swift:108:3: error: 'posix_spawn_file_actions_addclose' is unavailable in watchOS
106 |
107 | 		posix_spawn_file_actions_addclose(&action, fSTDOUT[0]);
108 | 		posix_spawn_file_actions_addclose(&action, fSTDIN[0]);
    |   `- error: 'posix_spawn_file_actions_addclose' is unavailable in watchOS
109 | 		posix_spawn_file_actions_addclose(&action, fSTDERR[0]);
110 | 		posix_spawn_file_actions_addclose(&action, fSTDOUT[1]);
/Applications/Xcode-27.0.0-Release.Candidate.app/Contents/Developer/Platforms/WatchOS.platform/Developer/SDKs/WatchOS27.0.sdk/usr/include/spawn.h:78:9: note: 'posix_spawn_file_actions_addclose' has been explicitly marked unavailable here
 76 |     int) __API_AVAILABLE(macos(26.0)) __API_UNAVAILABLE(ios, tvos, watchos, visionos);
 77 |
 78 | int     posix_spawn_file_actions_addclose(posix_spawn_file_actions_t *, int) __API_AVAILABLE(macos(10.5), ios(2.0)) __API_UNAVAILABLE(watchos, tvos);
    |         `- note: 'posix_spawn_file_actions_addclose' has been explicitly marked unavailable here
 79 |
 80 | int     posix_spawn_file_actions_adddup2(posix_spawn_file_actions_t *, int,
/Users/admin/builder/spi-builder-workspace/.dependencies/checkouts/PerfectLib/Sources/PerfectLib/SysProcess.swift:109:3: error: 'posix_spawn_file_actions_addclose' is unavailable in watchOS
107 | 		posix_spawn_file_actions_addclose(&action, fSTDOUT[0]);
108 | 		posix_spawn_file_actions_addclose(&action, fSTDIN[0]);
109 | 		posix_spawn_file_actions_addclose(&action, fSTDERR[0]);
    |   `- error: 'posix_spawn_file_actions_addclose' is unavailable in watchOS
110 | 		posix_spawn_file_actions_addclose(&action, fSTDOUT[1]);
111 | 		posix_spawn_file_actions_addclose(&action, fSTDIN[1]);
/Applications/Xcode-27.0.0-Release.Candidate.app/Contents/Developer/Platforms/WatchOS.platform/Developer/SDKs/WatchOS27.0.sdk/usr/include/spawn.h:78:9: note: 'posix_spawn_file_actions_addclose' has been explicitly marked unavailable here
 76 |     int) __API_AVAILABLE(macos(26.0)) __API_UNAVAILABLE(ios, tvos, watchos, visionos);
 77 |
 78 | int     posix_spawn_file_actions_addclose(posix_spawn_file_actions_t *, int) __API_AVAILABLE(macos(10.5), ios(2.0)) __API_UNAVAILABLE(watchos, tvos);
    |         `- note: 'posix_spawn_file_actions_addclose' has been explicitly marked unavailable here
 79 |
 80 | int     posix_spawn_file_actions_adddup2(posix_spawn_file_actions_t *, int,
/Users/admin/builder/spi-builder-workspace/.dependencies/checkouts/PerfectLib/Sources/PerfectLib/SysProcess.swift:110:3: error: 'posix_spawn_file_actions_addclose' is unavailable in watchOS
108 | 		posix_spawn_file_actions_addclose(&action, fSTDIN[0]);
109 | 		posix_spawn_file_actions_addclose(&action, fSTDERR[0]);
110 | 		posix_spawn_file_actions_addclose(&action, fSTDOUT[1]);
    |   `- error: 'posix_spawn_file_actions_addclose' is unavailable in watchOS
111 | 		posix_spawn_file_actions_addclose(&action, fSTDIN[1]);
112 | 		posix_spawn_file_actions_addclose(&action, fSTDERR[1]);
/Applications/Xcode-27.0.0-Release.Candidate.app/Contents/Developer/Platforms/WatchOS.platform/Developer/SDKs/WatchOS27.0.sdk/usr/include/spawn.h:78:9: note: 'posix_spawn_file_actions_addclose' has been explicitly marked unavailable here
 76 |     int) __API_AVAILABLE(macos(26.0)) __API_UNAVAILABLE(ios, tvos, watchos, visionos);
 77 |
 78 | int     posix_spawn_file_actions_addclose(posix_spawn_file_actions_t *, int) __API_AVAILABLE(macos(10.5), ios(2.0)) __API_UNAVAILABLE(watchos, tvos);
    |         `- note: 'posix_spawn_file_actions_addclose' has been explicitly marked unavailable here
 79 |
 80 | int     posix_spawn_file_actions_adddup2(posix_spawn_file_actions_t *, int,
/Users/admin/builder/spi-builder-workspace/.dependencies/checkouts/PerfectLib/Sources/PerfectLib/SysProcess.swift:111:3: error: 'posix_spawn_file_actions_addclose' is unavailable in watchOS
109 | 		posix_spawn_file_actions_addclose(&action, fSTDERR[0]);
110 | 		posix_spawn_file_actions_addclose(&action, fSTDOUT[1]);
111 | 		posix_spawn_file_actions_addclose(&action, fSTDIN[1]);
    |   `- error: 'posix_spawn_file_actions_addclose' is unavailable in watchOS
112 | 		posix_spawn_file_actions_addclose(&action, fSTDERR[1]);
113 |
/Applications/Xcode-27.0.0-Release.Candidate.app/Contents/Developer/Platforms/WatchOS.platform/Developer/SDKs/WatchOS27.0.sdk/usr/include/spawn.h:78:9: note: 'posix_spawn_file_actions_addclose' has been explicitly marked unavailable here
 76 |     int) __API_AVAILABLE(macos(26.0)) __API_UNAVAILABLE(ios, tvos, watchos, visionos);
 77 |
 78 | int     posix_spawn_file_actions_addclose(posix_spawn_file_actions_t *, int) __API_AVAILABLE(macos(10.5), ios(2.0)) __API_UNAVAILABLE(watchos, tvos);
    |         `- note: 'posix_spawn_file_actions_addclose' has been explicitly marked unavailable here
 79 |
 80 | int     posix_spawn_file_actions_adddup2(posix_spawn_file_actions_t *, int,
/Users/admin/builder/spi-builder-workspace/.dependencies/checkouts/PerfectLib/Sources/PerfectLib/SysProcess.swift:112:3: error: 'posix_spawn_file_actions_addclose' is unavailable in watchOS
110 | 		posix_spawn_file_actions_addclose(&action, fSTDOUT[1]);
111 | 		posix_spawn_file_actions_addclose(&action, fSTDIN[1]);
112 | 		posix_spawn_file_actions_addclose(&action, fSTDERR[1]);
    |   `- error: 'posix_spawn_file_actions_addclose' is unavailable in watchOS
113 |
114 | 		posix_spawnattr_init(&attr)
/Applications/Xcode-27.0.0-Release.Candidate.app/Contents/Developer/Platforms/WatchOS.platform/Developer/SDKs/WatchOS27.0.sdk/usr/include/spawn.h:78:9: note: 'posix_spawn_file_actions_addclose' has been explicitly marked unavailable here
 76 |     int) __API_AVAILABLE(macos(26.0)) __API_UNAVAILABLE(ios, tvos, watchos, visionos);
 77 |
 78 | int     posix_spawn_file_actions_addclose(posix_spawn_file_actions_t *, int) __API_AVAILABLE(macos(10.5), ios(2.0)) __API_UNAVAILABLE(watchos, tvos);
    |         `- note: 'posix_spawn_file_actions_addclose' has been explicitly marked unavailable here
 79 |
 80 | int     posix_spawn_file_actions_adddup2(posix_spawn_file_actions_t *, int,
/Users/admin/builder/spi-builder-workspace/.dependencies/checkouts/PerfectLib/Sources/PerfectLib/SysProcess.swift:114:3: error: 'posix_spawnattr_init' is unavailable in watchOS
112 | 		posix_spawn_file_actions_addclose(&action, fSTDERR[1]);
113 |
114 | 		posix_spawnattr_init(&attr)
    |   `- error: 'posix_spawnattr_init' is unavailable in watchOS
115 |
116 | 		if newGroup {
/Applications/Xcode-27.0.0-Release.Candidate.app/Contents/Developer/Platforms/WatchOS.platform/Developer/SDKs/WatchOS27.0.sdk/usr/include/spawn.h:105:9: note: 'posix_spawnattr_init' has been explicitly marked unavailable here
103 |     sigset_t * __restrict) __API_AVAILABLE(macos(10.5), ios(2.0)) __API_UNAVAILABLE(watchos, tvos);
104 |
105 | int     posix_spawnattr_init(posix_spawnattr_t *) __API_AVAILABLE(macos(10.5), ios(2.0)) __API_UNAVAILABLE(watchos, tvos);
    |         `- note: 'posix_spawnattr_init' has been explicitly marked unavailable here
106 |
107 | int     posix_spawnattr_setsigdefault(posix_spawnattr_t * __restrict,
/Users/admin/builder/spi-builder-workspace/.dependencies/checkouts/PerfectLib/Sources/PerfectLib/SysProcess.swift:119:4: error: 'posix_spawnattr_setflags' is unavailable in watchOS
117 | 			// By default, all flags are unset after the init call
118 | 			// so no need to OR in the existing flags.
119 | 			posix_spawnattr_setflags(&attr, Int16(POSIX_SPAWN_SETPGROUP))
    |    `- error: 'posix_spawnattr_setflags' is unavailable in watchOS
120 | 		}
121 |
/Applications/Xcode-27.0.0-Release.Candidate.app/Contents/Developer/Platforms/WatchOS.platform/Developer/SDKs/WatchOS27.0.sdk/usr/include/spawn.h:110:9: note: 'posix_spawnattr_setflags' has been explicitly marked unavailable here
108 |     const sigset_t * __restrict) __API_AVAILABLE(macos(10.5), ios(2.0)) __API_UNAVAILABLE(watchos, tvos);
109 |
110 | int     posix_spawnattr_setflags(posix_spawnattr_t *, short) __API_AVAILABLE(macos(10.5), ios(2.0)) __API_UNAVAILABLE(watchos, tvos);
    |         `- note: 'posix_spawnattr_setflags' has been explicitly marked unavailable here
111 |
112 | int     posix_spawnattr_setpgroup(posix_spawnattr_t *, pid_t) __API_AVAILABLE(macos(10.5), ios(2.0)) __API_UNAVAILABLE(watchos, tvos);
/Users/admin/builder/spi-builder-workspace/.dependencies/checkouts/PerfectLib/Sources/PerfectLib/SysProcess.swift:124:3: error: 'posix_spawn_file_actions_destroy' is unavailable in watchOS
122 | 		var procPid = pid_t()
123 | 		let spawnRes = posix_spawnp(&procPid, cmd, &action, &attr, cArgs, cEnv)
124 | 		posix_spawn_file_actions_destroy(&action)
    |   `- error: 'posix_spawn_file_actions_destroy' is unavailable in watchOS
125 | 		posix_spawnattr_destroy(&attr)
126 |
/Applications/Xcode-27.0.0-Release.Candidate.app/Contents/Developer/Platforms/WatchOS.platform/Developer/SDKs/WatchOS27.0.sdk/usr/include/spawn.h:87:9: note: 'posix_spawn_file_actions_destroy' has been explicitly marked unavailable here
 85 | 	const char * __restrict, int, mode_t) __API_AVAILABLE(macos(10.5), ios(2.0)) __API_UNAVAILABLE(watchos, tvos);
 86 |
 87 | int     posix_spawn_file_actions_destroy(posix_spawn_file_actions_t *) __API_AVAILABLE(macos(10.5), ios(2.0)) __API_UNAVAILABLE(watchos, tvos);
    |         `- note: 'posix_spawn_file_actions_destroy' has been explicitly marked unavailable here
 88 |
 89 | int     posix_spawn_file_actions_init(posix_spawn_file_actions_t *) __API_AVAILABLE(macos(10.5), ios(2.0)) __API_UNAVAILABLE(watchos, tvos);
/Users/admin/builder/spi-builder-workspace/.dependencies/checkouts/PerfectLib/Sources/PerfectLib/SysProcess.swift:125:3: error: 'posix_spawnattr_destroy' is unavailable in watchOS
123 | 		let spawnRes = posix_spawnp(&procPid, cmd, &action, &attr, cArgs, cEnv)
124 | 		posix_spawn_file_actions_destroy(&action)
125 | 		posix_spawnattr_destroy(&attr)
    |   `- error: 'posix_spawnattr_destroy' is unavailable in watchOS
126 |
127 | 		for idx in 0..<cArgsCount {
/Applications/Xcode-27.0.0-Release.Candidate.app/Contents/Developer/Platforms/WatchOS.platform/Developer/SDKs/WatchOS27.0.sdk/usr/include/spawn.h:91:9: note: 'posix_spawnattr_destroy' has been explicitly marked unavailable here
 89 | int     posix_spawn_file_actions_init(posix_spawn_file_actions_t *) __API_AVAILABLE(macos(10.5), ios(2.0)) __API_UNAVAILABLE(watchos, tvos);
 90 |
 91 | int     posix_spawnattr_destroy(posix_spawnattr_t *) __API_AVAILABLE(macos(10.5), ios(2.0)) __API_UNAVAILABLE(watchos, tvos);
    |         `- note: 'posix_spawnattr_destroy' has been explicitly marked unavailable here
 92 |
 93 | int     posix_spawnattr_getsigdefault(const posix_spawnattr_t * __restrict,
Failed frontend command:
SwiftCompile normal arm64 (in target 'PerfectLib' from project 'PerfectLib')
    cd /Users/admin/builder/spi-builder-workspace/.swiftpm/xcode

/Applications/Xcode-27.0.0-Release.Candidate.app/Contents/Developer/Toolchains/XcodeDefault.xctoolchain/usr/bin/swift-frontend -frontend -emit-module -experimental-skip-non-inlinable-function-bodies-without-types /Users/admin/builder/spi-builder-workspace/.dependencies/checkouts/PerfectLib/Sources/PerfectLib/Bytes.swift /Users/admin/builder/spi-builder-workspace/.dependencies/checkouts/PerfectLib/Sources/PerfectLib/Dir.swift /Users/admin/builder/spi-builder-workspace/.dependencies/checkouts/PerfectLib/Sources/PerfectLib/File.swift /Users/admin/builder/spi-builder-workspace/.dependencies/checkouts/PerfectLib/Sources/PerfectLib/JSONConvertible.swift /Users/admin/builder/spi-builder-workspace/.dependencies/checkouts/PerfectLib/Sources/PerfectLib/Log.swift /Users/admin/builder/spi-builder-workspace/.dependencies/checkouts/PerfectLib/Sources/PerfectLib/PerfectError.swift /Users/admin/builder/spi-builder-workspace/.dependencies/checkouts/PerfectLib/Sources/PerfectLib/PerfectServer.swift /Users/admin/builder/spi-builder-workspace/.dependencies/checkouts/PerfectLib/Sources/PerfectLib/SysProcess.swift /Users/admin/builder/spi-builder-workspace/.dependencies/checkouts/PerfectLib/Sources/PerfectLib/Utilities.swift -target arm64-apple-watchos9.0 -Xllvm -aarch64-use-tbi -enable-objc-interop -stack-check -sdk /Applications/Xcode-27.0.0-Release.Candidate.app/Contents/Developer/Platforms/WatchOS.platform/Developer/SDKs/WatchOS27.0.sdk -I /Users/admin/builder/spi-builder-workspace/.derivedData/Build/Products/Debug-watchos -Isystem /Applications/Xcode-27.0.0-Release.Candidate.app/Contents/Developer/Platforms/WatchOS.platform/Developer/usr/lib -F /Users/admin/builder/spi-builder-workspace/.derivedData/Build/Products/Debug-watchos -F /Applications/Xcode-27.0.0-Release.Candidate.app/Contents/Developer/Platforms/WatchOS.platform/Developer/Library/Frameworks -F /Applications/Xcode-27.0.0-Release.Candidate.app/Contents/Developer/Platforms/WatchOS.platform/Developer/SDKs/WatchOS27.0.sdk/Developer/Library/Frameworks -module-cache-path /Users/admin/builder/spi-builder-workspace/.derivedData/ModuleCache.noindex -no-color-diagnostics -Xcc -fno-color-diagnostics -enable-testing -g -debug-info-format\=dwarf -dwarf-version\=4 -suppress-warnings -profile-generate -profile-coverage-mapping -swift-version 4 -Onone -D SWIFT_PACKAGE -D DEBUG -D SWIFT_MODULE_RESOURCE_BUNDLE_UNAVAILABLE -D Xcode -serialize-debugging-options -enable-experimental-feature DebugDescriptionMacro -empty-abi-descriptor -plugin-path /Applications/Xcode-27.0.0-Release.Candidate.app/Contents/Developer/Toolchains/XcodeDefault.xctoolchain/usr/lib/swift/host/plugins/testing -validate-clang-modules-once -clang-build-session-file /Users/admin/builder/spi-builder-workspace/.derivedData/ModuleCache.noindex/Session.modulevalidation -Xcc -working-directory -Xcc /Users/admin/builder/spi-builder-workspace/.swiftpm/xcode -enable-anonymous-context-mangled-names -file-compilation-dir /Users/admin/builder/spi-builder-workspace/.swiftpm/xcode -Xcc -D_LIBCPP_HARDENING_MODE\=_LIBCPP_HARDENING_MODE_DEBUG -Xcc -ivfsstatcache -Xcc /Users/admin/builder/spi-builder-workspace/.derivedData/SDKStatCaches.noindex/watchos27.0-24R360-e829b21a6f8c9b70876ba0858053c04477534ef55a1706bf4c1112bbb242f0a2.sdkstatcache -Xcc -fmodules-prune-interval\=86400 -Xcc -fmodules-prune-after\=345600 -Xcc -I/Users/admin/builder/spi-builder-workspace/.derivedData/Build/Products/Debug-watchos/include -Xcc -I/Users/admin/builder/spi-builder-workspace/.derivedData/Build/Intermediates.noindex/PerfectLib.build/Debug-watchos/PerfectLib-t.build/DerivedSources-normal/arm64 -Xcc -I/Users/admin/builder/spi-builder-workspace/.derivedData/Build/Intermediates.noindex/PerfectLib.build/Debug-watchos/PerfectLib-t.build/DerivedSources/arm64 -Xcc -I/Users/admin/builder/spi-builder-workspace/.derivedData/Build/Intermediates.noindex/PerfectLib.build/Debug-watchos/PerfectLib-t.build/DerivedSources -Xcc -DSWIFT_PACKAGE -Xcc -DDEBUG\=1 -no-auto-bridging-header-chaining -module-name PerfectLib -const-gather-protocols-file /Users/admin/builder/spi-builder-workspace/.derivedData/Build/Intermediates.noindex/PerfectLib.build/Debug-watchos/PerfectLib-t.build/Objects-normal/arm64/PerfectLib_const_extract_protocols.json -disable-clang-spi -target-sdk-version 27.0 -target-sdk-name watchos27.0 -external-plugin-path /Applications/Xcode-27.0.0-Release.Candidate.app/Contents/Developer/Platforms/WatchOS.platform/Developer/usr/lib/swift/host/plugins\#/Applications/Xcode-27.0.0-Release.Candidate.app/Contents/Developer/Platforms/WatchOS.platform/Developer/usr/bin/swift-plugin-server -external-plugin-path /Applications/Xcode-27.0.0-Release.Candidate.app/Contents/Developer/Platforms/WatchOS.platform/Developer/usr/local/lib/swift/host/plugins\#/Applications/Xcode-27.0.0-Release.Candidate.app/Contents/Developer/Platforms/WatchOS.platform/Developer/usr/bin/swift-plugin-server -in-process-plugin-server-path /Applications/Xcode-27.0.0-Release.Candidate.app/Contents/Developer/Toolchains/XcodeDefault.xctoolchain/usr/lib/swift/host/libSwiftInProcPluginServer.dylib -plugin-path /Applications/Xcode-27.0.0-Release.Candidate.app/Contents/Developer/Toolchains/XcodeDefault.xctoolchain/usr/lib/swift/host/plugins -plugin-path /Applications/Xcode-27.0.0-Release.Candidate.app/Contents/Developer/Toolchains/XcodeDefault.xctoolchain/usr/local/lib/swift/host/plugins -emit-module-doc-path /Users/admin/builder/spi-builder-workspace/.derivedData/Build/Intermediates.noindex/PerfectLib.build/Debug-watchos/PerfectLib-t.build/Objects-normal/arm64/PerfectLib.swiftdoc -emit-module-source-info-path /Users/admin/builder/spi-builder-workspace/.derivedData/Build/Intermediates.noindex/PerfectLib.build/Debug-watchos/PerfectLib-t.build/Objects-normal/arm64/PerfectLib.swiftsourceinfo -emit-objc-header-path /Users/admin/builder/spi-builder-workspace/.derivedData/Build/Intermediates.noindex/PerfectLib.build/Debug-watchos/PerfectLib-t.build/Objects-normal/arm64/PerfectLib-Swift.h -serialize-diagnostics-path /Users/admin/builder/spi-builder-workspace/.derivedData/Build/Intermediates.noindex/PerfectLib.build/Debug-watchos/PerfectLib-t.build/Objects-normal/arm64/PerfectLib-primary-emit-module.dia -emit-dependencies-path /Users/admin/builder/spi-builder-workspace/.derivedData/Build/Intermediates.noindex/PerfectLib.build/Debug-watchos/PerfectLib-t.build/Objects-normal/arm64/PerfectLib-primary-emit-module.d -parse-as-library -o /Users/admin/builder/spi-builder-workspace/.derivedData/Build/Intermediates.noindex/PerfectLib.build/Debug-watchos/PerfectLib-t.build/Objects-normal/arm64/PerfectLib.swiftmodule -emit-abi-descriptor-path /Users/admin/builder/spi-builder-workspace/.derivedData/Build/Intermediates.noindex/PerfectLib.build/Debug-watchos/PerfectLib-t.build/Objects-normal/arm64/PerfectLib.abi.json
CompileC /Users/admin/builder/spi-builder-workspace/.derivedData/Build/Intermediates.noindex/COpenSSL.build/Debug-watchos/COpenSSL-t.build/Objects-normal/arm64_32/wp_.o /Users/admin/builder/spi-builder-workspace/.dependencies/checkouts/Perfect-COpenSSL/COpenSSL/wp_.c normal arm64_32 c com.apple.compilers.llvm.clang.1_0.compiler (in target 'COpenSSL' from project 'COpenSSL')
    cd /Users/admin/builder/spi-builder-workspace/.swiftpm/xcode

    Using response file: /Users/admin/builder/spi-builder-workspace/.derivedData/Build/Intermediates.noindex/COpenSSL.build/Debug-watchos/COpenSSL-t.build/Objects-normal/arm64_32/7187679823f38a2a940e0043cdf9d637-common-args.resp

    /Applications/Xcode-27.0.0-Release.Candidate.app/Contents/Developer/Toolchains/XcodeDefault.xctoolchain/usr/bin/clang -x c -ivfsstatcache /Users/admin/builder/spi-builder-workspace/.derivedData/SDKStatCaches.noindex/watchos27.0-24R360-e829b21a6f8c9b70876ba0858053c04477534ef55a1706bf4c1112bbb242f0a2.sdkstatcache -target arm64_32-apple-watchos9.0 -fmessage-length\=0 -fdiagnostics-show-note-include-stack -fmacro-backtrace-limit\=0 -fno-color-diagnostics -fmodules-prune-interval\=86400 -fmodules-prune-after\=345600 -fbuild-session-file\=/Users/admin/builder/spi-builder-workspace/.derivedData/ModuleCache.noindex/Session.modulevalidation -fmodules-validate-once-per-build-session -Wnon-modular-include-in-framework-module -Werror\=non-modular-include-in-framework-module -Wno-trigraphs -Wno-missing-field-initializers -Wno-missing-prototypes -Wno-return-type -Wno-missing-braces -Wparentheses -Wswitch -Wno-unused-function -Wno-unused-label -Wno-unused-parameter -Wno-unused-variable -Wunused-value -Wno-empty-body -Wno-uninitialized -Wno-unknown-pragmas -w -Wno-shadow -Wno-four-char-constants -Wno-conversion -Wno-constant-conversion -Wno-int-conversion -Wno-bool-conversion -Wno-enum-conversion -Wno-float-conversion -Wno-non-literal-null-conversion -Wno-objc-literal-conversion -Wno-shorten-64-to-32 -Wpointer-sign -Wno-newline-eof -Wno-implicit-fallthrough -isysroot /Applications/Xcode-27.0.0-Release.Candidate.app/Contents/Developer/Platforms/WatchOS.platform/Developer/SDKs/WatchOS27.0.sdk -fstrict-aliasing -Wdeprecated-declarations -Wno-sign-conversion -Wno-infinite-recursion -Wno-comma -Wno-block-capture-autoreleasing -Wno-strict-prototypes -Wno-semicolon-before-method-body -index-store-path /Users/admin/builder/spi-builder-workspace/.derivedData/Index.noindex/DataStore @/Users/admin/builder/spi-builder-workspace/.derivedData/Build/Intermediates.noindex/COpenSSL.build/Debug-watchos/COpenSSL-t.build/Objects-normal/arm64_32/7187679823f38a2a940e0043cdf9d637-common-args.resp -MMD -MT dependencies -MF /Users/admin/builder/spi-builder-workspace/.derivedData/Build/Intermediates.noindex/COpenSSL.build/Debug-watchos/COpenSSL-t.build/Objects-normal/arm64_32/wp_.d --serialize-diagnostics /Users/admin/builder/spi-builder-workspace/.derivedData/Build/Intermediates.noindex/COpenSSL.build/Debug-watchos/COpenSSL-t.build/Objects-normal/arm64_32/wp_.dia -c /Users/admin/builder/spi-builder-workspace/.dependencies/checkouts/Perfect-COpenSSL/COpenSSL/wp_.c -o /Users/admin/builder/spi-builder-workspace/.derivedData/Build/Intermediates.noindex/COpenSSL.build/Debug-watchos/COpenSSL-t.build/Objects-normal/arm64_32/wp_.o -index-unit-output-path /COpenSSL.build/Debug-watchos/COpenSSL-t.build/Objects-normal/arm64_32/wp_.o
CompileC /Users/admin/builder/spi-builder-workspace/.derivedData/Build/Intermediates.noindex/COpenSSL.build/Debug-watchos/COpenSSL-t.build/Objects-normal/arm64_32/v3err.o /Users/admin/builder/spi-builder-workspace/.dependencies/checkouts/Perfect-COpenSSL/COpenSSL/v3err.c normal arm64_32 c com.apple.compilers.llvm.clang.1_0.compiler (in target 'COpenSSL' from project 'COpenSSL')
    cd /Users/admin/builder/spi-builder-workspace/.swiftpm/xcode

    Using response file: /Users/admin/builder/spi-builder-workspace/.derivedData/Build/Intermediates.noindex/COpenSSL.build/Debug-watchos/COpenSSL-t.build/Objects-normal/arm64_32/7187679823f38a2a940e0043cdf9d637-common-args.resp

    /Applications/Xcode-27.0.0-Release.Candidate.app/Contents/Developer/Toolchains/XcodeDefault.xctoolchain/usr/bin/clang -x c -ivfsstatcache /Users/admin/builder/spi-builder-workspace/.derivedData/SDKStatCaches.noindex/watchos27.0-24R360-e829b21a6f8c9b70876ba0858053c04477534ef55a1706bf4c1112bbb242f0a2.sdkstatcache -target arm64_32-apple-watchos9.0 -fmessage-length\=0 -fdiagnostics-show-note-include-stack -fmacro-backtrace-limit\=0 -fno-color-diagnostics -fmodules-prune-interval\=86400 -fmodules-prune-after\=345600 -fbuild-session-file\=/Users/admin/builder/spi-builder-workspace/.derivedData/ModuleCache.noindex/Session.modulevalidation -fmodules-validate-once-per-build-session -Wnon-modular-include-in-framework-module -Werror\=non-modular-include-in-framework-module -Wno-trigraphs -Wno-missing-field-initializers -Wno-missing-prototypes -Wno-return-type -Wno-missing-braces -Wparentheses -Wswitch -Wno-unused-function -Wno-unused-label -Wno-unused-parameter -Wno-unused-variable -Wunused-value -Wno-empty-body -Wno-uninitialized -Wno-unknown-pragmas -w -Wno-shadow -Wno-four-char-constants -Wno-conversion -Wno-constant-conversion -Wno-int-conversion -Wno-bool-conversion -Wno-enum-conversion -Wno-float-conversion -Wno-non-literal-null-conversion -Wno-objc-literal-conversion -Wno-shorten-64-to-32 -Wpointer-sign -Wno-newline-eof -Wno-implicit-fallthrough -isysroot /Applications/Xcode-27.0.0-Release.Candidate.app/Contents/Developer/Platforms/WatchOS.platform/Developer/SDKs/WatchOS27.0.sdk -fstrict-aliasing -Wdeprecated-declarations -Wno-sign-conversion -Wno-infinite-recursion -Wno-comma -Wno-block-capture-autoreleasing -Wno-strict-prototypes -Wno-semicolon-before-method-body -index-store-path /Users/admin/builder/spi-builder-workspace/.derivedData/Index.noindex/DataStore @/Users/admin/builder/spi-builder-workspace/.derivedData/Build/Intermediates.noindex/COpenSSL.build/Debug-watchos/COpenSSL-t.build/Objects-normal/arm64_32/7187679823f38a2a940e0043cdf9d637-common-args.resp -MMD -MT dependencies -MF /Users/admin/builder/spi-builder-workspace/.derivedData/Build/Intermediates.noindex/COpenSSL.build/Debug-watchos/COpenSSL-t.build/Objects-normal/arm64_32/v3err.d --serialize-diagnostics /Users/admin/builder/spi-builder-workspace/.derivedData/Build/Intermediates.noindex/COpenSSL.build/Debug-watchos/COpenSSL-t.build/Objects-normal/arm64_32/v3err.dia -c /Users/admin/builder/spi-builder-workspace/.dependencies/checkouts/Perfect-COpenSSL/COpenSSL/v3err.c -o /Users/admin/builder/spi-builder-workspace/.derivedData/Build/Intermediates.noindex/COpenSSL.build/Debug-watchos/COpenSSL-t.build/Objects-normal/arm64_32/v3err.o -index-unit-output-path /COpenSSL.build/Debug-watchos/COpenSSL-t.build/Objects-normal/arm64_32/v3err.o
CompileC /Users/admin/builder/spi-builder-workspace/.derivedData/Build/Intermediates.noindex/COpenSSL.build/Debug-watchos/COpenSSL-t.build/Objects-normal/arm64_32/v3_lib.o /Users/admin/builder/spi-builder-workspace/.dependencies/checkouts/Perfect-COpenSSL/COpenSSL/v3_lib.c normal arm64_32 c com.apple.compilers.llvm.clang.1_0.compiler (in target 'COpenSSL' from project 'COpenSSL')
    cd /Users/admin/builder/spi-builder-workspace/.swiftpm/xcode

    Using response file: /Users/admin/builder/spi-builder-workspace/.derivedData/Build/Intermediates.noindex/COpenSSL.build/Debug-watchos/COpenSSL-t.build/Objects-normal/arm64_32/7187679823f38a2a940e0043cdf9d637-common-args.resp

    /Applications/Xcode-27.0.0-Release.Candidate.app/Contents/Developer/Toolchains/XcodeDefault.xctoolchain/usr/bin/clang -x c -ivfsstatcache /Users/admin/builder/spi-builder-workspace/.derivedData/SDKStatCaches.noindex/watchos27.0-24R360-e829b21a6f8c9b70876ba0858053c04477534ef55a1706bf4c1112bbb242f0a2.sdkstatcache -target arm64_32-apple-watchos9.0 -fmessage-length\=0 -fdiagnostics-show-note-include-stack -fmacro-backtrace-limit\=0 -fno-color-diagnostics -fmodules-prune-interval\=86400 -fmodules-prune-after\=345600 -fbuild-session-file\=/Users/admin/builder/spi-builder-workspace/.derivedData/ModuleCache.noindex/Session.modulevalidation -fmodules-validate-once-per-build-session -Wnon-modular-include-in-framework-module -Werror\=non-modular-include-in-framework-module -Wno-trigraphs -Wno-missing-field-initializers -Wno-missing-prototypes -Wno-return-type -Wno-missing-braces -Wparentheses -Wswitch -Wno-unused-function -Wno-unused-label -Wno-unused-parameter -Wno-unused-variable -Wunused-value -Wno-empty-body -Wno-uninitialized -Wno-unknown-pragmas -w -Wno-shadow -Wno-four-char-constants -Wno-conversion -Wno-constant-conversion -Wno-int-conversion -Wno-bool-conversion -Wno-enum-conversion -Wno-float-conversion -Wno-non-literal-null-conversion -Wno-objc-literal-conversion -Wno-shorten-64-to-32 -Wpointer-sign -Wno-newline-eof -Wno-implicit-fallthrough -isysroot /Applications/Xcode-27.0.0-Release.Candidate.app/Contents/Developer/Platforms/WatchOS.platform/Developer/SDKs/WatchOS27.0.sdk -fstrict-aliasing -Wdeprecated-declarations -Wno-sign-conversion -Wno-infinite-recursion -Wno-comma -Wno-block-capture-autoreleasing -Wno-strict-prototypes -Wno-semicolon-before-method-body -index-store-path /Users/admin/builder/spi-builder-workspace/.derivedData/Index.noindex/DataStore @/Users/admin/builder/spi-builder-workspace/.derivedData/Build/Intermediates.noindex/COpenSSL.build/Debug-watchos/COpenSSL-t.build/Objects-normal/arm64_32/7187679823f38a2a940e0043cdf9d637-common-args.resp -MMD -MT dependencies -MF /Users/admin/builder/spi-builder-workspace/.derivedData/Build/Intermediates.noindex/COpenSSL.build/Debug-watchos/COpenSSL-t.build/Objects-normal/arm64_32/v3_lib.d --serialize-diagnostics /Users/admin/builder/spi-builder-workspace/.derivedData/Build/Intermediates.noindex/COpenSSL.build/Debug-watchos/COpenSSL-t.build/Objects-normal/arm64_32/v3_lib.dia -c /Users/admin/builder/spi-builder-workspace/.dependencies/checkouts/Perfect-COpenSSL/COpenSSL/v3_lib.c -o /Users/admin/builder/spi-builder-workspace/.derivedData/Build/Intermediates.noindex/COpenSSL.build/Debug-watchos/COpenSSL-t.build/Objects-normal/arm64_32/v3_lib.o -index-unit-output-path /COpenSSL.build/Debug-watchos/COpenSSL-t.build/Objects-normal/arm64_32/v3_lib.o
CompileC /Users/admin/builder/spi-builder-workspace/.derivedData/Build/Intermediates.noindex/COpenSSL.build/Debug-watchos/COpenSSL-t.build/Objects-normal/arm64_32/v3_.o /Users/admin/builder/spi-builder-workspace/.dependencies/checkouts/Perfect-COpenSSL/COpenSSL/v3_.c normal arm64_32 c com.apple.compilers.llvm.clang.1_0.compiler (in target 'COpenSSL' from project 'COpenSSL')
    cd /Users/admin/builder/spi-builder-workspace/.swiftpm/xcode

    Using response file: /Users/admin/builder/spi-builder-workspace/.derivedData/Build/Intermediates.noindex/COpenSSL.build/Debug-watchos/COpenSSL-t.build/Objects-normal/arm64_32/7187679823f38a2a940e0043cdf9d637-common-args.resp

    /Applications/Xcode-27.0.0-Release.Candidate.app/Contents/Developer/Toolchains/XcodeDefault.xctoolchain/usr/bin/clang -x c -ivfsstatcache /Users/admin/builder/spi-builder-workspace/.derivedData/SDKStatCaches.noindex/watchos27.0-24R360-e829b21a6f8c9b70876ba0858053c04477534ef55a1706bf4c1112bbb242f0a2.sdkstatcache -target arm64_32-apple-watchos9.0 -fmessage-length\=0 -fdiagnostics-show-note-include-stack -fmacro-backtrace-limit\=0 -fno-color-diagnostics -fmodules-prune-interval\=86400 -fmodules-prune-after\=345600 -fbuild-session-file\=/Users/admin/builder/spi-builder-workspace/.derivedData/ModuleCache.noindex/Session.modulevalidation -fmodules-validate-once-per-build-session -Wnon-modular-include-in-framework-module -Werror\=non-modular-include-in-framework-module -Wno-trigraphs -Wno-missing-field-initializers -Wno-missing-prototypes -Wno-return-type -Wno-missing-braces -Wparentheses -Wswitch -Wno-unused-function -Wno-unused-label -Wno-unused-parameter -Wno-unused-variable -Wunused-value -Wno-empty-body -Wno-uninitialized -Wno-unknown-pragmas -w -Wno-shadow -Wno-four-char-constants -Wno-conversion -Wno-constant-conversion -Wno-int-conversion -Wno-bool-conversion -Wno-enum-conversion -Wno-float-conversion -Wno-non-literal-null-conversion -Wno-objc-literal-conversion -Wno-shorten-64-to-32 -Wpointer-sign -Wno-newline-eof -Wno-implicit-fallthrough -isysroot /Applications/Xcode-27.0.0-Release.Candidate.app/Contents/Developer/Platforms/WatchOS.platform/Developer/SDKs/WatchOS27.0.sdk -fstrict-aliasing -Wdeprecated-declarations -Wno-sign-conversion -Wno-infinite-recursion -Wno-comma -Wno-block-capture-autoreleasing -Wno-strict-prototypes -Wno-semicolon-before-method-body -index-store-path /Users/admin/builder/spi-builder-workspace/.derivedData/Index.noindex/DataStore @/Users/admin/builder/spi-builder-workspace/.derivedData/Build/Intermediates.noindex/COpenSSL.build/Debug-watchos/COpenSSL-t.build/Objects-normal/arm64_32/7187679823f38a2a940e0043cdf9d637-common-args.resp -MMD -MT dependencies -MF /Users/admin/builder/spi-builder-workspace/.derivedData/Build/Intermediates.noindex/COpenSSL.build/Debug-watchos/COpenSSL-t.build/Objects-normal/arm64_32/v3_.d --serialize-diagnostics /Users/admin/builder/spi-builder-workspace/.derivedData/Build/Intermediates.noindex/COpenSSL.build/Debug-watchos/COpenSSL-t.build/Objects-normal/arm64_32/v3_.dia -c /Users/admin/builder/spi-builder-workspace/.dependencies/checkouts/Perfect-COpenSSL/COpenSSL/v3_.c -o /Users/admin/builder/spi-builder-workspace/.derivedData/Build/Intermediates.noindex/COpenSSL.build/Debug-watchos/COpenSSL-t.build/Objects-normal/arm64_32/v3_.o -index-unit-output-path /COpenSSL.build/Debug-watchos/COpenSSL-t.build/Objects-normal/arm64_32/v3_.o
Failed frontend command:
/Applications/Xcode-27.0.0-Release.Candidate.app/Contents/Developer/Toolchains/XcodeDefault.xctoolchain/usr/bin/clang -cc1 -Wundef-prefix\=TARGET_OS_ -fdiagnostics-show-note-include-stack -fmacro-backtrace-limit\=0 -w -ferror-limit 19 -serialize-diagnostic-file /Users/admin/builder/spi-builder-workspace/.derivedData/Build/Intermediates.noindex/COpenSSL.build/Debug-watchos/COpenSSL-t.build/Objects-normal/arm64_32/v3_.dia -Wdeprecated-objc-isa-usage -Werror\=deprecated-objc-isa-usage -Werror\=implicit-function-declaration -Wnon-modular-include-in-framework-module -Werror\=non-modular-include-in-framework-module -Wno-trigraphs -Wno-missing-field-initializers -Wno-missing-prototypes -Wno-return-type -Wno-missing-braces -Wparentheses -Wswitch -Wno-unused-function -Wno-unused-label -Wno-unused-parameter -Wno-unused-variable -Wunused-value -Wno-empty-body -Wno-uninitialized -Wno-unknown-pragmas -Wno-shadow -Wno-four-char-constants -Wno-conversion -Wno-constant-conversion -Wno-int-conversion -Wno-bool-conversion -Wno-enum-conversion -Wno-float-conversion -Wno-non-literal-null-conversion -Wno-objc-literal-conversion -Wno-shorten-64-to-32 -Wpointer-sign -Wno-newline-eof -Wno-implicit-fallthrough -Wdeprecated-declarations -Wno-sign-conversion -Wno-infinite-recursion -Wno-comma -Wno-block-capture-autoreleasing -Wno-strict-prototypes -Wno-semicolon-before-method-body -Wno-elaborated-enum-base -Wno-error\=allocator-wrappers -index-store-path /Users/admin/builder/spi-builder-workspace/.derivedData/Index.noindex/DataStore -index-unit-output-path /COpenSSL.build/Debug-watchos/COpenSSL-t.build/Objects-normal/arm64_32/v3_.o -fmodule-map-file\=/Users/admin/builder/spi-builder-workspace/.dependencies/checkouts/Perfect-COpenSSL/COpenSSL/include/module.modulemap -fmodule-map-file\=/Applications/Xcode-27.0.0-Release.Candidate.app/Contents/Developer/Platforms/WatchOS.platform/Developer/SDKs/WatchOS.sdk/usr/include/DarwinFoundation1.modulemap -fmodule-map-file\=/Applications/Xcode-27.0.0-Release.Candidate.app/Contents/Developer/Toolchains/XcodeDefault.xctoolchain/usr/lib/clang/21/include/module.modulemap -fmodule-map-file\=/Applications/Xcode-27.0.0-Release.Candidate.app/Contents/Developer/Toolchains/XcodeDefault.xctoolchain/usr/lib/clang/21/include/module.modulemap -fmodule-map-file\=/Applications/Xcode-27.0.0-Release.Candidate.app/Contents/Developer/Platforms/WatchOS.platform/Developer/SDKs/WatchOS.sdk/usr/include/DarwinFoundation2.modulemap -fmodule-map-file\=/Applications/Xcode-27.0.0-Release.Candidate.app/Contents/Developer/Platforms/WatchOS.platform/Developer/SDKs/WatchOS.sdk/usr/include/DarwinFoundation3.modulemap -fmodule-map-file\=/Applications/Xcode-27.0.0-Release.Candidate.app/Contents/Developer/Toolchains/XcodeDefault.xctoolchain/usr/lib/clang/21/include/module.modulemap -o /Users/admin/builder/spi-builder-workspace/.derivedData/Build/Intermediates.noindex/COpenSSL.build/Debug-watchos/COpenSSL-t.build/Objects-normal/arm64_32/v3_.o -disable-free -emit-obj -x c /Users/admin/builder/spi-builder-workspace/.dependencies/checkouts/Perfect-COpenSSL/COpenSSL/v3_.c -target-abi darwinpcs -target-cpu apple-s4 -target-feature +v8.3a -target-feature +aes -target-feature +complxnum -target-feature +crc -target-feature +fp-armv8 -target-feature +fullfp16 -target-feature +jsconv -target-feature +lse -target-feature +neon -target-feature +pauth -target-feature +perfmon -target-feature +ras -target-feature +rcpc -target-feature +rdm -target-feature +sha2 -triple arm64_32-apple-watchos9.0.0 -target-linker-version 1166.2 -target-sdk-version\=27.0 -fmodules-validate-system-headers -fno-modulemap-allow-subdirectory-search -isysroot /Applications/Xcode-27.0.0-Release.Candidate.app/Contents/Developer/Platforms/WatchOS.platform/Developer/SDKs/WatchOS27.0.sdk -resource-dir /Applications/Xcode-27.0.0-Release.Candidate.app/Contents/Developer/Toolchains/XcodeDefault.xctoolchain/usr/lib/clang/21 -fmodule-format\=obj -fmodule-file\=_Builtin_limits\=/Users/admin/builder/spi-builder-workspace/.derivedData/Build/Intermediates.noindex/ExplicitPrecompiledModules/_Builtin_limits-6E5IW1WWU6EKZ86KTL42OEAKK.pcm -fmodule-file\=_Builtin_stdarg\=/Users/admin/builder/spi-builder-workspace/.derivedData/Build/Intermediates.noindex/ExplicitPrecompiledModules/_Builtin_stdarg-3FBU3SHG4221H48J15ES3MF8K.pcm -fmodule-file\=_Builtin_stddef\=/Users/admin/builder/spi-builder-workspace/.derivedData/Build/Intermediates.noindex/ExplicitPrecompiledModules/_Builtin_stddef-2G16WS4KI1O8GRURG8GT0OWEX.pcm -fmodule-file\=_DarwinFoundation1\=/Users/admin/builder/spi-builder-workspace/.derivedData/Build/Intermediates.noindex/ExplicitPrecompiledModules/_DarwinFoundation1-13H6FXL1GBYYXRCWTA0PD05GF.pcm -fmodule-file\=_DarwinFoundation2\=/Users/admin/builder/spi-builder-workspace/.derivedData/Build/Intermediates.noindex/ExplicitPrecompiledModules/_DarwinFoundation2-UOPWJD88NWYOYIOBXLEYL9XL.pcm -fmodule-file\=_DarwinFoundation3\=/Users/admin/builder/spi-builder-workspace/.derivedData/Build/Intermediates.noindex/ExplicitPrecompiledModules/_DarwinFoundation3-8YQJHADOAGVLGCJ0XL0EXZ0DO.pcm -I /Users/admin/builder/spi-builder-workspace/.derivedData/Build/Products/Debug-watchos/include -I /Users/admin/builder/spi-builder-workspace/.dependencies/checkouts/Perfect-COpenSSL/COpenSSL/include -I /Users/admin/builder/spi-builder-workspace/.derivedData/Build/Intermediates.noindex/COpenSSL.build/Debug-watchos/COpenSSL-t.build/DerivedSources-normal/arm64_32 -I /Users/admin/builder/spi-builder-workspace/.derivedData/Build/Intermediates.noindex/COpenSSL.build/Debug-watchos/COpenSSL-t.build/DerivedSources/arm64_32 -I /Users/admin/builder/spi-builder-workspace/.derivedData/Build/Intermediates.noindex/COpenSSL.build/Debug-watchos/COpenSSL-t.build/DerivedSources -F /Users/admin/builder/spi-builder-workspace/.derivedData/Build/Products/Debug-watchos -iframework /Applications/Xcode-27.0.0-Release.Candidate.app/Contents/Developer/Platforms/WatchOS.platform/Developer/Library/Frameworks -iframework /Applications/Xcode-27.0.0-Release.Candidate.app/Contents/Developer/Platforms/WatchOS.platform/Developer/SDKs/WatchOS27.0.sdk/Developer/Library/Frameworks -internal-isystem /Applications/Xcode-27.0.0-Release.Candidate.app/Contents/Developer/Platforms/WatchOS.platform/Developer/SDKs/WatchOS27.0.sdk/usr/local/include -internal-isystem /Applications/Xcode-27.0.0-Release.Candidate.app/Contents/Developer/Toolchains/XcodeDefault.xctoolchain/usr/lib/clang/21/include -internal-externc-isystem /Applications/Xcode-27.0.0-Release.Candidate.app/Contents/Developer/Platforms/WatchOS.platform/Developer/SDKs/WatchOS27.0.sdk/usr/include -internal-externc-isystem /Applications/Xcode-27.0.0-Release.Candidate.app/Contents/Developer/Toolchains/XcodeDefault.xctoolchain/usr/include -internal-iframework /Applications/Xcode-27.0.0-Release.Candidate.app/Contents/Developer/Platforms/WatchOS.platform/Developer/SDKs/WatchOS27.0.sdk/System/Library/Frameworks -internal-iframework /Applications/Xcode-27.0.0-Release.Candidate.app/Contents/Developer/Platforms/WatchOS.platform/Developer/SDKs/WatchOS27.0.sdk/System/Library/SubFrameworks -internal-iframework /Applications/Xcode-27.0.0-Release.Candidate.app/Contents/Developer/Platforms/WatchOS.platform/Developer/SDKs/WatchOS27.0.sdk/Library/Frameworks -ivfsstatcache /Users/admin/builder/spi-builder-workspace/.derivedData/SDKStatCaches.noindex/watchos27.0-24R360-e829b21a6f8c9b70876ba0858053c04477534ef55a1706bf4c1112bbb242f0a2.sdkstatcache -std\=gnu17 -fskip-odr-check-in-gmf -fmodules -fmodule-name\=COpenSSL -fno-implicit-modules -fmax-type-align\=16 -fpascal-strings -fvisibility-inlines-hidden-static-local-var -mdarwin-stkchk-strong-link -fno-odr-hash-protocols -pic-level 2 -fencode-extended-block-signature -stack-protector 1 -fgnuc-version\=4.2.1 -fblocks -fno-convergent-functions -ffp-contract\=on -fclang-abi-compat\=4.0 -fno-experimental-relative-c++-abi-vtables -fno-file-reproducible -clang-vendor-feature\=+disableNonDependentMemberExprInCurrentInstantiation -clang-vendor-feature\=+enableAggressiveVLAFolding -clang-vendor-feature\=+revert09abecef7bbf -clang-vendor-feature\=+thisNoAlignAttr -clang-vendor-feature\=+thisNoNullAttr -clang-vendor-feature\=+disableAtImportPrivateFrameworkInImplementationError -O0 -fno-assume-unique-vtables -fdebug-compilation-dir\=/Users/admin/builder/spi-builder-workspace/.swiftpm/xcode -fcoverage-compilation-dir\=/Users/admin/builder/spi-builder-workspace/.swiftpm/xcode -fcoverage-mapping -fcommon -fdwarf2-cfi-asm -fobjc-msgsend-selector-stubs -fregister-global-dtors-with-atexit -fno-strict-return -dwarf-version\=4 -debugger-tuning\=lldb -disable-llvm-verifier -dwarf-ext-refs -funwind-tables\=1 -fprofile-instrument\=clang -enable-tlsdesc -clear-ast-before-backend -discard-value-names -main-file-name v3_.c -mframe-pointer\=non-leaf -debug-info-kind\=standalone -fno-loop-interchange -fdiagnostics-hotness-threshold\=0 -fdiagnostics-misexpect-tolerance\=0 -D DEBUG\=1 -D SWIFT_PACKAGE -D Xcode -fdefine-target-os-macros -MT dependencies -dependency-file /Users/admin/builder/spi-builder-workspace/.derivedData/Build/Intermediates.noindex/COpenSSL.build/Debug-watchos/COpenSSL-t.build/Objects-normal/arm64_32/v3_.d -skip-unused-modulemap-deps -module-file-deps\=direct -fdepfile-entry\=/Applications/Xcode-27.0.0-Release.Candidate.app/Contents/Developer/Platforms/WatchOS.platform/Developer/SDKs/WatchOS27.0.sdk/SDKSettings.json
CompileC /Users/admin/builder/spi-builder-workspace/.derivedData/Build/Intermediates.noindex/COpenSSL.build/Debug-watchos/COpenSSL-t.build/Objects-normal/arm64_32/uid.o /Users/admin/builder/spi-builder-workspace/.dependencies/checkouts/Perfect-COpenSSL/COpenSSL/uid.c normal arm64_32 c com.apple.compilers.llvm.clang.1_0.compiler (in target 'COpenSSL' from project 'COpenSSL')
    cd /Users/admin/builder/spi-builder-workspace/.swiftpm/xcode

    Using response file: /Users/admin/builder/spi-builder-workspace/.derivedData/Build/Intermediates.noindex/COpenSSL.build/Debug-watchos/COpenSSL-t.build/Objects-normal/arm64_32/7187679823f38a2a940e0043cdf9d637-common-args.resp

    /Applications/Xcode-27.0.0-Release.Candidate.app/Contents/Developer/Toolchains/XcodeDefault.xctoolchain/usr/bin/clang -x c -ivfsstatcache /Users/admin/builder/spi-builder-workspace/.derivedData/SDKStatCaches.noindex/watchos27.0-24R360-e829b21a6f8c9b70876ba0858053c04477534ef55a1706bf4c1112bbb242f0a2.sdkstatcache -target arm64_32-apple-watchos9.0 -fmessage-length\=0 -fdiagnostics-show-note-include-stack -fmacro-backtrace-limit\=0 -fno-color-diagnostics -fmodules-prune-interval\=86400 -fmodules-prune-after\=345600 -fbuild-session-file\=/Users/admin/builder/spi-builder-workspace/.derivedData/ModuleCache.noindex/Session.modulevalidation -fmodules-validate-once-per-build-session -Wnon-modular-include-in-framework-module -Werror\=non-modular-include-in-framework-module -Wno-trigraphs -Wno-missing-field-initializers -Wno-missing-prototypes -Wno-return-type -Wno-missing-braces -Wparentheses -Wswitch -Wno-unused-function -Wno-unused-label -Wno-unused-parameter -Wno-unused-variable -Wunused-value -Wno-empty-body -Wno-uninitialized -Wno-unknown-pragmas -w -Wno-shadow -Wno-four-char-constants -Wno-conversion -Wno-constant-conversion -Wno-int-conversion -Wno-bool-conversion -Wno-enum-conversion -Wno-float-conversion -Wno-non-literal-null-conversion -Wno-objc-literal-conversion -Wno-shorten-64-to-32 -Wpointer-sign -Wno-newline-eof -Wno-implicit-fallthrough -isysroot /Applications/Xcode-27.0.0-Release.Candidate.app/Contents/Developer/Platforms/WatchOS.platform/Developer/SDKs/WatchOS27.0.sdk -fstrict-aliasing -Wdeprecated-declarations -Wno-sign-conversion -Wno-infinite-recursion -Wno-comma -Wno-block-capture-autoreleasing -Wno-strict-prototypes -Wno-semicolon-before-method-body -index-store-path /Users/admin/builder/spi-builder-workspace/.derivedData/Index.noindex/DataStore @/Users/admin/builder/spi-builder-workspace/.derivedData/Build/Intermediates.noindex/COpenSSL.build/Debug-watchos/COpenSSL-t.build/Objects-normal/arm64_32/7187679823f38a2a940e0043cdf9d637-common-args.resp -MMD -MT dependencies -MF /Users/admin/builder/spi-builder-workspace/.derivedData/Build/Intermediates.noindex/COpenSSL.build/Debug-watchos/COpenSSL-t.build/Objects-normal/arm64_32/uid.d --serialize-diagnostics /Users/admin/builder/spi-builder-workspace/.derivedData/Build/Intermediates.noindex/COpenSSL.build/Debug-watchos/COpenSSL-t.build/Objects-normal/arm64_32/uid.dia -c /Users/admin/builder/spi-builder-workspace/.dependencies/checkouts/Perfect-COpenSSL/COpenSSL/uid.c -o /Users/admin/builder/spi-builder-workspace/.derivedData/Build/Intermediates.noindex/COpenSSL.build/Debug-watchos/COpenSSL-t.build/Objects-normal/arm64_32/uid.o -index-unit-output-path /COpenSSL.build/Debug-watchos/COpenSSL-t.build/Objects-normal/arm64_32/uid.o
CompileC /Users/admin/builder/spi-builder-workspace/.derivedData/Build/Intermediates.noindex/COpenSSL.build/Debug-watchos/COpenSSL-t.build/Objects-normal/arm64_32/txt_db.o /Users/admin/builder/spi-builder-workspace/.dependencies/checkouts/Perfect-COpenSSL/COpenSSL/txt_db.c normal arm64_32 c com.apple.compilers.llvm.clang.1_0.compiler (in target 'COpenSSL' from project 'COpenSSL')
    cd /Users/admin/builder/spi-builder-workspace/.swiftpm/xcode

    Using response file: /Users/admin/builder/spi-builder-workspace/.derivedData/Build/Intermediates.noindex/COpenSSL.build/Debug-watchos/COpenSSL-t.build/Objects-normal/arm64_32/7187679823f38a2a940e0043cdf9d637-common-args.resp

    /Applications/Xcode-27.0.0-Release.Candidate.app/Contents/Developer/Toolchains/XcodeDefault.xctoolchain/usr/bin/clang -x c -ivfsstatcache /Users/admin/builder/spi-builder-workspace/.derivedData/SDKStatCaches.noindex/watchos27.0-24R360-e829b21a6f8c9b70876ba0858053c04477534ef55a1706bf4c1112bbb242f0a2.sdkstatcache -target arm64_32-apple-watchos9.0 -fmessage-length\=0 -fdiagnostics-show-note-include-stack -fmacro-backtrace-limit\=0 -fno-color-diagnostics -fmodules-prune-interval\=86400 -fmodules-prune-after\=345600 -fbuild-session-file\=/Users/admin/builder/spi-builder-workspace/.derivedData/ModuleCache.noindex/Session.modulevalidation -fmodules-validate-once-per-build-session -Wnon-modular-include-in-framework-module -Werror\=non-modular-include-in-framework-module -Wno-trigraphs -Wno-missing-field-initializers -Wno-missing-prototypes -Wno-return-type -Wno-missing-braces -Wparentheses -Wswitch -Wno-unused-function -Wno-unused-label -Wno-unused-parameter -Wno-unused-variable -Wunused-value -Wno-empty-body -Wno-uninitialized -Wno-unknown-pragmas -w -Wno-shadow -Wno-four-char-constants -Wno-conversion -Wno-constant-conversion -Wno-int-conversion -Wno-bool-conversion -Wno-enum-conversion -Wno-float-conversion -Wno-non-literal-null-conversion -Wno-objc-literal-conversion -Wno-shorten-64-to-32 -Wpointer-sign -Wno-newline-eof -Wno-implicit-fallthrough -isysroot /Applications/Xcode-27.0.0-Release.Candidate.app/Contents/Developer/Platforms/WatchOS.platform/Developer/SDKs/WatchOS27.0.sdk -fstrict-aliasing -Wdeprecated-declarations -Wno-sign-conversion -Wno-infinite-recursion -Wno-comma -Wno-block-capture-autoreleasing -Wno-strict-prototypes -Wno-semicolon-before-method-body -index-store-path /Users/admin/builder/spi-builder-workspace/.derivedData/Index.noindex/DataStore @/Users/admin/builder/spi-builder-workspace/.derivedData/Build/Intermediates.noindex/COpenSSL.build/Debug-watchos/COpenSSL-t.build/Objects-normal/arm64_32/7187679823f38a2a940e0043cdf9d637-common-args.resp -MMD -MT dependencies -MF /Users/admin/builder/spi-builder-workspace/.derivedData/Build/Intermediates.noindex/COpenSSL.build/Debug-watchos/COpenSSL-t.build/Objects-normal/arm64_32/txt_db.d --serialize-diagnostics /Users/admin/builder/spi-builder-workspace/.derivedData/Build/Intermediates.noindex/COpenSSL.build/Debug-watchos/COpenSSL-t.build/Objects-normal/arm64_32/txt_db.dia -c /Users/admin/builder/spi-builder-workspace/.dependencies/checkouts/Perfect-COpenSSL/COpenSSL/txt_db.c -o /Users/admin/builder/spi-builder-workspace/.derivedData/Build/Intermediates.noindex/COpenSSL.build/Debug-watchos/COpenSSL-t.build/Objects-normal/arm64_32/txt_db.o -index-unit-output-path /COpenSSL.build/Debug-watchos/COpenSSL-t.build/Objects-normal/arm64_32/txt_db.o
CompileC /Users/admin/builder/spi-builder-workspace/.derivedData/Build/Intermediates.noindex/COpenSSL.build/Debug-watchos/COpenSSL-t.build/Objects-normal/arm64_32/tb_store.o /Users/admin/builder/spi-builder-workspace/.dependencies/checkouts/Perfect-COpenSSL/COpenSSL/tb_store.c normal arm64_32 c com.apple.compilers.llvm.clang.1_0.compiler (in target 'COpenSSL' from project 'COpenSSL')
    cd /Users/admin/builder/spi-builder-workspace/.swiftpm/xcode

    Using response file: /Users/admin/builder/spi-builder-workspace/.derivedData/Build/Intermediates.noindex/COpenSSL.build/Debug-watchos/COpenSSL-t.build/Objects-normal/arm64_32/7187679823f38a2a940e0043cdf9d637-common-args.resp

    /Applications/Xcode-27.0.0-Release.Candidate.app/Contents/Developer/Toolchains/XcodeDefault.xctoolchain/usr/bin/clang -x c -ivfsstatcache /Users/admin/builder/spi-builder-workspace/.derivedData/SDKStatCaches.noindex/watchos27.0-24R360-e829b21a6f8c9b70876ba0858053c04477534ef55a1706bf4c1112bbb242f0a2.sdkstatcache -target arm64_32-apple-watchos9.0 -fmessage-length\=0 -fdiagnostics-show-note-include-stack -fmacro-backtrace-limit\=0 -fno-color-diagnostics -fmodules-prune-interval\=86400 -fmodules-prune-after\=345600 -fbuild-session-file\=/Users/admin/builder/spi-builder-workspace/.derivedData/ModuleCache.noindex/Session.modulevalidation -fmodules-validate-once-per-build-session -Wnon-modular-include-in-framework-module -Werror\=non-modular-include-in-framework-module -Wno-trigraphs -Wno-missing-field-initializers -Wno-missing-prototypes -Wno-return-type -Wno-missing-braces -Wparentheses -Wswitch -Wno-unused-function -Wno-unused-label -Wno-unused-parameter -Wno-unused-variable -Wunused-value -Wno-empty-body -Wno-uninitialized -Wno-unknown-pragmas -w -Wno-shadow -Wno-four-char-constants -Wno-conversion -Wno-constant-conversion -Wno-int-conversion -Wno-bool-conversion -Wno-enum-conversion -Wno-float-conversion -Wno-non-literal-null-conversion -Wno-objc-literal-conversion -Wno-shorten-64-to-32 -Wpointer-sign -Wno-newline-eof -Wno-implicit-fallthrough -isysroot /Applications/Xcode-27.0.0-Release.Candidate.app/Contents/Developer/Platforms/WatchOS.platform/Developer/SDKs/WatchOS27.0.sdk -fstrict-aliasing -Wdeprecated-declarations -Wno-sign-conversion -Wno-infinite-recursion -Wno-comma -Wno-block-capture-autoreleasing -Wno-strict-prototypes -Wno-semicolon-before-method-body -index-store-path /Users/admin/builder/spi-builder-workspace/.derivedData/Index.noindex/DataStore @/Users/admin/builder/spi-builder-workspace/.derivedData/Build/Intermediates.noindex/COpenSSL.build/Debug-watchos/COpenSSL-t.build/Objects-normal/arm64_32/7187679823f38a2a940e0043cdf9d637-common-args.resp -MMD -MT dependencies -MF /Users/admin/builder/spi-builder-workspace/.derivedData/Build/Intermediates.noindex/COpenSSL.build/Debug-watchos/COpenSSL-t.build/Objects-normal/arm64_32/tb_store.d --serialize-diagnostics /Users/admin/builder/spi-builder-workspace/.derivedData/Build/Intermediates.noindex/COpenSSL.build/Debug-watchos/COpenSSL-t.build/Objects-normal/arm64_32/tb_store.dia -c /Users/admin/builder/spi-builder-workspace/.dependencies/checkouts/Perfect-COpenSSL/COpenSSL/tb_store.c -o /Users/admin/builder/spi-builder-workspace/.derivedData/Build/Intermediates.noindex/COpenSSL.build/Debug-watchos/COpenSSL-t.build/Objects-normal/arm64_32/tb_store.o -index-unit-output-path /COpenSSL.build/Debug-watchos/COpenSSL-t.build/Objects-normal/arm64_32/tb_store.o
CompileC /Users/admin/builder/spi-builder-workspace/.derivedData/Build/Intermediates.noindex/COpenSSL.build/Debug-watchos/COpenSSL-t.build/Objects-normal/arm64_32/tb_rsa.o /Users/admin/builder/spi-builder-workspace/.dependencies/checkouts/Perfect-COpenSSL/COpenSSL/tb_rsa.c normal arm64_32 c com.apple.compilers.llvm.clang.1_0.compiler (in target 'COpenSSL' from project 'COpenSSL')
    cd /Users/admin/builder/spi-builder-workspace/.swiftpm/xcode

    Using response file: /Users/admin/builder/spi-builder-workspace/.derivedData/Build/Intermediates.noindex/COpenSSL.build/Debug-watchos/COpenSSL-t.build/Objects-normal/arm64_32/7187679823f38a2a940e0043cdf9d637-common-args.resp

    /Applications/Xcode-27.0.0-Release.Candidate.app/Contents/Developer/Toolchains/XcodeDefault.xctoolchain/usr/bin/clang -x c -ivfsstatcache /Users/admin/builder/spi-builder-workspace/.derivedData/SDKStatCaches.noindex/watchos27.0-24R360-e829b21a6f8c9b70876ba0858053c04477534ef55a1706bf4c1112bbb242f0a2.sdkstatcache -target arm64_32-apple-watchos9.0 -fmessage-length\=0 -fdiagnostics-show-note-include-stack -fmacro-backtrace-limit\=0 -fno-color-diagnostics -fmodules-prune-interval\=86400 -fmodules-prune-after\=345600 -fbuild-session-file\=/Users/admin/builder/spi-builder-workspace/.derivedData/ModuleCache.noindex/Session.modulevalidation -fmodules-validate-once-per-build-session -Wnon-modular-include-in-framework-module -Werror\=non-modular-include-in-framework-module -Wno-trigraphs -Wno-missing-field-initializers -Wno-missing-prototypes -Wno-return-type -Wno-missing-braces -Wparentheses -Wswitch -Wno-unused-function -Wno-unused-label -Wno-unused-parameter -Wno-unused-variable -Wunused-value -Wno-empty-body -Wno-uninitialized -Wno-unknown-pragmas -w -Wno-shadow -Wno-four-char-constants -Wno-conversion -Wno-constant-conversion -Wno-int-conversion -Wno-bool-conversion -Wno-enum-conversion -Wno-float-conversion -Wno-non-literal-null-conversion -Wno-objc-literal-conversion -Wno-shorten-64-to-32 -Wpointer-sign -Wno-newline-eof -Wno-implicit-fallthrough -isysroot /Applications/Xcode-27.0.0-Release.Candidate.app/Contents/Developer/Platforms/WatchOS.platform/Developer/SDKs/WatchOS27.0.sdk -fstrict-aliasing -Wdeprecated-declarations -Wno-sign-conversion -Wno-infinite-recursion -Wno-comma -Wno-block-capture-autoreleasing -Wno-strict-prototypes -Wno-semicolon-before-method-body -index-store-path /Users/admin/builder/spi-builder-workspace/.derivedData/Index.noindex/DataStore @/Users/admin/builder/spi-builder-workspace/.derivedData/Build/Intermediates.noindex/COpenSSL.build/Debug-watchos/COpenSSL-t.build/Objects-normal/arm64_32/7187679823f38a2a940e0043cdf9d637-common-args.resp -MMD -MT dependencies -MF /Users/admin/builder/spi-builder-workspace/.derivedData/Build/Intermediates.noindex/COpenSSL.build/Debug-watchos/COpenSSL-t.build/Objects-normal/arm64_32/tb_rsa.d --serialize-diagnostics /Users/admin/builder/spi-builder-workspace/.derivedData/Build/Intermediates.noindex/COpenSSL.build/Debug-watchos/COpenSSL-t.build/Objects-normal/arm64_32/tb_rsa.dia -c /Users/admin/builder/spi-builder-workspace/.dependencies/checkouts/Perfect-COpenSSL/COpenSSL/tb_rsa.c -o /Users/admin/builder/spi-builder-workspace/.derivedData/Build/Intermediates.noindex/COpenSSL.build/Debug-watchos/COpenSSL-t.build/Objects-normal/arm64_32/tb_rsa.o -index-unit-output-path /COpenSSL.build/Debug-watchos/COpenSSL-t.build/Objects-normal/arm64_32/tb_rsa.o
CompileC /Users/admin/builder/spi-builder-workspace/.derivedData/Build/Intermediates.noindex/COpenSSL.build/Debug-watchos/COpenSSL-t.build/Objects-normal/arm64_32/tb_rand.o /Users/admin/builder/spi-builder-workspace/.dependencies/checkouts/Perfect-COpenSSL/COpenSSL/tb_rand.c normal arm64_32 c com.apple.compilers.llvm.clang.1_0.compiler (in target 'COpenSSL' from project 'COpenSSL')
    cd /Users/admin/builder/spi-builder-workspace/.swiftpm/xcode

    Using response file: /Users/admin/builder/spi-builder-workspace/.derivedData/Build/Intermediates.noindex/COpenSSL.build/Debug-watchos/COpenSSL-t.build/Objects-normal/arm64_32/7187679823f38a2a940e0043cdf9d637-common-args.resp

    /Applications/Xcode-27.0.0-Release.Candidate.app/Contents/Developer/Toolchains/XcodeDefault.xctoolchain/usr/bin/clang -x c -ivfsstatcache /Users/admin/builder/spi-builder-workspace/.derivedData/SDKStatCaches.noindex/watchos27.0-24R360-e829b21a6f8c9b70876ba0858053c04477534ef55a1706bf4c1112bbb242f0a2.sdkstatcache -target arm64_32-apple-watchos9.0 -fmessage-length\=0 -fdiagnostics-show-note-include-stack -fmacro-backtrace-limit\=0 -fno-color-diagnostics -fmodules-prune-interval\=86400 -fmodules-prune-after\=345600 -fbuild-session-file\=/Users/admin/builder/spi-builder-workspace/.derivedData/ModuleCache.noindex/Session.modulevalidation -fmodules-validate-once-per-build-session -Wnon-modular-include-in-framework-module -Werror\=non-modular-include-in-framework-module -Wno-trigraphs -Wno-missing-field-initializers -Wno-missing-prototypes -Wno-return-type -Wno-missing-braces -Wparentheses -Wswitch -Wno-unused-function -Wno-unused-label -Wno-unused-parameter -Wno-unused-variable -Wunused-value -Wno-empty-body -Wno-uninitialized -Wno-unknown-pragmas -w -Wno-shadow -Wno-four-char-constants -Wno-conversion -Wno-constant-conversion -Wno-int-conversion -Wno-bool-conversion -Wno-enum-conversion -Wno-float-conversion -Wno-non-literal-null-conversion -Wno-objc-literal-conversion -Wno-shorten-64-to-32 -Wpointer-sign -Wno-newline-eof -Wno-implicit-fallthrough -isysroot /Applications/Xcode-27.0.0-Release.Candidate.app/Contents/Developer/Platforms/WatchOS.platform/Developer/SDKs/WatchOS27.0.sdk -fstrict-aliasing -Wdeprecated-declarations -Wno-sign-conversion -Wno-infinite-recursion -Wno-comma -Wno-block-capture-autoreleasing -Wno-strict-prototypes -Wno-semicolon-before-method-body -index-store-path /Users/admin/builder/spi-builder-workspace/.derivedData/Index.noindex/DataStore @/Users/admin/builder/spi-builder-workspace/.derivedData/Build/Intermediates.noindex/COpenSSL.build/Debug-watchos/COpenSSL-t.build/Objects-normal/arm64_32/7187679823f38a2a940e0043cdf9d637-common-args.resp -MMD -MT dependencies -MF /Users/admin/builder/spi-builder-workspace/.derivedData/Build/Intermediates.noindex/COpenSSL.build/Debug-watchos/COpenSSL-t.build/Objects-normal/arm64_32/tb_rand.d --serialize-diagnostics /Users/admin/builder/spi-builder-workspace/.derivedData/Build/Intermediates.noindex/COpenSSL.build/Debug-watchos/COpenSSL-t.build/Objects-normal/arm64_32/tb_rand.dia -c /Users/admin/builder/spi-builder-workspace/.dependencies/checkouts/Perfect-COpenSSL/COpenSSL/tb_rand.c -o /Users/admin/builder/spi-builder-workspace/.derivedData/Build/Intermediates.noindex/COpenSSL.build/Debug-watchos/COpenSSL-t.build/Objects-normal/arm64_32/tb_rand.o -index-unit-output-path /COpenSSL.build/Debug-watchos/COpenSSL-t.build/Objects-normal/arm64_32/tb_rand.o
CompileC /Users/admin/builder/spi-builder-workspace/.derivedData/Build/Intermediates.noindex/COpenSSL.build/Debug-watchos/COpenSSL-t.build/Objects-normal/arm64_32/tb_pkmeth.o /Users/admin/builder/spi-builder-workspace/.dependencies/checkouts/Perfect-COpenSSL/COpenSSL/tb_pkmeth.c normal arm64_32 c com.apple.compilers.llvm.clang.1_0.compiler (in target 'COpenSSL' from project 'COpenSSL')
    cd /Users/admin/builder/spi-builder-workspace/.swiftpm/xcode

    Using response file: /Users/admin/builder/spi-builder-workspace/.derivedData/Build/Intermediates.noindex/COpenSSL.build/Debug-watchos/COpenSSL-t.build/Objects-normal/arm64_32/7187679823f38a2a940e0043cdf9d637-common-args.resp

    /Applications/Xcode-27.0.0-Release.Candidate.app/Contents/Developer/Toolchains/XcodeDefault.xctoolchain/usr/bin/clang -x c -ivfsstatcache /Users/admin/builder/spi-builder-workspace/.derivedData/SDKStatCaches.noindex/watchos27.0-24R360-e829b21a6f8c9b70876ba0858053c04477534ef55a1706bf4c1112bbb242f0a2.sdkstatcache -target arm64_32-apple-watchos9.0 -fmessage-length\=0 -fdiagnostics-show-note-include-stack -fmacro-backtrace-limit\=0 -fno-color-diagnostics -fmodules-prune-interval\=86400 -fmodules-prune-after\=345600 -fbuild-session-file\=/Users/admin/builder/spi-builder-workspace/.derivedData/ModuleCache.noindex/Session.modulevalidation -fmodules-validate-once-per-build-session -Wnon-modular-include-in-framework-module -Werror\=non-modular-include-in-framework-module -Wno-trigraphs -Wno-missing-field-initializers -Wno-missing-prototypes -Wno-return-type -Wno-missing-braces -Wparentheses -Wswitch -Wno-unused-function -Wno-unused-label -Wno-unused-parameter -Wno-unused-variable -Wunused-value -Wno-empty-body -Wno-uninitialized -Wno-unknown-pragmas -w -Wno-shadow -Wno-four-char-constants -Wno-conversion -Wno-constant-conversion -Wno-int-conversion -Wno-bool-conversion -Wno-enum-conversion -Wno-float-conversion -Wno-non-literal-null-conversion -Wno-objc-literal-conversion -Wno-shorten-64-to-32 -Wpointer-sign -Wno-newline-eof -Wno-implicit-fallthrough -isysroot /Applications/Xcode-27.0.0-Release.Candidate.app/Contents/Developer/Platforms/WatchOS.platform/Developer/SDKs/WatchOS27.0.sdk -fstrict-aliasing -Wdeprecated-declarations -Wno-sign-conversion -Wno-infinite-recursion -Wno-comma -Wno-block-capture-autoreleasing -Wno-strict-prototypes -Wno-semicolon-before-method-body -index-store-path /Users/admin/builder/spi-builder-workspace/.derivedData/Index.noindex/DataStore @/Users/admin/builder/spi-builder-workspace/.derivedData/Build/Intermediates.noindex/COpenSSL.build/Debug-watchos/COpenSSL-t.build/Objects-normal/arm64_32/7187679823f38a2a940e0043cdf9d637-common-args.resp -MMD -MT dependencies -MF /Users/admin/builder/spi-builder-workspace/.derivedData/Build/Intermediates.noindex/COpenSSL.build/Debug-watchos/COpenSSL-t.build/Objects-normal/arm64_32/tb_pkmeth.d --serialize-diagnostics /Users/admin/builder/spi-builder-workspace/.derivedData/Build/Intermediates.noindex/COpenSSL.build/Debug-watchos/COpenSSL-t.build/Objects-normal/arm64_32/tb_pkmeth.dia -c /Users/admin/builder/spi-builder-workspace/.dependencies/checkouts/Perfect-COpenSSL/COpenSSL/tb_pkmeth.c -o /Users/admin/builder/spi-builder-workspace/.derivedData/Build/Intermediates.noindex/COpenSSL.build/Debug-watchos/COpenSSL-t.build/Objects-normal/arm64_32/tb_pkmeth.o -index-unit-output-path /COpenSSL.build/Debug-watchos/COpenSSL-t.build/Objects-normal/arm64_32/tb_pkmeth.o
CompileC /Users/admin/builder/spi-builder-workspace/.derivedData/Build/Intermediates.noindex/COpenSSL.build/Debug-watchos/COpenSSL-t.build/Objects-normal/arm64_32/tb_ecdsa.o /Users/admin/builder/spi-builder-workspace/.dependencies/checkouts/Perfect-COpenSSL/COpenSSL/tb_ecdsa.c normal arm64_32 c com.apple.compilers.llvm.clang.1_0.compiler (in target 'COpenSSL' from project 'COpenSSL')
    cd /Users/admin/builder/spi-builder-workspace/.swiftpm/xcode

    Using response file: /Users/admin/builder/spi-builder-workspace/.derivedData/Build/Intermediates.noindex/COpenSSL.build/Debug-watchos/COpenSSL-t.build/Objects-normal/arm64_32/7187679823f38a2a940e0043cdf9d637-common-args.resp

    /Applications/Xcode-27.0.0-Release.Candidate.app/Contents/Developer/Toolchains/XcodeDefault.xctoolchain/usr/bin/clang -x c -ivfsstatcache /Users/admin/builder/spi-builder-workspace/.derivedData/SDKStatCaches.noindex/watchos27.0-24R360-e829b21a6f8c9b70876ba0858053c04477534ef55a1706bf4c1112bbb242f0a2.sdkstatcache -target arm64_32-apple-watchos9.0 -fmessage-length\=0 -fdiagnostics-show-note-include-stack -fmacro-backtrace-limit\=0 -fno-color-diagnostics -fmodules-prune-interval\=86400 -fmodules-prune-after\=345600 -fbuild-session-file\=/Users/admin/builder/spi-builder-workspace/.derivedData/ModuleCache.noindex/Session.modulevalidation -fmodules-validate-once-per-build-session -Wnon-modular-include-in-framework-module -Werror\=non-modular-include-in-framework-module -Wno-trigraphs -Wno-missing-field-initializers -Wno-missing-prototypes -Wno-return-type -Wno-missing-braces -Wparentheses -Wswitch -Wno-unused-function -Wno-unused-label -Wno-unused-parameter -Wno-unused-variable -Wunused-value -Wno-empty-body -Wno-uninitialized -Wno-unknown-pragmas -w -Wno-shadow -Wno-four-char-constants -Wno-conversion -Wno-constant-conversion -Wno-int-conversion -Wno-bool-conversion -Wno-enum-conversion -Wno-float-conversion -Wno-non-literal-null-conversion -Wno-objc-literal-conversion -Wno-shorten-64-to-32 -Wpointer-sign -Wno-newline-eof -Wno-implicit-fallthrough -isysroot /Applications/Xcode-27.0.0-Release.Candidate.app/Contents/Developer/Platforms/WatchOS.platform/Developer/SDKs/WatchOS27.0.sdk -fstrict-aliasing -Wdeprecated-declarations -Wno-sign-conversion -Wno-infinite-recursion -Wno-comma -Wno-block-capture-autoreleasing -Wno-strict-prototypes -Wno-semicolon-before-method-body -index-store-path /Users/admin/builder/spi-builder-workspace/.derivedData/Index.noindex/DataStore @/Users/admin/builder/spi-builder-workspace/.derivedData/Build/Intermediates.noindex/COpenSSL.build/Debug-watchos/COpenSSL-t.build/Objects-normal/arm64_32/7187679823f38a2a940e0043cdf9d637-common-args.resp -MMD -MT dependencies -MF /Users/admin/builder/spi-builder-workspace/.derivedData/Build/Intermediates.noindex/COpenSSL.build/Debug-watchos/COpenSSL-t.build/Objects-normal/arm64_32/tb_ecdsa.d --serialize-diagnostics /Users/admin/builder/spi-builder-workspace/.derivedData/Build/Intermediates.noindex/COpenSSL.build/Debug-watchos/COpenSSL-t.build/Objects-normal/arm64_32/tb_ecdsa.dia -c /Users/admin/builder/spi-builder-workspace/.dependencies/checkouts/Perfect-COpenSSL/COpenSSL/tb_ecdsa.c -o /Users/admin/builder/spi-builder-workspace/.derivedData/Build/Intermediates.noindex/COpenSSL.build/Debug-watchos/COpenSSL-t.build/Objects-normal/arm64_32/tb_ecdsa.o -index-unit-output-path /COpenSSL.build/Debug-watchos/COpenSSL-t.build/Objects-normal/arm64_32/tb_ecdsa.o
CompileC /Users/admin/builder/spi-builder-workspace/.derivedData/Build/Intermediates.noindex/COpenSSL.build/Debug-watchos/COpenSSL-t.build/Objects-normal/arm64_32/tb_ecdh.o /Users/admin/builder/spi-builder-workspace/.dependencies/checkouts/Perfect-COpenSSL/COpenSSL/tb_ecdh.c normal arm64_32 c com.apple.compilers.llvm.clang.1_0.compiler (in target 'COpenSSL' from project 'COpenSSL')
    cd /Users/admin/builder/spi-builder-workspace/.swiftpm/xcode

    Using response file: /Users/admin/builder/spi-builder-workspace/.derivedData/Build/Intermediates.noindex/COpenSSL.build/Debug-watchos/COpenSSL-t.build/Objects-normal/arm64_32/7187679823f38a2a940e0043cdf9d637-common-args.resp

    /Applications/Xcode-27.0.0-Release.Candidate.app/Contents/Developer/Toolchains/XcodeDefault.xctoolchain/usr/bin/clang -x c -ivfsstatcache /Users/admin/builder/spi-builder-workspace/.derivedData/SDKStatCaches.noindex/watchos27.0-24R360-e829b21a6f8c9b70876ba0858053c04477534ef55a1706bf4c1112bbb242f0a2.sdkstatcache -target arm64_32-apple-watchos9.0 -fmessage-length\=0 -fdiagnostics-show-note-include-stack -fmacro-backtrace-limit\=0 -fno-color-diagnostics -fmodules-prune-interval\=86400 -fmodules-prune-after\=345600 -fbuild-session-file\=/Users/admin/builder/spi-builder-workspace/.derivedData/ModuleCache.noindex/Session.modulevalidation -fmodules-validate-once-per-build-session -Wnon-modular-include-in-framework-module -Werror\=non-modular-include-in-framework-module -Wno-trigraphs -Wno-missing-field-initializers -Wno-missing-prototypes -Wno-return-type -Wno-missing-braces -Wparentheses -Wswitch -Wno-unused-function -Wno-unused-label -Wno-unused-parameter -Wno-unused-variable -Wunused-value -Wno-empty-body -Wno-uninitialized -Wno-unknown-pragmas -w -Wno-shadow -Wno-four-char-constants -Wno-conversion -Wno-constant-conversion -Wno-int-conversion -Wno-bool-conversion -Wno-enum-conversion -Wno-float-conversion -Wno-non-literal-null-conversion -Wno-objc-literal-conversion -Wno-shorten-64-to-32 -Wpointer-sign -Wno-newline-eof -Wno-implicit-fallthrough -isysroot /Applications/Xcode-27.0.0-Release.Candidate.app/Contents/Developer/Platforms/WatchOS.platform/Developer/SDKs/WatchOS27.0.sdk -fstrict-aliasing -Wdeprecated-declarations -Wno-sign-conversion -Wno-infinite-recursion -Wno-comma -Wno-block-capture-autoreleasing -Wno-strict-prototypes -Wno-semicolon-before-method-body -index-store-path /Users/admin/builder/spi-builder-workspace/.derivedData/Index.noindex/DataStore @/Users/admin/builder/spi-builder-workspace/.derivedData/Build/Intermediates.noindex/COpenSSL.build/Debug-watchos/COpenSSL-t.build/Objects-normal/arm64_32/7187679823f38a2a940e0043cdf9d637-common-args.resp -MMD -MT dependencies -MF /Users/admin/builder/spi-builder-workspace/.derivedData/Build/Intermediates.noindex/COpenSSL.build/Debug-watchos/COpenSSL-t.build/Objects-normal/arm64_32/tb_ecdh.d --serialize-diagnostics /Users/admin/builder/spi-builder-workspace/.derivedData/Build/Intermediates.noindex/COpenSSL.build/Debug-watchos/COpenSSL-t.build/Objects-normal/arm64_32/tb_ecdh.dia -c /Users/admin/builder/spi-builder-workspace/.dependencies/checkouts/Perfect-COpenSSL/COpenSSL/tb_ecdh.c -o /Users/admin/builder/spi-builder-workspace/.derivedData/Build/Intermediates.noindex/COpenSSL.build/Debug-watchos/COpenSSL-t.build/Objects-normal/arm64_32/tb_ecdh.o -index-unit-output-path /COpenSSL.build/Debug-watchos/COpenSSL-t.build/Objects-normal/arm64_32/tb_ecdh.o
CompileC /Users/admin/builder/spi-builder-workspace/.derivedData/Build/Intermediates.noindex/COpenSSL.build/Debug-watchos/COpenSSL-t.build/Objects-normal/arm64_32/tb_dsa.o /Users/admin/builder/spi-builder-workspace/.dependencies/checkouts/Perfect-COpenSSL/COpenSSL/tb_dsa.c normal arm64_32 c com.apple.compilers.llvm.clang.1_0.compiler (in target 'COpenSSL' from project 'COpenSSL')
    cd /Users/admin/builder/spi-builder-workspace/.swiftpm/xcode

    Using response file: /Users/admin/builder/spi-builder-workspace/.derivedData/Build/Intermediates.noindex/COpenSSL.build/Debug-watchos/COpenSSL-t.build/Objects-normal/arm64_32/7187679823f38a2a940e0043cdf9d637-common-args.resp

    /Applications/Xcode-27.0.0-Release.Candidate.app/Contents/Developer/Toolchains/XcodeDefault.xctoolchain/usr/bin/clang -x c -ivfsstatcache /Users/admin/builder/spi-builder-workspace/.derivedData/SDKStatCaches.noindex/watchos27.0-24R360-e829b21a6f8c9b70876ba0858053c04477534ef55a1706bf4c1112bbb242f0a2.sdkstatcache -target arm64_32-apple-watchos9.0 -fmessage-length\=0 -fdiagnostics-show-note-include-stack -fmacro-backtrace-limit\=0 -fno-color-diagnostics -fmodules-prune-interval\=86400 -fmodules-prune-after\=345600 -fbuild-session-file\=/Users/admin/builder/spi-builder-workspace/.derivedData/ModuleCache.noindex/Session.modulevalidation -fmodules-validate-once-per-build-session -Wnon-modular-include-in-framework-module -Werror\=non-modular-include-in-framework-module -Wno-trigraphs -Wno-missing-field-initializers -Wno-missing-prototypes -Wno-return-type -Wno-missing-braces -Wparentheses -Wswitch -Wno-unused-function -Wno-unused-label -Wno-unused-parameter -Wno-unused-variable -Wunused-value -Wno-empty-body -Wno-uninitialized -Wno-unknown-pragmas -w -Wno-shadow -Wno-four-char-constants -Wno-conversion -Wno-constant-conversion -Wno-int-conversion -Wno-bool-conversion -Wno-enum-conversion -Wno-float-conversion -Wno-non-literal-null-conversion -Wno-objc-literal-conversion -Wno-shorten-64-to-32 -Wpointer-sign -Wno-newline-eof -Wno-implicit-fallthrough -isysroot /Applications/Xcode-27.0.0-Release.Candidate.app/Contents/Developer/Platforms/WatchOS.platform/Developer/SDKs/WatchOS27.0.sdk -fstrict-aliasing -Wdeprecated-declarations -Wno-sign-conversion -Wno-infinite-recursion -Wno-comma -Wno-block-capture-autoreleasing -Wno-strict-prototypes -Wno-semicolon-before-method-body -index-store-path /Users/admin/builder/spi-builder-workspace/.derivedData/Index.noindex/DataStore @/Users/admin/builder/spi-builder-workspace/.derivedData/Build/Intermediates.noindex/COpenSSL.build/Debug-watchos/COpenSSL-t.build/Objects-normal/arm64_32/7187679823f38a2a940e0043cdf9d637-common-args.resp -MMD -MT dependencies -MF /Users/admin/builder/spi-builder-workspace/.derivedData/Build/Intermediates.noindex/COpenSSL.build/Debug-watchos/COpenSSL-t.build/Objects-normal/arm64_32/tb_dsa.d --serialize-diagnostics /Users/admin/builder/spi-builder-workspace/.derivedData/Build/Intermediates.noindex/COpenSSL.build/Debug-watchos/COpenSSL-t.build/Objects-normal/arm64_32/tb_dsa.dia -c /Users/admin/builder/spi-builder-workspace/.dependencies/checkouts/Perfect-COpenSSL/COpenSSL/tb_dsa.c -o /Users/admin/builder/spi-builder-workspace/.derivedData/Build/Intermediates.noindex/COpenSSL.build/Debug-watchos/COpenSSL-t.build/Objects-normal/arm64_32/tb_dsa.o -index-unit-output-path /COpenSSL.build/Debug-watchos/COpenSSL-t.build/Objects-normal/arm64_32/tb_dsa.o
Failed frontend command:
/Applications/Xcode-27.0.0-Release.Candidate.app/Contents/Developer/Toolchains/XcodeDefault.xctoolchain/usr/bin/clang -cc1 -Wundef-prefix\=TARGET_OS_ -fdiagnostics-show-note-include-stack -fmacro-backtrace-limit\=0 -w -ferror-limit 19 -serialize-diagnostic-file /Users/admin/builder/spi-builder-workspace/.derivedData/Build/Intermediates.noindex/COpenSSL.build/Debug-watchos/COpenSSL-t.build/Objects-normal/arm64_32/tb_dsa.dia -Wdeprecated-objc-isa-usage -Werror\=deprecated-objc-isa-usage -Werror\=implicit-function-declaration -Wnon-modular-include-in-framework-module -Werror\=non-modular-include-in-framework-module -Wno-trigraphs -Wno-missing-field-initializers -Wno-missing-prototypes -Wno-return-type -Wno-missing-braces -Wparentheses -Wswitch -Wno-unused-function -Wno-unused-label -Wno-unused-parameter -Wno-unused-variable -Wunused-value -Wno-empty-body -Wno-uninitialized -Wno-unknown-pragmas -Wno-shadow -Wno-four-char-constants -Wno-conversion -Wno-constant-conversion -Wno-int-conversion -Wno-bool-conversion -Wno-enum-conversion -Wno-float-conversion -Wno-non-literal-null-conversion -Wno-objc-literal-conversion -Wno-shorten-64-to-32 -Wpointer-sign -Wno-newline-eof -Wno-implicit-fallthrough -Wdeprecated-declarations -Wno-sign-conversion -Wno-infinite-recursion -Wno-comma -Wno-block-capture-autoreleasing -Wno-strict-prototypes -Wno-semicolon-before-method-body -Wno-elaborated-enum-base -Wno-error\=allocator-wrappers -index-store-path /Users/admin/builder/spi-builder-workspace/.derivedData/Index.noindex/DataStore -index-unit-output-path /COpenSSL.build/Debug-watchos/COpenSSL-t.build/Objects-normal/arm64_32/tb_dsa.o -fmodule-map-file\=/Users/admin/builder/spi-builder-workspace/.dependencies/checkouts/Perfect-COpenSSL/COpenSSL/include/module.modulemap -fmodule-map-file\=/Applications/Xcode-27.0.0-Release.Candidate.app/Contents/Developer/Platforms/WatchOS.platform/Developer/SDKs/WatchOS.sdk/usr/include/DarwinFoundation1.modulemap -fmodule-map-file\=/Applications/Xcode-27.0.0-Release.Candidate.app/Contents/Developer/Toolchains/XcodeDefault.xctoolchain/usr/lib/clang/21/include/module.modulemap -fmodule-map-file\=/Applications/Xcode-27.0.0-Release.Candidate.app/Contents/Developer/Toolchains/XcodeDefault.xctoolchain/usr/lib/clang/21/include/module.modulemap -fmodule-map-file\=/Applications/Xcode-27.0.0-Release.Candidate.app/Contents/Developer/Platforms/WatchOS.platform/Developer/SDKs/WatchOS.sdk/usr/include/DarwinFoundation2.modulemap -fmodule-map-file\=/Applications/Xcode-27.0.0-Release.Candidate.app/Contents/Developer/Platforms/WatchOS.platform/Developer/SDKs/WatchOS.sdk/usr/include/DarwinFoundation3.modulemap -fmodule-map-file\=/Applications/Xcode-27.0.0-Release.Candidate.app/Contents/Developer/Toolchains/XcodeDefault.xctoolchain/usr/lib/clang/21/include/module.modulemap -o /Users/admin/builder/spi-builder-workspace/.derivedData/Build/Intermediates.noindex/COpenSSL.build/Debug-watchos/COpenSSL-t.build/Objects-normal/arm64_32/tb_dsa.o -disable-free -emit-obj -x c /Users/admin/builder/spi-builder-workspace/.dependencies/checkouts/Perfect-COpenSSL/COpenSSL/tb_dsa.c -target-abi darwinpcs -target-cpu apple-s4 -target-feature +v8.3a -target-feature +aes -target-feature +complxnum -target-feature +crc -target-feature +fp-armv8 -target-feature +fullfp16 -target-feature +jsconv -target-feature +lse -target-feature +neon -target-feature +pauth -target-feature +perfmon -target-feature +ras -target-feature +rcpc -target-feature +rdm -target-feature +sha2 -triple arm64_32-apple-watchos9.0.0 -target-linker-version 1166.2 -target-sdk-version\=27.0 -fmodules-validate-system-headers -fno-modulemap-allow-subdirectory-search -isysroot /Applications/Xcode-27.0.0-Release.Candidate.app/Contents/Developer/Platforms/WatchOS.platform/Developer/SDKs/WatchOS27.0.sdk -resource-dir /Applications/Xcode-27.0.0-Release.Candidate.app/Contents/Developer/Toolchains/XcodeDefault.xctoolchain/usr/lib/clang/21 -fmodule-format\=obj -fmodule-file\=_Builtin_limits\=/Users/admin/builder/spi-builder-workspace/.derivedData/Build/Intermediates.noindex/ExplicitPrecompiledModules/_Builtin_limits-6E5IW1WWU6EKZ86KTL42OEAKK.pcm -fmodule-file\=_Builtin_stdarg\=/Users/admin/builder/spi-builder-workspace/.derivedData/Build/Intermediates.noindex/ExplicitPrecompiledModules/_Builtin_stdarg-3FBU3SHG4221H48J15ES3MF8K.pcm -fmodule-file\=_Builtin_stddef\=/Users/admin/builder/spi-builder-workspace/.derivedData/Build/Intermediates.noindex/ExplicitPrecompiledModules/_Builtin_stddef-2G16WS4KI1O8GRURG8GT0OWEX.pcm -fmodule-file\=_DarwinFoundation1\=/Users/admin/builder/spi-builder-workspace/.derivedData/Build/Intermediates.noindex/ExplicitPrecompiledModules/_DarwinFoundation1-13H6FXL1GBYYXRCWTA0PD05GF.pcm -fmodule-file\=_DarwinFoundation2\=/Users/admin/builder/spi-builder-workspace/.derivedData/Build/Intermediates.noindex/ExplicitPrecompiledModules/_DarwinFoundation2-UOPWJD88NWYOYIOBXLEYL9XL.pcm -fmodule-file\=_DarwinFoundation3\=/Users/admin/builder/spi-builder-workspace/.derivedData/Build/Intermediates.noindex/ExplicitPrecompiledModules/_DarwinFoundation3-8YQJHADOAGVLGCJ0XL0EXZ0DO.pcm -I /Users/admin/builder/spi-builder-workspace/.derivedData/Build/Products/Debug-watchos/include -I /Users/admin/builder/spi-builder-workspace/.dependencies/checkouts/Perfect-COpenSSL/COpenSSL/include -I /Users/admin/builder/spi-builder-workspace/.derivedData/Build/Intermediates.noindex/COpenSSL.build/Debug-watchos/COpenSSL-t.build/DerivedSources-normal/arm64_32 -I /Users/admin/builder/spi-builder-workspace/.derivedData/Build/Intermediates.noindex/COpenSSL.build/Debug-watchos/COpenSSL-t.build/DerivedSources/arm64_32 -I /Users/admin/builder/spi-builder-workspace/.derivedData/Build/Intermediates.noindex/COpenSSL.build/Debug-watchos/COpenSSL-t.build/DerivedSources -F /Users/admin/builder/spi-builder-workspace/.derivedData/Build/Products/Debug-watchos -iframework /Applications/Xcode-27.0.0-Release.Candidate.app/Contents/Developer/Platforms/WatchOS.platform/Developer/Library/Frameworks -iframework /Applications/Xcode-27.0.0-Release.Candidate.app/Contents/Developer/Platforms/WatchOS.platform/Developer/SDKs/WatchOS27.0.sdk/Developer/Library/Frameworks -internal-isystem /Applications/Xcode-27.0.0-Release.Candidate.app/Contents/Developer/Platforms/WatchOS.platform/Developer/SDKs/WatchOS27.0.sdk/usr/local/include -internal-isystem /Applications/Xcode-27.0.0-Release.Candidate.app/Contents/Developer/Toolchains/XcodeDefault.xctoolchain/usr/lib/clang/21/include -internal-externc-isystem /Applications/Xcode-27.0.0-Release.Candidate.app/Contents/Developer/Platforms/WatchOS.platform/Developer/SDKs/WatchOS27.0.sdk/usr/include -internal-externc-isystem /Applications/Xcode-27.0.0-Release.Candidate.app/Contents/Developer/Toolchains/XcodeDefault.xctoolchain/usr/include -internal-iframework /Applications/Xcode-27.0.0-Release.Candidate.app/Contents/Developer/Platforms/WatchOS.platform/Developer/SDKs/WatchOS27.0.sdk/System/Library/Frameworks -internal-iframework /Applications/Xcode-27.0.0-Release.Candidate.app/Contents/Developer/Platforms/WatchOS.platform/Developer/SDKs/WatchOS27.0.sdk/System/Library/SubFrameworks -internal-iframework /Applications/Xcode-27.0.0-Release.Candidate.app/Contents/Developer/Platforms/WatchOS.platform/Developer/SDKs/WatchOS27.0.sdk/Library/Frameworks -ivfsstatcache /Users/admin/builder/spi-builder-workspace/.derivedData/SDKStatCaches.noindex/watchos27.0-24R360-e829b21a6f8c9b70876ba0858053c04477534ef55a1706bf4c1112bbb242f0a2.sdkstatcache -std\=gnu17 -fskip-odr-check-in-gmf -fmodules -fmodule-name\=COpenSSL -fno-implicit-modules -fmax-type-align\=16 -fpascal-strings -fvisibility-inlines-hidden-static-local-var -mdarwin-stkchk-strong-link -fno-odr-hash-protocols -pic-level 2 -fencode-extended-block-signature -stack-protector 1 -fgnuc-version\=4.2.1 -fblocks -fno-convergent-functions -ffp-contract\=on -fclang-abi-compat\=4.0 -fno-experimental-relative-c++-abi-vtables -fno-file-reproducible -clang-vendor-feature\=+disableNonDependentMemberExprInCurrentInstantiation -clang-vendor-feature\=+enableAggressiveVLAFolding -clang-vendor-feature\=+revert09abecef7bbf -clang-vendor-feature\=+thisNoAlignAttr -clang-vendor-feature\=+thisNoNullAttr -clang-vendor-feature\=+disableAtImportPrivateFrameworkInImplementationError -O0 -fno-assume-unique-vtables -fdebug-compilation-dir\=/Users/admin/builder/spi-builder-workspace/.swiftpm/xcode -fcoverage-compilation-dir\=/Users/admin/builder/spi-builder-workspace/.swiftpm/xcode -fcoverage-mapping -fcommon -fdwarf2-cfi-asm -fobjc-msgsend-selector-stubs -fregister-global-dtors-with-atexit -fno-strict-return -dwarf-version\=4 -debugger-tuning\=lldb -disable-llvm-verifier -dwarf-ext-refs -funwind-tables\=1 -fprofile-instrument\=clang -enable-tlsdesc -clear-ast-before-backend -discard-value-names -main-file-name tb_dsa.c -mframe-pointer\=non-leaf -debug-info-kind\=standalone -fno-loop-interchange -fdiagnostics-hotness-threshold\=0 -fdiagnostics-misexpect-tolerance\=0 -D DEBUG\=1 -D SWIFT_PACKAGE -D Xcode -fdefine-target-os-macros -MT dependencies -dependency-file /Users/admin/builder/spi-builder-workspace/.derivedData/Build/Intermediates.noindex/COpenSSL.build/Debug-watchos/COpenSSL-t.build/Objects-normal/arm64_32/tb_dsa.d -skip-unused-modulemap-deps -module-file-deps\=direct -fdepfile-entry\=/Applications/Xcode-27.0.0-Release.Candidate.app/Contents/Developer/Platforms/WatchOS.platform/Developer/SDKs/WatchOS27.0.sdk/SDKSettings.json
PrecompileModule /Users/admin/builder/spi-builder-workspace/.derivedData/Build/Intermediates.noindex/ExplicitPrecompiledModules/_Builtin_inttypes-3H9ADMB7R1MBRLRQ8LNHIW9WF.scan
    cd /
    builtin-precompileModule /Users/admin/builder/spi-builder-workspace/.derivedData/Build/Intermediates.noindex/ExplicitPrecompiledModules/_Builtin_inttypes-3H9ADMB7R1MBRLRQ8LNHIW9WF.scan
SwiftCompile normal arm64_32 Compiling\ Promise.swift /Users/admin/builder/spi-builder-workspace/.dependencies/checkouts/Perfect-Thread/Sources/PerfectThread/Promise.swift (in target 'PerfectThread' from project 'PerfectThread')
SwiftCompile normal arm64_32 /Users/admin/builder/spi-builder-workspace/.dependencies/checkouts/Perfect-Thread/Sources/PerfectThread/Promise.swift (in target 'PerfectThread' from project 'PerfectThread')
    cd /Users/admin/builder/spi-builder-workspace/.swiftpm/xcode
    builtin-SwiftPerFileCompile Promise.swift
PrecompileModule /Users/admin/builder/spi-builder-workspace/.derivedData/Build/Intermediates.noindex/ExplicitPrecompiledModules/Darwin-DBL55RBCXXBQWBIKBQECQ4IYB.scan
    cd /
    builtin-precompileModule /Users/admin/builder/spi-builder-workspace/.derivedData/Build/Intermediates.noindex/ExplicitPrecompiledModules/Darwin-DBL55RBCXXBQWBIKBQECQ4IYB.scan
SwiftCompile normal arm64 Compiling\ ThreadQueue.swift /Users/admin/builder/spi-builder-workspace/.dependencies/checkouts/Perfect-Thread/Sources/PerfectThread/ThreadQueue.swift (in target 'PerfectThread' from project 'PerfectThread')
SwiftCompile normal arm64 /Users/admin/builder/spi-builder-workspace/.dependencies/checkouts/Perfect-Thread/Sources/PerfectThread/ThreadQueue.swift (in target 'PerfectThread' from project 'PerfectThread')
    cd /Users/admin/builder/spi-builder-workspace/.swiftpm/xcode
    builtin-SwiftPerFileCompile ThreadQueue.swift
SwiftCompile normal arm64 Compiling\ Threading.swift /Users/admin/builder/spi-builder-workspace/.dependencies/checkouts/Perfect-Thread/Sources/PerfectThread/Threading.swift (in target 'PerfectThread' from project 'PerfectThread')
SwiftCompile normal arm64 /Users/admin/builder/spi-builder-workspace/.dependencies/checkouts/Perfect-Thread/Sources/PerfectThread/Threading.swift (in target 'PerfectThread' from project 'PerfectThread')
    cd /Users/admin/builder/spi-builder-workspace/.swiftpm/xcode
    builtin-SwiftPerFileCompile Threading.swift
SwiftCompile normal arm64_32 Compiling\ Threading.swift /Users/admin/builder/spi-builder-workspace/.dependencies/checkouts/Perfect-Thread/Sources/PerfectThread/Threading.swift (in target 'PerfectThread' from project 'PerfectThread')
SwiftCompile normal arm64_32 /Users/admin/builder/spi-builder-workspace/.dependencies/checkouts/Perfect-Thread/Sources/PerfectThread/Threading.swift (in target 'PerfectThread' from project 'PerfectThread')
    cd /Users/admin/builder/spi-builder-workspace/.swiftpm/xcode
    builtin-SwiftPerFileCompile Threading.swift
PruneExplicitPrecompiledModules /Users/admin/builder/spi-builder-workspace/.derivedData/Build/Intermediates.noindex/ExplicitPrecompiledModules
PruneExplicitPrecompiledModules /Users/admin/builder/spi-builder-workspace/.derivedData/SDKExplicitPrecompiledModules
PruneExplicitPrecompiledModules /Users/admin/builder/spi-builder-workspace/.derivedData/Build/Intermediates.noindex/SwiftExplicitPrecompiledModules
2026-09-15 20:32:44.893 xcodebuild[1096:6168] [MT] IDERunDestination: Supported platforms for the buildables in the current scheme is empty.
** BUILD FAILED **
The following build commands failed:
	SwiftCompile normal arm64_32 (in target 'PerfectLib' from project 'PerfectLib')
	SwiftEmitModule normal arm64_32 Emitting\ module\ for\ PerfectLib (in target 'PerfectLib' from project 'PerfectLib')
	SwiftCompile normal arm64 (in target 'PerfectLib' from project 'PerfectLib')
	SwiftEmitModule normal arm64 Emitting\ module\ for\ PerfectLib (in target 'PerfectLib' from project 'PerfectLib')
	Building workspace Perfect-FCM-Server with scheme Perfect-FCM-Server
(5 failures)
BUILD FAILURE 6.4 watchOS