The Swift Package Index logo.Swift Package Index

Track the adoption of Swift 6 strict concurrency checks for data race safety. How many packages are Ready for Swift 6?

Build Information

Failed to build ElementaryCombine with Swift 5.10 for Linux.

Build Command

bash -c docker run --rm -v "checkouts-4609320-0":/host -w "$workDir" registry.gitlab.com/finestructure/spi-images:basic-5.10-latest swift build 2>&1

Build Log

========================================
RunAll
========================================
Builder version: 4.29.0
Interrupt handler set up.
========================================
Checkout
========================================
Clone URL: https://github.com/mkj-is/ElementaryCombine.git
Reference: 0.1.0
Initialized empty Git repository in /host/spi-builder-workspace/.git/
hint: Using 'master' as the name for the initial branch. This default branch name
hint: is subject to change. To configure the initial branch name to use in all
hint: of your new repositories, which will suppress this warning, call:
hint:
hint: 	git config --global init.defaultBranch <name>
hint:
hint: Names commonly chosen instead of 'master' are 'main', 'trunk' and
hint: 'development'. The just-created branch can be renamed via this command:
hint:
hint: 	git branch -m <name>
From https://github.com/mkj-is/ElementaryCombine
 * tag               0.1.0      -> FETCH_HEAD
HEAD is now at 2987e15 Add build & run workflow
Cloned https://github.com/mkj-is/ElementaryCombine.git
Revision (git rev-parse @):
2987e15e75fdbdca8086ffcccc069fb87cd875d7
SUCCESS checkout https://github.com/mkj-is/ElementaryCombine.git at 0.1.0
========================================
Build
========================================
Selected platform:         linux
Swift version:             5.10
Building package at path:  $workDir
https://github.com/mkj-is/ElementaryCombine.git
Running build ...
bash -c docker run --rm -v "checkouts-4609320-0":/host -w "$workDir" registry.gitlab.com/finestructure/spi-images:basic-5.10-latest swift build 2>&1
Fetching https://github.com/mkj-is/Elementary.git
[1/161] Fetching elementary
Fetched https://github.com/mkj-is/Elementary.git from cache (0.19s)
Computing version for https://github.com/mkj-is/Elementary.git
Computed https://github.com/mkj-is/Elementary.git at 0.1.0 (0.44s)
Creating working copy for https://github.com/mkj-is/Elementary.git
Working copy of https://github.com/mkj-is/Elementary.git resolved at 0.1.0
Building for debugging...
[0/3] Write sources
[2/3] Write swift-version-24593BA9C3E375BF.txt
[4/7] Compiling Elementary Effect+Join.swift
[5/7] Compiling Elementary Store.swift
[6/7] Compiling Elementary Typealiases.swift
[7/7] Emitting module Elementary
error: emit-module command failed with exit code 1 (use -v to see invocation)
[9/10] Compiling ElementaryCombine ObservableStore.swift
/host/spi-builder-workspace/Sources/ElementaryCombine/ObservableStore.swift:1:8: error: no such module 'Combine'
import Combine
       ^
[10/10] Emitting module ElementaryCombine
/host/spi-builder-workspace/Sources/ElementaryCombine/ObservableStore.swift:1:8: error: no such module 'Combine'
import Combine
       ^
error: fatalError
[0/1] Planning build
Building for debugging...
[0/1] Write swift-version-24593BA9C3E375BF.txt
error: emit-module command failed with exit code 1 (use -v to see invocation)
[2/3] Emitting module ElementaryCombine
/host/spi-builder-workspace/Sources/ElementaryCombine/ObservableStore.swift:1:8: error: no such module 'Combine'
import Combine
       ^
[3/3] Compiling ElementaryCombine ObservableStore.swift
/host/spi-builder-workspace/Sources/ElementaryCombine/ObservableStore.swift:1:8: error: no such module 'Combine'
import Combine
       ^
error: fatalError
BUILD FAILURE 5.10 linux

Build Machine: Linux 2