The Swift Package Index logo.Swift Package Index

Build Information

Failed to build SwiftLiftKit, reference main (e49501), with Swift 6.2 for watchOS using Xcode 26.3 on 28 Jun 2026 06:32:58 UTC.

Build Command

env DEVELOPER_DIR=/Applications/Xcode-26.3.0.app xcrun xcodebuild -IDEClonedSourcePackagesDirPathOverride=$PWD/.dependencies -skipMacroValidation -skipPackagePluginValidation -derivedDataPath $PWD/.derivedData build -scheme SwiftLiftKit -destination generic/platform=watchOS

Build Log

========================================
RunAll
========================================
Builder version: undefined version: run 'make version' to update
Interrupt handler set up.
========================================
Checkout
========================================
Clone URL: https://github.com/alechash/SwiftLiftKit.git
Reference: main
Initialized empty Git repository in /Users/admin/builder/spi-builder-workspace/.git/
From https://github.com/alechash/SwiftLiftKit
 * branch            main       -> FETCH_HEAD
 * [new branch]      main       -> origin/main
HEAD is now at e495010 add license
Cloned https://github.com/alechash/SwiftLiftKit.git
Revision (git rev-parse @):
e4950101355d5ea8ced0546c56a46bf26be34dc8
SUCCESS checkout https://github.com/alechash/SwiftLiftKit.git at main
========================================
Build
========================================
Selected platform:         watchOS
Swift version:             6.2
Building package at path:  $PWD
https://github.com/alechash/SwiftLiftKit.git
Command line invocation:
    /Applications/Xcode-26.3.0.app/Contents/Developer/usr/bin/xcodebuild -IDEClonedSourcePackagesDirPathOverride=/Users/admin/builder/spi-builder-workspace/.dependencies -resolvePackageDependencies
Resolve Package Graph
Resolve Package Graph
Resolved source packages:
  SwiftLiftKit: /Users/admin/builder/spi-builder-workspace
resolved source packages: SwiftLiftKit
2026-06-28 02:32:31.988 xcodebuild[538:3114] [MT] IDERunDestination: Supported platforms for the buildables in the current scheme is empty.
{
  "dependencies" : [
  ],
  "manifest_display_name" : "SwiftLiftKit",
  "name" : "SwiftLiftKit",
  "path" : "/Users/admin/builder/spi-builder-workspace",
  "platforms" : [
    {
      "name" : "ios",
      "version" : "16.0"
    }
  ],
  "products" : [
    {
      "name" : "SwiftLiftKit",
      "targets" : [
        "SwiftLiftKit"
      ],
      "type" : {
        "library" : [
          "automatic"
        ]
      }
    }
  ],
  "targets" : [
    {
      "c99name" : "SwiftLiftKit",
      "module_type" : "SwiftTarget",
      "name" : "SwiftLiftKit",
      "path" : "Sources/SwiftLiftKit",
      "product_memberships" : [
        "SwiftLiftKit"
      ],
      "sources" : [
        "CameraCapture.swift",
        "SubjectLifter.swift",
        "SwiftLiftKit.swift",
        "SwiftUI/SwiftLiftCameraView.swift"
      ],
      "type" : "library"
    }
  ],
  "tools_version" : "6.2"
}
{
  "workspace" : {
    "name" : "spi-builder-workspace",
    "schemes" : [
      "SwiftLiftKit"
    ]
  }
}
2026-06-28 02:32:49.961 xcodebuild[675:4219] [MT] IDERunDestination: Supported platforms for the buildables in the current scheme is empty.
Running build ...
env DEVELOPER_DIR=/Applications/Xcode-26.3.0.app xcrun xcodebuild -IDEClonedSourcePackagesDirPathOverride=$PWD/.dependencies -skipMacroValidation -skipPackagePluginValidation -derivedDataPath $PWD/.derivedData build -scheme SwiftLiftKit -destination generic/platform=watchOS
Command line invocation:
    /Applications/Xcode-26.3.0.app/Contents/Developer/usr/bin/xcodebuild -IDEClonedSourcePackagesDirPathOverride=/Users/admin/builder/spi-builder-workspace/.dependencies -skipMacroValidation -skipPackagePluginValidation -derivedDataPath /Users/admin/builder/spi-builder-workspace/.derivedData build -scheme SwiftLiftKit -destination generic/platform=watchOS
Resolve Package Graph
Resolved source packages:
  SwiftLiftKit: /Users/admin/builder/spi-builder-workspace
ComputePackagePrebuildTargetDependencyGraph
Prepare packages
CreateBuildRequest
SendProjectDescription
CreateBuildOperation
ComputeTargetDependencyGraph
note: Building targets in dependency order
note: Target dependency graph (2 targets)
    Target 'SwiftLiftKit' in project 'SwiftLiftKit'
        ➜ Explicit dependency on target 'SwiftLiftKit' in project 'SwiftLiftKit'
    Target 'SwiftLiftKit' in project 'SwiftLiftKit' (no dependencies)
GatherProvisioningInputs
CreateBuildDescription
ExecuteExternalTool /Applications/Xcode-26.3.0.app/Contents/Developer/Toolchains/XcodeDefault.xctoolchain/usr/bin/clang -v -E -dM -isysroot /Applications/Xcode-26.3.0.app/Contents/Developer/Platforms/WatchOS.platform/Developer/SDKs/WatchOS26.2.sdk -x c -c /dev/null
ExecuteExternalTool /Applications/Xcode-26.3.0.app/Contents/Developer/Toolchains/XcodeDefault.xctoolchain/usr/bin/swiftc --version
ExecuteExternalTool /Applications/Xcode-26.3.0.app/Contents/Developer/Toolchains/XcodeDefault.xctoolchain/usr/bin/ld -version_details
Build description signature: 6ba308f6583a87c0097407002195e664
Build description path: /Users/admin/builder/spi-builder-workspace/.derivedData/Build/Intermediates.noindex/XCBuildData/6ba308f6583a87c0097407002195e664.xcbuilddata
CreateBuildDirectory /Users/admin/builder/spi-builder-workspace/.derivedData/Build/Intermediates.noindex
    cd /Users/admin/builder/spi-builder-workspace/.swiftpm/xcode
    builtin-create-build-directory /Users/admin/builder/spi-builder-workspace/.derivedData/Build/Intermediates.noindex
CreateBuildDirectory /Users/admin/builder/spi-builder-workspace/.derivedData/Build/Products
    cd /Users/admin/builder/spi-builder-workspace/.swiftpm/xcode
    builtin-create-build-directory /Users/admin/builder/spi-builder-workspace/.derivedData/Build/Products
ClangStatCache /Applications/Xcode-26.3.0.app/Contents/Developer/Toolchains/XcodeDefault.xctoolchain/usr/bin/clang-stat-cache /Applications/Xcode-26.3.0.app/Contents/Developer/Platforms/WatchOS.platform/Developer/SDKs/WatchOS26.2.sdk /Users/admin/builder/spi-builder-workspace/.derivedData/SDKStatCaches.noindex/watchos26.2-23S303-dc75598d0054f22ec865fa860f139d721753b489057de6bda919edfa1c59a62b.sdkstatcache
    cd /Users/admin/builder/spi-builder-workspace/.swiftpm/xcode
    /Applications/Xcode-26.3.0.app/Contents/Developer/Toolchains/XcodeDefault.xctoolchain/usr/bin/clang-stat-cache /Applications/Xcode-26.3.0.app/Contents/Developer/Platforms/WatchOS.platform/Developer/SDKs/WatchOS26.2.sdk -o /Users/admin/builder/spi-builder-workspace/.derivedData/SDKStatCaches.noindex/watchos26.2-23S303-dc75598d0054f22ec865fa860f139d721753b489057de6bda919edfa1c59a62b.sdkstatcache
CreateBuildDirectory /Users/admin/builder/spi-builder-workspace/.derivedData/Build/Intermediates.noindex/SwiftExplicitPrecompiledModules
    cd /Users/admin/builder/spi-builder-workspace/.swiftpm/xcode
    builtin-create-build-directory /Users/admin/builder/spi-builder-workspace/.derivedData/Build/Intermediates.noindex/SwiftExplicitPrecompiledModules
CreateBuildDirectory /Users/admin/builder/spi-builder-workspace/.derivedData/Build/Intermediates.noindex/ExplicitPrecompiledModules
    cd /Users/admin/builder/spi-builder-workspace/.swiftpm/xcode
    builtin-create-build-directory /Users/admin/builder/spi-builder-workspace/.derivedData/Build/Intermediates.noindex/ExplicitPrecompiledModules
CreateBuildDirectory /Users/admin/builder/spi-builder-workspace/.derivedData/Build/Intermediates.noindex/EagerLinkingTBDs/Debug-watchos
    cd /Users/admin/builder/spi-builder-workspace/.swiftpm/xcode
    builtin-create-build-directory /Users/admin/builder/spi-builder-workspace/.derivedData/Build/Intermediates.noindex/EagerLinkingTBDs/Debug-watchos
CreateBuildDirectory /Users/admin/builder/spi-builder-workspace/.derivedData/Build/Products/Debug-watchos
    cd /Users/admin/builder/spi-builder-workspace/.swiftpm/xcode
    builtin-create-build-directory /Users/admin/builder/spi-builder-workspace/.derivedData/Build/Products/Debug-watchos
CreateBuildDirectory /Users/admin/builder/spi-builder-workspace/.derivedData/Build/Products/Debug-watchos/PackageFrameworks
    cd /Users/admin/builder/spi-builder-workspace/.swiftpm/xcode
    builtin-create-build-directory /Users/admin/builder/spi-builder-workspace/.derivedData/Build/Products/Debug-watchos/PackageFrameworks
WriteAuxiliaryFile /Users/admin/builder/spi-builder-workspace/.derivedData/Build/Intermediates.noindex/SwiftLiftKit.build/Debug-watchos/SwiftLiftKit.build/SwiftLiftKit.modulemap (in target 'SwiftLiftKit' from project 'SwiftLiftKit')
    cd /Users/admin/builder/spi-builder-workspace
    write-file /Users/admin/builder/spi-builder-workspace/.derivedData/Build/Intermediates.noindex/SwiftLiftKit.build/Debug-watchos/SwiftLiftKit.build/SwiftLiftKit.modulemap
WriteAuxiliaryFile /Users/admin/builder/spi-builder-workspace/.derivedData/Build/Intermediates.noindex/SwiftLiftKit.build/Debug-watchos/SwiftLiftKit.build/SwiftLiftKit.DependencyStaticMetadataFileList (in target 'SwiftLiftKit' from project 'SwiftLiftKit')
    cd /Users/admin/builder/spi-builder-workspace
    write-file /Users/admin/builder/spi-builder-workspace/.derivedData/Build/Intermediates.noindex/SwiftLiftKit.build/Debug-watchos/SwiftLiftKit.build/SwiftLiftKit.DependencyStaticMetadataFileList
WriteAuxiliaryFile /Users/admin/builder/spi-builder-workspace/.derivedData/Build/Intermediates.noindex/SwiftLiftKit.build/Debug-watchos/SwiftLiftKit.build/SwiftLiftKit.DependencyMetadataFileList (in target 'SwiftLiftKit' from project 'SwiftLiftKit')
    cd /Users/admin/builder/spi-builder-workspace
    write-file /Users/admin/builder/spi-builder-workspace/.derivedData/Build/Intermediates.noindex/SwiftLiftKit.build/Debug-watchos/SwiftLiftKit.build/SwiftLiftKit.DependencyMetadataFileList
WriteAuxiliaryFile /Users/admin/builder/spi-builder-workspace/.derivedData/Build/Intermediates.noindex/SwiftLiftKit.build/Debug-watchos/SwiftLiftKit.build/Objects-normal/arm64_32/SwiftLiftKit.SwiftFileList (in target 'SwiftLiftKit' from project 'SwiftLiftKit')
    cd /Users/admin/builder/spi-builder-workspace
    write-file /Users/admin/builder/spi-builder-workspace/.derivedData/Build/Intermediates.noindex/SwiftLiftKit.build/Debug-watchos/SwiftLiftKit.build/Objects-normal/arm64_32/SwiftLiftKit.SwiftFileList
WriteAuxiliaryFile /Users/admin/builder/spi-builder-workspace/.derivedData/Build/Intermediates.noindex/SwiftLiftKit.build/Debug-watchos/SwiftLiftKit.build/Objects-normal/arm64_32/SwiftLiftKit-OutputFileMap.json (in target 'SwiftLiftKit' from project 'SwiftLiftKit')
    cd /Users/admin/builder/spi-builder-workspace
    write-file /Users/admin/builder/spi-builder-workspace/.derivedData/Build/Intermediates.noindex/SwiftLiftKit.build/Debug-watchos/SwiftLiftKit.build/Objects-normal/arm64_32/SwiftLiftKit-OutputFileMap.json
WriteAuxiliaryFile /Users/admin/builder/spi-builder-workspace/.derivedData/Build/Intermediates.noindex/SwiftLiftKit.build/Debug-watchos/SwiftLiftKit.build/Objects-normal/arm64_32/SwiftLiftKit.LinkFileList (in target 'SwiftLiftKit' from project 'SwiftLiftKit')
    cd /Users/admin/builder/spi-builder-workspace
    write-file /Users/admin/builder/spi-builder-workspace/.derivedData/Build/Intermediates.noindex/SwiftLiftKit.build/Debug-watchos/SwiftLiftKit.build/Objects-normal/arm64_32/SwiftLiftKit.LinkFileList
WriteAuxiliaryFile /Users/admin/builder/spi-builder-workspace/.derivedData/Build/Intermediates.noindex/SwiftLiftKit.build/Debug-watchos/SwiftLiftKit.build/Objects-normal/arm64_32/SwiftLiftKit_const_extract_protocols.json (in target 'SwiftLiftKit' from project 'SwiftLiftKit')
    cd /Users/admin/builder/spi-builder-workspace
    write-file /Users/admin/builder/spi-builder-workspace/.derivedData/Build/Intermediates.noindex/SwiftLiftKit.build/Debug-watchos/SwiftLiftKit.build/Objects-normal/arm64_32/SwiftLiftKit_const_extract_protocols.json
WriteAuxiliaryFile /Users/admin/builder/spi-builder-workspace/.derivedData/Build/Intermediates.noindex/SwiftLiftKit.build/Debug-watchos/SwiftLiftKit.build/Objects-normal/arm64_32/SwiftLiftKit.SwiftConstValuesFileList (in target 'SwiftLiftKit' from project 'SwiftLiftKit')
    cd /Users/admin/builder/spi-builder-workspace
    write-file /Users/admin/builder/spi-builder-workspace/.derivedData/Build/Intermediates.noindex/SwiftLiftKit.build/Debug-watchos/SwiftLiftKit.build/Objects-normal/arm64_32/SwiftLiftKit.SwiftConstValuesFileList
WriteAuxiliaryFile /Users/admin/builder/spi-builder-workspace/.derivedData/Build/Intermediates.noindex/SwiftLiftKit.build/Debug-watchos/SwiftLiftKit.build/Objects-normal/arm64/SwiftLiftKit_const_extract_protocols.json (in target 'SwiftLiftKit' from project 'SwiftLiftKit')
    cd /Users/admin/builder/spi-builder-workspace
    write-file /Users/admin/builder/spi-builder-workspace/.derivedData/Build/Intermediates.noindex/SwiftLiftKit.build/Debug-watchos/SwiftLiftKit.build/Objects-normal/arm64/SwiftLiftKit_const_extract_protocols.json
WriteAuxiliaryFile /Users/admin/builder/spi-builder-workspace/.derivedData/Build/Intermediates.noindex/SwiftLiftKit.build/Debug-watchos/SwiftLiftKit.build/Objects-normal/arm64/SwiftLiftKit.SwiftFileList (in target 'SwiftLiftKit' from project 'SwiftLiftKit')
    cd /Users/admin/builder/spi-builder-workspace
    write-file /Users/admin/builder/spi-builder-workspace/.derivedData/Build/Intermediates.noindex/SwiftLiftKit.build/Debug-watchos/SwiftLiftKit.build/Objects-normal/arm64/SwiftLiftKit.SwiftFileList
WriteAuxiliaryFile /Users/admin/builder/spi-builder-workspace/.derivedData/Build/Intermediates.noindex/SwiftLiftKit.build/Debug-watchos/SwiftLiftKit.build/Objects-normal/arm64/SwiftLiftKit.SwiftConstValuesFileList (in target 'SwiftLiftKit' from project 'SwiftLiftKit')
    cd /Users/admin/builder/spi-builder-workspace
    write-file /Users/admin/builder/spi-builder-workspace/.derivedData/Build/Intermediates.noindex/SwiftLiftKit.build/Debug-watchos/SwiftLiftKit.build/Objects-normal/arm64/SwiftLiftKit.SwiftConstValuesFileList
WriteAuxiliaryFile /Users/admin/builder/spi-builder-workspace/.derivedData/Build/Intermediates.noindex/SwiftLiftKit.build/Debug-watchos/SwiftLiftKit.build/Objects-normal/arm64/SwiftLiftKit.LinkFileList (in target 'SwiftLiftKit' from project 'SwiftLiftKit')
    cd /Users/admin/builder/spi-builder-workspace
    write-file /Users/admin/builder/spi-builder-workspace/.derivedData/Build/Intermediates.noindex/SwiftLiftKit.build/Debug-watchos/SwiftLiftKit.build/Objects-normal/arm64/SwiftLiftKit.LinkFileList
WriteAuxiliaryFile /Users/admin/builder/spi-builder-workspace/.derivedData/Build/Intermediates.noindex/SwiftLiftKit.build/Debug-watchos/SwiftLiftKit.build/Objects-normal/arm64/SwiftLiftKit-OutputFileMap.json (in target 'SwiftLiftKit' from project 'SwiftLiftKit')
    cd /Users/admin/builder/spi-builder-workspace
    write-file /Users/admin/builder/spi-builder-workspace/.derivedData/Build/Intermediates.noindex/SwiftLiftKit.build/Debug-watchos/SwiftLiftKit.build/Objects-normal/arm64/SwiftLiftKit-OutputFileMap.json
Copy /Users/admin/builder/spi-builder-workspace/.derivedData/Build/Intermediates.noindex/GeneratedModuleMaps-watchos/SwiftLiftKit.modulemap /Users/admin/builder/spi-builder-workspace/.derivedData/Build/Intermediates.noindex/SwiftLiftKit.build/Debug-watchos/SwiftLiftKit.build/SwiftLiftKit.modulemap (in target 'SwiftLiftKit' from project 'SwiftLiftKit')
    cd /Users/admin/builder/spi-builder-workspace
    builtin-copy -exclude .DS_Store -exclude CVS -exclude .svn -exclude .git -exclude .hg -resolve-src-symlinks /Users/admin/builder/spi-builder-workspace/.derivedData/Build/Intermediates.noindex/SwiftLiftKit.build/Debug-watchos/SwiftLiftKit.build/SwiftLiftKit.modulemap /Users/admin/builder/spi-builder-workspace/.derivedData/Build/Intermediates.noindex/GeneratedModuleMaps-watchos
SwiftDriver SwiftLiftKit normal arm64_32 com.apple.xcode.tools.swift.compiler (in target 'SwiftLiftKit' from project 'SwiftLiftKit')
    cd /Users/admin/builder/spi-builder-workspace/.swiftpm/xcode
    builtin-SwiftDriver -- /Applications/Xcode-26.3.0.app/Contents/Developer/Toolchains/XcodeDefault.xctoolchain/usr/bin/swiftc -module-name SwiftLiftKit -Onone -enforce-exclusivity\=checked @/Users/admin/builder/spi-builder-workspace/.derivedData/Build/Intermediates.noindex/SwiftLiftKit.build/Debug-watchos/SwiftLiftKit.build/Objects-normal/arm64_32/SwiftLiftKit.SwiftFileList -DSWIFT_PACKAGE -DDEBUG -DSWIFT_MODULE_RESOURCE_BUNDLE_UNAVAILABLE -DXcode -plugin-path /Applications/Xcode-26.3.0.app/Contents/Developer/Toolchains/XcodeDefault.xctoolchain/usr/lib/swift/host/plugins/testing -enable-experimental-feature DebugDescriptionMacro -sdk /Applications/Xcode-26.3.0.app/Contents/Developer/Platforms/WatchOS.platform/Developer/SDKs/WatchOS26.2.sdk -target arm64_32-apple-watchos9.0 -g -module-cache-path /Users/admin/builder/spi-builder-workspace/.derivedData/ModuleCache.noindex -Xfrontend -serialize-debugging-options -enable-testing -index-store-path /Users/admin/builder/spi-builder-workspace/.derivedData/Index.noindex/DataStore -Xcc -D_LIBCPP_HARDENING_MODE\=_LIBCPP_HARDENING_MODE_DEBUG -swift-version 6 -I /Users/admin/builder/spi-builder-workspace/.derivedData/Build/Products/Debug-watchos -Isystem /Applications/Xcode-26.3.0.app/Contents/Developer/Platforms/WatchOS.platform/Developer/usr/lib -F /Users/admin/builder/spi-builder-workspace/.derivedData/Build/Products/Debug-watchos -F /Applications/Xcode-26.3.0.app/Contents/Developer/Platforms/WatchOS.platform/Developer/Library/Frameworks -F /Applications/Xcode-26.3.0.app/Contents/Developer/Platforms/WatchOS.platform/Developer/SDKs/WatchOS26.2.sdk/Developer/Library/Frameworks -c -j10 -enable-batch-mode -incremental -Xcc -ivfsstatcache -Xcc /Users/admin/builder/spi-builder-workspace/.derivedData/SDKStatCaches.noindex/watchos26.2-23S303-dc75598d0054f22ec865fa860f139d721753b489057de6bda919edfa1c59a62b.sdkstatcache -output-file-map /Users/admin/builder/spi-builder-workspace/.derivedData/Build/Intermediates.noindex/SwiftLiftKit.build/Debug-watchos/SwiftLiftKit.build/Objects-normal/arm64_32/SwiftLiftKit-OutputFileMap.json -use-frontend-parseable-output -save-temps -no-color-diagnostics -explicit-module-build -module-cache-path /Users/admin/builder/spi-builder-workspace/.derivedData/Build/Intermediates.noindex/SwiftExplicitPrecompiledModules -clang-scanner-module-cache-path /Users/admin/builder/spi-builder-workspace/.derivedData/ModuleCache.noindex -sdk-module-cache-path /Users/admin/builder/spi-builder-workspace/.derivedData/ModuleCache.noindex -serialize-diagnostics -emit-dependencies -emit-module -emit-module-path /Users/admin/builder/spi-builder-workspace/.derivedData/Build/Intermediates.noindex/SwiftLiftKit.build/Debug-watchos/SwiftLiftKit.build/Objects-normal/arm64_32/SwiftLiftKit.swiftmodule -validate-clang-modules-once -clang-build-session-file /Users/admin/builder/spi-builder-workspace/.derivedData/ModuleCache.noindex/Session.modulevalidation -package-name spi_builder_workspace -Xcc -I/Users/admin/builder/spi-builder-workspace/.derivedData/Build/Intermediates.noindex/SwiftLiftKit.build/Debug-watchos/SwiftLiftKit.build/swift-overrides.hmap -emit-const-values -Xfrontend -const-gather-protocols-file -Xfrontend /Users/admin/builder/spi-builder-workspace/.derivedData/Build/Intermediates.noindex/SwiftLiftKit.build/Debug-watchos/SwiftLiftKit.build/Objects-normal/arm64_32/SwiftLiftKit_const_extract_protocols.json -Xcc -I/Users/admin/builder/spi-builder-workspace/.derivedData/Build/Products/Debug-watchos/include -Xcc -I/Users/admin/builder/spi-builder-workspace/.derivedData/Build/Intermediates.noindex/SwiftLiftKit.build/Debug-watchos/SwiftLiftKit.build/DerivedSources-normal/arm64_32 -Xcc -I/Users/admin/builder/spi-builder-workspace/.derivedData/Build/Intermediates.noindex/SwiftLiftKit.build/Debug-watchos/SwiftLiftKit.build/DerivedSources/arm64_32 -Xcc -I/Users/admin/builder/spi-builder-workspace/.derivedData/Build/Intermediates.noindex/SwiftLiftKit.build/Debug-watchos/SwiftLiftKit.build/DerivedSources -Xcc -DSWIFT_PACKAGE -Xcc -DDEBUG\=1 -emit-objc-header -emit-objc-header-path /Users/admin/builder/spi-builder-workspace/.derivedData/Build/Intermediates.noindex/SwiftLiftKit.build/Debug-watchos/SwiftLiftKit.build/Objects-normal/arm64_32/SwiftLiftKit-Swift.h -working-directory /Users/admin/builder/spi-builder-workspace/.swiftpm/xcode -experimental-emit-module-separately -disable-cmo
/Users/admin/builder/spi-builder-workspace/Sources/SwiftLiftKit/SubjectLifter.swift:9:8: error: Unable to find module dependency: 'Vision'
import Vision
       ^ (in target 'SwiftLiftKit' from project 'SwiftLiftKit')
/Users/admin/builder/spi-builder-workspace/Sources/SwiftLiftKit/SubjectLifter.swift:9:8: note: A dependency of main module 'SwiftLiftKit'
import Vision
       ^ (in target 'SwiftLiftKit' from project 'SwiftLiftKit')
/Users/admin/builder/spi-builder-workspace/Sources/SwiftLiftKit/SubjectLifter.swift:10:8: error: Unable to find module dependency: 'CoreImage'
import CoreImage
       ^ (in target 'SwiftLiftKit' from project 'SwiftLiftKit')
/Users/admin/builder/spi-builder-workspace/Sources/SwiftLiftKit/SubjectLifter.swift:10:8: note: A dependency of main module 'SwiftLiftKit'
import CoreImage
       ^ (in target 'SwiftLiftKit' from project 'SwiftLiftKit')
/Users/admin/builder/spi-builder-workspace/Sources/SwiftLiftKit/SubjectLifter.swift:11:8: note: Also imported here
import CoreImage.CIFilterBuiltins
       ^ (in target 'SwiftLiftKit' from project 'SwiftLiftKit')
SwiftDriver SwiftLiftKit normal arm64 com.apple.xcode.tools.swift.compiler (in target 'SwiftLiftKit' from project 'SwiftLiftKit')
    cd /Users/admin/builder/spi-builder-workspace/.swiftpm/xcode
    builtin-SwiftDriver -- /Applications/Xcode-26.3.0.app/Contents/Developer/Toolchains/XcodeDefault.xctoolchain/usr/bin/swiftc -module-name SwiftLiftKit -Onone -enforce-exclusivity\=checked @/Users/admin/builder/spi-builder-workspace/.derivedData/Build/Intermediates.noindex/SwiftLiftKit.build/Debug-watchos/SwiftLiftKit.build/Objects-normal/arm64/SwiftLiftKit.SwiftFileList -DSWIFT_PACKAGE -DDEBUG -DSWIFT_MODULE_RESOURCE_BUNDLE_UNAVAILABLE -DXcode -plugin-path /Applications/Xcode-26.3.0.app/Contents/Developer/Toolchains/XcodeDefault.xctoolchain/usr/lib/swift/host/plugins/testing -enable-experimental-feature DebugDescriptionMacro -sdk /Applications/Xcode-26.3.0.app/Contents/Developer/Platforms/WatchOS.platform/Developer/SDKs/WatchOS26.2.sdk -target arm64-apple-watchos9.0 -g -module-cache-path /Users/admin/builder/spi-builder-workspace/.derivedData/ModuleCache.noindex -Xfrontend -serialize-debugging-options -enable-testing -index-store-path /Users/admin/builder/spi-builder-workspace/.derivedData/Index.noindex/DataStore -Xcc -D_LIBCPP_HARDENING_MODE\=_LIBCPP_HARDENING_MODE_DEBUG -swift-version 6 -I /Users/admin/builder/spi-builder-workspace/.derivedData/Build/Products/Debug-watchos -Isystem /Applications/Xcode-26.3.0.app/Contents/Developer/Platforms/WatchOS.platform/Developer/usr/lib -F /Users/admin/builder/spi-builder-workspace/.derivedData/Build/Products/Debug-watchos -F /Applications/Xcode-26.3.0.app/Contents/Developer/Platforms/WatchOS.platform/Developer/Library/Frameworks -F /Applications/Xcode-26.3.0.app/Contents/Developer/Platforms/WatchOS.platform/Developer/SDKs/WatchOS26.2.sdk/Developer/Library/Frameworks -c -j10 -enable-batch-mode -incremental -Xcc -ivfsstatcache -Xcc /Users/admin/builder/spi-builder-workspace/.derivedData/SDKStatCaches.noindex/watchos26.2-23S303-dc75598d0054f22ec865fa860f139d721753b489057de6bda919edfa1c59a62b.sdkstatcache -output-file-map /Users/admin/builder/spi-builder-workspace/.derivedData/Build/Intermediates.noindex/SwiftLiftKit.build/Debug-watchos/SwiftLiftKit.build/Objects-normal/arm64/SwiftLiftKit-OutputFileMap.json -use-frontend-parseable-output -save-temps -no-color-diagnostics -explicit-module-build -module-cache-path /Users/admin/builder/spi-builder-workspace/.derivedData/Build/Intermediates.noindex/SwiftExplicitPrecompiledModules -clang-scanner-module-cache-path /Users/admin/builder/spi-builder-workspace/.derivedData/ModuleCache.noindex -sdk-module-cache-path /Users/admin/builder/spi-builder-workspace/.derivedData/ModuleCache.noindex -serialize-diagnostics -emit-dependencies -emit-module -emit-module-path /Users/admin/builder/spi-builder-workspace/.derivedData/Build/Intermediates.noindex/SwiftLiftKit.build/Debug-watchos/SwiftLiftKit.build/Objects-normal/arm64/SwiftLiftKit.swiftmodule -validate-clang-modules-once -clang-build-session-file /Users/admin/builder/spi-builder-workspace/.derivedData/ModuleCache.noindex/Session.modulevalidation -package-name spi_builder_workspace -Xcc -I/Users/admin/builder/spi-builder-workspace/.derivedData/Build/Intermediates.noindex/SwiftLiftKit.build/Debug-watchos/SwiftLiftKit.build/swift-overrides.hmap -emit-const-values -Xfrontend -const-gather-protocols-file -Xfrontend /Users/admin/builder/spi-builder-workspace/.derivedData/Build/Intermediates.noindex/SwiftLiftKit.build/Debug-watchos/SwiftLiftKit.build/Objects-normal/arm64/SwiftLiftKit_const_extract_protocols.json -Xcc -I/Users/admin/builder/spi-builder-workspace/.derivedData/Build/Products/Debug-watchos/include -Xcc -I/Users/admin/builder/spi-builder-workspace/.derivedData/Build/Intermediates.noindex/SwiftLiftKit.build/Debug-watchos/SwiftLiftKit.build/DerivedSources-normal/arm64 -Xcc -I/Users/admin/builder/spi-builder-workspace/.derivedData/Build/Intermediates.noindex/SwiftLiftKit.build/Debug-watchos/SwiftLiftKit.build/DerivedSources/arm64 -Xcc -I/Users/admin/builder/spi-builder-workspace/.derivedData/Build/Intermediates.noindex/SwiftLiftKit.build/Debug-watchos/SwiftLiftKit.build/DerivedSources -Xcc -DSWIFT_PACKAGE -Xcc -DDEBUG\=1 -emit-objc-header -emit-objc-header-path /Users/admin/builder/spi-builder-workspace/.derivedData/Build/Intermediates.noindex/SwiftLiftKit.build/Debug-watchos/SwiftLiftKit.build/Objects-normal/arm64/SwiftLiftKit-Swift.h -working-directory /Users/admin/builder/spi-builder-workspace/.swiftpm/xcode -experimental-emit-module-separately -disable-cmo
/Users/admin/builder/spi-builder-workspace/Sources/SwiftLiftKit/SubjectLifter.swift:9:8: error: Unable to find module dependency: 'Vision'
import Vision
       ^ (in target 'SwiftLiftKit' from project 'SwiftLiftKit')
/Users/admin/builder/spi-builder-workspace/Sources/SwiftLiftKit/SubjectLifter.swift:9:8: note: A dependency of main module 'SwiftLiftKit'
import Vision
       ^ (in target 'SwiftLiftKit' from project 'SwiftLiftKit')
/Users/admin/builder/spi-builder-workspace/Sources/SwiftLiftKit/SubjectLifter.swift:10:8: error: Unable to find module dependency: 'CoreImage'
import CoreImage
       ^ (in target 'SwiftLiftKit' from project 'SwiftLiftKit')
/Users/admin/builder/spi-builder-workspace/Sources/SwiftLiftKit/SubjectLifter.swift:10:8: note: A dependency of main module 'SwiftLiftKit'
import CoreImage
       ^ (in target 'SwiftLiftKit' from project 'SwiftLiftKit')
/Users/admin/builder/spi-builder-workspace/Sources/SwiftLiftKit/SubjectLifter.swift:11:8: note: Also imported here
import CoreImage.CIFilterBuiltins
       ^ (in target 'SwiftLiftKit' from project 'SwiftLiftKit')
2026-06-28 02:32:51.372 xcodebuild[677:4270] [MT] IDERunDestination: Supported platforms for the buildables in the current scheme is empty.
/Users/admin/builder/spi-builder-workspace/Sources/SwiftLiftKit/SubjectLifter.swift:9:8: error: Unable to find module dependency: 'Vision'
import Vision
       ^
/Users/admin/builder/spi-builder-workspace/Sources/SwiftLiftKit/SubjectLifter.swift:9:8: error: Unable to find module dependency: 'Vision'
import Vision
       ^
/Users/admin/builder/spi-builder-workspace/Sources/SwiftLiftKit/SubjectLifter.swift:9:8: note: a dependency of main module 'SwiftLiftKit'
import Vision
       ^
/Users/admin/builder/spi-builder-workspace/Sources/SwiftLiftKit/SubjectLifter.swift:9:8: note: a dependency of main module 'SwiftLiftKit'
import Vision
       ^
/Users/admin/builder/spi-builder-workspace/Sources/SwiftLiftKit/SubjectLifter.swift:10:8: error: Unable to find module dependency: 'CoreImage'
import CoreImage
       ^
/Users/admin/builder/spi-builder-workspace/Sources/SwiftLiftKit/SubjectLifter.swift:10:8: error: Unable to find module dependency: 'CoreImage'
import CoreImage
       ^
/Users/admin/builder/spi-builder-workspace/Sources/SwiftLiftKit/SubjectLifter.swift:10:8: note: a dependency of main module 'SwiftLiftKit'
import CoreImage
       ^
/Users/admin/builder/spi-builder-workspace/Sources/SwiftLiftKit/SubjectLifter.swift:10:8: note: a dependency of main module 'SwiftLiftKit'
import CoreImage
       ^
/Users/admin/builder/spi-builder-workspace/Sources/SwiftLiftKit/SubjectLifter.swift:11:8: note: also imported here
import CoreImage.CIFilterBuiltins
       ^
/Users/admin/builder/spi-builder-workspace/Sources/SwiftLiftKit/SubjectLifter.swift:11:8: note: also imported here
import CoreImage.CIFilterBuiltins
       ^
** BUILD FAILED **
The following build commands failed:
	SwiftDriver SwiftLiftKit normal arm64_32 com.apple.xcode.tools.swift.compiler (in target 'SwiftLiftKit' from project 'SwiftLiftKit')
	SwiftDriver SwiftLiftKit normal arm64 com.apple.xcode.tools.swift.compiler (in target 'SwiftLiftKit' from project 'SwiftLiftKit')
	Building workspace spi-builder-workspace with scheme SwiftLiftKit
(3 failures)
Command line invocation:
    /Applications/Xcode-26.3.0.app/Contents/Developer/usr/bin/xcodebuild -IDEClonedSourcePackagesDirPathOverride=/Users/admin/builder/spi-builder-workspace/.dependencies -resolvePackageDependencies
Resolve Package Graph
Resolved source packages:
  SwiftLiftKit: /Users/admin/builder/spi-builder-workspace
resolved source packages: SwiftLiftKit
2026-06-28 02:32:55.852 xcodebuild[693:4535] [MT] IDERunDestination: Supported platforms for the buildables in the current scheme is empty.
{
  "dependencies" : [
  ],
  "manifest_display_name" : "SwiftLiftKit",
  "name" : "SwiftLiftKit",
  "path" : "/Users/admin/builder/spi-builder-workspace",
  "platforms" : [
    {
      "name" : "ios",
      "version" : "16.0"
    }
  ],
  "products" : [
    {
      "name" : "SwiftLiftKit",
      "targets" : [
        "SwiftLiftKit"
      ],
      "type" : {
        "library" : [
          "automatic"
        ]
      }
    }
  ],
  "targets" : [
    {
      "c99name" : "SwiftLiftKit",
      "module_type" : "SwiftTarget",
      "name" : "SwiftLiftKit",
      "path" : "Sources/SwiftLiftKit",
      "product_memberships" : [
        "SwiftLiftKit"
      ],
      "sources" : [
        "CameraCapture.swift",
        "SubjectLifter.swift",
        "SwiftLiftKit.swift",
        "SwiftUI/SwiftLiftCameraView.swift"
      ],
      "type" : "library"
    }
  ],
  "tools_version" : "6.2"
}
{
  "workspace" : {
    "name" : "spi-builder-workspace",
    "schemes" : [
      "SwiftLiftKit"
    ]
  }
}
2026-06-28 02:32:56.949 xcodebuild[701:4611] [MT] IDERunDestination: Supported platforms for the buildables in the current scheme is empty.
Running build ...
env DEVELOPER_DIR=/Applications/Xcode-26.3.0.app xcrun xcodebuild -IDEClonedSourcePackagesDirPathOverride=$PWD/.dependencies -skipMacroValidation -skipPackagePluginValidation -derivedDataPath $PWD/.derivedData build -scheme SwiftLiftKit -destination generic/platform=watchOS
Command line invocation:
    /Applications/Xcode-26.3.0.app/Contents/Developer/usr/bin/xcodebuild -IDEClonedSourcePackagesDirPathOverride=/Users/admin/builder/spi-builder-workspace/.dependencies -skipMacroValidation -skipPackagePluginValidation -derivedDataPath /Users/admin/builder/spi-builder-workspace/.derivedData build -scheme SwiftLiftKit -destination generic/platform=watchOS
Resolve Package Graph
Resolved source packages:
  SwiftLiftKit: /Users/admin/builder/spi-builder-workspace
ComputePackagePrebuildTargetDependencyGraph
Prepare packages
CreateBuildRequest
SendProjectDescription
CreateBuildOperation
ComputeTargetDependencyGraph
note: Building targets in dependency order
note: Target dependency graph (2 targets)
    Target 'SwiftLiftKit' in project 'SwiftLiftKit'
        ➜ Explicit dependency on target 'SwiftLiftKit' in project 'SwiftLiftKit'
    Target 'SwiftLiftKit' in project 'SwiftLiftKit' (no dependencies)
GatherProvisioningInputs
CreateBuildDescription
ClangStatCache /Applications/Xcode-26.3.0.app/Contents/Developer/Toolchains/XcodeDefault.xctoolchain/usr/bin/clang-stat-cache /Applications/Xcode-26.3.0.app/Contents/Developer/Platforms/WatchOS.platform/Developer/SDKs/WatchOS26.2.sdk /Users/admin/builder/spi-builder-workspace/.derivedData/SDKStatCaches.noindex/watchos26.2-23S303-dc75598d0054f22ec865fa860f139d721753b489057de6bda919edfa1c59a62b.sdkstatcache
    cd /Users/admin/builder/spi-builder-workspace/.swiftpm/xcode
    /Applications/Xcode-26.3.0.app/Contents/Developer/Toolchains/XcodeDefault.xctoolchain/usr/bin/clang-stat-cache /Applications/Xcode-26.3.0.app/Contents/Developer/Platforms/WatchOS.platform/Developer/SDKs/WatchOS26.2.sdk -o /Users/admin/builder/spi-builder-workspace/.derivedData/SDKStatCaches.noindex/watchos26.2-23S303-dc75598d0054f22ec865fa860f139d721753b489057de6bda919edfa1c59a62b.sdkstatcache
SwiftDriver SwiftLiftKit normal arm64_32 com.apple.xcode.tools.swift.compiler (in target 'SwiftLiftKit' from project 'SwiftLiftKit')
    cd /Users/admin/builder/spi-builder-workspace/.swiftpm/xcode
    builtin-SwiftDriver -- /Applications/Xcode-26.3.0.app/Contents/Developer/Toolchains/XcodeDefault.xctoolchain/usr/bin/swiftc -module-name SwiftLiftKit -Onone -enforce-exclusivity\=checked @/Users/admin/builder/spi-builder-workspace/.derivedData/Build/Intermediates.noindex/SwiftLiftKit.build/Debug-watchos/SwiftLiftKit.build/Objects-normal/arm64_32/SwiftLiftKit.SwiftFileList -DSWIFT_PACKAGE -DDEBUG -DSWIFT_MODULE_RESOURCE_BUNDLE_UNAVAILABLE -DXcode -plugin-path /Applications/Xcode-26.3.0.app/Contents/Developer/Toolchains/XcodeDefault.xctoolchain/usr/lib/swift/host/plugins/testing -enable-experimental-feature DebugDescriptionMacro -sdk /Applications/Xcode-26.3.0.app/Contents/Developer/Platforms/WatchOS.platform/Developer/SDKs/WatchOS26.2.sdk -target arm64_32-apple-watchos9.0 -g -module-cache-path /Users/admin/builder/spi-builder-workspace/.derivedData/ModuleCache.noindex -Xfrontend -serialize-debugging-options -enable-testing -index-store-path /Users/admin/builder/spi-builder-workspace/.derivedData/Index.noindex/DataStore -Xcc -D_LIBCPP_HARDENING_MODE\=_LIBCPP_HARDENING_MODE_DEBUG -swift-version 6 -I /Users/admin/builder/spi-builder-workspace/.derivedData/Build/Products/Debug-watchos -Isystem /Applications/Xcode-26.3.0.app/Contents/Developer/Platforms/WatchOS.platform/Developer/usr/lib -F /Users/admin/builder/spi-builder-workspace/.derivedData/Build/Products/Debug-watchos -F /Applications/Xcode-26.3.0.app/Contents/Developer/Platforms/WatchOS.platform/Developer/Library/Frameworks -F /Applications/Xcode-26.3.0.app/Contents/Developer/Platforms/WatchOS.platform/Developer/SDKs/WatchOS26.2.sdk/Developer/Library/Frameworks -c -j10 -enable-batch-mode -incremental -Xcc -ivfsstatcache -Xcc /Users/admin/builder/spi-builder-workspace/.derivedData/SDKStatCaches.noindex/watchos26.2-23S303-dc75598d0054f22ec865fa860f139d721753b489057de6bda919edfa1c59a62b.sdkstatcache -output-file-map /Users/admin/builder/spi-builder-workspace/.derivedData/Build/Intermediates.noindex/SwiftLiftKit.build/Debug-watchos/SwiftLiftKit.build/Objects-normal/arm64_32/SwiftLiftKit-OutputFileMap.json -use-frontend-parseable-output -save-temps -no-color-diagnostics -explicit-module-build -module-cache-path /Users/admin/builder/spi-builder-workspace/.derivedData/Build/Intermediates.noindex/SwiftExplicitPrecompiledModules -clang-scanner-module-cache-path /Users/admin/builder/spi-builder-workspace/.derivedData/ModuleCache.noindex -sdk-module-cache-path /Users/admin/builder/spi-builder-workspace/.derivedData/ModuleCache.noindex -serialize-diagnostics -emit-dependencies -emit-module -emit-module-path /Users/admin/builder/spi-builder-workspace/.derivedData/Build/Intermediates.noindex/SwiftLiftKit.build/Debug-watchos/SwiftLiftKit.build/Objects-normal/arm64_32/SwiftLiftKit.swiftmodule -validate-clang-modules-once -clang-build-session-file /Users/admin/builder/spi-builder-workspace/.derivedData/ModuleCache.noindex/Session.modulevalidation -package-name spi_builder_workspace -Xcc -I/Users/admin/builder/spi-builder-workspace/.derivedData/Build/Intermediates.noindex/SwiftLiftKit.build/Debug-watchos/SwiftLiftKit.build/swift-overrides.hmap -emit-const-values -Xfrontend -const-gather-protocols-file -Xfrontend /Users/admin/builder/spi-builder-workspace/.derivedData/Build/Intermediates.noindex/SwiftLiftKit.build/Debug-watchos/SwiftLiftKit.build/Objects-normal/arm64_32/SwiftLiftKit_const_extract_protocols.json -Xcc -I/Users/admin/builder/spi-builder-workspace/.derivedData/Build/Products/Debug-watchos/include -Xcc -I/Users/admin/builder/spi-builder-workspace/.derivedData/Build/Intermediates.noindex/SwiftLiftKit.build/Debug-watchos/SwiftLiftKit.build/DerivedSources-normal/arm64_32 -Xcc -I/Users/admin/builder/spi-builder-workspace/.derivedData/Build/Intermediates.noindex/SwiftLiftKit.build/Debug-watchos/SwiftLiftKit.build/DerivedSources/arm64_32 -Xcc -I/Users/admin/builder/spi-builder-workspace/.derivedData/Build/Intermediates.noindex/SwiftLiftKit.build/Debug-watchos/SwiftLiftKit.build/DerivedSources -Xcc -DSWIFT_PACKAGE -Xcc -DDEBUG\=1 -emit-objc-header -emit-objc-header-path /Users/admin/builder/spi-builder-workspace/.derivedData/Build/Intermediates.noindex/SwiftLiftKit.build/Debug-watchos/SwiftLiftKit.build/Objects-normal/arm64_32/SwiftLiftKit-Swift.h -working-directory /Users/admin/builder/spi-builder-workspace/.swiftpm/xcode -experimental-emit-module-separately -disable-cmo
/Users/admin/builder/spi-builder-workspace/Sources/SwiftLiftKit/SubjectLifter.swift:9:8: error: Unable to find module dependency: 'Vision'
import Vision
       ^ (in target 'SwiftLiftKit' from project 'SwiftLiftKit')
/Users/admin/builder/spi-builder-workspace/Sources/SwiftLiftKit/SubjectLifter.swift:9:8: note: A dependency of main module 'SwiftLiftKit'
import Vision
       ^ (in target 'SwiftLiftKit' from project 'SwiftLiftKit')
/Users/admin/builder/spi-builder-workspace/Sources/SwiftLiftKit/SubjectLifter.swift:10:8: error: Unable to find module dependency: 'CoreImage'
import CoreImage
       ^ (in target 'SwiftLiftKit' from project 'SwiftLiftKit')
/Users/admin/builder/spi-builder-workspace/Sources/SwiftLiftKit/SubjectLifter.swift:10:8: note: A dependency of main module 'SwiftLiftKit'
import CoreImage
       ^ (in target 'SwiftLiftKit' from project 'SwiftLiftKit')
/Users/admin/builder/spi-builder-workspace/Sources/SwiftLiftKit/SubjectLifter.swift:11:8: note: Also imported here
import CoreImage.CIFilterBuiltins
       ^ (in target 'SwiftLiftKit' from project 'SwiftLiftKit')
SwiftDriver SwiftLiftKit normal arm64 com.apple.xcode.tools.swift.compiler (in target 'SwiftLiftKit' from project 'SwiftLiftKit')
    cd /Users/admin/builder/spi-builder-workspace/.swiftpm/xcode
    builtin-SwiftDriver -- /Applications/Xcode-26.3.0.app/Contents/Developer/Toolchains/XcodeDefault.xctoolchain/usr/bin/swiftc -module-name SwiftLiftKit -Onone -enforce-exclusivity\=checked @/Users/admin/builder/spi-builder-workspace/.derivedData/Build/Intermediates.noindex/SwiftLiftKit.build/Debug-watchos/SwiftLiftKit.build/Objects-normal/arm64/SwiftLiftKit.SwiftFileList -DSWIFT_PACKAGE -DDEBUG -DSWIFT_MODULE_RESOURCE_BUNDLE_UNAVAILABLE -DXcode -plugin-path /Applications/Xcode-26.3.0.app/Contents/Developer/Toolchains/XcodeDefault.xctoolchain/usr/lib/swift/host/plugins/testing -enable-experimental-feature DebugDescriptionMacro -sdk /Applications/Xcode-26.3.0.app/Contents/Developer/Platforms/WatchOS.platform/Developer/SDKs/WatchOS26.2.sdk -target arm64-apple-watchos9.0 -g -module-cache-path /Users/admin/builder/spi-builder-workspace/.derivedData/ModuleCache.noindex -Xfrontend -serialize-debugging-options -enable-testing -index-store-path /Users/admin/builder/spi-builder-workspace/.derivedData/Index.noindex/DataStore -Xcc -D_LIBCPP_HARDENING_MODE\=_LIBCPP_HARDENING_MODE_DEBUG -swift-version 6 -I /Users/admin/builder/spi-builder-workspace/.derivedData/Build/Products/Debug-watchos -Isystem /Applications/Xcode-26.3.0.app/Contents/Developer/Platforms/WatchOS.platform/Developer/usr/lib -F /Users/admin/builder/spi-builder-workspace/.derivedData/Build/Products/Debug-watchos -F /Applications/Xcode-26.3.0.app/Contents/Developer/Platforms/WatchOS.platform/Developer/Library/Frameworks -F /Applications/Xcode-26.3.0.app/Contents/Developer/Platforms/WatchOS.platform/Developer/SDKs/WatchOS26.2.sdk/Developer/Library/Frameworks -c -j10 -enable-batch-mode -incremental -Xcc -ivfsstatcache -Xcc /Users/admin/builder/spi-builder-workspace/.derivedData/SDKStatCaches.noindex/watchos26.2-23S303-dc75598d0054f22ec865fa860f139d721753b489057de6bda919edfa1c59a62b.sdkstatcache -output-file-map /Users/admin/builder/spi-builder-workspace/.derivedData/Build/Intermediates.noindex/SwiftLiftKit.build/Debug-watchos/SwiftLiftKit.build/Objects-normal/arm64/SwiftLiftKit-OutputFileMap.json -use-frontend-parseable-output -save-temps -no-color-diagnostics -explicit-module-build -module-cache-path /Users/admin/builder/spi-builder-workspace/.derivedData/Build/Intermediates.noindex/SwiftExplicitPrecompiledModules -clang-scanner-module-cache-path /Users/admin/builder/spi-builder-workspace/.derivedData/ModuleCache.noindex -sdk-module-cache-path /Users/admin/builder/spi-builder-workspace/.derivedData/ModuleCache.noindex -serialize-diagnostics -emit-dependencies -emit-module -emit-module-path /Users/admin/builder/spi-builder-workspace/.derivedData/Build/Intermediates.noindex/SwiftLiftKit.build/Debug-watchos/SwiftLiftKit.build/Objects-normal/arm64/SwiftLiftKit.swiftmodule -validate-clang-modules-once -clang-build-session-file /Users/admin/builder/spi-builder-workspace/.derivedData/ModuleCache.noindex/Session.modulevalidation -package-name spi_builder_workspace -Xcc -I/Users/admin/builder/spi-builder-workspace/.derivedData/Build/Intermediates.noindex/SwiftLiftKit.build/Debug-watchos/SwiftLiftKit.build/swift-overrides.hmap -emit-const-values -Xfrontend -const-gather-protocols-file -Xfrontend /Users/admin/builder/spi-builder-workspace/.derivedData/Build/Intermediates.noindex/SwiftLiftKit.build/Debug-watchos/SwiftLiftKit.build/Objects-normal/arm64/SwiftLiftKit_const_extract_protocols.json -Xcc -I/Users/admin/builder/spi-builder-workspace/.derivedData/Build/Products/Debug-watchos/include -Xcc -I/Users/admin/builder/spi-builder-workspace/.derivedData/Build/Intermediates.noindex/SwiftLiftKit.build/Debug-watchos/SwiftLiftKit.build/DerivedSources-normal/arm64 -Xcc -I/Users/admin/builder/spi-builder-workspace/.derivedData/Build/Intermediates.noindex/SwiftLiftKit.build/Debug-watchos/SwiftLiftKit.build/DerivedSources/arm64 -Xcc -I/Users/admin/builder/spi-builder-workspace/.derivedData/Build/Intermediates.noindex/SwiftLiftKit.build/Debug-watchos/SwiftLiftKit.build/DerivedSources -Xcc -DSWIFT_PACKAGE -Xcc -DDEBUG\=1 -emit-objc-header -emit-objc-header-path /Users/admin/builder/spi-builder-workspace/.derivedData/Build/Intermediates.noindex/SwiftLiftKit.build/Debug-watchos/SwiftLiftKit.build/Objects-normal/arm64/SwiftLiftKit-Swift.h -working-directory /Users/admin/builder/spi-builder-workspace/.swiftpm/xcode -experimental-emit-module-separately -disable-cmo
/Users/admin/builder/spi-builder-workspace/Sources/SwiftLiftKit/SubjectLifter.swift:9:8: error: Unable to find module dependency: 'Vision'
import Vision
       ^ (in target 'SwiftLiftKit' from project 'SwiftLiftKit')
/Users/admin/builder/spi-builder-workspace/Sources/SwiftLiftKit/SubjectLifter.swift:9:8: note: A dependency of main module 'SwiftLiftKit'
import Vision
       ^ (in target 'SwiftLiftKit' from project 'SwiftLiftKit')
/Users/admin/builder/spi-builder-workspace/Sources/SwiftLiftKit/SubjectLifter.swift:10:8: error: Unable to find module dependency: 'CoreImage'
import CoreImage
       ^ (in target 'SwiftLiftKit' from project 'SwiftLiftKit')
/Users/admin/builder/spi-builder-workspace/Sources/SwiftLiftKit/SubjectLifter.swift:10:8: note: A dependency of main module 'SwiftLiftKit'
import CoreImage
       ^ (in target 'SwiftLiftKit' from project 'SwiftLiftKit')
/Users/admin/builder/spi-builder-workspace/Sources/SwiftLiftKit/SubjectLifter.swift:11:8: note: Also imported here
import CoreImage.CIFilterBuiltins
       ^ (in target 'SwiftLiftKit' from project 'SwiftLiftKit')
2026-06-28 02:32:57.819 xcodebuild[703:4640] [MT] IDERunDestination: Supported platforms for the buildables in the current scheme is empty.
/Users/admin/builder/spi-builder-workspace/Sources/SwiftLiftKit/SubjectLifter.swift:9:8: error: Unable to find module dependency: 'Vision'
import Vision
       ^
/Users/admin/builder/spi-builder-workspace/Sources/SwiftLiftKit/SubjectLifter.swift:9:8: note: a dependency of main module 'SwiftLiftKit'
import Vision
       ^
/Users/admin/builder/spi-builder-workspace/Sources/SwiftLiftKit/SubjectLifter.swift:10:8: error: Unable to find module dependency: 'CoreImage'
import CoreImage
       ^
/Users/admin/builder/spi-builder-workspace/Sources/SwiftLiftKit/SubjectLifter.swift:10:8: note: a dependency of main module 'SwiftLiftKit'
import CoreImage
       ^
/Users/admin/builder/spi-builder-workspace/Sources/SwiftLiftKit/SubjectLifter.swift:11:8: note: also imported here
import CoreImage.CIFilterBuiltins
       ^
/Users/admin/builder/spi-builder-workspace/Sources/SwiftLiftKit/SubjectLifter.swift:9:8: error: Unable to find module dependency: 'Vision'
import Vision
       ^
/Users/admin/builder/spi-builder-workspace/Sources/SwiftLiftKit/SubjectLifter.swift:9:8: note: a dependency of main module 'SwiftLiftKit'
import Vision
       ^
/Users/admin/builder/spi-builder-workspace/Sources/SwiftLiftKit/SubjectLifter.swift:10:8: error: Unable to find module dependency: 'CoreImage'
import CoreImage
       ^
/Users/admin/builder/spi-builder-workspace/Sources/SwiftLiftKit/SubjectLifter.swift:10:8: note: a dependency of main module 'SwiftLiftKit'
import CoreImage
       ^
/Users/admin/builder/spi-builder-workspace/Sources/SwiftLiftKit/SubjectLifter.swift:11:8: note: also imported here
import CoreImage.CIFilterBuiltins
       ^
** BUILD FAILED **
The following build commands failed:
	SwiftDriver SwiftLiftKit normal arm64_32 com.apple.xcode.tools.swift.compiler (in target 'SwiftLiftKit' from project 'SwiftLiftKit')
	SwiftDriver SwiftLiftKit normal arm64 com.apple.xcode.tools.swift.compiler (in target 'SwiftLiftKit' from project 'SwiftLiftKit')
	Building workspace spi-builder-workspace with scheme SwiftLiftKit
(3 failures)
BUILD FAILURE 6.2 watchOS