Build Information
Failed to build ElevenLabsKit, reference main (caffb7), with Swift 6.4 for watchOS using Xcode 27.0 on 28 Sep 2026 06:01:43 UTC.
Build Command
env DEVELOPER_DIR=/Applications/Xcode-27.0.0-Release.Candidate.app xcrun xcodebuild -IDEClonedSourcePackagesDirPathOverride=$PWD/.dependencies -skipMacroValidation -skipPackagePluginValidation -derivedDataPath $PWD/.derivedData build -scheme ElevenLabsKit -destination generic/platform=watchOSBuild Log
========================================
RunAll
========================================
Builder version: 5.1.0
Interrupt handler set up.
========================================
Checkout
========================================
Clone URL: https://github.com/steipete/ElevenLabsKit.git
Reference: main
Initialized empty Git repository in /Users/admin/builder/spi-builder-workspace/.git/
From https://github.com/steipete/ElevenLabsKit
* branch main -> FETCH_HEAD
* [new branch] main -> origin/main
HEAD is now at caffb74 chore: open 0.1.4 unreleased
Cloned https://github.com/steipete/ElevenLabsKit.git
Revision (git rev-parse @):
caffb742d7b4676360664299a222ef0cd4db63da
SUCCESS checkout https://github.com/steipete/ElevenLabsKit.git at main
========================================
Build
========================================
Selected platform: watchOS
Swift version: 6.4
Building package at path: $PWD
https://github.com/steipete/ElevenLabsKit.git
Command line invocation:
/Applications/Xcode-27.0.0-Release.Candidate.app/Contents/Developer/usr/bin/xcodebuild -IDEClonedSourcePackagesDirPathOverride=/Users/admin/builder/spi-builder-workspace/.dependencies -resolvePackageDependencies
Resolve Package Graph
Resolve Package Graph
Resolved source packages:
ElevenLabsKit: /Users/admin/builder/spi-builder-workspace
resolved source packages: ElevenLabsKit
2026-09-28 02:01:03.363 xcodebuild[564:3066] [MT] IDERunDestination: Supported platforms for the buildables in the current scheme is empty.
{
"dependencies" : [
],
"manifest_display_name" : "ElevenLabsKit",
"name" : "ElevenLabsKit",
"path" : "/Users/admin/builder/spi-builder-workspace",
"platforms" : [
{
"name" : "ios",
"version" : "17.0"
},
{
"name" : "macos",
"version" : "15.0"
}
],
"products" : [
{
"name" : "ElevenLabsKit",
"targets" : [
"ElevenLabsKit"
],
"type" : {
"library" : [
"automatic"
]
}
}
],
"targets" : [
{
"c99name" : "ElevenLabsKitTests",
"module_type" : "SwiftTarget",
"name" : "ElevenLabsKitTests",
"path" : "Tests/ElevenLabsKitTests",
"sources" : [
"CoverageSmokeTests.swift",
"ElevenLabsKitTests.swift",
"ElevenLabsTTSClientNetworkingTests.swift",
"ElevenLabsTTSRequestBuildingTests.swift",
"PCMStreamingAudioPlayerFinishTests.swift",
"PCMStreamingAudioPlayerTests.swift",
"StreamingAudioPlaybackTests.swift",
"StreamingAudioPlayerTests.swift",
"StreamingAudioTeardownTests.swift",
"TalkTTSValidationEdgeTests.swift",
"TalkTTSValidationTests.swift",
"TestSupport/URLProtocolStub.swift"
],
"target_dependencies" : [
"ElevenLabsKit"
],
"type" : "test"
},
{
"c99name" : "ElevenLabsKit",
"module_type" : "SwiftTarget",
"name" : "ElevenLabsKit",
"path" : "Sources/ElevenLabsKit",
"product_memberships" : [
"ElevenLabsKit"
],
"sources" : [
"AudioToolboxClient.swift",
"ElevenLabsKit.swift",
"ElevenLabsTTS.swift",
"PCMPlayerNode.swift",
"PCMStreamingAudioPlayer.swift",
"StreamingAudioPlayback.swift",
"StreamingAudioPlayer.swift",
"TalkTTSValidation.swift"
],
"type" : "library"
}
],
"tools_version" : "6.3"
}
{
"workspace" : {
"name" : "ElevenLabsKit",
"schemes" : [
"ElevenLabsKit"
]
}
}
2026-09-28 02:01:35.050 xcodebuild[661:3879] [MT] IDERunDestination: Supported platforms for the buildables in the current scheme is empty.
Running build ...
env DEVELOPER_DIR=/Applications/Xcode-27.0.0-Release.Candidate.app xcrun xcodebuild -IDEClonedSourcePackagesDirPathOverride=$PWD/.dependencies -skipMacroValidation -skipPackagePluginValidation -derivedDataPath $PWD/.derivedData build -scheme ElevenLabsKit -destination generic/platform=watchOS
Command line invocation:
/Applications/Xcode-27.0.0-Release.Candidate.app/Contents/Developer/usr/bin/xcodebuild -IDEClonedSourcePackagesDirPathOverride=/Users/admin/builder/spi-builder-workspace/.dependencies -skipMacroValidation -skipPackagePluginValidation -derivedDataPath /Users/admin/builder/spi-builder-workspace/.derivedData build -scheme ElevenLabsKit -destination generic/platform=watchOS
Resolve Package Graph
Resolved source packages:
ElevenLabsKit: /Users/admin/builder/spi-builder-workspace
ComputePackagePrebuildTargetDependencyGraph
Prepare packages
CreateBuildRequest
SendProjectDescription
CreateBuildOperation
ComputeTargetDependencyGraph
note: Building targets in dependency order
note: Target dependency graph (2 targets)
Target 'ElevenLabsKit-product' in project 'ElevenLabsKit'
➜ Explicit dependency on target 'ElevenLabsKit' in project 'ElevenLabsKit'
Target 'ElevenLabsKit' in project 'ElevenLabsKit' (no dependencies)
GatherProvisioningInputs
CreateBuildDescription
ExecuteExternalTool /Applications/Xcode-27.0.0-Release.Candidate.app/Contents/Developer/Toolchains/XcodeDefault.xctoolchain/usr/bin/clang -v -E -dM -isysroot /Applications/Xcode-27.0.0-Release.Candidate.app/Contents/Developer/Platforms/WatchOS.platform/Developer/SDKs/WatchOS27.0.sdk -x c -c /dev/null
ExecuteExternalTool /Applications/Xcode-27.0.0-Release.Candidate.app/Contents/Developer/Toolchains/XcodeDefault.xctoolchain/usr/bin/swiftc --version
ExecuteExternalTool /Applications/Xcode-27.0.0-Release.Candidate.app/Contents/Developer/Toolchains/XcodeDefault.xctoolchain/usr/bin/ld -version_details
Build description signature: 373b4d2fddd967bc066a0a557c58ba21
Build description path: /Users/admin/builder/spi-builder-workspace/.derivedData/Build/Intermediates.noindex/XCBuildData/373b4d2fddd967bc066a0a557c58ba21.xcbuilddata
CreateBuildDirectory /Users/admin/builder/spi-builder-workspace/.derivedData/SDKExplicitPrecompiledModules
cd /Users/admin/builder/spi-builder-workspace/.swiftpm/xcode
builtin-create-build-directory /Users/admin/builder/spi-builder-workspace/.derivedData/SDKExplicitPrecompiledModules
CreateBuildDirectory /Users/admin/builder/spi-builder-workspace/.derivedData/ModuleCache.noindex
cd /Users/admin/builder/spi-builder-workspace/.swiftpm/xcode
builtin-create-build-directory /Users/admin/builder/spi-builder-workspace/.derivedData/ModuleCache.noindex
CreateBuildDirectory /Users/admin/builder/spi-builder-workspace/.derivedData/CompilationCache.noindex
cd /Users/admin/builder/spi-builder-workspace/.swiftpm/xcode
builtin-create-build-directory /Users/admin/builder/spi-builder-workspace/.derivedData/CompilationCache.noindex
ClangStatCache /Applications/Xcode-27.0.0-Release.Candidate.app/Contents/Developer/Toolchains/XcodeDefault.xctoolchain/usr/bin/clang-stat-cache /Applications/Xcode-27.0.0-Release.Candidate.app/Contents/Developer/Platforms/WatchOS.platform/Developer/SDKs/WatchOS27.0.sdk /Users/admin/builder/spi-builder-workspace/.derivedData/SDKStatCaches.noindex/watchos27.0-24R360-e829b21a6f8c9b70876ba0858053c04477534ef55a1706bf4c1112bbb242f0a2.sdkstatcache
cd /Users/admin/builder/spi-builder-workspace/.swiftpm/xcode
/Applications/Xcode-27.0.0-Release.Candidate.app/Contents/Developer/Toolchains/XcodeDefault.xctoolchain/usr/bin/clang-stat-cache /Applications/Xcode-27.0.0-Release.Candidate.app/Contents/Developer/Platforms/WatchOS.platform/Developer/SDKs/WatchOS27.0.sdk -o /Users/admin/builder/spi-builder-workspace/.derivedData/SDKStatCaches.noindex/watchos27.0-24R360-e829b21a6f8c9b70876ba0858053c04477534ef55a1706bf4c1112bbb242f0a2.sdkstatcache
CreateBuildDirectory /Users/admin/builder/spi-builder-workspace/.derivedData/Build/Intermediates.noindex
cd /Users/admin/builder/spi-builder-workspace/.swiftpm/xcode
builtin-create-build-directory /Users/admin/builder/spi-builder-workspace/.derivedData/Build/Intermediates.noindex
CreateBuildDirectory /Users/admin/builder/spi-builder-workspace/.derivedData/Build/Products
cd /Users/admin/builder/spi-builder-workspace/.swiftpm/xcode
builtin-create-build-directory /Users/admin/builder/spi-builder-workspace/.derivedData/Build/Products
CreateBuildDirectory /Users/admin/builder/spi-builder-workspace/.derivedData/Build/Intermediates.noindex/SwiftExplicitPrecompiledModules
cd /Users/admin/builder/spi-builder-workspace/.swiftpm/xcode
builtin-create-build-directory /Users/admin/builder/spi-builder-workspace/.derivedData/Build/Intermediates.noindex/SwiftExplicitPrecompiledModules
CreateBuildDirectory /Users/admin/builder/spi-builder-workspace/.derivedData/Build/Intermediates.noindex/PrecompiledHeaders
cd /Users/admin/builder/spi-builder-workspace/.swiftpm/xcode
builtin-create-build-directory /Users/admin/builder/spi-builder-workspace/.derivedData/Build/Intermediates.noindex/PrecompiledHeaders
CreateBuildDirectory /Users/admin/builder/spi-builder-workspace/.derivedData/Build/Intermediates.noindex/ExplicitPrecompiledModules
cd /Users/admin/builder/spi-builder-workspace/.swiftpm/xcode
builtin-create-build-directory /Users/admin/builder/spi-builder-workspace/.derivedData/Build/Intermediates.noindex/ExplicitPrecompiledModules
CreateBuildDirectory /Users/admin/builder/spi-builder-workspace/.derivedData/Build/Intermediates.noindex/EagerLinkingTBDs/Debug-watchos
cd /Users/admin/builder/spi-builder-workspace/.swiftpm/xcode
builtin-create-build-directory /Users/admin/builder/spi-builder-workspace/.derivedData/Build/Intermediates.noindex/EagerLinkingTBDs/Debug-watchos
CreateBuildDirectory /Users/admin/builder/spi-builder-workspace/.derivedData/Build/Products/Debug-watchos
cd /Users/admin/builder/spi-builder-workspace/.swiftpm/xcode
builtin-create-build-directory /Users/admin/builder/spi-builder-workspace/.derivedData/Build/Products/Debug-watchos
CreateBuildDirectory /Users/admin/builder/spi-builder-workspace/.derivedData/Build/Products/Debug-watchos/PackageFrameworks
cd /Users/admin/builder/spi-builder-workspace/.swiftpm/xcode
builtin-create-build-directory /Users/admin/builder/spi-builder-workspace/.derivedData/Build/Products/Debug-watchos/PackageFrameworks
WriteAuxiliaryFile /Users/admin/builder/spi-builder-workspace/.derivedData/Build/Intermediates.noindex/ElevenLabsKit.build/Debug-watchos/ElevenLabsKit-t.build/ElevenLabsKit.modulemap (in target 'ElevenLabsKit' from project 'ElevenLabsKit')
cd /Users/admin/builder/spi-builder-workspace
write-file /Users/admin/builder/spi-builder-workspace/.derivedData/Build/Intermediates.noindex/ElevenLabsKit.build/Debug-watchos/ElevenLabsKit-t.build/ElevenLabsKit.modulemap
WriteAuxiliaryFile /Users/admin/builder/spi-builder-workspace/.derivedData/Build/Intermediates.noindex/ElevenLabsKit.build/Debug-watchos/ElevenLabsKit-t.build/Objects-normal/arm64_32/ElevenLabsKit.SwiftFileList (in target 'ElevenLabsKit' from project 'ElevenLabsKit')
cd /Users/admin/builder/spi-builder-workspace
write-file /Users/admin/builder/spi-builder-workspace/.derivedData/Build/Intermediates.noindex/ElevenLabsKit.build/Debug-watchos/ElevenLabsKit-t.build/Objects-normal/arm64_32/ElevenLabsKit.SwiftFileList
WriteAuxiliaryFile /Users/admin/builder/spi-builder-workspace/.derivedData/Build/Intermediates.noindex/ElevenLabsKit.build/Debug-watchos/ElevenLabsKit-t.build/Objects-normal/arm64_32/ElevenLabsKit.LinkFileList (in target 'ElevenLabsKit' from project 'ElevenLabsKit')
cd /Users/admin/builder/spi-builder-workspace
write-file /Users/admin/builder/spi-builder-workspace/.derivedData/Build/Intermediates.noindex/ElevenLabsKit.build/Debug-watchos/ElevenLabsKit-t.build/Objects-normal/arm64_32/ElevenLabsKit.LinkFileList
WriteAuxiliaryFile /Users/admin/builder/spi-builder-workspace/.derivedData/Build/Intermediates.noindex/ElevenLabsKit.build/Debug-watchos/ElevenLabsKit-t.build/Objects-normal/arm64/ElevenLabsKit.SwiftFileList (in target 'ElevenLabsKit' from project 'ElevenLabsKit')
cd /Users/admin/builder/spi-builder-workspace
write-file /Users/admin/builder/spi-builder-workspace/.derivedData/Build/Intermediates.noindex/ElevenLabsKit.build/Debug-watchos/ElevenLabsKit-t.build/Objects-normal/arm64/ElevenLabsKit.SwiftFileList
WriteAuxiliaryFile /Users/admin/builder/spi-builder-workspace/.derivedData/Build/Intermediates.noindex/ElevenLabsKit.build/Debug-watchos/ElevenLabsKit-t.build/Objects-normal/arm64_32/ElevenLabsKit_const_extract_protocols.json (in target 'ElevenLabsKit' from project 'ElevenLabsKit')
cd /Users/admin/builder/spi-builder-workspace
write-file /Users/admin/builder/spi-builder-workspace/.derivedData/Build/Intermediates.noindex/ElevenLabsKit.build/Debug-watchos/ElevenLabsKit-t.build/Objects-normal/arm64_32/ElevenLabsKit_const_extract_protocols.json
WriteAuxiliaryFile /Users/admin/builder/spi-builder-workspace/.derivedData/Build/Intermediates.noindex/ElevenLabsKit.build/Debug-watchos/ElevenLabsKit-t.build/Objects-normal/arm64/ElevenLabsKit-OutputFileMap.json (in target 'ElevenLabsKit' from project 'ElevenLabsKit')
cd /Users/admin/builder/spi-builder-workspace
write-file /Users/admin/builder/spi-builder-workspace/.derivedData/Build/Intermediates.noindex/ElevenLabsKit.build/Debug-watchos/ElevenLabsKit-t.build/Objects-normal/arm64/ElevenLabsKit-OutputFileMap.json
WriteAuxiliaryFile /Users/admin/builder/spi-builder-workspace/.derivedData/Build/Intermediates.noindex/ElevenLabsKit.build/Debug-watchos/ElevenLabsKit-t.build/Objects-normal/arm64/ElevenLabsKit_const_extract_protocols.json (in target 'ElevenLabsKit' from project 'ElevenLabsKit')
cd /Users/admin/builder/spi-builder-workspace
write-file /Users/admin/builder/spi-builder-workspace/.derivedData/Build/Intermediates.noindex/ElevenLabsKit.build/Debug-watchos/ElevenLabsKit-t.build/Objects-normal/arm64/ElevenLabsKit_const_extract_protocols.json
WriteAuxiliaryFile /Users/admin/builder/spi-builder-workspace/.derivedData/Build/Intermediates.noindex/ElevenLabsKit.build/Debug-watchos/ElevenLabsKit-t.build/Objects-normal/arm64_32/ElevenLabsKit-OutputFileMap.json (in target 'ElevenLabsKit' from project 'ElevenLabsKit')
cd /Users/admin/builder/spi-builder-workspace
write-file /Users/admin/builder/spi-builder-workspace/.derivedData/Build/Intermediates.noindex/ElevenLabsKit.build/Debug-watchos/ElevenLabsKit-t.build/Objects-normal/arm64_32/ElevenLabsKit-OutputFileMap.json
WriteAuxiliaryFile /Users/admin/builder/spi-builder-workspace/.derivedData/Build/Intermediates.noindex/ElevenLabsKit.build/Debug-watchos/ElevenLabsKit-t.build/Objects-normal/arm64_32/ElevenLabsKit.SwiftConstValuesFileList (in target 'ElevenLabsKit' from project 'ElevenLabsKit')
cd /Users/admin/builder/spi-builder-workspace
write-file /Users/admin/builder/spi-builder-workspace/.derivedData/Build/Intermediates.noindex/ElevenLabsKit.build/Debug-watchos/ElevenLabsKit-t.build/Objects-normal/arm64_32/ElevenLabsKit.SwiftConstValuesFileList
WriteAuxiliaryFile /Users/admin/builder/spi-builder-workspace/.derivedData/Build/Intermediates.noindex/ElevenLabsKit.build/Debug-watchos/ElevenLabsKit-t.build/Objects-normal/arm64/ElevenLabsKit.LinkFileList (in target 'ElevenLabsKit' from project 'ElevenLabsKit')
cd /Users/admin/builder/spi-builder-workspace
write-file /Users/admin/builder/spi-builder-workspace/.derivedData/Build/Intermediates.noindex/ElevenLabsKit.build/Debug-watchos/ElevenLabsKit-t.build/Objects-normal/arm64/ElevenLabsKit.LinkFileList
WriteAuxiliaryFile /Users/admin/builder/spi-builder-workspace/.derivedData/Build/Intermediates.noindex/ElevenLabsKit.build/Debug-watchos/ElevenLabsKit-t.build/Objects-normal/arm64/ElevenLabsKit.SwiftConstValuesFileList (in target 'ElevenLabsKit' from project 'ElevenLabsKit')
cd /Users/admin/builder/spi-builder-workspace
write-file /Users/admin/builder/spi-builder-workspace/.derivedData/Build/Intermediates.noindex/ElevenLabsKit.build/Debug-watchos/ElevenLabsKit-t.build/Objects-normal/arm64/ElevenLabsKit.SwiftConstValuesFileList
WriteAuxiliaryFile /Users/admin/builder/spi-builder-workspace/.derivedData/Build/Intermediates.noindex/ElevenLabsKit.build/Debug-watchos/ElevenLabsKit-t.build/ElevenLabsKit.DependencyStaticMetadataFileList (in target 'ElevenLabsKit' from project 'ElevenLabsKit')
cd /Users/admin/builder/spi-builder-workspace
write-file /Users/admin/builder/spi-builder-workspace/.derivedData/Build/Intermediates.noindex/ElevenLabsKit.build/Debug-watchos/ElevenLabsKit-t.build/ElevenLabsKit.DependencyStaticMetadataFileList
WriteAuxiliaryFile /Users/admin/builder/spi-builder-workspace/.derivedData/Build/Intermediates.noindex/ElevenLabsKit.build/Debug-watchos/ElevenLabsKit-t.build/ElevenLabsKit.DependencyMetadataFileList (in target 'ElevenLabsKit' from project 'ElevenLabsKit')
cd /Users/admin/builder/spi-builder-workspace
write-file /Users/admin/builder/spi-builder-workspace/.derivedData/Build/Intermediates.noindex/ElevenLabsKit.build/Debug-watchos/ElevenLabsKit-t.build/ElevenLabsKit.DependencyMetadataFileList
Copy /Users/admin/builder/spi-builder-workspace/.derivedData/Build/Intermediates.noindex/GeneratedModuleMaps-watchos/ElevenLabsKit.modulemap /Users/admin/builder/spi-builder-workspace/.derivedData/Build/Intermediates.noindex/ElevenLabsKit.build/Debug-watchos/ElevenLabsKit-t.build/ElevenLabsKit.modulemap (in target 'ElevenLabsKit' from project 'ElevenLabsKit')
cd /Users/admin/builder/spi-builder-workspace
builtin-copy -exclude .DS_Store -exclude CVS -exclude .svn -exclude .git -exclude .hg -resolve-src-symlinks /Users/admin/builder/spi-builder-workspace/.derivedData/Build/Intermediates.noindex/ElevenLabsKit.build/Debug-watchos/ElevenLabsKit-t.build/ElevenLabsKit.modulemap /Users/admin/builder/spi-builder-workspace/.derivedData/Build/Intermediates.noindex/GeneratedModuleMaps-watchos
SwiftDriver ElevenLabsKit normal arm64 com.apple.xcode.tools.swift.compiler (in target 'ElevenLabsKit' from project 'ElevenLabsKit')
cd /Users/admin/builder/spi-builder-workspace/.swiftpm/xcode
builtin-SwiftDriver -- /Applications/Xcode-27.0.0-Release.Candidate.app/Contents/Developer/Toolchains/XcodeDefault.xctoolchain/usr/bin/swiftc -parse-as-library -module-name ElevenLabsKit -Onone @/Users/admin/builder/spi-builder-workspace/.derivedData/Build/Intermediates.noindex/ElevenLabsKit.build/Debug-watchos/ElevenLabsKit-t.build/Objects-normal/arm64/ElevenLabsKit.SwiftFileList -DSWIFT_PACKAGE -DDEBUG -DSWIFT_MODULE_RESOURCE_BUNDLE_UNAVAILABLE -DXcode -plugin-path /Applications/Xcode-27.0.0-Release.Candidate.app/Contents/Developer/Toolchains/XcodeDefault.xctoolchain/usr/lib/swift/host/plugins/testing -enable-experimental-feature DebugDescriptionMacro -sdk /Applications/Xcode-27.0.0-Release.Candidate.app/Contents/Developer/Platforms/WatchOS.platform/Developer/SDKs/WatchOS27.0.sdk -target arm64-apple-watchos10.0 -g -module-cache-path /Users/admin/builder/spi-builder-workspace/.derivedData/ModuleCache.noindex -Xfrontend -serialize-debugging-options -profile-coverage-mapping -profile-generate -enable-testing -index-store-path /Users/admin/builder/spi-builder-workspace/.derivedData/Index.noindex/DataStore -Xcc -D_LIBCPP_HARDENING_MODE\=_LIBCPP_HARDENING_MODE_DEBUG -swift-version 6 -I /Users/admin/builder/spi-builder-workspace/.derivedData/Build/Products/Debug-watchos -Isystem /Applications/Xcode-27.0.0-Release.Candidate.app/Contents/Developer/Platforms/WatchOS.platform/Developer/usr/lib -F /Users/admin/builder/spi-builder-workspace/.derivedData/Build/Products/Debug-watchos -F /Applications/Xcode-27.0.0-Release.Candidate.app/Contents/Developer/Platforms/WatchOS.platform/Developer/Library/Frameworks -F /Applications/Xcode-27.0.0-Release.Candidate.app/Contents/Developer/Platforms/WatchOS.platform/Developer/SDKs/WatchOS27.0.sdk/Developer/Library/Frameworks -c -j10 -enable-batch-mode -incremental -Xcc -ivfsstatcache -Xcc /Users/admin/builder/spi-builder-workspace/.derivedData/SDKStatCaches.noindex/watchos27.0-24R360-e829b21a6f8c9b70876ba0858053c04477534ef55a1706bf4c1112bbb242f0a2.sdkstatcache -output-file-map /Users/admin/builder/spi-builder-workspace/.derivedData/Build/Intermediates.noindex/ElevenLabsKit.build/Debug-watchos/ElevenLabsKit-t.build/Objects-normal/arm64/ElevenLabsKit-OutputFileMap.json -save-temps -no-color-diagnostics -explicit-module-build -module-cache-path /Users/admin/builder/spi-builder-workspace/.derivedData/Build/Intermediates.noindex/SwiftExplicitPrecompiledModules -clang-scanner-module-cache-path /Users/admin/builder/spi-builder-workspace/.derivedData/ModuleCache.noindex -sdk-module-cache-path /Users/admin/builder/spi-builder-workspace/.derivedData/SDKExplicitPrecompiledModules -emit-dependencies -emit-module -emit-module-path /Users/admin/builder/spi-builder-workspace/.derivedData/Build/Intermediates.noindex/ElevenLabsKit.build/Debug-watchos/ElevenLabsKit-t.build/Objects-normal/arm64/ElevenLabsKit.swiftmodule -serialize-diagnostics -dependency-scan-serialize-diagnostics-path /Users/admin/builder/spi-builder-workspace/.derivedData/Build/Intermediates.noindex/ElevenLabsKit.build/Debug-watchos/ElevenLabsKit-t.build/Objects-normal/arm64/ElevenLabsKit-dependency-scan.dia -validate-clang-modules-once -clang-build-session-file /Users/admin/builder/spi-builder-workspace/.derivedData/ModuleCache.noindex/Session.modulevalidation -Xcc -fmodules-prune-interval\=86400 -Xcc -fmodules-prune-after\=345600 -package-name spi_builder_workspace -emit-const-values -const-gather-protocols-list /Users/admin/builder/spi-builder-workspace/.derivedData/Build/Intermediates.noindex/ElevenLabsKit.build/Debug-watchos/ElevenLabsKit-t.build/Objects-normal/arm64/ElevenLabsKit_const_extract_protocols.json -Xcc -I/Users/admin/builder/spi-builder-workspace/.derivedData/Build/Products/Debug-watchos/include -Xcc -I/Users/admin/builder/spi-builder-workspace/.derivedData/Build/Intermediates.noindex/ElevenLabsKit.build/Debug-watchos/ElevenLabsKit-t.build/DerivedSources-normal/arm64 -Xcc -I/Users/admin/builder/spi-builder-workspace/.derivedData/Build/Intermediates.noindex/ElevenLabsKit.build/Debug-watchos/ElevenLabsKit-t.build/DerivedSources/arm64 -Xcc -I/Users/admin/builder/spi-builder-workspace/.derivedData/Build/Intermediates.noindex/ElevenLabsKit.build/Debug-watchos/ElevenLabsKit-t.build/DerivedSources -Xcc -DSWIFT_PACKAGE -Xcc -DDEBUG\=1 -emit-objc-header -emit-objc-header-path /Users/admin/builder/spi-builder-workspace/.derivedData/Build/Intermediates.noindex/ElevenLabsKit.build/Debug-watchos/ElevenLabsKit-t.build/Objects-normal/arm64/ElevenLabsKit-Swift.h -working-directory /Users/admin/builder/spi-builder-workspace/.swiftpm/xcode -experimental-emit-module-separately -disable-cmo
/Users/admin/builder/spi-builder-workspace/Sources/ElevenLabsKit/AudioToolboxClient.swift:1:8: error: Unable to resolve module dependency: 'AudioToolbox' (in target 'ElevenLabsKit' from project 'ElevenLabsKit')
note: A dependency of main module 'ElevenLabsKit'
/Users/admin/builder/spi-builder-workspace/Sources/ElevenLabsKit/StreamingAudioPlayback.swift:1:8: note: Also imported here
/Users/admin/builder/spi-builder-workspace/Sources/ElevenLabsKit/AudioToolboxClient.swift:1:8: note: A dependency of main module 'ElevenLabsKit'
import AudioToolbox
^ (in target 'ElevenLabsKit' from project 'ElevenLabsKit')
/Users/admin/builder/spi-builder-workspace/Sources/ElevenLabsKit/StreamingAudioPlayback.swift:1:8: note: Also imported here
import AudioToolbox
^ (in target 'ElevenLabsKit' from project 'ElevenLabsKit')
SwiftDriver ElevenLabsKit normal arm64_32 com.apple.xcode.tools.swift.compiler (in target 'ElevenLabsKit' from project 'ElevenLabsKit')
cd /Users/admin/builder/spi-builder-workspace/.swiftpm/xcode
builtin-SwiftDriver -- /Applications/Xcode-27.0.0-Release.Candidate.app/Contents/Developer/Toolchains/XcodeDefault.xctoolchain/usr/bin/swiftc -parse-as-library -module-name ElevenLabsKit -Onone @/Users/admin/builder/spi-builder-workspace/.derivedData/Build/Intermediates.noindex/ElevenLabsKit.build/Debug-watchos/ElevenLabsKit-t.build/Objects-normal/arm64_32/ElevenLabsKit.SwiftFileList -DSWIFT_PACKAGE -DDEBUG -DSWIFT_MODULE_RESOURCE_BUNDLE_UNAVAILABLE -DXcode -plugin-path /Applications/Xcode-27.0.0-Release.Candidate.app/Contents/Developer/Toolchains/XcodeDefault.xctoolchain/usr/lib/swift/host/plugins/testing -enable-experimental-feature DebugDescriptionMacro -sdk /Applications/Xcode-27.0.0-Release.Candidate.app/Contents/Developer/Platforms/WatchOS.platform/Developer/SDKs/WatchOS27.0.sdk -target arm64_32-apple-watchos10.0 -g -module-cache-path /Users/admin/builder/spi-builder-workspace/.derivedData/ModuleCache.noindex -Xfrontend -serialize-debugging-options -profile-coverage-mapping -profile-generate -enable-testing -index-store-path /Users/admin/builder/spi-builder-workspace/.derivedData/Index.noindex/DataStore -Xcc -D_LIBCPP_HARDENING_MODE\=_LIBCPP_HARDENING_MODE_DEBUG -swift-version 6 -I /Users/admin/builder/spi-builder-workspace/.derivedData/Build/Products/Debug-watchos -Isystem /Applications/Xcode-27.0.0-Release.Candidate.app/Contents/Developer/Platforms/WatchOS.platform/Developer/usr/lib -F /Users/admin/builder/spi-builder-workspace/.derivedData/Build/Products/Debug-watchos -F /Applications/Xcode-27.0.0-Release.Candidate.app/Contents/Developer/Platforms/WatchOS.platform/Developer/Library/Frameworks -F /Applications/Xcode-27.0.0-Release.Candidate.app/Contents/Developer/Platforms/WatchOS.platform/Developer/SDKs/WatchOS27.0.sdk/Developer/Library/Frameworks -c -j10 -enable-batch-mode -incremental -Xcc -ivfsstatcache -Xcc /Users/admin/builder/spi-builder-workspace/.derivedData/SDKStatCaches.noindex/watchos27.0-24R360-e829b21a6f8c9b70876ba0858053c04477534ef55a1706bf4c1112bbb242f0a2.sdkstatcache -output-file-map /Users/admin/builder/spi-builder-workspace/.derivedData/Build/Intermediates.noindex/ElevenLabsKit.build/Debug-watchos/ElevenLabsKit-t.build/Objects-normal/arm64_32/ElevenLabsKit-OutputFileMap.json -save-temps -no-color-diagnostics -explicit-module-build -module-cache-path /Users/admin/builder/spi-builder-workspace/.derivedData/Build/Intermediates.noindex/SwiftExplicitPrecompiledModules -clang-scanner-module-cache-path /Users/admin/builder/spi-builder-workspace/.derivedData/ModuleCache.noindex -sdk-module-cache-path /Users/admin/builder/spi-builder-workspace/.derivedData/SDKExplicitPrecompiledModules -emit-dependencies -emit-module -emit-module-path /Users/admin/builder/spi-builder-workspace/.derivedData/Build/Intermediates.noindex/ElevenLabsKit.build/Debug-watchos/ElevenLabsKit-t.build/Objects-normal/arm64_32/ElevenLabsKit.swiftmodule -serialize-diagnostics -dependency-scan-serialize-diagnostics-path /Users/admin/builder/spi-builder-workspace/.derivedData/Build/Intermediates.noindex/ElevenLabsKit.build/Debug-watchos/ElevenLabsKit-t.build/Objects-normal/arm64_32/ElevenLabsKit-dependency-scan.dia -validate-clang-modules-once -clang-build-session-file /Users/admin/builder/spi-builder-workspace/.derivedData/ModuleCache.noindex/Session.modulevalidation -Xcc -fmodules-prune-interval\=86400 -Xcc -fmodules-prune-after\=345600 -package-name spi_builder_workspace -emit-const-values -const-gather-protocols-list /Users/admin/builder/spi-builder-workspace/.derivedData/Build/Intermediates.noindex/ElevenLabsKit.build/Debug-watchos/ElevenLabsKit-t.build/Objects-normal/arm64_32/ElevenLabsKit_const_extract_protocols.json -Xcc -I/Users/admin/builder/spi-builder-workspace/.derivedData/Build/Products/Debug-watchos/include -Xcc -I/Users/admin/builder/spi-builder-workspace/.derivedData/Build/Intermediates.noindex/ElevenLabsKit.build/Debug-watchos/ElevenLabsKit-t.build/DerivedSources-normal/arm64_32 -Xcc -I/Users/admin/builder/spi-builder-workspace/.derivedData/Build/Intermediates.noindex/ElevenLabsKit.build/Debug-watchos/ElevenLabsKit-t.build/DerivedSources/arm64_32 -Xcc -I/Users/admin/builder/spi-builder-workspace/.derivedData/Build/Intermediates.noindex/ElevenLabsKit.build/Debug-watchos/ElevenLabsKit-t.build/DerivedSources -Xcc -DSWIFT_PACKAGE -Xcc -DDEBUG\=1 -emit-objc-header -emit-objc-header-path /Users/admin/builder/spi-builder-workspace/.derivedData/Build/Intermediates.noindex/ElevenLabsKit.build/Debug-watchos/ElevenLabsKit-t.build/Objects-normal/arm64_32/ElevenLabsKit-Swift.h -working-directory /Users/admin/builder/spi-builder-workspace/.swiftpm/xcode -experimental-emit-module-separately -disable-cmo
/Users/admin/builder/spi-builder-workspace/Sources/ElevenLabsKit/AudioToolboxClient.swift:1:8: error: Unable to resolve module dependency: 'AudioToolbox' (in target 'ElevenLabsKit' from project 'ElevenLabsKit')
note: A dependency of main module 'ElevenLabsKit'
/Users/admin/builder/spi-builder-workspace/Sources/ElevenLabsKit/StreamingAudioPlayback.swift:1:8: note: Also imported here
/Users/admin/builder/spi-builder-workspace/Sources/ElevenLabsKit/AudioToolboxClient.swift:1:8: note: A dependency of main module 'ElevenLabsKit'
import AudioToolbox
^ (in target 'ElevenLabsKit' from project 'ElevenLabsKit')
/Users/admin/builder/spi-builder-workspace/Sources/ElevenLabsKit/StreamingAudioPlayback.swift:1:8: note: Also imported here
import AudioToolbox
^ (in target 'ElevenLabsKit' from project 'ElevenLabsKit')
PruneExplicitPrecompiledModules /Users/admin/builder/spi-builder-workspace/.derivedData/Build/Intermediates.noindex/SwiftExplicitPrecompiledModules
PruneExplicitPrecompiledModules /Users/admin/builder/spi-builder-workspace/.derivedData/Build/Intermediates.noindex/ExplicitPrecompiledModules
PruneExplicitPrecompiledModules /Users/admin/builder/spi-builder-workspace/.derivedData/SDKExplicitPrecompiledModules
2026-09-28 02:01:36.671 xcodebuild[662:3925] [MT] IDERunDestination: Supported platforms for the buildables in the current scheme is empty.
** BUILD FAILED **
The following build commands failed:
SwiftDriver ElevenLabsKit normal arm64 com.apple.xcode.tools.swift.compiler (in target 'ElevenLabsKit' from project 'ElevenLabsKit')
SwiftDriver ElevenLabsKit normal arm64_32 com.apple.xcode.tools.swift.compiler (in target 'ElevenLabsKit' from project 'ElevenLabsKit')
Building workspace ElevenLabsKit with scheme ElevenLabsKit
(3 failures)
Command line invocation:
/Applications/Xcode-27.0.0-Release.Candidate.app/Contents/Developer/usr/bin/xcodebuild -IDEClonedSourcePackagesDirPathOverride=/Users/admin/builder/spi-builder-workspace/.dependencies -resolvePackageDependencies
Resolve Package Graph
Resolved source packages:
ElevenLabsKit: /Users/admin/builder/spi-builder-workspace
resolved source packages: ElevenLabsKit
2026-09-28 02:01:39.993 xcodebuild[678:4155] [MT] IDERunDestination: Supported platforms for the buildables in the current scheme is empty.
{
"dependencies" : [
],
"manifest_display_name" : "ElevenLabsKit",
"name" : "ElevenLabsKit",
"path" : "/Users/admin/builder/spi-builder-workspace",
"platforms" : [
{
"name" : "ios",
"version" : "17.0"
},
{
"name" : "macos",
"version" : "15.0"
}
],
"products" : [
{
"name" : "ElevenLabsKit",
"targets" : [
"ElevenLabsKit"
],
"type" : {
"library" : [
"automatic"
]
}
}
],
"targets" : [
{
"c99name" : "ElevenLabsKitTests",
"module_type" : "SwiftTarget",
"name" : "ElevenLabsKitTests",
"path" : "Tests/ElevenLabsKitTests",
"sources" : [
"CoverageSmokeTests.swift",
"ElevenLabsKitTests.swift",
"ElevenLabsTTSClientNetworkingTests.swift",
"ElevenLabsTTSRequestBuildingTests.swift",
"PCMStreamingAudioPlayerFinishTests.swift",
"PCMStreamingAudioPlayerTests.swift",
"StreamingAudioPlaybackTests.swift",
"StreamingAudioPlayerTests.swift",
"StreamingAudioTeardownTests.swift",
"TalkTTSValidationEdgeTests.swift",
"TalkTTSValidationTests.swift",
"TestSupport/URLProtocolStub.swift"
],
"target_dependencies" : [
"ElevenLabsKit"
],
"type" : "test"
},
{
"c99name" : "ElevenLabsKit",
"module_type" : "SwiftTarget",
"name" : "ElevenLabsKit",
"path" : "Sources/ElevenLabsKit",
"product_memberships" : [
"ElevenLabsKit"
],
"sources" : [
"AudioToolboxClient.swift",
"ElevenLabsKit.swift",
"ElevenLabsTTS.swift",
"PCMPlayerNode.swift",
"PCMStreamingAudioPlayer.swift",
"StreamingAudioPlayback.swift",
"StreamingAudioPlayer.swift",
"TalkTTSValidation.swift"
],
"type" : "library"
}
],
"tools_version" : "6.3"
}
{
"workspace" : {
"name" : "ElevenLabsKit",
"schemes" : [
"ElevenLabsKit"
]
}
}
2026-09-28 02:01:41.363 xcodebuild[706:4385] [MT] IDERunDestination: Supported platforms for the buildables in the current scheme is empty.
Running build ...
env DEVELOPER_DIR=/Applications/Xcode-27.0.0-Release.Candidate.app xcrun xcodebuild -IDEClonedSourcePackagesDirPathOverride=$PWD/.dependencies -skipMacroValidation -skipPackagePluginValidation -derivedDataPath $PWD/.derivedData build -scheme ElevenLabsKit -destination generic/platform=watchOS
Command line invocation:
/Applications/Xcode-27.0.0-Release.Candidate.app/Contents/Developer/usr/bin/xcodebuild -IDEClonedSourcePackagesDirPathOverride=/Users/admin/builder/spi-builder-workspace/.dependencies -skipMacroValidation -skipPackagePluginValidation -derivedDataPath /Users/admin/builder/spi-builder-workspace/.derivedData build -scheme ElevenLabsKit -destination generic/platform=watchOS
Resolve Package Graph
Resolved source packages:
ElevenLabsKit: /Users/admin/builder/spi-builder-workspace
ComputePackagePrebuildTargetDependencyGraph
Prepare packages
CreateBuildRequest
SendProjectDescription
CreateBuildOperation
ComputeTargetDependencyGraph
note: Building targets in dependency order
note: Target dependency graph (2 targets)
Target 'ElevenLabsKit-product' in project 'ElevenLabsKit'
➜ Explicit dependency on target 'ElevenLabsKit' in project 'ElevenLabsKit'
Target 'ElevenLabsKit' in project 'ElevenLabsKit' (no dependencies)
GatherProvisioningInputs
CreateBuildDescription
ClangStatCache /Applications/Xcode-27.0.0-Release.Candidate.app/Contents/Developer/Toolchains/XcodeDefault.xctoolchain/usr/bin/clang-stat-cache /Applications/Xcode-27.0.0-Release.Candidate.app/Contents/Developer/Platforms/WatchOS.platform/Developer/SDKs/WatchOS27.0.sdk /Users/admin/builder/spi-builder-workspace/.derivedData/SDKStatCaches.noindex/watchos27.0-24R360-e829b21a6f8c9b70876ba0858053c04477534ef55a1706bf4c1112bbb242f0a2.sdkstatcache
cd /Users/admin/builder/spi-builder-workspace/.swiftpm/xcode
/Applications/Xcode-27.0.0-Release.Candidate.app/Contents/Developer/Toolchains/XcodeDefault.xctoolchain/usr/bin/clang-stat-cache /Applications/Xcode-27.0.0-Release.Candidate.app/Contents/Developer/Platforms/WatchOS.platform/Developer/SDKs/WatchOS27.0.sdk -o /Users/admin/builder/spi-builder-workspace/.derivedData/SDKStatCaches.noindex/watchos27.0-24R360-e829b21a6f8c9b70876ba0858053c04477534ef55a1706bf4c1112bbb242f0a2.sdkstatcache
SwiftDriver ElevenLabsKit normal arm64 com.apple.xcode.tools.swift.compiler (in target 'ElevenLabsKit' from project 'ElevenLabsKit')
cd /Users/admin/builder/spi-builder-workspace/.swiftpm/xcode
builtin-SwiftDriver -- /Applications/Xcode-27.0.0-Release.Candidate.app/Contents/Developer/Toolchains/XcodeDefault.xctoolchain/usr/bin/swiftc -parse-as-library -module-name ElevenLabsKit -Onone @/Users/admin/builder/spi-builder-workspace/.derivedData/Build/Intermediates.noindex/ElevenLabsKit.build/Debug-watchos/ElevenLabsKit-t.build/Objects-normal/arm64/ElevenLabsKit.SwiftFileList -DSWIFT_PACKAGE -DDEBUG -DSWIFT_MODULE_RESOURCE_BUNDLE_UNAVAILABLE -DXcode -plugin-path /Applications/Xcode-27.0.0-Release.Candidate.app/Contents/Developer/Toolchains/XcodeDefault.xctoolchain/usr/lib/swift/host/plugins/testing -enable-experimental-feature DebugDescriptionMacro -sdk /Applications/Xcode-27.0.0-Release.Candidate.app/Contents/Developer/Platforms/WatchOS.platform/Developer/SDKs/WatchOS27.0.sdk -target arm64-apple-watchos10.0 -g -module-cache-path /Users/admin/builder/spi-builder-workspace/.derivedData/ModuleCache.noindex -Xfrontend -serialize-debugging-options -profile-coverage-mapping -profile-generate -enable-testing -index-store-path /Users/admin/builder/spi-builder-workspace/.derivedData/Index.noindex/DataStore -Xcc -D_LIBCPP_HARDENING_MODE\=_LIBCPP_HARDENING_MODE_DEBUG -swift-version 6 -I /Users/admin/builder/spi-builder-workspace/.derivedData/Build/Products/Debug-watchos -Isystem /Applications/Xcode-27.0.0-Release.Candidate.app/Contents/Developer/Platforms/WatchOS.platform/Developer/usr/lib -F /Users/admin/builder/spi-builder-workspace/.derivedData/Build/Products/Debug-watchos -F /Applications/Xcode-27.0.0-Release.Candidate.app/Contents/Developer/Platforms/WatchOS.platform/Developer/Library/Frameworks -F /Applications/Xcode-27.0.0-Release.Candidate.app/Contents/Developer/Platforms/WatchOS.platform/Developer/SDKs/WatchOS27.0.sdk/Developer/Library/Frameworks -c -j10 -enable-batch-mode -incremental -Xcc -ivfsstatcache -Xcc /Users/admin/builder/spi-builder-workspace/.derivedData/SDKStatCaches.noindex/watchos27.0-24R360-e829b21a6f8c9b70876ba0858053c04477534ef55a1706bf4c1112bbb242f0a2.sdkstatcache -output-file-map /Users/admin/builder/spi-builder-workspace/.derivedData/Build/Intermediates.noindex/ElevenLabsKit.build/Debug-watchos/ElevenLabsKit-t.build/Objects-normal/arm64/ElevenLabsKit-OutputFileMap.json -save-temps -no-color-diagnostics -explicit-module-build -module-cache-path /Users/admin/builder/spi-builder-workspace/.derivedData/Build/Intermediates.noindex/SwiftExplicitPrecompiledModules -clang-scanner-module-cache-path /Users/admin/builder/spi-builder-workspace/.derivedData/ModuleCache.noindex -sdk-module-cache-path /Users/admin/builder/spi-builder-workspace/.derivedData/SDKExplicitPrecompiledModules -emit-dependencies -emit-module -emit-module-path /Users/admin/builder/spi-builder-workspace/.derivedData/Build/Intermediates.noindex/ElevenLabsKit.build/Debug-watchos/ElevenLabsKit-t.build/Objects-normal/arm64/ElevenLabsKit.swiftmodule -serialize-diagnostics -dependency-scan-serialize-diagnostics-path /Users/admin/builder/spi-builder-workspace/.derivedData/Build/Intermediates.noindex/ElevenLabsKit.build/Debug-watchos/ElevenLabsKit-t.build/Objects-normal/arm64/ElevenLabsKit-dependency-scan.dia -validate-clang-modules-once -clang-build-session-file /Users/admin/builder/spi-builder-workspace/.derivedData/ModuleCache.noindex/Session.modulevalidation -Xcc -fmodules-prune-interval\=86400 -Xcc -fmodules-prune-after\=345600 -package-name spi_builder_workspace -emit-const-values -const-gather-protocols-list /Users/admin/builder/spi-builder-workspace/.derivedData/Build/Intermediates.noindex/ElevenLabsKit.build/Debug-watchos/ElevenLabsKit-t.build/Objects-normal/arm64/ElevenLabsKit_const_extract_protocols.json -Xcc -I/Users/admin/builder/spi-builder-workspace/.derivedData/Build/Products/Debug-watchos/include -Xcc -I/Users/admin/builder/spi-builder-workspace/.derivedData/Build/Intermediates.noindex/ElevenLabsKit.build/Debug-watchos/ElevenLabsKit-t.build/DerivedSources-normal/arm64 -Xcc -I/Users/admin/builder/spi-builder-workspace/.derivedData/Build/Intermediates.noindex/ElevenLabsKit.build/Debug-watchos/ElevenLabsKit-t.build/DerivedSources/arm64 -Xcc -I/Users/admin/builder/spi-builder-workspace/.derivedData/Build/Intermediates.noindex/ElevenLabsKit.build/Debug-watchos/ElevenLabsKit-t.build/DerivedSources -Xcc -DSWIFT_PACKAGE -Xcc -DDEBUG\=1 -emit-objc-header -emit-objc-header-path /Users/admin/builder/spi-builder-workspace/.derivedData/Build/Intermediates.noindex/ElevenLabsKit.build/Debug-watchos/ElevenLabsKit-t.build/Objects-normal/arm64/ElevenLabsKit-Swift.h -working-directory /Users/admin/builder/spi-builder-workspace/.swiftpm/xcode -experimental-emit-module-separately -disable-cmo
/Users/admin/builder/spi-builder-workspace/Sources/ElevenLabsKit/AudioToolboxClient.swift:1:8: error: Unable to resolve module dependency: 'AudioToolbox' (in target 'ElevenLabsKit' from project 'ElevenLabsKit')
note: A dependency of main module 'ElevenLabsKit'
/Users/admin/builder/spi-builder-workspace/Sources/ElevenLabsKit/StreamingAudioPlayback.swift:1:8: note: Also imported here
/Users/admin/builder/spi-builder-workspace/Sources/ElevenLabsKit/AudioToolboxClient.swift:1:8: note: A dependency of main module 'ElevenLabsKit'
import AudioToolbox
^ (in target 'ElevenLabsKit' from project 'ElevenLabsKit')
/Users/admin/builder/spi-builder-workspace/Sources/ElevenLabsKit/StreamingAudioPlayback.swift:1:8: note: Also imported here
import AudioToolbox
^ (in target 'ElevenLabsKit' from project 'ElevenLabsKit')
SwiftDriver ElevenLabsKit normal arm64_32 com.apple.xcode.tools.swift.compiler (in target 'ElevenLabsKit' from project 'ElevenLabsKit')
cd /Users/admin/builder/spi-builder-workspace/.swiftpm/xcode
builtin-SwiftDriver -- /Applications/Xcode-27.0.0-Release.Candidate.app/Contents/Developer/Toolchains/XcodeDefault.xctoolchain/usr/bin/swiftc -parse-as-library -module-name ElevenLabsKit -Onone @/Users/admin/builder/spi-builder-workspace/.derivedData/Build/Intermediates.noindex/ElevenLabsKit.build/Debug-watchos/ElevenLabsKit-t.build/Objects-normal/arm64_32/ElevenLabsKit.SwiftFileList -DSWIFT_PACKAGE -DDEBUG -DSWIFT_MODULE_RESOURCE_BUNDLE_UNAVAILABLE -DXcode -plugin-path /Applications/Xcode-27.0.0-Release.Candidate.app/Contents/Developer/Toolchains/XcodeDefault.xctoolchain/usr/lib/swift/host/plugins/testing -enable-experimental-feature DebugDescriptionMacro -sdk /Applications/Xcode-27.0.0-Release.Candidate.app/Contents/Developer/Platforms/WatchOS.platform/Developer/SDKs/WatchOS27.0.sdk -target arm64_32-apple-watchos10.0 -g -module-cache-path /Users/admin/builder/spi-builder-workspace/.derivedData/ModuleCache.noindex -Xfrontend -serialize-debugging-options -profile-coverage-mapping -profile-generate -enable-testing -index-store-path /Users/admin/builder/spi-builder-workspace/.derivedData/Index.noindex/DataStore -Xcc -D_LIBCPP_HARDENING_MODE\=_LIBCPP_HARDENING_MODE_DEBUG -swift-version 6 -I /Users/admin/builder/spi-builder-workspace/.derivedData/Build/Products/Debug-watchos -Isystem /Applications/Xcode-27.0.0-Release.Candidate.app/Contents/Developer/Platforms/WatchOS.platform/Developer/usr/lib -F /Users/admin/builder/spi-builder-workspace/.derivedData/Build/Products/Debug-watchos -F /Applications/Xcode-27.0.0-Release.Candidate.app/Contents/Developer/Platforms/WatchOS.platform/Developer/Library/Frameworks -F /Applications/Xcode-27.0.0-Release.Candidate.app/Contents/Developer/Platforms/WatchOS.platform/Developer/SDKs/WatchOS27.0.sdk/Developer/Library/Frameworks -c -j10 -enable-batch-mode -incremental -Xcc -ivfsstatcache -Xcc /Users/admin/builder/spi-builder-workspace/.derivedData/SDKStatCaches.noindex/watchos27.0-24R360-e829b21a6f8c9b70876ba0858053c04477534ef55a1706bf4c1112bbb242f0a2.sdkstatcache -output-file-map /Users/admin/builder/spi-builder-workspace/.derivedData/Build/Intermediates.noindex/ElevenLabsKit.build/Debug-watchos/ElevenLabsKit-t.build/Objects-normal/arm64_32/ElevenLabsKit-OutputFileMap.json -save-temps -no-color-diagnostics -explicit-module-build -module-cache-path /Users/admin/builder/spi-builder-workspace/.derivedData/Build/Intermediates.noindex/SwiftExplicitPrecompiledModules -clang-scanner-module-cache-path /Users/admin/builder/spi-builder-workspace/.derivedData/ModuleCache.noindex -sdk-module-cache-path /Users/admin/builder/spi-builder-workspace/.derivedData/SDKExplicitPrecompiledModules -emit-dependencies -emit-module -emit-module-path /Users/admin/builder/spi-builder-workspace/.derivedData/Build/Intermediates.noindex/ElevenLabsKit.build/Debug-watchos/ElevenLabsKit-t.build/Objects-normal/arm64_32/ElevenLabsKit.swiftmodule -serialize-diagnostics -dependency-scan-serialize-diagnostics-path /Users/admin/builder/spi-builder-workspace/.derivedData/Build/Intermediates.noindex/ElevenLabsKit.build/Debug-watchos/ElevenLabsKit-t.build/Objects-normal/arm64_32/ElevenLabsKit-dependency-scan.dia -validate-clang-modules-once -clang-build-session-file /Users/admin/builder/spi-builder-workspace/.derivedData/ModuleCache.noindex/Session.modulevalidation -Xcc -fmodules-prune-interval\=86400 -Xcc -fmodules-prune-after\=345600 -package-name spi_builder_workspace -emit-const-values -const-gather-protocols-list /Users/admin/builder/spi-builder-workspace/.derivedData/Build/Intermediates.noindex/ElevenLabsKit.build/Debug-watchos/ElevenLabsKit-t.build/Objects-normal/arm64_32/ElevenLabsKit_const_extract_protocols.json -Xcc -I/Users/admin/builder/spi-builder-workspace/.derivedData/Build/Products/Debug-watchos/include -Xcc -I/Users/admin/builder/spi-builder-workspace/.derivedData/Build/Intermediates.noindex/ElevenLabsKit.build/Debug-watchos/ElevenLabsKit-t.build/DerivedSources-normal/arm64_32 -Xcc -I/Users/admin/builder/spi-builder-workspace/.derivedData/Build/Intermediates.noindex/ElevenLabsKit.build/Debug-watchos/ElevenLabsKit-t.build/DerivedSources/arm64_32 -Xcc -I/Users/admin/builder/spi-builder-workspace/.derivedData/Build/Intermediates.noindex/ElevenLabsKit.build/Debug-watchos/ElevenLabsKit-t.build/DerivedSources -Xcc -DSWIFT_PACKAGE -Xcc -DDEBUG\=1 -emit-objc-header -emit-objc-header-path /Users/admin/builder/spi-builder-workspace/.derivedData/Build/Intermediates.noindex/ElevenLabsKit.build/Debug-watchos/ElevenLabsKit-t.build/Objects-normal/arm64_32/ElevenLabsKit-Swift.h -working-directory /Users/admin/builder/spi-builder-workspace/.swiftpm/xcode -experimental-emit-module-separately -disable-cmo
/Users/admin/builder/spi-builder-workspace/Sources/ElevenLabsKit/AudioToolboxClient.swift:1:8: error: Unable to resolve module dependency: 'AudioToolbox' (in target 'ElevenLabsKit' from project 'ElevenLabsKit')
note: A dependency of main module 'ElevenLabsKit'
/Users/admin/builder/spi-builder-workspace/Sources/ElevenLabsKit/StreamingAudioPlayback.swift:1:8: note: Also imported here
/Users/admin/builder/spi-builder-workspace/Sources/ElevenLabsKit/AudioToolboxClient.swift:1:8: note: A dependency of main module 'ElevenLabsKit'
import AudioToolbox
^ (in target 'ElevenLabsKit' from project 'ElevenLabsKit')
/Users/admin/builder/spi-builder-workspace/Sources/ElevenLabsKit/StreamingAudioPlayback.swift:1:8: note: Also imported here
import AudioToolbox
^ (in target 'ElevenLabsKit' from project 'ElevenLabsKit')
PruneExplicitPrecompiledModules /Users/admin/builder/spi-builder-workspace/.derivedData/Build/Intermediates.noindex/SwiftExplicitPrecompiledModules
PruneExplicitPrecompiledModules /Users/admin/builder/spi-builder-workspace/.derivedData/Build/Intermediates.noindex/ExplicitPrecompiledModules
PruneExplicitPrecompiledModules /Users/admin/builder/spi-builder-workspace/.derivedData/SDKExplicitPrecompiledModules
2026-09-28 02:01:42.349 xcodebuild[707:4413] [MT] IDERunDestination: Supported platforms for the buildables in the current scheme is empty.
** BUILD FAILED **
The following build commands failed:
SwiftDriver ElevenLabsKit normal arm64 com.apple.xcode.tools.swift.compiler (in target 'ElevenLabsKit' from project 'ElevenLabsKit')
SwiftDriver ElevenLabsKit normal arm64_32 com.apple.xcode.tools.swift.compiler (in target 'ElevenLabsKit' from project 'ElevenLabsKit')
Building workspace ElevenLabsKit with scheme ElevenLabsKit
(3 failures)
BUILD FAILURE 6.4 watchOS