Build Information
Failed to build SwiftCardanoCIPs, reference 0.4.0 (9f63fd), with Swift 6.2 for Wasm on 10 Oct 2026 03:34:58 UTC.
Build Command
bash -c docker run --pull=always --rm -v "checkouts-54344847-0":/host -w "$PWD" -e JAVA_HOME="/root/.sdkman/candidates/java/current" -e SPI_BUILD="1" -e SPI_PROCESSING="1" registry.gitlab.com/saguaro1/spi-images:wasm-6.2-latest swift build --swift-sdk swift-6.2-RELEASE_wasm 2>&1Build Log
========================================
RunAll
========================================
Builder version: 5.1.1
Interrupt handler set up.
========================================
Checkout
========================================
Clone URL: https://github.com/Kingpin-Apps/swift-cardano-cips.git
Reference: 0.4.0
Initialized empty Git repository in /host/spi-builder-workspace/.git/
hint: Using 'master' as the name for the initial branch. This default branch name
hint: is subject to change. To configure the initial branch name to use in all
hint: of your new repositories, which will suppress this warning, call:
hint:
hint: git config --global init.defaultBranch <name>
hint:
hint: Names commonly chosen instead of 'master' are 'main', 'trunk' and
hint: 'development'. The just-created branch can be renamed via this command:
hint:
hint: git branch -m <name>
From https://github.com/Kingpin-Apps/swift-cardano-cips
* tag 0.4.0 -> FETCH_HEAD
HEAD is now at 9f63fd0 bump: version 0.3.8 → 0.4.0
Cloned https://github.com/Kingpin-Apps/swift-cardano-cips.git
Revision (git rev-parse @):
9f63fd03f63bf7d501b01184cf2c11089e44f124
SUCCESS checkout https://github.com/Kingpin-Apps/swift-cardano-cips.git at 0.4.0
========================================
Build
========================================
Selected platform: wasm
Swift version: 6.2
Building package at path: $PWD
https://github.com/Kingpin-Apps/swift-cardano-cips.git
Running build ...
bash -c docker run --pull=always --rm -v "checkouts-54344847-0":/host -w "$PWD" -e JAVA_HOME="/root/.sdkman/candidates/java/current" -e SPI_BUILD="1" -e SPI_PROCESSING="1" registry.gitlab.com/saguaro1/spi-images:wasm-6.2-latest swift build --swift-sdk swift-6.2-RELEASE_wasm 2>&1
wasm-6.2-latest: Pulling from saguaro1/spi-images
Digest: sha256:c092ff8dc506a2a30e6239b6992792fd4f7dfaaa46cac3b3c48d8fe35e954282
Status: Image is up to date for registry.gitlab.com/saguaro1/spi-images:wasm-6.2-latest
Fetching https://github.com/apple/swift-crypto.git
Fetching https://github.com/Kingpin-Apps/swift-cardano-core.git
Fetching https://github.com/Kingpin-Apps/swift-nacl.git
Fetching https://github.com/Kingpin-Apps/swift-cose.git
Fetching https://github.com/Kingpin-Apps/swift-cbor-codable.git
[1/1030] Fetching swift-cose
[537/6064] Fetching swift-cose, swift-cardano-core
[919/6381] Fetching swift-cose, swift-cardano-core, swift-cbor-codable
[1263/25001] Fetching swift-cose, swift-cardano-core, swift-cbor-codable, swift-crypto
[1853/25858] Fetching swift-cose, swift-cardano-core, swift-cbor-codable, swift-crypto, swift-nacl
Fetched https://github.com/Kingpin-Apps/swift-cardano-core.git from cache (0.48s)
[3457/20824] Fetching swift-cose, swift-cbor-codable, swift-crypto, swift-nacl
Fetching https://github.com/Kingpin-Apps/swift-jsonld.git
[9840/20944] Fetching swift-cose, swift-cbor-codable, swift-crypto, swift-nacl, swift-jsonld
Fetched https://github.com/Kingpin-Apps/swift-jsonld.git from cache (0.36s)
[11328/20824] Fetching swift-cose, swift-cbor-codable, swift-crypto, swift-nacl
Fetched https://github.com/Kingpin-Apps/swift-cbor-codable.git from cache (1.41s)
Fetched https://github.com/Kingpin-Apps/swift-cose.git from cache (1.41s)
Fetched https://github.com/Kingpin-Apps/swift-nacl.git from cache (1.41s)
Fetched https://github.com/apple/swift-crypto.git from cache (1.42s)
Computing version for https://github.com/Kingpin-Apps/swift-jsonld.git
Computed https://github.com/Kingpin-Apps/swift-jsonld.git at 0.1.3 (1.56s)
Fetching https://github.com/Kingpin-Apps/swift-rdf-canonize.git
[1/139] Fetching swift-rdf-canonize
Fetched https://github.com/Kingpin-Apps/swift-rdf-canonize.git from cache (0.34s)
Computing version for https://github.com/Kingpin-Apps/swift-rdf-canonize.git
Computed https://github.com/Kingpin-Apps/swift-rdf-canonize.git at 0.2.2 (0.48s)
Computing version for https://github.com/Kingpin-Apps/swift-nacl.git
Computed https://github.com/Kingpin-Apps/swift-nacl.git at 1.0.3 (0.88s)
Fetching https://github.com/norio-nomura/Base32.git
Fetching https://github.com/attaswift/BigInt.git
[1/1168] Fetching base32
[282/6111] Fetching base32, bigint
Fetched https://github.com/norio-nomura/Base32.git from cache (0.52s)
Fetched https://github.com/attaswift/BigInt.git from cache (0.53s)
Computing version for https://github.com/norio-nomura/Base32.git
Computed https://github.com/norio-nomura/Base32.git at 0.9.0 (1.40s)
Computing version for https://github.com/Kingpin-Apps/swift-cose.git
Computed https://github.com/Kingpin-Apps/swift-cose.git at 1.3.3 (0.15s)
Fetching https://github.com/krzyzanowskim/CryptoSwift.git
Fetching https://github.com/apple/swift-certificates.git
Fetching https://github.com/21-DOT-DEV/swift-secp256k1
Fetching https://github.com/Kingpin-Apps/swift-goldilocks.git
Fetching https://github.com/Kingpin-Apps/swift-curve448.git
[1/88] Fetching swift-goldilocks
[89/379] Fetching swift-goldilocks, swift-curve448
[380/7988] Fetching swift-goldilocks, swift-curve448, swift-certificates
[457/21427] Fetching swift-goldilocks, swift-curve448, swift-certificates, cryptoswift
Fetched https://github.com/apple/swift-certificates.git from cache (0.57s)
[2395/13818] Fetching swift-goldilocks, swift-curve448, cryptoswift
[13819/25255] Fetching swift-goldilocks, swift-curve448, cryptoswift, swift-secp256k1
Fetched https://github.com/Kingpin-Apps/swift-curve448.git from cache (1.85s)
Fetched https://github.com/Kingpin-Apps/swift-goldilocks.git from cache (1.85s)
Fetched https://github.com/krzyzanowskim/CryptoSwift.git from cache (1.86s)
Fetched https://github.com/21-DOT-DEV/swift-secp256k1 from cache (1.86s)
Computing version for https://github.com/Kingpin-Apps/swift-goldilocks.git
Computed https://github.com/Kingpin-Apps/swift-goldilocks.git at 0.1.1 (2.01s)
Computing version for https://github.com/krzyzanowskim/CryptoSwift.git
Computed https://github.com/krzyzanowskim/CryptoSwift.git at 1.10.0 (0.87s)
Computing version for https://github.com/Kingpin-Apps/swift-curve448.git
Computed https://github.com/Kingpin-Apps/swift-curve448.git at 0.3.1 (0.14s)
Computing version for https://github.com/Kingpin-Apps/swift-cbor-codable.git
Computed https://github.com/Kingpin-Apps/swift-cbor-codable.git at 0.3.4 (0.14s)
Fetching https://github.com/SusanDoggie/Float16.git
Fetching https://github.com/apple/swift-collections.git
[1/310] Fetching float16
Fetched https://github.com/SusanDoggie/Float16.git from cache (0.36s)
[1/28695] Fetching swift-collections
Fetched https://github.com/apple/swift-collections.git from cache (1.23s)
Computing version for https://github.com/SusanDoggie/Float16.git
Computed https://github.com/SusanDoggie/Float16.git at 1.1.1 (1.39s)
Fetching https://github.com/apple/swift-numerics
[1/6721] Fetching swift-numerics
Fetched https://github.com/apple/swift-numerics from cache (0.57s)
Computing version for https://github.com/apple/swift-crypto.git
Computed https://github.com/apple/swift-crypto.git at 4.5.2 (1.05s)
Fetching https://github.com/apple/swift-asn1.git
[1/2009] Fetching swift-asn1
Fetched https://github.com/apple/swift-asn1.git from cache (0.44s)
Computing version for https://github.com/attaswift/BigInt.git
Computed https://github.com/attaswift/BigInt.git at 6.0.1 (0.58s)
Computing version for https://github.com/21-DOT-DEV/swift-secp256k1
Computed https://github.com/21-DOT-DEV/swift-secp256k1 at 0.23.2 (0.21s)
Computing version for https://github.com/apple/swift-numerics
Computed https://github.com/apple/swift-numerics at 1.1.1 (0.14s)
Computing version for https://github.com/apple/swift-asn1.git
Computed https://github.com/apple/swift-asn1.git at 1.7.3 (0.17s)
Computing version for https://github.com/Kingpin-Apps/swift-cardano-core.git
Computed https://github.com/Kingpin-Apps/swift-cardano-core.git at 0.8.5 (0.15s)
Fetching https://github.com/mxcl/Version.git
Fetching https://github.com/Kingpin-Apps/swift-base58.git
Fetching https://github.com/Kingpin-Apps/swift-kes.git
Fetching https://github.com/Frizlab/swift-fraction-number.git
Fetching https://github.com/apple/swift-log.git
Fetching https://github.com/Kingpin-Apps/swift-mnemonic.git
[1/311] Fetching version
[48/541] Fetching version, swift-mnemonic
[88/567] Fetching version, swift-mnemonic, swift-fraction-number
[346/691] Fetching version, swift-mnemonic, swift-fraction-number, swift-kes
[656/8948] Fetching version, swift-mnemonic, swift-fraction-number, swift-kes, swift-log
Fetched https://github.com/Kingpin-Apps/swift-kes.git from cache (0.39s)
Fetched https://github.com/Kingpin-Apps/swift-mnemonic.git from cache (0.39s)
[420/8594] Fetching version, swift-fraction-number, swift-log
Fetched https://github.com/apple/swift-log.git from cache (0.53s)
Fetched https://github.com/Frizlab/swift-fraction-number.git from cache (133.05s)
Fetched https://github.com/mxcl/Version.git from cache (133.05s)
warning: 'swift-base58': skipping cache due to an error: Failed to clone repository https://github.com/Kingpin-Apps/swift-base58.git:
Cloning into bare repository '/root/.cache/org.swift.swiftpm/repositories/swift-base58-d6b7517c'...
fatal: unable to access 'https://github.com/Kingpin-Apps/swift-base58.git/': Failed to connect to github.com port 443 after 133036 ms: Couldn't connect to server
[1/86] Fetching swift-base58
Fetched https://github.com/Kingpin-Apps/swift-base58.git from cache (133.41s)
Computing version for https://github.com/Kingpin-Apps/swift-mnemonic.git
Computed https://github.com/Kingpin-Apps/swift-mnemonic.git at 0.2.5 (133.55s)
Computing version for https://github.com/mxcl/Version.git
Computed https://github.com/mxcl/Version.git at 2.2.1 (0.17s)
Computing version for https://github.com/Kingpin-Apps/swift-kes.git
Computed https://github.com/Kingpin-Apps/swift-kes.git at 1.0.2 (0.13s)
Computing version for https://github.com/Kingpin-Apps/swift-base58.git
Computed https://github.com/Kingpin-Apps/swift-base58.git at 0.1.5 (0.13s)
Computing version for https://github.com/Frizlab/swift-fraction-number.git
Computed https://github.com/Frizlab/swift-fraction-number.git at 0.2.0 (0.13s)
Computing version for https://github.com/apple/swift-log.git
Computed https://github.com/apple/swift-log.git at 1.16.1 (0.15s)
Computing version for https://github.com/apple/swift-collections.git
Computed https://github.com/apple/swift-collections.git at 1.7.2 (0.23s)
Computing version for https://github.com/apple/swift-certificates.git
Computed https://github.com/apple/swift-certificates.git at 1.21.0 (0.19s)
Creating working copy for https://github.com/Kingpin-Apps/swift-cbor-codable.git
Working copy of https://github.com/Kingpin-Apps/swift-cbor-codable.git resolved at 0.3.4
Creating working copy for https://github.com/Kingpin-Apps/swift-curve448.git
Working copy of https://github.com/Kingpin-Apps/swift-curve448.git resolved at 0.3.1
Creating working copy for https://github.com/Kingpin-Apps/swift-kes.git
Working copy of https://github.com/Kingpin-Apps/swift-kes.git resolved at 1.0.2
Creating working copy for https://github.com/Kingpin-Apps/swift-mnemonic.git
Working copy of https://github.com/Kingpin-Apps/swift-mnemonic.git resolved at 0.2.5
Creating working copy for https://github.com/Kingpin-Apps/swift-nacl.git
Working copy of https://github.com/Kingpin-Apps/swift-nacl.git resolved at 1.0.3
Creating working copy for https://github.com/Kingpin-Apps/swift-goldilocks.git
Working copy of https://github.com/Kingpin-Apps/swift-goldilocks.git resolved at 0.1.1
Creating working copy for https://github.com/mxcl/Version.git
Working copy of https://github.com/mxcl/Version.git resolved at 2.2.1
Creating working copy for https://github.com/Kingpin-Apps/swift-rdf-canonize.git
Working copy of https://github.com/Kingpin-Apps/swift-rdf-canonize.git resolved at 0.2.2
Creating working copy for https://github.com/apple/swift-collections.git
Working copy of https://github.com/apple/swift-collections.git resolved at 1.7.2
Creating working copy for https://github.com/apple/swift-numerics
Working copy of https://github.com/apple/swift-numerics resolved at 1.1.1
Creating working copy for https://github.com/21-DOT-DEV/swift-secp256k1
Working copy of https://github.com/21-DOT-DEV/swift-secp256k1 resolved at 0.23.2
Creating working copy for https://github.com/attaswift/BigInt.git
Working copy of https://github.com/attaswift/BigInt.git resolved at 6.0.1
Creating working copy for https://github.com/apple/swift-asn1.git
Working copy of https://github.com/apple/swift-asn1.git resolved at 1.7.3
Creating working copy for https://github.com/Kingpin-Apps/swift-cardano-core.git
Working copy of https://github.com/Kingpin-Apps/swift-cardano-core.git resolved at 0.8.5
Creating working copy for https://github.com/norio-nomura/Base32.git
Working copy of https://github.com/norio-nomura/Base32.git resolved at 0.9.0
Creating working copy for https://github.com/Kingpin-Apps/swift-jsonld.git
Working copy of https://github.com/Kingpin-Apps/swift-jsonld.git resolved at 0.1.3
Creating working copy for https://github.com/apple/swift-log.git
Working copy of https://github.com/apple/swift-log.git resolved at 1.16.1
Creating working copy for https://github.com/apple/swift-certificates.git
Working copy of https://github.com/apple/swift-certificates.git resolved at 1.21.0
Creating working copy for https://github.com/apple/swift-crypto.git
Working copy of https://github.com/apple/swift-crypto.git resolved at 4.5.2
Creating working copy for https://github.com/Frizlab/swift-fraction-number.git
Working copy of https://github.com/Frizlab/swift-fraction-number.git resolved at 0.2.0
Creating working copy for https://github.com/SusanDoggie/Float16.git
Working copy of https://github.com/SusanDoggie/Float16.git resolved at 1.1.1
Creating working copy for https://github.com/krzyzanowskim/CryptoSwift.git
Working copy of https://github.com/krzyzanowskim/CryptoSwift.git resolved at 1.10.0
Creating working copy for https://github.com/Kingpin-Apps/swift-cose.git
Working copy of https://github.com/Kingpin-Apps/swift-cose.git resolved at 1.3.3
Creating working copy for https://github.com/Kingpin-Apps/swift-base58.git
Working copy of https://github.com/Kingpin-Apps/swift-base58.git resolved at 0.1.5
[1/1] Compiling plugin SharedSourcesPlugin
Building for debugging...
[1/517] Write sources
[7/517] Write embedded_resources.swift
[8/517] Write sources
[27/517] Compiling version.c
[28/517] Write embedded_resources.swift
[29/517] Write sources
[30/517] Compiling runtime.c
[31/517] Compiling utils.c
[32/517] Compiling core.c
[33/517] Compiling precomputed_ecmult_gen.c
[34/517] Compiling Utility.c
[35/517] Compiling randombytes_sysrandom.c
[36/517] Compiling codecs.c
[37/517] Compiling randombytes.c
[38/517] Compiling vrf.c
[39/517] Compiling randombytes_internal_random.c
[40/517] Compiling verify.c
[41/517] Compiling prove.c
[42/517] Compiling crypto_vrf.c
[43/517] Compiling keypair.c
[44/517] Compiling convert.c
[45/517] Compiling verify.c
[46/517] Compiling stream_salsa208.c
[47/517] Compiling stream_xchacha20.c
[48/517] Compiling stream_xsalsa20.c
[49/517] Compiling stream_salsa208_ref.c
[50/517] Compiling stream_salsa2012.c
[51/517] Compiling stream_salsa2012_ref.c
[52/517] Compiling stream_salsa20.c
[53/517] Compiling salsa20_ref.c
[54/517] Compiling crypto_stream.c
[55/517] Compiling stream_chacha20.c
[56/517] Compiling sign_ed25519.c
[57/517] Compiling chacha20_ref.c
[58/517] Compiling sign.c
[59/517] Compiling open.c
[60/517] Compiling crypto_sign.c
[61/517] Compiling shorthash_siphashx24.c
[62/517] Compiling obsolete.c
[63/517] Compiling shorthash_siphash24.c
[64/517] Compiling keypair.c
[65/517] Compiling crypto_shorthash.c
[66/517] Compiling shorthash_siphash24_ref.c
[67/517] Compiling secretbox_xsalsa20poly1305.c
[68/517] Compiling shorthash_siphashx24_ref.c
[69/517] Compiling secretstream_xchacha20poly1305.c
[70/517] Compiling crypto_secretbox_easy.c
[71/517] Compiling crypto_secretbox.c
[72/517] Compiling secretbox_xchacha20poly1305.c
[73/517] Compiling scalarmult_ristretto255_ref10.c
[74/517] Compiling scalarmult_ed25519_ref10.c
[75/517] Compiling crypto_scalarmult.c
[76/517] Compiling scalarmult_curve25519.c
[77/517] Compiling scrypt_platform.c
[78/517] Compiling pbkdf2-sha256.c
[79/517] Compiling x25519_ref10.c
[80/517] Compiling pwhash_scryptsalsa208sha256.c
[81/517] Compiling crypto_scrypt-common.c
[82/517] Compiling pwhash_scryptsalsa208sha256_nosse.c
[83/517] Compiling crypto_pwhash.c
[84/517] Compiling pwhash_argon2id.c
[85/517] Compiling blake2b-long.c
[86/517] Compiling pwhash_argon2i.c
[87/517] Compiling argon2.c
[88/517] Compiling argon2-encoding.c
[89/517] Compiling onetimeauth_poly1305.c
[90/517] Compiling secp256k1.c
[91/517] Compiling poly1305_donna.c
[92/517] Compiling argon2-core.c
[93/517] Compiling crypto_onetimeauth.c
[94/517] Compiling crypto_kx.c
[95/517] Compiling hash_sha512.c
[96/517] Compiling crypto_kdf.c
[97/517] Compiling kdf_blake2b.c
[98/517] Compiling hash_sha256.c
[99/517] Compiling argon2-fill-block-ref.c
[100/517] Compiling crypto_hash.c
[101/517] Compiling crypto_generichash.c
[102/517] Compiling generichash_blake2b.c
[103/517] Compiling blake2b-ref.c
[104/517] Compiling generichash_blake2.c
[105/517] Compiling hash_sha512_cp.c
[106/517] Compiling core_hsalsa20_ref2.c
[107/517] Compiling core_salsa_ref.c
[108/517] Compiling core_hsalsa20.c
[109/517] Compiling hash_sha256_cp.c
[110/517] Compiling core_hchacha20.c
[111/517] Compiling core_ristretto255.c
[112/517] Compiling box_curve25519xsalsa20poly1305.c
[113/517] Compiling core_ed25519.c
[114/517] Compiling box_seal_curve25519xchacha20poly1305.c
[115/517] Compiling blake2b-compress-ref.c
[116/517] Compiling box_curve25519xchacha20poly1305.c
[117/517] Compiling crypto_box.c
[118/517] Compiling crypto_box_seal.c
[119/517] Compiling crypto_box_easy.c
[120/517] Compiling auth_hmacsha512256.c
[121/517] Compiling auth_hmacsha512.c
[122/517] Compiling auth_hmacsha256.c
[123/517] Compiling crypto_auth.c
[124/517] Compiling aead_xchacha20poly1305.c
[125/517] Compiling CXKCPShims shims.c
[126/517] Compiling SimpleFIPS202.c
[127/517] Compiling aead_chacha20poly1305.c
[128/517] Compiling aead_aegis256.c
[129/517] Compiling KeccakSponge.c
[130/517] Compiling KeccakHash.c
[131/517] Compiling CGoldilocks utils.c
[132/517] Compiling f_impl.c
[133/517] Compiling CGoldilocks scalar.c
[134/517] Compiling f_impl.c
[135/517] Compiling CGoldilocks f_generic.c
[136/517] Compiling CGoldilocks goldilocks_tables.c
[137/517] Compiling CGoldilocks f_arithmetic.c
[138/517] Compiling CGoldilocks goldilocks.c
[139/517] Compiling CGoldilocks eddsa.c
[140/517] Compiling CGoldilocks cgoldilocks_shake.c
[141/517] Compiling ed25519_ref10.c
[142/517] Compiling CGoldilocks ce_ed448.c
[143/517] Compiling CGoldilocks shake.c
[144/517] Compiling fiat_p256_adx_mul.S
[145/517] Compiling fiat_p256_adx_sqr.S
[146/517] Compiling fiat_curve25519_adx_square.S
[146/517] Compiling fiat_curve25519_adx_mul.S
[148/517] Compiling md5-x86_64-linux.S
[149/517] Compiling md5-x86_64-apple.S
[150/517] Compiling md5-586-linux.S
[151/517] Compiling md5-586-apple.S
[152/517] Compiling chacha20_poly1305_x86_64-linux.S
[153/517] Compiling chacha20_poly1305_armv8-win.S
[153/517] Compiling chacha20_poly1305_x86_64-apple.S
[155/517] Compiling chacha20_poly1305_armv8-linux.S
[156/517] Compiling chacha-x86_64-linux.S
[157/517] Compiling chacha20_poly1305_armv8-apple.S
[158/517] Compiling chacha-x86-linux.S
[159/517] Compiling chacha-x86_64-apple.S
[160/517] Compiling chacha-x86-apple.S
[161/517] Compiling chacha-armv8-win.S
[162/517] Compiling chacha-armv8-linux.S
[163/517] Compiling chacha-armv8-apple.S
[164/517] Compiling chacha-armv4-linux.S
[165/517] Compiling aes128gcmsiv-x86_64-linux.S
[166/517] Compiling aes128gcmsiv-x86_64-apple.S
[167/517] Compiling CCryptoBoringSSLShims shims.c
[168/517] Compiling x86_64-mont5-linux.S
[169/517] Compiling x86_64-mont5-apple.S
[170/517] Compiling x86_64-mont-linux.S
[171/517] Compiling x86_64-mont-apple.S
[172/517] Compiling x86-mont-linux.S
[173/517] Compiling vpaes-x86_64-linux.S
[174/517] Compiling x86-mont-apple.S
[175/517] Compiling vpaes-x86_64-apple.S
[176/517] Compiling vpaes-x86-apple.S
[177/517] Compiling vpaes-x86-linux.S
[178/517] Compiling vpaes-armv8-linux.S
[179/517] Compiling vpaes-armv8-win.S
[180/517] Compiling sha512-x86_64-linux.S
[181/517] Compiling vpaes-armv8-apple.S
[182/517] Compiling vpaes-armv7-linux.S
[183/517] Compiling sha512-x86_64-apple.S
[184/517] Compiling sha512-armv8-win.S
[185/517] Compiling sha512-armv8-apple.S
[186/517] Compiling sha512-armv4-linux.S
[187/517] Compiling sha512-armv8-linux.S
[188/517] Compiling sha256-x86_64-apple.S
[189/517] Compiling sha512-586-linux.S
[190/517] Compiling sha512-586-apple.S
[191/517] Compiling sha256-x86_64-linux.S
[192/517] Compiling sha256-armv8-win.S
[193/517] Compiling sha256-armv8-apple.S
[194/517] Compiling sha256-armv8-linux.S
[195/517] Compiling sha256-armv4-linux.S
[196/517] Compiling sha256-586-linux.S
[196/517] Compiling sha1-x86_64-linux.S
[198/517] Compiling sha1-x86_64-apple.S
[199/517] Compiling sha256-586-apple.S
[200/517] Compiling sha1-armv8-win.S
[201/517] Compiling sha1-armv8-apple.S
[202/517] Compiling sha1-armv8-linux.S
[203/517] Compiling sha1-armv4-large-linux.S
[204/517] Compiling sha1-586-apple.S
[205/517] Compiling sha1-586-linux.S
[206/517] Compiling rsaz-avx2-linux.S
[207/517] Compiling rsaz-avx2-apple.S
[208/517] Compiling err_data.cc
[209/517] Compiling rdrand-x86_64-linux.S
[210/517] Compiling p256_beeu-x86_64-asm-apple.S
[211/517] Compiling p256_beeu-x86_64-asm-linux.S
[212/517] Compiling rdrand-x86_64-apple.S
[213/517] Compiling p256_beeu-armv8-asm-linux.S
[214/517] Compiling p256_beeu-armv8-asm-win.S
[215/517] Compiling p256-x86_64-asm-linux.S
[216/517] Compiling p256-x86_64-asm-apple.S
[217/517] Compiling p256_beeu-armv8-asm-apple.S
[218/517] Compiling p256-armv8-asm-win.S
[219/517] Compiling p256-armv8-asm-linux.S
[220/517] Compiling p256-armv8-asm-apple.S
[221/517] Compiling ghashv8-armv8-win.S
[222/517] Compiling ghashv8-armv8-linux.S
[223/517] Compiling ghashv8-armv8-apple.S
[224/517] Compiling ghashv8-armv7-linux.S
[225/517] Compiling ghash-x86_64-linux.S
[226/517] Compiling ghash-x86_64-apple.S
[227/517] Compiling ghash-x86-linux.S
[228/517] Compiling ghash-x86-apple.S
[229/517] Compiling ghash-ssse3-x86_64-linux.S
[230/517] Compiling ghash-ssse3-x86-linux.S
[231/517] Compiling ghash-ssse3-x86_64-apple.S
[232/517] Compiling ghash-ssse3-x86-apple.S
[233/517] Compiling ghash-neon-armv8-win.S
[234/517] Compiling ghash-neon-armv8-linux.S
[235/517] Compiling ghash-armv4-linux.S
[236/517] Compiling ghash-neon-armv8-apple.S
[237/517] Compiling co-586-linux.S
[238/517] Compiling co-586-apple.S
[239/517] Compiling bsaes-armv7-linux.S
[240/517] Compiling bn-armv8-win.S
[241/517] Compiling bn-armv8-linux.S
[242/517] Compiling bn-586-linux.S
[243/517] Compiling bn-armv8-apple.S
[244/517] Compiling bn-586-apple.S
[245/517] Compiling armv8-mont-win.S
[246/517] Compiling armv4-mont-linux.S
[247/517] Compiling armv8-mont-linux.S
[248/517] Compiling armv8-mont-apple.S
[249/517] Compiling aesv8-gcm-armv8-win.S
[250/517] Compiling aesv8-gcm-armv8-linux.S
[251/517] Compiling aesv8-gcm-armv8-apple.S
[252/517] Compiling aesv8-armv8-win.S
[253/517] Compiling aesv8-armv8-linux.S
[254/517] Compiling aesv8-armv8-apple.S
[255/517] Compiling aesv8-armv7-linux.S
[256/517] Compiling aesni-x86_64-linux.S
[257/517] Compiling aesni-x86_64-apple.S
[258/517] Compiling aesni-x86-linux.S
[259/517] Compiling aesni-x86-apple.S
[260/517] Compiling aesni-gcm-x86_64-linux.S
[261/517] Compiling aesni-gcm-x86_64-apple.S
[262/517] Compiling aes-gcm-avx512-x86_64-linux.S
[263/517] Compiling aes-gcm-avx512-x86_64-apple.S
[264/517] Compiling aes-gcm-avx2-x86_64-linux.S
[265/517] Compiling aes-gcm-avx2-x86_64-apple.S
[266/517] Compiling precomputed_ecmult.c
[267/517] Write swift-version-24593BA9C3E375BF.txt
[268/517] Compiling xwing.cc
[269/517] Compiling x_x509a.cc
[270/525] Compiling x_spki.cc
[271/525] Compiling x_x509.cc
[272/525] Compiling x_sig.cc
[273/603] Compiling x_req.cc
[274/614] Compiling x_pubkey.cc
[276/642] Compiling InternalCollectionsUtilities Strideable+LimitHelpers.swift
[277/642] Compiling InternalCollectionsUtilities String+Padding.swift
[278/644] Compiling Version Version+Codable.swift
[279/644] Emitting module Version
[280/644] Emitting module _CertificateInternals
[281/644] Compiling _CertificateInternals _TinyArray.swift
[282/645] Compiling InternalCollectionsUtilities FixedWidthInteger+roundUpToPowerOfTwo.swift
[283/645] Compiling InternalCollectionsUtilities Integer rank.swift
[284/645] Compiling InternalCollectionsUtilities UInt+first and last set bit.swift
[285/645] Compiling InternalCollectionsUtilities UInt+reversed.swift
[287/646] Compiling Version Version.swift
[288/648] Compiling InternalCollectionsUtilities TemporaryAllocation.swift
[289/648] Compiling InternalCollectionsUtilities _UnsafeBitSet+Index.swift
[290/648] Emitting module InternalCollectionsUtilities
[291/648] Compiling Version Version+Comparable.swift
[292/648] Compiling InternalCollectionsUtilities BorrowingIteratorProtocol+Equality.swift
[293/648] Compiling InternalCollectionsUtilities BorrowingIteratorProtocol+Extras.swift
[294/648] Compiling InternalCollectionsUtilities Debugging.swift
[295/648] Compiling InternalCollectionsUtilities Descriptions.swift
[305/648] Compiling InternalCollectionsUtilities Iterable+CopyContents.swift
[306/648] Compiling InternalCollectionsUtilities Iterable+Equality.swift
[307/648] Compiling InternalCollectionsUtilities LifetimeOverride.swift
[308/648] Compiling InternalCollectionsUtilities MutableRef.swift
[309/648] Compiling Version Version+Range.swift
[310/651] Compiling InternalCollectionsUtilities MutableSpan+Extras.swift
[311/651] Compiling InternalCollectionsUtilities OutputSpan+Extras.swift
[312/651] Compiling InternalCollectionsUtilities RandomAccessCollection+Offsets.swift
[313/651] Compiling InternalCollectionsUtilities Span+Extras.swift
[314/653] Compiling InternalCollectionsUtilities _UnsafeBitSet+_Word.swift
[315/653] Compiling InternalCollectionsUtilities _UnsafeBitSet.swift
[316/653] Compiling InternalCollectionsUtilities UnsafeBufferPointer+Extras.swift
[317/653] Compiling InternalCollectionsUtilities UnsafeMutableBufferPointer+Extras.swift
[318/653] Compiling SwiftASN1 DER.swift
[319/653] Compiling SwiftASN1 Errors.swift
[320/653] Compiling InternalCollectionsUtilities UnsafePointer+Extras.swift
[321/653] Compiling Logging LoggingSystem.swift
[322/654] Compiling Logging Logger+Attributes.swift
[323/654] Compiling Logging Logger+With.swift
[326/654] Compiling InternalCollectionsUtilities UnsafeRawBufferPointer+Extras.swift
[327/654] Compiling InternalCollectionsUtilities _SortedCollection.swift
[328/654] Compiling InternalCollectionsUtilities _UniqueCollection.swift
[330/655] Compiling Goldilocks Goldilocks.swift
[334/658] Compiling Logging Logger.swift
[335/658] Emitting module Goldilocks
[335/658] Compiling KeccakP-1600-opt64.c
[337/659] Emitting module Logging
[342/690] Compiling Logging MetadataProvider.swift
[343/716] Compiling OrderedCollections _HashTable+Testing.swift
[344/716] Compiling OrderedCollections _HashTable+UnsafeHandle.swift
[345/716] Compiling OrderedCollections _HashTable.swift
[346/716] Compiling OrderedCollections _Hashtable+Header.swift
[348/716] Compiling Goldilocks X448.swift
[349/716] Compiling FractionNumber Maths.swift
[350/716] Emitting module SwiftASN1
[351/716] Compiling OrderedCollections OrderedDictionary+Codable.swift
[352/716] Compiling OrderedCollections OrderedDictionary+CustomReflectable.swift
[353/716] Compiling OrderedCollections OrderedDictionary+Deprecations.swift
[354/716] Compiling OrderedCollections OrderedDictionary+Descriptions.swift
[355/716] Compiling OrderedCollections OrderedDictionary+Elements.SubSequence.swift
[356/716] Compiling OrderedCollections OrderedDictionary+Elements.swift
[357/716] Compiling OrderedCollections OrderedDictionary+Equatable.swift
[358/716] Compiling OrderedCollections OrderedDictionary+ExpressibleByDictionaryLiteral.swift
[359/724] Compiling Goldilocks SHAKE.swift
[360/724] Compiling Version Version+Foundation.swift
[362/747] Compiling CryptoSwift AEADXChaCha20Poly1305.swift
[363/747] Compiling CryptoSwift AES.Cryptors.swift
[364/747] Compiling CryptoSwift AES.swift
[365/747] Compiling CryptoSwift ASN1.swift
[366/747] Compiling CryptoSwift ASN1Decoder.swift
[367/747] Compiling OrderedCollections OrderedDictionary+Partial RangeReplaceableCollection.swift
[368/747] Compiling OrderedCollections OrderedDictionary+Sendable.swift
[369/747] Compiling OrderedCollections OrderedDictionary+Sequence.swift
[370/767] Compiling SwiftCardanoCIP21 CIP21.swift
[371/787] Compiling CryptoSwift ECB.swift
[372/787] Compiling CryptoSwift GCM.swift
[373/787] Compiling CryptoSwift OCB.swift
[374/787] Compiling CryptoSwift OFB.swift
[375/787] Compiling CryptoSwift PCBC.swift
[376/787] Compiling CryptoSwift Blowfish.swift
[377/787] Compiling CryptoSwift AEAD.swift
[378/787] Compiling CryptoSwift AEADChaCha20Poly1305.swift
[379/789] Emitting module P256K
[380/794] Compiling CryptoSwift Poly1305.swift
[381/794] Compiling CryptoSwift RSA+Cipher.swift
[382/794] Compiling CryptoSwift RSA+Signature.swift
[383/794] Compiling CryptoSwift RSA.swift
[384/794] Compiling CryptoSwift Rabbit.swift
[385/794] Compiling CryptoSwift SHA1.swift
[386/794] Compiling CryptoSwift SHA2.swift
[387/794] Compiling CryptoSwift SHA3.swift
[388/794] Compiling CryptoSwift Authenticator.swift
[389/794] Compiling CryptoSwift BatchedCollection.swift
[390/794] Compiling CryptoSwift Bit.swift
[391/794] Compiling CryptoSwift BlockCipher.swift
[392/794] Compiling CryptoSwift BlockDecryptor.swift
[393/794] Compiling CryptoSwift CBCMAC.swift
[394/794] Compiling CryptoSwift CMAC.swift
[395/794] Compiling CryptoSwift Addition.swift
[396/794] Compiling CryptoSwift Exponentiation.swift
[397/794] Compiling CryptoSwift FloatingPointConversion.swift
[398/794] Compiling CryptoSwift GCD.swift
[399/794] Compiling CryptoSwift PKCS1v15.swift
[400/794] Compiling CryptoSwift PKCS5.swift
[401/794] Compiling CryptoSwift PKCS7.swift
[402/794] Compiling CryptoSwift PKCS7Padding.swift
[403/794] Compiling CryptoSwift Padding.swift
[404/825] Emitting module FractionNumber
[405/825] Compiling FractionNumber FractionNumber.swift
[406/825] Compiling SwiftCardanoCIP21 RawCBOR.swift
[410/827] Compiling Goldilocks Ed448.swift
[411/828] Emitting module SwiftCardanoCIP21
[412/828] Compiling SwiftCardanoCIP21 CIP21Check.swift
[416/829] Compiling CryptoSwift BigInt.swift
[417/829] Compiling CryptoSwift BigUInt.swift
[418/829] Compiling CryptoSwift BitwiseOps.swift
[419/829] Compiling CryptoSwift CS.swift
[420/829] Compiling CryptoSwift Codable.swift
[421/829] Compiling CryptoSwift Comparable.swift
[422/829] Compiling CryptoSwift DataConversion.swift
[423/829] Compiling CryptoSwift Division.swift
[432/836] Compiling OrderedCollections OrderedSet+Sendable.swift
[433/836] Compiling OrderedCollections OrderedSet+SubSequence.swift
[434/836] Compiling OrderedCollections OrderedSet+Testing.swift
[435/836] Compiling OrderedCollections OrderedSet+UnorderedView.swift
[436/836] Compiling OrderedCollections OrderedSet+UnstableInternals.swift
[437/836] Compiling OrderedCollections OrderedSet.swift
[438/836] Compiling OrderedCollections _UnsafeBitset.swift
[439/836] Compiling CryptoSwift AES+Foundation.swift
[441/837] Compiling CryptoSwift BlockEncryptor.swift
[442/837] Compiling CryptoSwift BlockMode.swift
[443/837] Compiling CryptoSwift BlockModeOptions.swift
[444/837] Compiling CryptoSwift CBC.swift
[445/837] Compiling CryptoSwift CCM.swift
[446/837] Compiling CryptoSwift CFB.swift
[447/837] Compiling CryptoSwift CTR.swift
[448/837] Compiling CryptoSwift CipherModeWorker.swift
[448/837] Compiling x_name.cc
[449/837] Compiling x_crl.cc
[480/837] Compiling CryptoSwift ASN1Encoder.swift
[481/837] Compiling CryptoSwift ASN1Scanner.swift
[482/837] Compiling CryptoSwift Array+Extension.swift
[482/837] Compiling x_attrib.cc
[483/837] Compiling x_exten.cc
[484/837] Compiling x_all.cc
[493/837] Compiling x_algor.cc
[495/837] Emitting module OrderedCollections
[510/838] Compiling CryptoSwift Array+Foundation.swift
[511/838] Compiling CryptoSwift Blowfish+Foundation.swift
[512/838] Compiling CryptoSwift ChaCha20+Foundation.swift
[513/838] Compiling CryptoSwift Data+Extension.swift
[514/838] Compiling CryptoSwift HMAC+Foundation.swift
[515/838] Compiling CryptoSwift Rabbit+Foundation.swift
[516/838] Compiling CryptoSwift String+FoundationExtension.swift
[517/852] Compiling x509spki.cc
[518/852] Compiling x509_vfy.cc
[519/852] Compiling x509rset.cc
[520/852] Compiling x509cset.cc
[521/852] Compiling x509name.cc
[522/852] Compiling x509_vpm.cc
[523/852] Compiling x509_txt.cc
[524/852] Compiling x509_v3.cc
[525/852] Compiling x509_trs.cc
[526/852] Compiling x509_set.cc
[527/852] Compiling x509_obj.cc
[528/852] Compiling x509_req.cc
[529/852] Compiling x509_lu.cc
[530/852] Compiling x509_d2.cc
[531/852] Compiling x509_def.cc
[532/852] Compiling x509_ext.cc
[534/852] Compiling CryptoSwift Hashable.swift
[535/852] Compiling CryptoSwift IntegerConversion.swift
[536/852] Compiling CryptoSwift Multiplication.swift
[537/852] Compiling CryptoSwift PrimeTest.swift
[538/852] Compiling CryptoSwift Random.swift
[539/852] Compiling CryptoSwift Shifts.swift
[540/852] Compiling CryptoSwift SquareRoot.swift
[541/852] Compiling CryptoSwift Strideable.swift
[542/852] Compiling CryptoSwift StringConversion.swift
[543/852] Compiling CryptoSwift Subtraction.swift
[544/852] Compiling CryptoSwift WordsAndBits.swift
[545/852] Compiling CryptoSwift ChaCha20.swift
[546/852] Compiling CryptoSwift Checksum.swift
[547/852] Compiling CryptoSwift Cipher.swift
[548/852] Compiling CryptoSwift Utils+Foundation.swift
[549/852] Compiling CryptoSwift XChaCha20+Foundation.swift
[550/852] Compiling CryptoSwift Generics.swift
[551/852] Compiling CryptoSwift HKDF.swift
[552/852] Compiling CryptoSwift HMAC.swift
[553/852] Compiling CryptoSwift ISO10126Padding.swift
[554/852] Compiling CryptoSwift ISO78164Padding.swift
[555/852] Compiling CryptoSwift Int+Extension.swift
[556/852] Compiling CryptoSwift MD5.swift
[557/852] Compiling CryptoSwift NoPadding.swift
[558/852] Compiling CryptoSwift Operators.swift
[559/852] Compiling CryptoSwift DER.swift
[560/852] Compiling CryptoSwift PBKDF1.swift
[561/852] Compiling CryptoSwift PBKDF2.swift
[561/852] Compiling x509.cc
[562/852] Compiling x509_att.cc
[563/852] Compiling x509_cmp.cc
[564/852] Compiling v3_skey.cc
[565/852] Compiling v3_utl.cc
[566/852] Compiling v3_prn.cc
[568/852] Emitting module CryptoSwift
[597/852] Compiling v3_purp.cc
[599/852] Compiling CryptoSwift SecureBytes.swift
[600/852] Compiling CryptoSwift Signature.swift
[601/852] Compiling CryptoSwift StreamDecryptor.swift
[602/852] Compiling CryptoSwift StreamEncryptor.swift
[603/852] Compiling CryptoSwift String+Extension.swift
[604/852] Compiling CryptoSwift UInt128.swift
[605/852] Compiling CryptoSwift UInt16+Extension.swift
[606/852] Compiling CryptoSwift UInt32+Extension.swift
[607/852] Compiling CryptoSwift UInt64+Extension.swift
[608/852] Compiling CryptoSwift UInt8+Extension.swift
[609/852] Compiling CryptoSwift Updatable.swift
[610/852] Compiling CryptoSwift Utils.swift
[611/852] Compiling CryptoSwift XChaCha20.swift
[612/852] Compiling CryptoSwift ZeroPadding.swift
[612/852] Compiling v3_pmaps.cc
[613/852] Compiling v3_ocsp.cc
[614/852] Compiling v3_pcons.cc
[615/852] Compiling v3_lib.cc
[616/852] Compiling v3_ncons.cc
[617/852] Compiling v3_int.cc
[618/852] Compiling v3_info.cc
[619/852] Compiling v3_ia5.cc
[620/852] Compiling v3_extku.cc
[621/852] Compiling v3_genn.cc
[622/852] Compiling v3_enum.cc
[623/852] Compiling v3_crld.cc
[624/852] Compiling v3_cpols.cc
[625/852] Compiling v3_conf.cc
[626/852] Compiling v3_bitst.cc
[627/852] Compiling v3_bcons.cc
[628/852] Compiling v3_alt.cc
[657/853] Compiling v3_akeya.cc
[659/853] Compiling v3_akey.cc
[660/853] Compiling t_x509a.cc
[661/853] Compiling t_x509.cc
[662/853] Compiling t_crl.cc
[663/853] Compiling t_req.cc
[664/853] Compiling rsa_pss.cc
[665/853] Compiling i2d_pr.cc
[666/853] Compiling policy.cc
[667/853] Compiling name_print.cc
[668/853] Compiling by_file.cc
[669/853] Compiling by_dir.cc
[670/853] Compiling asn1_gen.cc
[671/853] Compiling algorithm.cc
[672/853] Compiling a_verify.cc
[673/853] Compiling a_sign.cc
[674/853] Compiling voprf.cc
[675/853] Compiling a_digest.cc
[676/853] Compiling trust_token.cc
[677/853] Compiling thread_win.cc
[678/853] Compiling pmbtoken.cc
[679/853] Compiling thread_pthread.cc
[680/853] Compiling thread.cc
[681/853] Compiling thread_none.cc
[682/853] Compiling stack.cc
[683/853] Compiling siphash.cc
[684/853] Compiling slhdsa.cc
[685/853] Compiling sha512.cc
[686/853] Compiling spake2plus.cc
[687/853] Compiling sha1.cc
[688/853] Compiling sha256.cc
[689/853] Compiling rsa_print.cc
[690/853] Compiling rsa_extra.cc
[691/853] Compiling rsa_crypt.cc
[692/853] Compiling refcount.cc
[693/853] Compiling rc4.cc
[693/853] Compiling windows.cc
[695/853] Compiling urandom.cc
[696/853] Compiling trusty.cc
[697/853] Compiling rand.cc
[698/853] Compiling passive.cc
[699/853] Compiling rsa_asn1.cc
[700/853] Compiling poly1305_arm_asm.S
[701/853] Compiling getentropy.cc
[702/853] Compiling ios.cc
[703/853] Compiling forkunsafe.cc
[704/853] Compiling fork_detect.cc
[705/853] Compiling deterministic.cc
[706/853] Compiling pool.cc
[707/853] Compiling poly1305_vec.cc
[708/853] Compiling poly1305_arm.cc
[709/853] Compiling poly1305.cc
[710/853] Compiling pkcs8.cc
[711/853] Compiling p5_pbev2.cc
[712/853] Compiling pkcs8_x509.cc
[713/853] Compiling pkcs7_x509.cc
[714/853] Compiling pkcs7.cc
[715/853] Compiling pem_xaux.cc
[716/853] Compiling pem_x509.cc
[717/853] Compiling pem_pkey.cc
[718/853] Compiling pem_oth.cc
[718/853] Compiling pem_pk8.cc
[720/853] Compiling mlkem.cc
[721/853] Compiling pem_lib.cc
[722/853] Compiling pem_info.cc
[723/853] Compiling obj_xref.cc
[724/853] Compiling pem_all.cc
[725/853] Compiling obj.cc
[726/853] Compiling poly_rq_mul.S
[727/853] Compiling mldsa.cc
[728/853] Compiling mem.cc
[729/853] Compiling fips_shared_support.cc
[730/853] Compiling lhash.cc
[731/853] Compiling md5.cc
[732/853] Compiling md4.cc
[733/853] Compiling hrss.cc
[734/853] Compiling kyber.cc
[735/853] Compiling fuzzer_mode.cc
[736/853] Compiling ex_data.cc
[737/853] Compiling hpke.cc
[738/853] Compiling scrypt.cc
[739/853] Compiling print.cc
[740/853] Compiling pbkdf.cc
[741/853] Compiling sign.cc
[742/853] Compiling p_x25519_asn1.cc
[743/853] Compiling p_x25519.cc
[744/853] Compiling p_rsa_asn1.cc
[745/853] Compiling p_hkdf.cc
[746/853] Compiling p_rsa.cc
[747/853] Compiling p_ed25519_asn1.cc
[748/853] Compiling p_ed25519.cc
[749/853] Compiling p_ec_asn1.cc
[750/853] Compiling p_ec.cc
[751/853] Compiling p_dsa_asn1.cc
[752/853] Compiling p_dh_asn1.cc
[753/853] Compiling p_dh.cc
[754/853] Compiling evp_ctx.cc
[755/853] Compiling evp_asn1.cc
[756/853] Compiling evp.cc
[757/853] Compiling err.cc
[758/853] Compiling engine.cc
[759/853] Compiling ecdsa_p1363.cc
[760/853] Compiling ecdh.cc
[761/853] Compiling ecdsa_asn1.cc
[762/853] Compiling ec_derive.cc
[763/853] Compiling hash_to_curve.cc
[764/853] Compiling dsa.cc
[765/853] Compiling dsa_asn1.cc
[766/853] Compiling ec_asn1.cc
[767/853] Compiling bcm.cc
[768/853] Compiling x25519-asm-arm.S
[769/853] Compiling digest_extra.cc
[770/853] Compiling params.cc
[771/853] Compiling des.cc
[772/853] Compiling dh_asn1.cc
[773/853] Compiling curve25519_64_adx.cc
[774/853] Compiling spake25519.cc
[775/853] Compiling cpu_intel.cc
[776/853] Compiling crypto.cc
[777/853] Compiling cpu_arm_linux.cc
[778/853] Compiling curve25519.cc
[779/853] Compiling cpu_arm_freebsd.cc
[780/853] Compiling cpu_aarch64_win.cc
[781/853] Compiling cpu_aarch64_sysreg.cc
[782/853] Compiling cpu_aarch64_openbsd.cc
[783/853] Compiling cpu_aarch64_fuchsia.cc
[784/853] Compiling cpu_aarch64_linux.cc
[785/853] Compiling cpu_aarch64_apple.cc
[786/853] Compiling conf.cc
[787/853] Compiling tls_cbc.cc
[788/853] Compiling get_cipher.cc
[789/853] Compiling e_tls.cc
[790/853] Compiling e_rc4.cc
[791/853] Compiling e_rc2.cc
[792/853] Compiling e_null.cc
[793/853] Compiling cms.cc
[794/853] Compiling e_des.cc
[795/853] Compiling e_chacha20poly1305.cc
[796/853] Compiling e_aesgcmsiv.cc
[797/853] Compiling derive_key.cc
[798/853] Compiling e_aeseax.cc
[798/853] Compiling e_aesctrhmac.cc
[800/853] Compiling chacha.cc
[801/853] Compiling unicode.cc
[802/853] Compiling sqrt.cc
[803/853] Compiling buf.cc
[804/853] Compiling cbb.cc
[805/853] Compiling cbs.cc
[806/853] Compiling ber.cc
[807/853] Compiling exponentiation.cc
[808/853] Compiling asn1_compat.cc
[809/853] Compiling div.cc
[810/853] Compiling blake2.cc
[811/853] Compiling printf.cc
[812/853] Compiling pair.cc
[813/853] Compiling hexdump.cc
[814/853] Compiling bn_asn1.cc
[815/853] Compiling file.cc
[816/853] Compiling convert.cc
[817/853] Compiling fd.cc
[818/853] Compiling errno.cc
[819/853] Compiling bio_mem.cc
[820/853] Compiling base64.cc
[821/853] Compiling bio.cc
[822/853] Compiling tasn_typ.cc
[823/853] Compiling tasn_fre.cc
[824/853] Compiling tasn_utl.cc
[825/853] Compiling tasn_new.cc
[826/853] Compiling tasn_enc.cc
[827/853] Compiling posix_time.cc
[828/853] Compiling f_string.cc
[829/853] Compiling f_int.cc
[830/853] Compiling tasn_dec.cc
[831/853] Compiling asn_pack.cc
[832/853] Compiling asn1_par.cc
[833/853] Compiling asn1_lib.cc
[834/853] Compiling a_utctm.cc
[835/853] Compiling a_type.cc
[836/853] Compiling a_octet.cc
[837/853] Compiling a_time.cc
[838/853] Compiling a_strnid.cc
[839/853] Compiling a_strex.cc
[840/853] Compiling a_object.cc
[841/853] Compiling a_i2d_fp.cc
[842/853] Compiling a_dup.cc
[842/853] Write sources
[846/853] Compiling a_mbstr.cc
[847/853] Compiling a_int.cc
[848/858] Compiling a_d2i_fp.cc
[849/879] Compiling a_gentm.cc
[851/879] Compiling Base32 shim.swift
[852/879] Compiling Base32 StringExtension.swift
[852/879] Compiling a_bool.cc
[853/879] Compiling aes.cc
[854/879] Compiling a_bitstr.cc
[856/887] Compiling BigInt Floating Point Conversion.swift
[857/887] Compiling BigInt GCD.swift
[858/887] Compiling BigInt Hashable.swift
[859/889] Compiling BigInt Addition.swift
[860/889] Compiling BigInt BigInt.swift
[861/889] Compiling BigInt BigUInt.swift
[862/889] Compiling BigInt Integer Conversion.swift
[863/889] Compiling BigInt Multiplication.swift
[864/889] Compiling BigInt Prime Test.swift
[865/889] Compiling BigInt Strideable.swift
[866/889] Compiling BigInt String Conversion.swift
[867/889] Compiling BigInt Random.swift
[868/889] Compiling BigInt Shifts.swift
[869/889] Compiling BigInt Square Root.swift
[870/889] Compiling BigInt Bitwise Ops.swift
[871/889] Compiling BigInt Codable.swift
[872/889] Compiling BigInt Comparable.swift
[873/889] Emitting module BigInt
[874/889] Compiling BigInt Data Conversion.swift
[875/889] Compiling BigInt Division.swift
[876/889] Compiling BigInt Exponentiation.swift
[877/889] Compiling CryptoBoringWrapper CryptoKitErrors_boring.swift
[878/889] Compiling BigInt Subtraction.swift
[879/889] Compiling BigInt Words and Bits.swift
[881/890] Emitting module CryptoBoringWrapper
[882/912] Compiling CryptoBoringWrapper EllipticCurvePoint.swift
[883/912] Compiling CryptoBoringWrapper ArbitraryPrecisionInteger.swift
[884/912] Compiling CryptoBoringWrapper FiniteFieldArithmeticContext.swift
[885/912] Compiling CryptoBoringWrapper RandomBytes.swift
[886/912] Compiling CryptoBoringWrapper EllipticCurve.swift
[887/912] Compiling CryptoBoringWrapper BoringSSLAEAD.swift
[889/997] Compiling Crypto ECDSASignature.swift
[890/997] Compiling Crypto PEMDocument.swift
[891/997] Compiling Crypto PKCS8PrivateKey.swift
[892/999] Compiling Crypto ArraySliceBigint.swift
[893/999] Compiling Crypto GeneralizedTime.swift
[894/999] Compiling Crypto ObjectIdentifier.swift
[895/999] Compiling Crypto AES-GCM.swift
[896/999] Compiling Crypto AES-GCM_boring.swift
[897/999] Compiling Crypto ChaChaPoly_boring.swift
[898/999] Compiling Crypto ASN1Null.swift
[899/999] Compiling Crypto ASN1OctetString.swift
[900/999] Compiling Crypto ASN1Strings.swift
[901/999] Compiling Crypto ASN1.swift
[902/999] Compiling Crypto ASN1Any.swift
[903/999] Compiling Crypto ASN1BitString.swift
[904/999] Compiling Crypto ASN1Boolean.swift
[905/999] Compiling Crypto ASN1Identifier.swift
[906/999] Compiling Crypto ASN1Integer.swift
[907/999] Compiling CBORCodable CBORTag.swift
[908/999] Compiling CBORCodable Tagged.swift
[909/999] Compiling Base32 Base32.swift
[910/999] Compiling Base32 Base16.swift
[911/999] Emitting module Base32
[913/1028] Compiling Crypto HKDF.swift
[914/1028] Compiling Crypto AESWrap.swift
[915/1028] Compiling Crypto AESWrap_boring.swift
[916/1028] Compiling Crypto Ed25519_boring.swift
[917/1028] Compiling Crypto NISTCurvesKeys_boring.swift
[918/1028] Compiling Crypto X25519Keys_boring.swift
[919/1028] Compiling Crypto Curve25519.swift
[920/1028] Compiling Crypto Ed25519Keys.swift
[921/1028] Compiling Crypto NISTCurvesKeys.swift
[922/1028] Compiling Crypto X25519Keys.swift
[923/1028] Compiling Crypto SymmetricKeys.swift
[924/1028] Compiling Crypto HMAC.swift
[925/1039] Emitting module CBORCodable
[926/1039] Compiling SwiftNaCl Utils.swift
[927/1039] Compiling SwiftNaCl Encoding.swift
[928/1039] Compiling SwiftNaCl Errors.swift
[930/1040] Compiling SwiftNaCl Public.swift
[931/1040] Compiling SwiftNaCl Secret.swift
[932/1040] Compiling SwiftNaCl Signing.swift
[936/1040] Compiling SwiftNaCl Hash.swift
[937/1040] Compiling SwiftNaCl Hashlib.swift
[938/1040] Compiling SwiftNaCl VRF.swift
[939/1040] Compiling SwiftNaCl CryptoAead.swift
[940/1040] Compiling SwiftNaCl CryptoBox.swift
[941/1040] Compiling SwiftNaCl CryptoCore.swift
[942/1040] Compiling SwiftNaCl Version.swift
[943/1040] Compiling SwiftNaCl Argon2.swift
[944/1040] Compiling SwiftNaCl Argon2i.swift
[945/1043] Compiling SwiftNaCl CryptoSign.swift
[946/1043] Compiling SwiftNaCl CryptoUtils.swift
[947/1043] Compiling SwiftNaCl RandomBytes.swift
[948/1043] Compiling SwiftNaCl Sodium.swift
[949/1043] Emitting module Crypto
[953/1043] Compiling SwiftNaCl Argon2id.swift
[954/1043] Compiling SwiftNaCl PwHash.swift
[955/1043] Compiling SwiftNaCl Scrypt.swift
[956/1043] Compiling Crypto HashFunctions_SHA3.swift
[957/1043] Compiling Crypto Digest_xkcp.swift
[958/1043] Compiling Crypto HPKE-AEAD.swift
[959/1043] Compiling Crypto HPKE-Ciphersuite.swift
[960/1043] Compiling Crypto HPKE-KDF.swift
[961/1043] Compiling Crypto HPKE-KexKeyDerivation.swift
[962/1043] Compiling SwiftNaCl CryptoGenericHash.swift
[963/1043] Compiling SwiftNaCl CryptoHash.swift
[964/1043] Compiling SwiftNaCl CryptoKx.swift
[965/1043] Compiling SwiftNaCl CryptoPwHash.swift
[966/1043] Compiling SwiftNaCl CryptoScalarmult.swift
[967/1043] Compiling SwiftNaCl CryptoSecretBox.swift
[968/1043] Compiling SwiftNaCl CryptoSecretStream.swift
[969/1043] Compiling SwiftNaCl CryptoShortHash.swift
[986/1043] Emitting module SwiftNaCl
[990/1043] Compiling Crypto Signature.swift
[991/1043] Compiling Crypto CryptoKitErrors_boring.swift
[992/1043] Compiling Crypto Optional+withUnsafeBytes_boring.swift
[993/1043] Compiling Crypto RNG_boring.swift
[994/1043] Compiling Crypto SafeCompare_boring.swift
[995/1043] Compiling Crypto Zeroization_boring.swift
[996/1043] Compiling Crypto _CryptoModuleAnchor.swift
[997/1043] Compiling Crypto PrettyBytes.swift
[998/1043] Compiling Crypto SafeCompare.swift
[999/1043] Compiling Crypto SecureBytes.swift
[1000/1043] Compiling Crypto Zeroization.swift
[1001/1043] Compiling Crypto Insecure_HashFunctions.swift
[1002/1043] Compiling Crypto MLKEM_boring.swift
[1003/1043] Compiling Crypto MLKEM_wrapper.swift
[1004/1043] Compiling Crypto XWing_boring.swift
[1005/1043] Compiling Crypto KEM-Errors.swift
[1006/1043] Compiling Crypto KEM.swift
[1007/1043] Compiling Crypto MLKEM.swift
[1008/1043] Compiling Crypto XWing.swift
[1009/1043] Compiling Crypto ECDH_boring.swift
[1010/1043] Compiling Crypto DH.swift
[1011/1043] Compiling Crypto ECDH.swift
[1012/1043] Compiling Crypto ANSIx963.swift
[1013/1043] Compiling Crypto MACFunctions.swift
[1014/1043] Compiling Crypto MessageAuthenticationCode.swift
[1015/1043] Compiling Crypto AES.swift
[1016/1043] Compiling Crypto ECDSASignature_boring.swift
[1017/1043] Compiling Crypto ECDSA_boring.swift
[1018/1043] Compiling Crypto EdDSA_boring.swift
[1019/1043] Compiling Crypto MLDSA_boring.swift
[1020/1043] Compiling Crypto MLDSA_wrapper.swift
[1021/1043] Compiling Crypto ECDSA.swift
[1022/1043] Compiling Crypto Ed25519.swift
[1023/1043] Compiling Crypto MLDSA.swift
[1024/1043] Compiling Crypto HPKE-LabeledExtract.swift
[1025/1043] Compiling Crypto HPKE-Utils.swift
[1026/1043] Compiling Crypto DHKEM.swift
[1027/1043] Compiling Crypto HPKE-KEM-Curve25519.swift
[1028/1043] Compiling Crypto HPKE-NIST-EC-KEMs.swift
[1029/1043] Compiling Crypto HPKE-KEM.swift
[1030/1043] Compiling Crypto HPKE-Errors.swift
[1031/1043] Compiling Crypto HPKE.swift
[1032/1043] Compiling Crypto HPKE-Context.swift
[1033/1043] Compiling Crypto HPKE-KeySchedule.swift
[1034/1043] Compiling Crypto HPKE-Modes.swift
[1035/1043] Compiling Crypto Insecure.swift
[1041/1131] Emitting module RDFCanonize
[1042/1132] Compiling RDFCanonize NQuadsWriter.swift
[1043/1132] Compiling RDFCanonize HashAlgorithm.swift
[1044/1132] Compiling RDFCanonize RDFCanonize.swift
[1045/1132] Compiling RDFCanonize IdentifierIssuer.swift
[1046/1132] Compiling SwiftBase58 SwiftBase58.swift
[1047/1132] Compiling SwiftCurve448 RNG_boring.swift
[1048/1132] Compiling SwiftCurve448 SafeCompare_boring.swift
[1049/1133] Emitting module SwiftBase58
[1050/1133] Compiling CryptoExtras ChaCha20CTR.swift
[1051/1133] Compiling CryptoExtras BoringSSLSHA512256Context.swift
[1052/1133] Compiling CryptoExtras BoringSSLSHA512256HashFunction.swift
[1053/1133] Compiling CryptoExtras SHA512256.swift
[1054/1134] Compiling CryptoExtras ARCServer.swift
[1055/1134] Compiling CryptoExtras ChaCha20CTR_boring.swift
[1057/1134] Compiling SwiftCurve448 Signature.swift
[1058/1134] Compiling SwiftCurve448 PrettyBytes.swift
[1059/1134] Compiling SwiftCurve448 Ed448.swift
[1060/1134] Compiling SwiftCurve448 EdDSA_impl.swift
[1061/1135] Compiling SwiftCurve448 NISTCurvesKeys.swift
[1062/1135] Compiling SwiftCurve448 X448Keys.swift
[1067/1135] Emitting module SwiftCurve448
[1069/1140] Compiling RDFCanonize NQuadsParser.swift
[1070/1142] Compiling RDFCanonize CanonicalizeError.swift
[1071/1142] Compiling RDFCanonize RDFTypes.swift
[1072/1142] Compiling RDFCanonize Canonicalizer.swift
[1074/1182] Compiling SwiftMnemonic Enums.swift
[1075/1182] Compiling SwiftKES Sum6CompactKES.swift
[1076/1183] Compiling SwiftKES KESSignature.swift
[1077/1183] Emitting module SwiftKES
[1078/1183] Compiling SwiftKES SeedSplitter.swift
[1079/1183] Compiling JSONLD Compaction.swift
[1080/1183] Compiling JSONLD ContextProcessing.swift
[1081/1183] Compiling SwiftKES KESSecretKey.swift
[1084/1183] Compiling JSONLD ECMADouble.swift
[1085/1183] Compiling JSONLD Expansion.swift
[1086/1183] Compiling JSONLD ActiveContext.swift
[1087/1183] Compiling JSONLD ContainerKind.swift
[1088/1183] Compiling JSONLD DocumentLoader.swift
[1089/1183] Compiling JSONLD ExpansionOptions.swift
[1090/1183] Compiling JSONLD Framing.swift
[1091/1190] Compiling SwiftMnemonic PBKDF2.swift
[1092/1191] Compiling SwiftKES Sum6KES.swift
[1093/1191] Compiling CryptoExtras PKCS8DERRepresentation.swift
[1094/1191] Compiling CryptoExtras PKCS8PrivateKey.swift
[1095/1191] Compiling CryptoExtras RFC8410AlgorithmIdentifier.swift
[1096/1191] Compiling CryptoExtras ECToolbox_boring.swift
[1097/1191] Compiling CryptoExtras ECToolbox.swift
[1098/1191] Compiling CryptoExtras HashToField.swift
[1099/1191] Compiling CryptoExtras KDF.swift
[1100/1191] Compiling CryptoExtras PBKDF2_boring.swift
[1101/1191] Compiling CryptoExtras PBKDF2_commoncrypto.swift
[1106/1192] Compiling CryptoExtras Data+Extensions.swift
[1107/1192] Compiling CryptoExtras DigestType.swift
[1108/1192] Compiling CryptoExtras Error.swift
[1109/1192] Compiling CryptoExtras I2OSP.swift
[1110/1192] Compiling CryptoExtras IntegerEncoding.swift
[1111/1192] Compiling CryptoExtras PEMDocument.swift
[1112/1192] Compiling CryptoExtras PrettyBytes.swift
[1113/1192] Compiling CryptoExtras SubjectPublicKeyInfo.swift
[1115/1192] Compiling JSONLD Keyword.swift
[1116/1192] Compiling JSONLD ProcessingMode.swift
[1117/1192] Compiling JSONLD NQuads.swift
[1118/1195] Compiling CryptoExtras ThreadOps.swift
/host/spi-builder-workspace/.build/checkouts/swift-crypto/Sources/CryptoExtras/Util/ThreadSpecific/ThreadSpecific.swift:33:36: error: cannot find type 'ThreadOpsSystem' in scope
31 |
32 | private class Key {
33 | private var underlyingKey: ThreadOpsSystem.ThreadSpecificKey
| `- error: cannot find type 'ThreadOpsSystem' in scope
34 |
35 | internal init(destructor: @escaping ThreadOpsSystem.ThreadSpecificKeyDestructor) {
/host/spi-builder-workspace/.build/checkouts/swift-crypto/Sources/CryptoExtras/Util/ThreadSpecific/ThreadSpecific.swift:35:45: error: cannot find type 'ThreadOpsSystem' in scope
33 | private var underlyingKey: ThreadOpsSystem.ThreadSpecificKey
34 |
35 | internal init(destructor: @escaping ThreadOpsSystem.ThreadSpecificKeyDestructor) {
| `- error: cannot find type 'ThreadOpsSystem' in scope
36 | self.underlyingKey = ThreadOpsSystem.allocateThreadSpecificValue(destructor: destructor)
37 | }
/host/spi-builder-workspace/.build/checkouts/swift-crypto/Sources/CryptoExtras/Util/ThreadSpecific/ThreadSpecific.swift:35:35: error: @escaping attribute only applies to function types
33 | private var underlyingKey: ThreadOpsSystem.ThreadSpecificKey
34 |
35 | internal init(destructor: @escaping ThreadOpsSystem.ThreadSpecificKeyDestructor) {
| `- error: @escaping attribute only applies to function types
36 | self.underlyingKey = ThreadOpsSystem.allocateThreadSpecificValue(destructor: destructor)
37 | }
/host/spi-builder-workspace/.build/checkouts/swift-crypto/Sources/CryptoExtras/Util/ThreadSpecific/ThreadSpecific.swift:36:34: error: cannot find 'ThreadOpsSystem' in scope
34 |
35 | internal init(destructor: @escaping ThreadOpsSystem.ThreadSpecificKeyDestructor) {
36 | self.underlyingKey = ThreadOpsSystem.allocateThreadSpecificValue(destructor: destructor)
| `- error: cannot find 'ThreadOpsSystem' in scope
37 | }
38 |
/host/spi-builder-workspace/.build/checkouts/swift-crypto/Sources/CryptoExtras/Util/ThreadSpecific/ThreadSpecific.swift:40:13: error: cannot find 'ThreadOpsSystem' in scope
38 |
39 | deinit {
40 | ThreadOpsSystem.deallocateThreadSpecificValue(self.underlyingKey)
| `- error: cannot find 'ThreadOpsSystem' in scope
41 | }
42 |
/host/spi-builder-workspace/.build/checkouts/swift-crypto/Sources/CryptoExtras/Util/ThreadSpecific/ThreadSpecific.swift:44:13: error: cannot find 'ThreadOpsSystem' in scope
42 |
43 | func get() -> UnsafeMutableRawPointer? {
44 | ThreadOpsSystem.getThreadSpecificValue(self.underlyingKey)
| `- error: cannot find 'ThreadOpsSystem' in scope
45 | }
46 |
/host/spi-builder-workspace/.build/checkouts/swift-crypto/Sources/CryptoExtras/Util/ThreadSpecific/ThreadSpecific.swift:48:13: error: cannot find 'ThreadOpsSystem' in scope
46 |
47 | func set(value: UnsafeMutableRawPointer?) {
48 | ThreadOpsSystem.setThreadSpecificValue(key: self.underlyingKey, value: value)
| `- error: cannot find 'ThreadOpsSystem' in scope
49 | }
50 | }
[1119/1195] Compiling CryptoExtras ThreadPosix.swift
/host/spi-builder-workspace/.build/checkouts/swift-crypto/Sources/CryptoExtras/Util/ThreadSpecific/ThreadSpecific.swift:33:36: error: cannot find type 'ThreadOpsSystem' in scope
31 |
32 | private class Key {
33 | private var underlyingKey: ThreadOpsSystem.ThreadSpecificKey
| `- error: cannot find type 'ThreadOpsSystem' in scope
34 |
35 | internal init(destructor: @escaping ThreadOpsSystem.ThreadSpecificKeyDestructor) {
/host/spi-builder-workspace/.build/checkouts/swift-crypto/Sources/CryptoExtras/Util/ThreadSpecific/ThreadSpecific.swift:35:45: error: cannot find type 'ThreadOpsSystem' in scope
33 | private var underlyingKey: ThreadOpsSystem.ThreadSpecificKey
34 |
35 | internal init(destructor: @escaping ThreadOpsSystem.ThreadSpecificKeyDestructor) {
| `- error: cannot find type 'ThreadOpsSystem' in scope
36 | self.underlyingKey = ThreadOpsSystem.allocateThreadSpecificValue(destructor: destructor)
37 | }
/host/spi-builder-workspace/.build/checkouts/swift-crypto/Sources/CryptoExtras/Util/ThreadSpecific/ThreadSpecific.swift:35:35: error: @escaping attribute only applies to function types
33 | private var underlyingKey: ThreadOpsSystem.ThreadSpecificKey
34 |
35 | internal init(destructor: @escaping ThreadOpsSystem.ThreadSpecificKeyDestructor) {
| `- error: @escaping attribute only applies to function types
36 | self.underlyingKey = ThreadOpsSystem.allocateThreadSpecificValue(destructor: destructor)
37 | }
/host/spi-builder-workspace/.build/checkouts/swift-crypto/Sources/CryptoExtras/Util/ThreadSpecific/ThreadSpecific.swift:36:34: error: cannot find 'ThreadOpsSystem' in scope
34 |
35 | internal init(destructor: @escaping ThreadOpsSystem.ThreadSpecificKeyDestructor) {
36 | self.underlyingKey = ThreadOpsSystem.allocateThreadSpecificValue(destructor: destructor)
| `- error: cannot find 'ThreadOpsSystem' in scope
37 | }
38 |
/host/spi-builder-workspace/.build/checkouts/swift-crypto/Sources/CryptoExtras/Util/ThreadSpecific/ThreadSpecific.swift:40:13: error: cannot find 'ThreadOpsSystem' in scope
38 |
39 | deinit {
40 | ThreadOpsSystem.deallocateThreadSpecificValue(self.underlyingKey)
| `- error: cannot find 'ThreadOpsSystem' in scope
41 | }
42 |
/host/spi-builder-workspace/.build/checkouts/swift-crypto/Sources/CryptoExtras/Util/ThreadSpecific/ThreadSpecific.swift:44:13: error: cannot find 'ThreadOpsSystem' in scope
42 |
43 | func get() -> UnsafeMutableRawPointer? {
44 | ThreadOpsSystem.getThreadSpecificValue(self.underlyingKey)
| `- error: cannot find 'ThreadOpsSystem' in scope
45 | }
46 |
/host/spi-builder-workspace/.build/checkouts/swift-crypto/Sources/CryptoExtras/Util/ThreadSpecific/ThreadSpecific.swift:48:13: error: cannot find 'ThreadOpsSystem' in scope
46 |
47 | func set(value: UnsafeMutableRawPointer?) {
48 | ThreadOpsSystem.setThreadSpecificValue(key: self.underlyingKey, value: value)
| `- error: cannot find 'ThreadOpsSystem' in scope
49 | }
50 | }
[1120/1195] Compiling CryptoExtras ThreadSpecific.swift
/host/spi-builder-workspace/.build/checkouts/swift-crypto/Sources/CryptoExtras/Util/ThreadSpecific/ThreadSpecific.swift:33:36: error: cannot find type 'ThreadOpsSystem' in scope
31 |
32 | private class Key {
33 | private var underlyingKey: ThreadOpsSystem.ThreadSpecificKey
| `- error: cannot find type 'ThreadOpsSystem' in scope
34 |
35 | internal init(destructor: @escaping ThreadOpsSystem.ThreadSpecificKeyDestructor) {
/host/spi-builder-workspace/.build/checkouts/swift-crypto/Sources/CryptoExtras/Util/ThreadSpecific/ThreadSpecific.swift:35:45: error: cannot find type 'ThreadOpsSystem' in scope
33 | private var underlyingKey: ThreadOpsSystem.ThreadSpecificKey
34 |
35 | internal init(destructor: @escaping ThreadOpsSystem.ThreadSpecificKeyDestructor) {
| `- error: cannot find type 'ThreadOpsSystem' in scope
36 | self.underlyingKey = ThreadOpsSystem.allocateThreadSpecificValue(destructor: destructor)
37 | }
/host/spi-builder-workspace/.build/checkouts/swift-crypto/Sources/CryptoExtras/Util/ThreadSpecific/ThreadSpecific.swift:35:35: error: @escaping attribute only applies to function types
33 | private var underlyingKey: ThreadOpsSystem.ThreadSpecificKey
34 |
35 | internal init(destructor: @escaping ThreadOpsSystem.ThreadSpecificKeyDestructor) {
| `- error: @escaping attribute only applies to function types
36 | self.underlyingKey = ThreadOpsSystem.allocateThreadSpecificValue(destructor: destructor)
37 | }
/host/spi-builder-workspace/.build/checkouts/swift-crypto/Sources/CryptoExtras/Util/ThreadSpecific/ThreadSpecific.swift:36:34: error: cannot find 'ThreadOpsSystem' in scope
34 |
35 | internal init(destructor: @escaping ThreadOpsSystem.ThreadSpecificKeyDestructor) {
36 | self.underlyingKey = ThreadOpsSystem.allocateThreadSpecificValue(destructor: destructor)
| `- error: cannot find 'ThreadOpsSystem' in scope
37 | }
38 |
/host/spi-builder-workspace/.build/checkouts/swift-crypto/Sources/CryptoExtras/Util/ThreadSpecific/ThreadSpecific.swift:40:13: error: cannot find 'ThreadOpsSystem' in scope
38 |
39 | deinit {
40 | ThreadOpsSystem.deallocateThreadSpecificValue(self.underlyingKey)
| `- error: cannot find 'ThreadOpsSystem' in scope
41 | }
42 |
/host/spi-builder-workspace/.build/checkouts/swift-crypto/Sources/CryptoExtras/Util/ThreadSpecific/ThreadSpecific.swift:44:13: error: cannot find 'ThreadOpsSystem' in scope
42 |
43 | func get() -> UnsafeMutableRawPointer? {
44 | ThreadOpsSystem.getThreadSpecificValue(self.underlyingKey)
| `- error: cannot find 'ThreadOpsSystem' in scope
45 | }
46 |
/host/spi-builder-workspace/.build/checkouts/swift-crypto/Sources/CryptoExtras/Util/ThreadSpecific/ThreadSpecific.swift:48:13: error: cannot find 'ThreadOpsSystem' in scope
46 |
47 | func set(value: UnsafeMutableRawPointer?) {
48 | ThreadOpsSystem.setThreadSpecificValue(key: self.underlyingKey, value: value)
| `- error: cannot find 'ThreadOpsSystem' in scope
49 | }
50 | }
[1121/1195] Compiling CryptoExtras ThreadWindows.swift
/host/spi-builder-workspace/.build/checkouts/swift-crypto/Sources/CryptoExtras/Util/ThreadSpecific/ThreadSpecific.swift:33:36: error: cannot find type 'ThreadOpsSystem' in scope
31 |
32 | private class Key {
33 | private var underlyingKey: ThreadOpsSystem.ThreadSpecificKey
| `- error: cannot find type 'ThreadOpsSystem' in scope
34 |
35 | internal init(destructor: @escaping ThreadOpsSystem.ThreadSpecificKeyDestructor) {
/host/spi-builder-workspace/.build/checkouts/swift-crypto/Sources/CryptoExtras/Util/ThreadSpecific/ThreadSpecific.swift:35:45: error: cannot find type 'ThreadOpsSystem' in scope
33 | private var underlyingKey: ThreadOpsSystem.ThreadSpecificKey
34 |
35 | internal init(destructor: @escaping ThreadOpsSystem.ThreadSpecificKeyDestructor) {
| `- error: cannot find type 'ThreadOpsSystem' in scope
36 | self.underlyingKey = ThreadOpsSystem.allocateThreadSpecificValue(destructor: destructor)
37 | }
/host/spi-builder-workspace/.build/checkouts/swift-crypto/Sources/CryptoExtras/Util/ThreadSpecific/ThreadSpecific.swift:35:35: error: @escaping attribute only applies to function types
33 | private var underlyingKey: ThreadOpsSystem.ThreadSpecificKey
34 |
35 | internal init(destructor: @escaping ThreadOpsSystem.ThreadSpecificKeyDestructor) {
| `- error: @escaping attribute only applies to function types
36 | self.underlyingKey = ThreadOpsSystem.allocateThreadSpecificValue(destructor: destructor)
37 | }
/host/spi-builder-workspace/.build/checkouts/swift-crypto/Sources/CryptoExtras/Util/ThreadSpecific/ThreadSpecific.swift:36:34: error: cannot find 'ThreadOpsSystem' in scope
34 |
35 | internal init(destructor: @escaping ThreadOpsSystem.ThreadSpecificKeyDestructor) {
36 | self.underlyingKey = ThreadOpsSystem.allocateThreadSpecificValue(destructor: destructor)
| `- error: cannot find 'ThreadOpsSystem' in scope
37 | }
38 |
/host/spi-builder-workspace/.build/checkouts/swift-crypto/Sources/CryptoExtras/Util/ThreadSpecific/ThreadSpecific.swift:40:13: error: cannot find 'ThreadOpsSystem' in scope
38 |
39 | deinit {
40 | ThreadOpsSystem.deallocateThreadSpecificValue(self.underlyingKey)
| `- error: cannot find 'ThreadOpsSystem' in scope
41 | }
42 |
/host/spi-builder-workspace/.build/checkouts/swift-crypto/Sources/CryptoExtras/Util/ThreadSpecific/ThreadSpecific.swift:44:13: error: cannot find 'ThreadOpsSystem' in scope
42 |
43 | func get() -> UnsafeMutableRawPointer? {
44 | ThreadOpsSystem.getThreadSpecificValue(self.underlyingKey)
| `- error: cannot find 'ThreadOpsSystem' in scope
45 | }
46 |
/host/spi-builder-workspace/.build/checkouts/swift-crypto/Sources/CryptoExtras/Util/ThreadSpecific/ThreadSpecific.swift:48:13: error: cannot find 'ThreadOpsSystem' in scope
46 |
47 | func set(value: UnsafeMutableRawPointer?) {
48 | ThreadOpsSystem.setThreadSpecificValue(key: self.underlyingKey, value: value)
| `- error: cannot find 'ThreadOpsSystem' in scope
49 | }
50 | }
[1122/1195] Compiling CryptoExtras DLEQ.swift
/host/spi-builder-workspace/.build/checkouts/swift-crypto/Sources/CryptoExtras/Util/ThreadSpecific/ThreadSpecific.swift:33:36: error: cannot find type 'ThreadOpsSystem' in scope
31 |
32 | private class Key {
33 | private var underlyingKey: ThreadOpsSystem.ThreadSpecificKey
| `- error: cannot find type 'ThreadOpsSystem' in scope
34 |
35 | internal init(destructor: @escaping ThreadOpsSystem.ThreadSpecificKeyDestructor) {
/host/spi-builder-workspace/.build/checkouts/swift-crypto/Sources/CryptoExtras/Util/ThreadSpecific/ThreadSpecific.swift:35:45: error: cannot find type 'ThreadOpsSystem' in scope
33 | private var underlyingKey: ThreadOpsSystem.ThreadSpecificKey
34 |
35 | internal init(destructor: @escaping ThreadOpsSystem.ThreadSpecificKeyDestructor) {
| `- error: cannot find type 'ThreadOpsSystem' in scope
36 | self.underlyingKey = ThreadOpsSystem.allocateThreadSpecificValue(destructor: destructor)
37 | }
/host/spi-builder-workspace/.build/checkouts/swift-crypto/Sources/CryptoExtras/Util/ThreadSpecific/ThreadSpecific.swift:35:35: error: @escaping attribute only applies to function types
33 | private var underlyingKey: ThreadOpsSystem.ThreadSpecificKey
34 |
35 | internal init(destructor: @escaping ThreadOpsSystem.ThreadSpecificKeyDestructor) {
| `- error: @escaping attribute only applies to function types
36 | self.underlyingKey = ThreadOpsSystem.allocateThreadSpecificValue(destructor: destructor)
37 | }
/host/spi-builder-workspace/.build/checkouts/swift-crypto/Sources/CryptoExtras/Util/ThreadSpecific/ThreadSpecific.swift:36:34: error: cannot find 'ThreadOpsSystem' in scope
34 |
35 | internal init(destructor: @escaping ThreadOpsSystem.ThreadSpecificKeyDestructor) {
36 | self.underlyingKey = ThreadOpsSystem.allocateThreadSpecificValue(destructor: destructor)
| `- error: cannot find 'ThreadOpsSystem' in scope
37 | }
38 |
/host/spi-builder-workspace/.build/checkouts/swift-crypto/Sources/CryptoExtras/Util/ThreadSpecific/ThreadSpecific.swift:40:13: error: cannot find 'ThreadOpsSystem' in scope
38 |
39 | deinit {
40 | ThreadOpsSystem.deallocateThreadSpecificValue(self.underlyingKey)
| `- error: cannot find 'ThreadOpsSystem' in scope
41 | }
42 |
/host/spi-builder-workspace/.build/checkouts/swift-crypto/Sources/CryptoExtras/Util/ThreadSpecific/ThreadSpecific.swift:44:13: error: cannot find 'ThreadOpsSystem' in scope
42 |
43 | func get() -> UnsafeMutableRawPointer? {
44 | ThreadOpsSystem.getThreadSpecificValue(self.underlyingKey)
| `- error: cannot find 'ThreadOpsSystem' in scope
45 | }
46 |
/host/spi-builder-workspace/.build/checkouts/swift-crypto/Sources/CryptoExtras/Util/ThreadSpecific/ThreadSpecific.swift:48:13: error: cannot find 'ThreadOpsSystem' in scope
46 |
47 | func set(value: UnsafeMutableRawPointer?) {
48 | ThreadOpsSystem.setThreadSpecificValue(key: self.underlyingKey, value: value)
| `- error: cannot find 'ThreadOpsSystem' in scope
49 | }
50 | }
[1123/1195] Compiling CryptoExtras Prover.swift
/host/spi-builder-workspace/.build/checkouts/swift-crypto/Sources/CryptoExtras/Util/ThreadSpecific/ThreadSpecific.swift:33:36: error: cannot find type 'ThreadOpsSystem' in scope
31 |
32 | private class Key {
33 | private var underlyingKey: ThreadOpsSystem.ThreadSpecificKey
| `- error: cannot find type 'ThreadOpsSystem' in scope
34 |
35 | internal init(destructor: @escaping ThreadOpsSystem.ThreadSpecificKeyDestructor) {
/host/spi-builder-workspace/.build/checkouts/swift-crypto/Sources/CryptoExtras/Util/ThreadSpecific/ThreadSpecific.swift:35:45: error: cannot find type 'ThreadOpsSystem' in scope
33 | private var underlyingKey: ThreadOpsSystem.ThreadSpecificKey
34 |
35 | internal init(destructor: @escaping ThreadOpsSystem.ThreadSpecificKeyDestructor) {
| `- error: cannot find type 'ThreadOpsSystem' in scope
36 | self.underlyingKey = ThreadOpsSystem.allocateThreadSpecificValue(destructor: destructor)
37 | }
/host/spi-builder-workspace/.build/checkouts/swift-crypto/Sources/CryptoExtras/Util/ThreadSpecific/ThreadSpecific.swift:35:35: error: @escaping attribute only applies to function types
33 | private var underlyingKey: ThreadOpsSystem.ThreadSpecificKey
34 |
35 | internal init(destructor: @escaping ThreadOpsSystem.ThreadSpecificKeyDestructor) {
| `- error: @escaping attribute only applies to function types
36 | self.underlyingKey = ThreadOpsSystem.allocateThreadSpecificValue(destructor: destructor)
37 | }
/host/spi-builder-workspace/.build/checkouts/swift-crypto/Sources/CryptoExtras/Util/ThreadSpecific/ThreadSpecific.swift:36:34: error: cannot find 'ThreadOpsSystem' in scope
34 |
35 | internal init(destructor: @escaping ThreadOpsSystem.ThreadSpecificKeyDestructor) {
36 | self.underlyingKey = ThreadOpsSystem.allocateThreadSpecificValue(destructor: destructor)
| `- error: cannot find 'ThreadOpsSystem' in scope
37 | }
38 |
/host/spi-builder-workspace/.build/checkouts/swift-crypto/Sources/CryptoExtras/Util/ThreadSpecific/ThreadSpecific.swift:40:13: error: cannot find 'ThreadOpsSystem' in scope
38 |
39 | deinit {
40 | ThreadOpsSystem.deallocateThreadSpecificValue(self.underlyingKey)
| `- error: cannot find 'ThreadOpsSystem' in scope
41 | }
42 |
/host/spi-builder-workspace/.build/checkouts/swift-crypto/Sources/CryptoExtras/Util/ThreadSpecific/ThreadSpecific.swift:44:13: error: cannot find 'ThreadOpsSystem' in scope
42 |
43 | func get() -> UnsafeMutableRawPointer? {
44 | ThreadOpsSystem.getThreadSpecificValue(self.underlyingKey)
| `- error: cannot find 'ThreadOpsSystem' in scope
45 | }
46 |
/host/spi-builder-workspace/.build/checkouts/swift-crypto/Sources/CryptoExtras/Util/ThreadSpecific/ThreadSpecific.swift:48:13: error: cannot find 'ThreadOpsSystem' in scope
46 |
47 | func set(value: UnsafeMutableRawPointer?) {
48 | ThreadOpsSystem.setThreadSpecificValue(key: self.underlyingKey, value: value)
| `- error: cannot find 'ThreadOpsSystem' in scope
49 | }
50 | }
[1124/1195] Compiling CryptoExtras Verifier.swift
/host/spi-builder-workspace/.build/checkouts/swift-crypto/Sources/CryptoExtras/Util/ThreadSpecific/ThreadSpecific.swift:33:36: error: cannot find type 'ThreadOpsSystem' in scope
31 |
32 | private class Key {
33 | private var underlyingKey: ThreadOpsSystem.ThreadSpecificKey
| `- error: cannot find type 'ThreadOpsSystem' in scope
34 |
35 | internal init(destructor: @escaping ThreadOpsSystem.ThreadSpecificKeyDestructor) {
/host/spi-builder-workspace/.build/checkouts/swift-crypto/Sources/CryptoExtras/Util/ThreadSpecific/ThreadSpecific.swift:35:45: error: cannot find type 'ThreadOpsSystem' in scope
33 | private var underlyingKey: ThreadOpsSystem.ThreadSpecificKey
34 |
35 | internal init(destructor: @escaping ThreadOpsSystem.ThreadSpecificKeyDestructor) {
| `- error: cannot find type 'ThreadOpsSystem' in scope
36 | self.underlyingKey = ThreadOpsSystem.allocateThreadSpecificValue(destructor: destructor)
37 | }
/host/spi-builder-workspace/.build/checkouts/swift-crypto/Sources/CryptoExtras/Util/ThreadSpecific/ThreadSpecific.swift:35:35: error: @escaping attribute only applies to function types
33 | private var underlyingKey: ThreadOpsSystem.ThreadSpecificKey
34 |
35 | internal init(destructor: @escaping ThreadOpsSystem.ThreadSpecificKeyDestructor) {
| `- error: @escaping attribute only applies to function types
36 | self.underlyingKey = ThreadOpsSystem.allocateThreadSpecificValue(destructor: destructor)
37 | }
/host/spi-builder-workspace/.build/checkouts/swift-crypto/Sources/CryptoExtras/Util/ThreadSpecific/ThreadSpecific.swift:36:34: error: cannot find 'ThreadOpsSystem' in scope
34 |
35 | internal init(destructor: @escaping ThreadOpsSystem.ThreadSpecificKeyDestructor) {
36 | self.underlyingKey = ThreadOpsSystem.allocateThreadSpecificValue(destructor: destructor)
| `- error: cannot find 'ThreadOpsSystem' in scope
37 | }
38 |
/host/spi-builder-workspace/.build/checkouts/swift-crypto/Sources/CryptoExtras/Util/ThreadSpecific/ThreadSpecific.swift:40:13: error: cannot find 'ThreadOpsSystem' in scope
38 |
39 | deinit {
40 | ThreadOpsSystem.deallocateThreadSpecificValue(self.underlyingKey)
| `- error: cannot find 'ThreadOpsSystem' in scope
41 | }
42 |
/host/spi-builder-workspace/.build/checkouts/swift-crypto/Sources/CryptoExtras/Util/ThreadSpecific/ThreadSpecific.swift:44:13: error: cannot find 'ThreadOpsSystem' in scope
42 |
43 | func get() -> UnsafeMutableRawPointer? {
44 | ThreadOpsSystem.getThreadSpecificValue(self.underlyingKey)
| `- error: cannot find 'ThreadOpsSystem' in scope
45 | }
46 |
/host/spi-builder-workspace/.build/checkouts/swift-crypto/Sources/CryptoExtras/Util/ThreadSpecific/ThreadSpecific.swift:48:13: error: cannot find 'ThreadOpsSystem' in scope
46 |
47 | func set(value: UnsafeMutableRawPointer?) {
48 | ThreadOpsSystem.setThreadSpecificValue(key: self.underlyingKey, value: value)
| `- error: cannot find 'ThreadOpsSystem' in scope
49 | }
50 | }
[1125/1195] Compiling CryptoExtras ZKPToolbox.swift
/host/spi-builder-workspace/.build/checkouts/swift-crypto/Sources/CryptoExtras/Util/ThreadSpecific/ThreadSpecific.swift:33:36: error: cannot find type 'ThreadOpsSystem' in scope
31 |
32 | private class Key {
33 | private var underlyingKey: ThreadOpsSystem.ThreadSpecificKey
| `- error: cannot find type 'ThreadOpsSystem' in scope
34 |
35 | internal init(destructor: @escaping ThreadOpsSystem.ThreadSpecificKeyDestructor) {
/host/spi-builder-workspace/.build/checkouts/swift-crypto/Sources/CryptoExtras/Util/ThreadSpecific/ThreadSpecific.swift:35:45: error: cannot find type 'ThreadOpsSystem' in scope
33 | private var underlyingKey: ThreadOpsSystem.ThreadSpecificKey
34 |
35 | internal init(destructor: @escaping ThreadOpsSystem.ThreadSpecificKeyDestructor) {
| `- error: cannot find type 'ThreadOpsSystem' in scope
36 | self.underlyingKey = ThreadOpsSystem.allocateThreadSpecificValue(destructor: destructor)
37 | }
/host/spi-builder-workspace/.build/checkouts/swift-crypto/Sources/CryptoExtras/Util/ThreadSpecific/ThreadSpecific.swift:35:35: error: @escaping attribute only applies to function types
33 | private var underlyingKey: ThreadOpsSystem.ThreadSpecificKey
34 |
35 | internal init(destructor: @escaping ThreadOpsSystem.ThreadSpecificKeyDestructor) {
| `- error: @escaping attribute only applies to function types
36 | self.underlyingKey = ThreadOpsSystem.allocateThreadSpecificValue(destructor: destructor)
37 | }
/host/spi-builder-workspace/.build/checkouts/swift-crypto/Sources/CryptoExtras/Util/ThreadSpecific/ThreadSpecific.swift:36:34: error: cannot find 'ThreadOpsSystem' in scope
34 |
35 | internal init(destructor: @escaping ThreadOpsSystem.ThreadSpecificKeyDestructor) {
36 | self.underlyingKey = ThreadOpsSystem.allocateThreadSpecificValue(destructor: destructor)
| `- error: cannot find 'ThreadOpsSystem' in scope
37 | }
38 |
/host/spi-builder-workspace/.build/checkouts/swift-crypto/Sources/CryptoExtras/Util/ThreadSpecific/ThreadSpecific.swift:40:13: error: cannot find 'ThreadOpsSystem' in scope
38 |
39 | deinit {
40 | ThreadOpsSystem.deallocateThreadSpecificValue(self.underlyingKey)
| `- error: cannot find 'ThreadOpsSystem' in scope
41 | }
42 |
/host/spi-builder-workspace/.build/checkouts/swift-crypto/Sources/CryptoExtras/Util/ThreadSpecific/ThreadSpecific.swift:44:13: error: cannot find 'ThreadOpsSystem' in scope
42 |
43 | func get() -> UnsafeMutableRawPointer? {
44 | ThreadOpsSystem.getThreadSpecificValue(self.underlyingKey)
| `- error: cannot find 'ThreadOpsSystem' in scope
45 | }
46 |
/host/spi-builder-workspace/.build/checkouts/swift-crypto/Sources/CryptoExtras/Util/ThreadSpecific/ThreadSpecific.swift:48:13: error: cannot find 'ThreadOpsSystem' in scope
46 |
47 | func set(value: UnsafeMutableRawPointer?) {
48 | ThreadOpsSystem.setThreadSpecificValue(key: self.underlyingKey, value: value)
| `- error: cannot find 'ThreadOpsSystem' in scope
49 | }
50 | }
[1126/1195] Compiling SwiftCurve448 SecureBytes.swift
[1127/1196] Compiling SwiftMnemonic Mnemonic.swift
[1128/1196] Compiling SwiftMnemonic Errors.swift
[1129/1196] Compiling CryptoExtras PBKDF2.swift
[1130/1196] Compiling CryptoExtras Scrypt_boring.swift
[1131/1196] Compiling CryptoExtras Scrypt.swift
[1132/1196] Compiling CryptoExtras OPRF.swift
[1133/1196] Compiling CryptoExtras OPRFClient.swift
[1134/1196] Compiling CryptoExtras OPRFServer.swift
[1135/1196] Compiling CryptoExtras VOPRF+API.swift
[1136/1196] Compiling CryptoExtras VOPRFClient.swift
[1137/1196] Compiling CryptoExtras VOPRFServer.swift
[1138/1196] Compiling JSONLD JSONLD+Frame.swift
[1139/1196] Compiling JSONLD JSONLD+ToFromRDF.swift
[1140/1196] Compiling JSONLD JSONLD.swift
[1141/1196] Compiling JSONLD JSONLDError.swift
[1142/1196] Compiling JSONLD JSONLD+Canonize.swift
[1144/1196] Compiling JSONLD JSONLD+Compact.swift
[1145/1196] Compiling JSONLD JSONLD+Expand.swift
[1146/1196] Compiling JSONLD JSONLD+Flatten.swift
[1147/1196] Compiling JSONLD RDFDataset.swift
[1148/1196] Compiling JSONLD TermDefinition.swift
[1149/1196] Compiling JSONLD URLSessionDocumentLoader.swift
[1150/1196] Compiling JSONLD NodeMap.swift
[1151/1196] Compiling JSONLD RDFLiterals.swift
[1152/1196] Compiling JSONLD ToRDF.swift
[1153/1196] Compiling JSONLD JSON.swift
[1154/1196] Compiling CryptoExtras BoringSSLPassphraseCallbackManager.swift
[1155/1196] Compiling CryptoExtras RSA+BlindSigning.swift
[1156/1196] Compiling CryptoExtras RSA.swift
[1157/1196] Compiling CryptoExtras RSA_boring.swift
[1158/1196] Compiling CryptoExtras Reexport.swift
[1159/1196] Compiling CryptoExtras Zeroization_boring.swift
[1160/1196] Compiling CryptoExtras BoringSSLHelpers.swift
[1161/1196] Compiling CryptoExtras CryptoKitErrors_boring.swift
error: emit-module command failed with exit code 1 (use -v to see invocation)
[1171/1196] Compiling JSONLD FromRDF.swift
[1172/1196] Compiling JSONLD IRIExpansion.swift
[1173/1196] Compiling JSONLD InverseContext.swift
[1180/1196] Emitting module CryptoExtras
/host/spi-builder-workspace/.build/checkouts/swift-crypto/Sources/CryptoExtras/Util/ThreadSpecific/ThreadSpecific.swift:33:36: error: cannot find type 'ThreadOpsSystem' in scope
31 |
32 | private class Key {
33 | private var underlyingKey: ThreadOpsSystem.ThreadSpecificKey
| `- error: cannot find type 'ThreadOpsSystem' in scope
34 |
35 | internal init(destructor: @escaping ThreadOpsSystem.ThreadSpecificKeyDestructor) {
/host/spi-builder-workspace/.build/checkouts/swift-crypto/Sources/CryptoExtras/Util/ThreadSpecific/ThreadSpecific.swift:35:45: error: cannot find type 'ThreadOpsSystem' in scope
33 | private var underlyingKey: ThreadOpsSystem.ThreadSpecificKey
34 |
35 | internal init(destructor: @escaping ThreadOpsSystem.ThreadSpecificKeyDestructor) {
| `- error: cannot find type 'ThreadOpsSystem' in scope
36 | self.underlyingKey = ThreadOpsSystem.allocateThreadSpecificValue(destructor: destructor)
37 | }
/host/spi-builder-workspace/.build/checkouts/swift-crypto/Sources/CryptoExtras/Util/ThreadSpecific/ThreadSpecific.swift:35:35: error: @escaping attribute only applies to function types
33 | private var underlyingKey: ThreadOpsSystem.ThreadSpecificKey
34 |
35 | internal init(destructor: @escaping ThreadOpsSystem.ThreadSpecificKeyDestructor) {
| `- error: @escaping attribute only applies to function types
36 | self.underlyingKey = ThreadOpsSystem.allocateThreadSpecificValue(destructor: destructor)
37 | }
[1181/1196] Compiling SwiftMnemonic Utils.swift
BUILD FAILURE 6.2 wasm