The Swift Package Index logo.Swift Package Index

Build Information

Failed to build FitDataProtocol, reference master (8b499a), with Swift 6.4 for Android on 19 Sep 2026 06:03:51 UTC.

Build Command

bash -c docker run --pull=always --rm -v "checkouts-54344843-0":/host -w "$PWD" -e JAVA_HOME="/root/.sdkman/candidates/java/current" -e SPI_BUILD="1" -e SPI_PROCESSING="1" registry.gitlab.com/saguaro1/spi-images:android-6.4-latest swift build --swift-sdk aarch64-unknown-linux-android28 2>&1

Build Log

========================================
RunAll
========================================
Builder version: 5.1.0
Interrupt handler set up.
========================================
Checkout
========================================
Clone URL: https://github.com/FitnessKit/FitDataProtocol.git
Reference: master
Initialized empty Git repository in /host/spi-builder-workspace/.git/
hint: Using 'master' as the name for the initial branch. This default branch name
hint: is subject to change. To configure the initial branch name to use in all
hint: of your new repositories, which will suppress this warning, call:
hint:
hint: 	git config --global init.defaultBranch <name>
hint:
hint: Names commonly chosen instead of 'master' are 'main', 'trunk' and
hint: 'development'. The just-created branch can be renamed via this command:
hint:
hint: 	git branch -m <name>
From https://github.com/FitnessKit/FitDataProtocol
 * branch            master     -> FETCH_HEAD
 * [new branch]      master     -> origin/master
HEAD is now at 8b499a0 product updates
Cloned https://github.com/FitnessKit/FitDataProtocol.git
Revision (git rev-parse @):
8b499a02451463642138c1e621c2028520673cd5
SUCCESS checkout https://github.com/FitnessKit/FitDataProtocol.git at master
========================================
Build
========================================
Selected platform:         android
Swift version:             6.4
Building package at path:  $PWD
https://github.com/FitnessKit/FitDataProtocol.git
Running build ...
bash -c docker run --pull=always --rm -v "checkouts-54344843-0":/host -w "$PWD" -e JAVA_HOME="/root/.sdkman/candidates/java/current" -e SPI_BUILD="1" -e SPI_PROCESSING="1" registry.gitlab.com/saguaro1/spi-images:android-6.4-latest swift build --swift-sdk aarch64-unknown-linux-android28 2>&1
android-6.4-latest: Pulling from saguaro1/spi-images
Digest: sha256:abadcff584c273feba50641b454858d377ba30b35ea7287a94f45ebd8afd0ea0
Status: Image is up to date for registry.gitlab.com/saguaro1/spi-images:android-6.4-latest
Fetching https://github.com/FitnessKit/FitnessUnits
Fetching https://github.com/FitnessKit/AntMessageProtocol
Fetching https://github.com/FitnessKit/DataDecoder
[1/454] Fetching datadecoder
[160/1273] Fetching datadecoder, antmessageprotocol
Fetched https://github.com/FitnessKit/DataDecoder (0.50s)
Fetched https://github.com/FitnessKit/AntMessageProtocol (0.50s)
[1/839] Fetching fitnessunits
Fetched https://github.com/FitnessKit/FitnessUnits (1.28s)
Computing version for https://github.com/FitnessKit/AntMessageProtocol
Computed https://github.com/FitnessKit/AntMessageProtocol at 1.1.1 (1.47s)
Computing version for https://github.com/FitnessKit/DataDecoder
Computed https://github.com/FitnessKit/DataDecoder at 5.0.0 (0.18s)
Computing version for https://github.com/FitnessKit/FitnessUnits
Computed https://github.com/FitnessKit/FitnessUnits at 3.1.0 (0.18s)
Creating working copy for https://github.com/FitnessKit/AntMessageProtocol
Working copy of https://github.com/FitnessKit/AntMessageProtocol resolved at 1.1.1
Creating working copy for https://github.com/FitnessKit/FitnessUnits
Working copy of https://github.com/FitnessKit/FitnessUnits resolved at 3.1.0
Creating working copy for https://github.com/FitnessKit/DataDecoder
Working copy of https://github.com/FitnessKit/DataDecoder resolved at 5.0.0
Building for debugging...
[Constructing description]
[Planning deferred tasks]
[47 / 82] FitnessUnits
error: SwiftCompile normal aarch64 failed with a nonzero exit code. Command line:     cd /host

/host/spi-builder-workspace/.build/checkouts/FitnessUnits/Sources/FitnessUnits/Dimensional/UnitAngularVelocity.swift:74:1: error: 'required' initializer 'init(symbol:converter:)' must be provided by subclass of 'Dimension'
72 |
73 |     public required init?(coder aDecoder: NSCoder) { super.init(coder: aDecoder) }
74 |
   | `- error: 'required' initializer 'init(symbol:converter:)' must be provided by subclass of 'Dimension'
75 |     /// Encodes the receiver using a given archiver
76 |     ///
Foundation.Dimension.init:2:17: note: 'required' initializer is declared in superclass here
1 | class Dimension {
2 | required public init(symbol: String, converter: UnitConverter)}
  |                 `- note: 'required' initializer is declared in superclass here
3 |
/host/spi-builder-workspace/.build/checkouts/FitnessUnits/Sources/FitnessUnits/Dimensional/UnitAngularVelocity.swift:74:1: error: 'required' initializer 'init(symbol:)' must be provided by subclass of 'Dimension'
72 |
73 |     public required init?(coder aDecoder: NSCoder) { super.init(coder: aDecoder) }
74 |
   | `- error: 'required' initializer 'init(symbol:)' must be provided by subclass of 'Dimension'
75 |     /// Encodes the receiver using a given archiver
76 |     ///
Foundation.Dimension.init:2:17: note: 'required' initializer is declared in superclass here
1 | class Dimension {
2 | required public init(symbol: String)}
  |                 `- note: 'required' initializer is declared in superclass here
3 |
/host/spi-builder-workspace/.build/checkouts/FitnessUnits/Sources/FitnessUnits/Dimensional/UnitForce.swift:88:1: error: 'required' initializer 'init(symbol:converter:)' must be provided by subclass of 'Dimension'
 86 |
 87 |     public required init?(coder aDecoder: NSCoder) { super.init(coder: aDecoder) }
 88 |
    | `- error: 'required' initializer 'init(symbol:converter:)' must be provided by subclass of 'Dimension'
 89 |     public override func encode(with aCoder: NSCoder) { super.encode(with: aCoder) }
 90 |
Foundation.Dimension.init:2:17: note: 'required' initializer is declared in superclass here
1 | class Dimension {
2 | required public init(symbol: String, converter: UnitConverter)}
  |                 `- note: 'required' initializer is declared in superclass here
3 |
/host/spi-builder-workspace/.build/checkouts/FitnessUnits/Sources/FitnessUnits/Dimensional/UnitForce.swift:88:1: error: 'required' initializer 'init(symbol:)' must be provided by subclass of 'Dimension'
 86 |
 87 |     public required init?(coder aDecoder: NSCoder) { super.init(coder: aDecoder) }
 88 |
    | `- error: 'required' initializer 'init(symbol:)' must be provided by subclass of 'Dimension'
 89 |     public override func encode(with aCoder: NSCoder) { super.encode(with: aCoder) }
 90 |
Foundation.Dimension.init:2:17: note: 'required' initializer is declared in superclass here
1 | class Dimension {
2 | required public init(symbol: String)}
  |                 `- note: 'required' initializer is declared in superclass here
3 |
/host/spi-builder-workspace/.build/checkouts/FitnessUnits/Sources/FitnessUnits/Dimensional/UnitLinearDensity.swift:74:1: error: 'required' initializer 'init(symbol:converter:)' must be provided by subclass of 'Dimension'
72 |
73 |     public required init?(coder aDecoder: NSCoder) { super.init(coder: aDecoder) }
74 |
   | `- error: 'required' initializer 'init(symbol:converter:)' must be provided by subclass of 'Dimension'
75 |     /// Encodes the receiver using a given archiver
76 |     ///
Foundation.Dimension.init:2:17: note: 'required' initializer is declared in superclass here
1 | class Dimension {
2 | required public init(symbol: String, converter: UnitConverter)}
  |                 `- note: 'required' initializer is declared in superclass here
3 |
/host/spi-builder-workspace/.build/checkouts/FitnessUnits/Sources/FitnessUnits/Dimensional/UnitLinearDensity.swift:74:1: error: 'required' initializer 'init(symbol:)' must be provided by subclass of 'Dimension'
72 |
73 |     public required init?(coder aDecoder: NSCoder) { super.init(coder: aDecoder) }
74 |
   | `- error: 'required' initializer 'init(symbol:)' must be provided by subclass of 'Dimension'
75 |     /// Encodes the receiver using a given archiver
76 |     ///
Foundation.Dimension.init:2:17: note: 'required' initializer is declared in superclass here
1 | class Dimension {
2 | required public init(symbol: String)}
  |                 `- note: 'required' initializer is declared in superclass here
3 |
/host/spi-builder-workspace/.build/checkouts/FitnessUnits/Sources/FitnessUnits/Dimensional/UnitMagneticField.swift:95:1: error: 'required' initializer 'init(symbol:converter:)' must be provided by subclass of 'Dimension'
 93 |
 94 |     public required init?(coder aDecoder: NSCoder) { super.init(coder: aDecoder) }
 95 |
    | `- error: 'required' initializer 'init(symbol:converter:)' must be provided by subclass of 'Dimension'
 96 |     /// Encodes the receiver using a given archiver
 97 |     ///
Foundation.Dimension.init:2:17: note: 'required' initializer is declared in superclass here
1 | class Dimension {
2 | required public init(symbol: String, converter: UnitConverter)}
  |                 `- note: 'required' initializer is declared in superclass here
3 |
/host/spi-builder-workspace/.build/checkouts/FitnessUnits/Sources/FitnessUnits/Dimensional/UnitMagneticField.swift:95:1: error: 'required' initializer 'init(symbol:)' must be provided by subclass of 'Dimension'
 93 |
 94 |     public required init?(coder aDecoder: NSCoder) { super.init(coder: aDecoder) }
 95 |
    | `- error: 'required' initializer 'init(symbol:)' must be provided by subclass of 'Dimension'
 96 |     /// Encodes the receiver using a given archiver
 97 |     ///
Foundation.Dimension.init:2:17: note: 'required' initializer is declared in superclass here
1 | class Dimension {
2 | required public init(symbol: String)}
  |                 `- note: 'required' initializer is declared in superclass here
3 |
/host/spi-builder-workspace/.build/checkouts/FitnessUnits/Sources/FitnessUnits/Dimensional/UnitRadioactivity.swift:116:1: error: 'required' initializer 'init(symbol:converter:)' must be provided by subclass of 'Dimension'
114 |
115 |     public required init?(coder aDecoder: NSCoder) { super.init(coder: aDecoder) }
116 |
    | `- error: 'required' initializer 'init(symbol:converter:)' must be provided by subclass of 'Dimension'
117 |     /// Encodes the receiver using a given archiver
118 |     ///
Foundation.Dimension.init:2:17: note: 'required' initializer is declared in superclass here
1 | class Dimension {
2 | required public init(symbol: String, converter: UnitConverter)}
  |                 `- note: 'required' initializer is declared in superclass here
3 |
/host/spi-builder-workspace/.build/checkouts/FitnessUnits/Sources/FitnessUnits/Dimensional/UnitRadioactivity.swift:116:1: error: 'required' initializer 'init(symbol:)' must be provided by subclass of 'Dimension'
114 |
115 |     public required init?(coder aDecoder: NSCoder) { super.init(coder: aDecoder) }
116 |
    | `- error: 'required' initializer 'init(symbol:)' must be provided by subclass of 'Dimension'
117 |     /// Encodes the receiver using a given archiver
118 |     ///
Foundation.Dimension.init:2:17: note: 'required' initializer is declared in superclass here
1 | class Dimension {
2 | required public init(symbol: String)}
  |                 `- note: 'required' initializer is declared in superclass here
3 |
/host/spi-builder-workspace/.build/checkouts/FitnessUnits/Sources/FitnessUnits/Dimensional/UnitTorque.swift:80:1: error: 'required' initializer 'init(symbol:converter:)' must be provided by subclass of 'Dimension'
78 |
79 |     public required init?(coder aDecoder: NSCoder) { super.init(coder: aDecoder) }
80 |
   | `- error: 'required' initializer 'init(symbol:converter:)' must be provided by subclass of 'Dimension'
81 |     /// Encodes the receiver using a given archiver
82 |     ///
Foundation.Dimension.init:2:17: note: 'required' initializer is declared in superclass here
1 | class Dimension {
2 | required public init(symbol: String, converter: UnitConverter)}
  |                 `- note: 'required' initializer is declared in superclass here
3 |
/host/spi-builder-workspace/.build/checkouts/FitnessUnits/Sources/FitnessUnits/Dimensional/UnitTorque.swift:80:1: error: 'required' initializer 'init(symbol:)' must be provided by subclass of 'Dimension'
78 |
79 |     public required init?(coder aDecoder: NSCoder) { super.init(coder: aDecoder) }
80 |
   | `- error: 'required' initializer 'init(symbol:)' must be provided by subclass of 'Dimension'
81 |     /// Encodes the receiver using a given archiver
82 |     ///
Foundation.Dimension.init:2:17: note: 'required' initializer is declared in superclass here
1 | class Dimension {
2 | required public init(symbol: String)}
  |                 `- note: 'required' initializer is declared in superclass here
3 |
Failed frontend command:
/root/.local/share/swiftly/toolchains/6.4.x-snapshot-2026-09-04/usr/bin/swift-frontend -frontend -emit-module -experimental-skip-non-inlinable-function-bodies-without-types /host/spi-builder-workspace/.build/checkouts/FitnessUnits/Sources/FitnessUnits/Color.swift /host/spi-builder-workspace/.build/checkouts/FitnessUnits/Sources/FitnessUnits/Dimensional/UnitAcceleration.swift /host/spi-builder-workspace/.build/checkouts/FitnessUnits/Sources/FitnessUnits/Dimensional/UnitAngle.swift /host/spi-builder-workspace/.build/checkouts/FitnessUnits/Sources/FitnessUnits/Dimensional/UnitAngularVelocity.swift /host/spi-builder-workspace/.build/checkouts/FitnessUnits/Sources/FitnessUnits/Dimensional/UnitConcentrationMass.swift /host/spi-builder-workspace/.build/checkouts/FitnessUnits/Sources/FitnessUnits/Dimensional/UnitDuration.swift /host/spi-builder-workspace/.build/checkouts/FitnessUnits/Sources/FitnessUnits/Dimensional/UnitEnergy.swift /host/spi-builder-workspace/.build/checkouts/FitnessUnits/Sources/FitnessUnits/Dimensional/UnitForce.swift /host/spi-builder-workspace/.build/checkouts/FitnessUnits/Sources/FitnessUnits/Dimensional/UnitLinearDensity.swift /host/spi-builder-workspace/.build/checkouts/FitnessUnits/Sources/FitnessUnits/Dimensional/UnitMagneticField.swift /host/spi-builder-workspace/.build/checkouts/FitnessUnits/Sources/FitnessUnits/Dimensional/UnitMass.swift /host/spi-builder-workspace/.build/checkouts/FitnessUnits/Sources/FitnessUnits/Dimensional/UnitRadioactivity.swift /host/spi-builder-workspace/.build/checkouts/FitnessUnits/Sources/FitnessUnits/Dimensional/UnitSpeed.swift /host/spi-builder-workspace/.build/checkouts/FitnessUnits/Sources/FitnessUnits/Dimensional/UnitTorque.swift /host/spi-builder-workspace/.build/checkouts/FitnessUnits/Sources/FitnessUnits/Dimensionless/UnitCadence.swift /host/spi-builder-workspace/.build/checkouts/FitnessUnits/Sources/FitnessUnits/Dimensionless/UnitCount.swift /host/spi-builder-workspace/.build/checkouts/FitnessUnits/Sources/FitnessUnits/Dimensionless/UnitGender.swift /host/spi-builder-workspace/.build/checkouts/FitnessUnits/Sources/FitnessUnits/Dimensionless/UnitOxygenConsumption.swift /host/spi-builder-workspace/.build/checkouts/FitnessUnits/Sources/FitnessUnits/Dimensionless/UnitPercent.swift /host/spi-builder-workspace/.build/checkouts/FitnessUnits/Sources/FitnessUnits/MeasurementZone.swift /host/spi-builder-workspace/.build/checkouts/FitnessUnits/Sources/FitnessUnits/Measurements/StringMeasurement.swift /host/spi-builder-workspace/.build/checkouts/FitnessUnits/Sources/FitnessUnits/Measurements/ValidatedBinaryFloatingPoint.swift /host/spi-builder-workspace/.build/checkouts/FitnessUnits/Sources/FitnessUnits/Measurements/ValidatedBinaryInteger.swift /host/spi-builder-workspace/.build/checkouts/FitnessUnits/Sources/FitnessUnits/Measurements/ValidatedMeasurement.swift -target aarch64-unknown-linux-android28 -Xllvm -aarch64-use-tbi -disable-objc-interop -sdk /android-ndk/android-ndk-r27d/toolchains/llvm/prebuilt/linux-x86_64/sysroot -sysroot /android-ndk/android-ndk-r27d/toolchains/llvm/prebuilt/linux-x86_64/sysroot -I /host/spi-builder-workspace/.build/out/Products/Debug-android-aarch64 -module-cache-path /host/spi-builder-workspace/.build/out/ModuleCache.noindex -color-diagnostics -Xcc -fcolor-diagnostics -enable-testing -g -debug-info-format\=dwarf -dwarf-version\=4 -suppress-warnings -swift-version 5 -Onone -D SWIFT_PACKAGE -D DEBUG -D SWIFT_MODULE_RESOURCE_BUNDLE_UNAVAILABLE -D Xcode -serialize-debugging-options -enable-experimental-feature DebugDescriptionMacro -empty-abi-descriptor -external-plugin-path /root/.local/share/swiftly/toolchains/6.4.x-snapshot-2026-09-04/usr/lib/swift/host/plugins/testing\#/root/.local/share/swiftly/toolchains/6.4.x-snapshot-2026-09-04/usr/bin/swift-plugin-server -validate-clang-modules-once -clang-build-session-file /host/spi-builder-workspace/.build/out/ModuleCache.noindex/Session.modulevalidation -Xcc -working-directory -Xcc /host -resource-dir /root/.swiftpm/swift-sdks/swift-6.4.x-DEVELOPMENT-SNAPSHOT-2026-09-04-a_android.artifactbundle/swift-android/swift-resources/usr/lib/swift-aarch64 -enable-anonymous-context-mangled-names -file-compilation-dir /host -Xcc -resource-dir -Xcc /android-ndk/android-ndk-r27d/toolchains/llvm/prebuilt/linux-x86_64/lib/clang/18 -Xcc -fno-omit-frame-pointer -Xcc -D_LIBCPP_HARDENING_MODE\=_LIBCPP_HARDENING_MODE_DEBUG -Xcc -fmodules-prune-interval\=86400 -Xcc -fmodules-prune-after\=345600 -Xcc -I/host/spi-builder-workspace/.build/out/Products/Debug-android-aarch64/include -Xcc -I/host/spi-builder-workspace/.build/out/Intermediates.noindex/FitnessUnits.build/Debug-android-aarch64/FitnessUnits-t.build/DerivedSources-normal/aarch64 -Xcc -I/host/spi-builder-workspace/.build/out/Intermediates.noindex/FitnessUnits.build/Debug-android-aarch64/FitnessUnits-t.build/DerivedSources/aarch64 -Xcc -I/host/spi-builder-workspace/.build/out/Intermediates.noindex/FitnessUnits.build/Debug-android-aarch64/FitnessUnits-t.build/DerivedSources -Xcc -DSWIFT_PACKAGE -Xcc -DDEBUG\=1 -no-auto-bridging-header-chaining -module-name FitnessUnits -const-gather-protocols-file /host/spi-builder-workspace/.build/out/Intermediates.noindex/FitnessUnits.build/Debug-android-aarch64/FitnessUnits-t.build/Objects-normal/aarch64/FitnessUnits_const_extract_protocols.json -in-process-plugin-server-path /root/.local/share/swiftly/toolchains/6.4.x-snapshot-2026-09-04/usr/lib/swift/host/libSwiftInProcPluginServer.so -plugin-path /root/.local/share/swiftly/toolchains/6.4.x-snapshot-2026-09-04/usr/lib/swift/host/plugins -plugin-path /root/.local/share/swiftly/toolchains/6.4.x-snapshot-2026-09-04/usr/local/lib/swift/host/plugins -emit-module-doc-path /host/spi-builder-workspace/.build/out/Intermediates.noindex/FitnessUnits.build/Debug-android-aarch64/FitnessUnits-t.build/Objects-normal/aarch64/Modules/FitnessUnits.swiftdoc -emit-module-source-info-path /host/spi-builder-workspace/.build/out/Intermediates.noindex/FitnessUnits.build/Debug-android-aarch64/FitnessUnits-t.build/Objects-normal/aarch64/Modules/FitnessUnits.swiftsourceinfo -emit-objc-header-path /host/spi-builder-workspace/.build/out/Intermediates.noindex/FitnessUnits.build/Debug-android-aarch64/FitnessUnits-t.build/Objects-normal/aarch64/FitnessUnits-Swift.h -serialize-diagnostics-path /host/spi-builder-workspace/.build/out/Intermediates.noindex/FitnessUnits.build/Debug-android-aarch64/FitnessUnits-t.build/Objects-normal/aarch64/FitnessUnits-primary-emit-module.dia -emit-dependencies-path /host/spi-builder-workspace/.build/out/Intermediates.noindex/FitnessUnits.build/Debug-android-aarch64/FitnessUnits-t.build/Objects-normal/aarch64/FitnessUnits-primary-emit-module.d -parse-as-library -o /host/spi-builder-workspace/.build/out/Intermediates.noindex/FitnessUnits.build/Debug-android-aarch64/FitnessUnits-t.build/Objects-normal/aarch64/Modules/FitnessUnits.swiftmodule
error: Build failed
BUILD FAILURE 6.4 android