Build Information
Failed to build DateToolsObjC, reference 1.0.7 (04d486), with Swift 6.4 for tvOS using Xcode 27.0 on 17 Sep 2026 10:51:56 UTC.
Build Command
env DEVELOPER_DIR=/Applications/Xcode-27.0.0-Release.Candidate.app xcrun xcodebuild -IDEClonedSourcePackagesDirPathOverride=$PWD/.dependencies -skipMacroValidation -skipPackagePluginValidation -derivedDataPath $PWD/.derivedData build -scheme DateToolsObjC-Package -destination generic/platform=tvOSBuild Log
========================================
RunAll
========================================
Builder version: 5.1.0
Interrupt handler set up.
========================================
Checkout
========================================
Clone URL: https://github.com/3a4oT/DateToolsObjC.git
Reference: 1.0.7
Initialized empty Git repository in /Users/admin/builder/spi-builder-workspace/.git/
From https://github.com/3a4oT/DateToolsObjC
* tag 1.0.7 -> FETCH_HEAD
HEAD is now at 04d486a Merge pull request #23 from 3a4oT/projectsettings
Cloned https://github.com/3a4oT/DateToolsObjC.git
Revision (git rev-parse @):
04d486a091fb8e4b5ab4b677fdd9f9754a0ae899
SUCCESS checkout https://github.com/3a4oT/DateToolsObjC.git at 1.0.7
========================================
Build
========================================
Selected platform: tvOS
Swift version: 6.4
Building package at path: $PWD
https://github.com/3a4oT/DateToolsObjC.git
Command line invocation:
/Applications/Xcode-27.0.0-Release.Candidate.app/Contents/Developer/usr/bin/xcodebuild -IDEClonedSourcePackagesDirPathOverride=/Users/admin/builder/spi-builder-workspace/.dependencies -resolvePackageDependencies
resolved source packages:
{
"dependencies" : [
],
"manifest_display_name" : "DateToolsObjC",
"name" : "DateToolsObjC",
"path" : "/Users/admin/builder/spi-builder-workspace",
"platforms" : [
{
"name" : "macos",
"version" : "10.13"
},
{
"name" : "ios",
"version" : "9.0"
},
{
"name" : "watchos",
"version" : "3.0"
},
{
"name" : "tvos",
"version" : "10.0"
}
],
"products" : [
{
"name" : "DateToolsObjC",
"targets" : [
"DateToolsObjC"
],
"type" : {
"library" : [
"automatic"
]
}
}
],
"targets" : [
{
"c99name" : "DateToolsObjCTests",
"module_type" : "ClangTarget",
"name" : "DateToolsObjCTests",
"path" : "Tests/DateToolsObjCTests",
"sources" : [
"DTTimeAgoTests.m",
"DTTimePeriodChainTests.m",
"DTTimePeriodCollectionTests.m",
"DTTimePeriodGroupTests.m",
"DTTimePeriodTests.m",
"DateToolsObjCTests.m"
],
"target_dependencies" : [
"DateToolsObjC"
],
"type" : "test"
},
{
"c99name" : "DateToolsObjC",
"module_type" : "ClangTarget",
"name" : "DateToolsObjC",
"path" : "Sources/DateToolsObjC",
"product_memberships" : [
"DateToolsObjC"
],
"resources" : [
{
"path" : "/Users/admin/builder/spi-builder-workspace/Sources/DateToolsObjC/Resources/DateTools.bundle",
"rule" : {
"process" : {
}
}
}
],
"sources" : [
"DTConstants.m",
"DTError.m",
"DTTimePeriod.m",
"DTTimePeriodChain.m",
"DTTimePeriodCollection.m",
"DTTimePeriodGroup.m",
"NSDate+DateTools.m"
],
"type" : "library"
}
],
"tools_version" : "5.3"
}
{
"project" : {
"configurations" : [
"Debug",
"Release"
],
"name" : "DateToolsObjC",
"schemes" : [
"DateToolsObjC",
"DateToolsObjC-Package",
"DateToolsObjCTests"
],
"targets" : [
"DateToolsObjC",
"DateToolsObjCPackageDescription",
"DateToolsObjCPackageTests",
"DateToolsObjCTests"
]
}
}
Running build ...
env DEVELOPER_DIR=/Applications/Xcode-27.0.0-Release.Candidate.app xcrun xcodebuild -IDEClonedSourcePackagesDirPathOverride=$PWD/.dependencies -skipMacroValidation -skipPackagePluginValidation -derivedDataPath $PWD/.derivedData build -scheme DateToolsObjC-Package -destination generic/platform=tvOS
Command line invocation:
/Applications/Xcode-27.0.0-Release.Candidate.app/Contents/Developer/usr/bin/xcodebuild -IDEClonedSourcePackagesDirPathOverride=/Users/admin/builder/spi-builder-workspace/.dependencies -skipMacroValidation -skipPackagePluginValidation -derivedDataPath /Users/admin/builder/spi-builder-workspace/.derivedData build -scheme DateToolsObjC-Package -destination generic/platform=tvOS
ComputePackagePrebuildTargetDependencyGraph
Prepare packages
CreateBuildRequest
SendProjectDescription
CreateBuildOperation
ComputeTargetDependencyGraph
note: Building targets in dependency order
note: Target dependency graph (1 target)
Target 'DateToolsObjC' in project 'DateToolsObjC' (no dependencies)
GatherProvisioningInputs
CreateBuildDescription
ExecuteExternalTool /Applications/Xcode-27.0.0-Release.Candidate.app/Contents/Developer/Toolchains/XcodeDefault.xctoolchain/usr/bin/clang -v -E -dM -isysroot /Applications/Xcode-27.0.0-Release.Candidate.app/Contents/Developer/Platforms/AppleTVOS.platform/Developer/SDKs/AppleTVOS27.0.sdk -x c -c /dev/null
ExecuteExternalTool /Applications/Xcode-27.0.0-Release.Candidate.app/Contents/Developer/Toolchains/XcodeDefault.xctoolchain/usr/bin/clang -v -E -dM -arch arm64 -isysroot /Applications/Xcode-27.0.0-Release.Candidate.app/Contents/Developer/Platforms/AppleTVOS.platform/Developer/SDKs/AppleTVOS27.0.sdk -x objective-c -c /dev/null
ExecuteExternalTool /Applications/Xcode-27.0.0-Release.Candidate.app/Contents/Developer/Toolchains/XcodeDefault.xctoolchain/usr/bin/clang -v -E -dM -arch arm64 -isysroot /Applications/Xcode-27.0.0-Release.Candidate.app/Contents/Developer/Platforms/AppleTVOS.platform/Developer/SDKs/AppleTVOS27.0.sdk -x c -c /dev/null
ExecuteExternalTool /Applications/Xcode-27.0.0-Release.Candidate.app/Contents/Developer/Toolchains/XcodeDefault.xctoolchain/usr/bin/ld -version_details
Build description signature: 05c41945f8737eb6fa50ea1fa051f19f
Build description path: /Users/admin/builder/spi-builder-workspace/.derivedData/Build/Intermediates.noindex/XCBuildData/05c41945f8737eb6fa50ea1fa051f19f.xcbuilddata
/Users/admin/builder/spi-builder-workspace/DateToolsObjC.xcodeproj: error: The tvOS deployment target 'TVOS_DEPLOYMENT_TARGET' is set to 12.0, but the range of supported deployment target versions is 15.0 to 27.0.x. (in target 'DateToolsObjC' from project 'DateToolsObjC')
/Users/admin/builder/spi-builder-workspace/DateToolsObjC.xcodeproj: warning: DEFINES_MODULE was set, but no umbrella header could be found to generate the module map (in target 'DateToolsObjC' from project 'DateToolsObjC')
** BUILD FAILED **
The following build commands failed:
Building project DateToolsObjC with scheme DateToolsObjC-Package
(1 failure)
Command line invocation:
/Applications/Xcode-27.0.0-Release.Candidate.app/Contents/Developer/usr/bin/xcodebuild -IDEClonedSourcePackagesDirPathOverride=/Users/admin/builder/spi-builder-workspace/.dependencies -resolvePackageDependencies
resolved source packages:
{
"dependencies" : [
],
"manifest_display_name" : "DateToolsObjC",
"name" : "DateToolsObjC",
"path" : "/Users/admin/builder/spi-builder-workspace",
"platforms" : [
{
"name" : "macos",
"version" : "10.13"
},
{
"name" : "ios",
"version" : "9.0"
},
{
"name" : "watchos",
"version" : "3.0"
},
{
"name" : "tvos",
"version" : "10.0"
}
],
"products" : [
{
"name" : "DateToolsObjC",
"targets" : [
"DateToolsObjC"
],
"type" : {
"library" : [
"automatic"
]
}
}
],
"targets" : [
{
"c99name" : "DateToolsObjCTests",
"module_type" : "ClangTarget",
"name" : "DateToolsObjCTests",
"path" : "Tests/DateToolsObjCTests",
"sources" : [
"DTTimeAgoTests.m",
"DTTimePeriodChainTests.m",
"DTTimePeriodCollectionTests.m",
"DTTimePeriodGroupTests.m",
"DTTimePeriodTests.m",
"DateToolsObjCTests.m"
],
"target_dependencies" : [
"DateToolsObjC"
],
"type" : "test"
},
{
"c99name" : "DateToolsObjC",
"module_type" : "ClangTarget",
"name" : "DateToolsObjC",
"path" : "Sources/DateToolsObjC",
"product_memberships" : [
"DateToolsObjC"
],
"resources" : [
{
"path" : "/Users/admin/builder/spi-builder-workspace/Sources/DateToolsObjC/Resources/DateTools.bundle",
"rule" : {
"process" : {
}
}
}
],
"sources" : [
"DTConstants.m",
"DTError.m",
"DTTimePeriod.m",
"DTTimePeriodChain.m",
"DTTimePeriodCollection.m",
"DTTimePeriodGroup.m",
"NSDate+DateTools.m"
],
"type" : "library"
}
],
"tools_version" : "5.3"
}
{
"project" : {
"configurations" : [
"Debug",
"Release"
],
"name" : "DateToolsObjC",
"schemes" : [
"DateToolsObjC",
"DateToolsObjC-Package",
"DateToolsObjCTests"
],
"targets" : [
"DateToolsObjC",
"DateToolsObjCPackageDescription",
"DateToolsObjCPackageTests",
"DateToolsObjCTests"
]
}
}
Running build ...
env DEVELOPER_DIR=/Applications/Xcode-27.0.0-Release.Candidate.app xcrun xcodebuild -IDEClonedSourcePackagesDirPathOverride=$PWD/.dependencies -skipMacroValidation -skipPackagePluginValidation -derivedDataPath $PWD/.derivedData build -scheme DateToolsObjC-Package -destination generic/platform=tvOS
Command line invocation:
/Applications/Xcode-27.0.0-Release.Candidate.app/Contents/Developer/usr/bin/xcodebuild -IDEClonedSourcePackagesDirPathOverride=/Users/admin/builder/spi-builder-workspace/.dependencies -skipMacroValidation -skipPackagePluginValidation -derivedDataPath /Users/admin/builder/spi-builder-workspace/.derivedData build -scheme DateToolsObjC-Package -destination generic/platform=tvOS
ComputePackagePrebuildTargetDependencyGraph
Prepare packages
CreateBuildRequest
SendProjectDescription
CreateBuildOperation
ComputeTargetDependencyGraph
note: Building targets in dependency order
note: Target dependency graph (1 target)
Target 'DateToolsObjC' in project 'DateToolsObjC' (no dependencies)
GatherProvisioningInputs
CreateBuildDescription
/Users/admin/builder/spi-builder-workspace/DateToolsObjC.xcodeproj: error: The tvOS deployment target 'TVOS_DEPLOYMENT_TARGET' is set to 12.0, but the range of supported deployment target versions is 15.0 to 27.0.x. (in target 'DateToolsObjC' from project 'DateToolsObjC')
/Users/admin/builder/spi-builder-workspace/DateToolsObjC.xcodeproj: warning: DEFINES_MODULE was set, but no umbrella header could be found to generate the module map (in target 'DateToolsObjC' from project 'DateToolsObjC')
** BUILD FAILED **
The following build commands failed:
Building project DateToolsObjC with scheme DateToolsObjC-Package
(1 failure)
BUILD FAILURE 6.4 tvOS