The Swift Package Index logo.Swift Package Index

Build Information

Failed to build swift-usd, reference v26.9.3 (fbddd2), with Swift 6.1 for Wasm on 4 Oct 2026 08:16:28 UTC.

Build Command

bash -c docker run --pull=always --rm -v "checkouts-54344844-1":/host -w "$PWD" -e JAVA_HOME="/root/.sdkman/candidates/java/current" -e SPI_BUILD="1" -e SPI_PROCESSING="1" registry.gitlab.com/saguaro1/spi-images:wasm-6.1-latest swift build --swift-sdk wasm32-unknown-wasi --target UsdView 2>&1

Build Log

========================================
RunAll
========================================
Builder version: 5.1.1
Interrupt handler set up.
========================================
Checkout
========================================
Clone URL: https://github.com/wabiverse/swift-usd.git
Reference: v26.9.3
Initialized empty Git repository in /host/spi-builder-workspace/.git/
hint: Using 'master' as the name for the initial branch. This default branch name
hint: is subject to change. To configure the initial branch name to use in all
hint: of your new repositories, which will suppress this warning, call:
hint:
hint: 	git config --global init.defaultBranch <name>
hint:
hint: Names commonly chosen instead of 'master' are 'main', 'trunk' and
hint: 'development'. The just-created branch can be renamed via this command:
hint:
hint: 	git branch -m <name>
From https://github.com/wabiverse/swift-usd
 * tag               v26.9.3    -> FETCH_HEAD
HEAD is now at fbddd26 Allow delegates to draw their own selection outline.
Updating files:  95% (9250/9647)
Updating files:  96% (9262/9647)
Updating files:  97% (9358/9647)
Updating files:  98% (9455/9647)
Updating files:  99% (9551/9647)
Updating files: 100% (9647/9647)
Updating files: 100% (9647/9647), done.
Cloned https://github.com/wabiverse/swift-usd.git
Revision (git rev-parse @):
fbddd26ce1e54c70ff8130a17ff267cf283a256e
SPI manifest file found: $PWD/.spi.yml
SUCCESS checkout https://github.com/wabiverse/swift-usd.git at v26.9.3
========================================
Build
========================================
Selected platform:         wasm
Swift version:             6.1
Building package at path:  $PWD
https://github.com/wabiverse/swift-usd.git
https://github.com/wabiverse/swift-usd.git
WARNING: environment variable SUPPRESS_SWIFT_6_FLAGS is not set
Running build ...
bash -c docker run --pull=always --rm -v "checkouts-54344844-1":/host -w "$PWD" -e JAVA_HOME="/root/.sdkman/candidates/java/current" -e SPI_BUILD="1" -e SPI_PROCESSING="1" registry.gitlab.com/saguaro1/spi-images:wasm-6.1-latest swift build --swift-sdk wasm32-unknown-wasi --target UsdView -Xswiftc -Xfrontend -Xswiftc -stats-output-dir -Xswiftc -Xfrontend -Xswiftc .stats -Xswiftc -strict-concurrency=complete -Xswiftc -enable-upcoming-feature -Xswiftc StrictConcurrency -Xswiftc -enable-upcoming-feature -Xswiftc DisableOutwardActorInference -Xswiftc -enable-upcoming-feature -Xswiftc GlobalActorIsolatedTypesUsability -Xswiftc -enable-upcoming-feature -Xswiftc InferSendableFromCaptures 2>&1
wasm-6.1-latest: Pulling from saguaro1/spi-images
Digest: sha256:beceeede496da67681f4fa220a6b97cc098a0178841a413735f598dc6bbaf4c8
Status: Image is up to date for registry.gitlab.com/saguaro1/spi-images:wasm-6.1-latest
warning: 'spi-builder-workspace': Building OpenUSD from source
Fetching https://github.com/swiftlang/swift-syntax
Fetching https://github.com/onevcat/Rainbow.git
Fetching https://github.com/apple/swift-log.git
Fetching https://github.com/apple/swift-argument-parser
Fetching https://github.com/mxcl/Version.git
Fetching https://github.com/swiftlang/swift-docc-plugin
[1/1514] Fetching rainbow
[92/9746] Fetching rainbow, swift-log
[1707/12091] Fetching rainbow, swift-log, swift-docc-plugin
[4796/31138] Fetching rainbow, swift-log, swift-docc-plugin, swift-argument-parser
[22000/31449] Fetching rainbow, swift-log, swift-docc-plugin, swift-argument-parser, version
Fetched https://github.com/mxcl/Version.git from cache (1.05s)
[29234/31138] Fetching rainbow, swift-log, swift-docc-plugin, swift-argument-parser
Fetching https://github.com/wabiverse/MetaverseKit.git
Fetched https://github.com/swiftlang/swift-docc-plugin from cache (1.08s)
Fetched https://github.com/onevcat/Rainbow.git from cache (1.08s)
[26899/27279] Fetching swift-log, swift-argument-parser
Fetching https://github.com/apple/SwiftUsd.git
Fetching https://github.com/moreSwift/swift-cross-ui.git
[27280/39870] Fetching swift-log, swift-argument-parser, metaversekit
[27281/120133] Fetching swift-log, swift-argument-parser, metaversekit, swift-syntax
Fetched https://github.com/apple/swift-argument-parser from cache (1.65s)
[9413/101086] Fetching swift-log, metaversekit, swift-syntax
[19707/131000] Fetching swift-log, metaversekit, swift-syntax, swift-cross-ui
Fetched https://github.com/moreSwift/swift-cross-ui.git from cache (5.73s)
[92962/101086] Fetching swift-log, metaversekit, swift-syntax
[86811/92854] Fetching metaversekit, swift-syntax
Fetched https://github.com/apple/swift-log.git from cache (11.43s)
Fetched https://github.com/swiftlang/swift-syntax from cache (11.53s)
[6926/12591] Fetching metaversekit
Fetched https://github.com/wabiverse/MetaverseKit.git from cache (11.88s)
[1/377727] Fetching swiftusd
Fetched https://github.com/apple/SwiftUsd.git from cache (59.51s)
Computing version for https://github.com/wabiverse/MetaverseKit.git
Computed https://github.com/wabiverse/MetaverseKit.git at 2.0.9 (62.57s)
Fetching https://github.com/the-swift-collective/imgui
Fetching https://github.com/the-swift-collective/libwebp
Fetching https://github.com/the-swift-collective/zlib
[1/54] Fetching libwebp
Fetched https://github.com/the-swift-collective/libwebp from cache (0.47s)
[2/184] Fetching imgui
[152/255] Fetching imgui, zlib
Fetched https://github.com/the-swift-collective/zlib from cache (0.54s)
[157/184] Fetching imgui
Fetching https://github.com/the-swift-collective/libpng
Fetched https://github.com/the-swift-collective/imgui from cache (0.57s)
[1/30] Fetching libpng
Fetched https://github.com/the-swift-collective/libpng from cache (0.43s)
Computing version for https://github.com/the-swift-collective/libpng
Computed https://github.com/the-swift-collective/libpng at 1.6.45 (4.04s)
Computing version for https://github.com/the-swift-collective/libwebp
Computed https://github.com/the-swift-collective/libwebp at 1.4.1 (0.81s)
Computing version for https://github.com/the-swift-collective/imgui
Computed https://github.com/the-swift-collective/imgui at 1.92.0 (0.90s)
Computing version for https://github.com/the-swift-collective/zlib
Computed https://github.com/the-swift-collective/zlib at 1.3.2 (0.51s)
Computing version for https://github.com/moreSwift/swift-cross-ui.git
Computed https://github.com/moreSwift/swift-cross-ui.git at 0.10.0 (1.04s)
Fetching https://github.com/moreSwift/swift-winui
Fetching https://github.com/stackotter/swift-macro-toolkit
Fetching https://github.com/moreSwift/swift-observation-polyfill
Fetching https://github.com/swhitty/swift-mutex
Fetching https://github.com/stackotter/swift-image-formats
[1/324] Fetching swift-mutex
[325/479] Fetching swift-mutex, swift-image-formats
[480/564] Fetching swift-mutex, swift-image-formats, swift-observation-polyfill
[491/1560] Fetching swift-mutex, swift-image-formats, swift-observation-polyfill, swift-macro-toolkit
[1478/2609] Fetching swift-mutex, swift-image-formats, swift-observation-polyfill, swift-macro-toolkit, swift-winui
Fetched https://github.com/swhitty/swift-mutex from cache (1.00s)
Fetched https://github.com/moreSwift/swift-observation-polyfill from cache (1.00s)
Fetched https://github.com/stackotter/swift-image-formats from cache (1.00s)
[1017/2045] Fetching swift-macro-toolkit, swift-winui
Fetched https://github.com/moreSwift/swift-winui from cache (1.81s)
Fetched https://github.com/stackotter/swift-macro-toolkit from cache (1.81s)
Computing version for https://github.com/moreSwift/swift-observation-polyfill
Computed https://github.com/moreSwift/swift-observation-polyfill at 0.1.1 (2.31s)
Fetching https://github.com/pointfreeco/xctest-dynamic-overlay
[28/2727] Fetching xctest-dynamic-overlay
Fetched https://github.com/pointfreeco/xctest-dynamic-overlay from cache (0.77s)
Computing version for https://github.com/swhitty/swift-mutex
Computed https://github.com/swhitty/swift-mutex at 0.0.6 (1.31s)
Computing version for https://github.com/moreSwift/swift-winui
Computed https://github.com/moreSwift/swift-winui at 0.2.2 (0.44s)
Computing version for https://github.com/stackotter/swift-image-formats
Computed https://github.com/stackotter/swift-image-formats at 0.5.0 (0.52s)
Fetching https://github.com/stackotter/jpeg
[32/3111] Fetching jpeg
Fetched https://github.com/stackotter/jpeg from cache (2.45s)
Computing version for https://github.com/stackotter/swift-macro-toolkit
Computed https://github.com/stackotter/swift-macro-toolkit at 0.9.0 (2.97s)
Computing version for https://github.com/stackotter/jpeg
Computed https://github.com/stackotter/jpeg at 1.0.2 (0.56s)
Computing version for https://github.com/apple/SwiftUsd.git
Computed https://github.com/apple/SwiftUsd.git at 8.1.0 (1.13s)
Computing version for https://github.com/swiftlang/swift-syntax
Computed https://github.com/swiftlang/swift-syntax at 603.0.0 (0.76s)
Computing version for https://github.com/mxcl/Version.git
Computed https://github.com/mxcl/Version.git at 2.2.1 (0.53s)
Computing version for https://github.com/apple/swift-argument-parser
Computed https://github.com/apple/swift-argument-parser at 1.8.2 (0.53s)
Computing version for https://github.com/swiftlang/swift-docc-plugin
Computed https://github.com/swiftlang/swift-docc-plugin at 1.5.0 (0.64s)
Fetching https://github.com/swiftlang/swift-docc-symbolkit
[1/3833] Fetching swift-docc-symbolkit
Fetched https://github.com/swiftlang/swift-docc-symbolkit from cache (0.58s)
Computing version for https://github.com/swiftlang/swift-docc-symbolkit
Computed https://github.com/swiftlang/swift-docc-symbolkit at 1.0.0 (1.23s)
Computing version for https://github.com/onevcat/Rainbow.git
Computed https://github.com/onevcat/Rainbow.git at 4.2.2 (1.94s)
Computing version for https://github.com/pointfreeco/xctest-dynamic-overlay
Computed https://github.com/pointfreeco/xctest-dynamic-overlay at 1.13.1 (0.73s)
Computing version for https://github.com/apple/swift-log.git
Computed https://github.com/apple/swift-log.git at 1.15.1 (0.72s)
Creating working copy for https://github.com/swhitty/swift-mutex
Working copy of https://github.com/swhitty/swift-mutex resolved at 0.0.6
Creating working copy for https://github.com/stackotter/jpeg
Working copy of https://github.com/stackotter/jpeg resolved at 1.0.2
Creating working copy for https://github.com/the-swift-collective/libpng
Working copy of https://github.com/the-swift-collective/libpng resolved at 1.6.45
Creating working copy for https://github.com/apple/swift-log.git
Working copy of https://github.com/apple/swift-log.git resolved at 1.15.1
Creating working copy for https://github.com/stackotter/swift-macro-toolkit
Working copy of https://github.com/stackotter/swift-macro-toolkit resolved at 0.9.0
Creating working copy for https://github.com/mxcl/Version.git
Working copy of https://github.com/mxcl/Version.git resolved at 2.2.1
Creating working copy for https://github.com/moreSwift/swift-winui
Working copy of https://github.com/moreSwift/swift-winui resolved at 0.2.2
Creating working copy for https://github.com/swiftlang/swift-syntax
Working copy of https://github.com/swiftlang/swift-syntax resolved at 603.0.0
Creating working copy for https://github.com/moreSwift/swift-observation-polyfill
Working copy of https://github.com/moreSwift/swift-observation-polyfill resolved at 0.1.1
Creating working copy for https://github.com/moreSwift/swift-cross-ui.git
Working copy of https://github.com/moreSwift/swift-cross-ui.git resolved at 0.10.0
Creating working copy for https://github.com/pointfreeco/xctest-dynamic-overlay
Working copy of https://github.com/pointfreeco/xctest-dynamic-overlay resolved at 1.13.1
Creating working copy for https://github.com/the-swift-collective/libwebp
Working copy of https://github.com/the-swift-collective/libwebp resolved at 1.4.1
Creating working copy for https://github.com/apple/swift-argument-parser
Working copy of https://github.com/apple/swift-argument-parser resolved at 1.8.2
Creating working copy for https://github.com/apple/SwiftUsd.git
Working copy of https://github.com/apple/SwiftUsd.git resolved at 8.1.0
Creating working copy for https://github.com/onevcat/Rainbow.git
Working copy of https://github.com/onevcat/Rainbow.git resolved at 4.2.2
Creating working copy for https://github.com/swiftlang/swift-docc-symbolkit
Working copy of https://github.com/swiftlang/swift-docc-symbolkit resolved at 1.0.0
Creating working copy for https://github.com/wabiverse/MetaverseKit.git
Working copy of https://github.com/wabiverse/MetaverseKit.git resolved at 2.0.9
Creating working copy for https://github.com/the-swift-collective/zlib
Working copy of https://github.com/the-swift-collective/zlib resolved at 1.3.2
Creating working copy for https://github.com/the-swift-collective/imgui
Working copy of https://github.com/the-swift-collective/imgui resolved at 1.92.0
Creating working copy for https://github.com/swiftlang/swift-docc-plugin
Working copy of https://github.com/swiftlang/swift-docc-plugin resolved at 1.5.0
Creating working copy for https://github.com/stackotter/swift-image-formats
Working copy of https://github.com/stackotter/swift-image-formats resolved at 0.5.0
warning: you may be able to install libbz2 using your system-packager:
    apt-get install libbz2-dev
warning: you may be able to install gtk+-3.0 using your system-packager:
    apt-get install libgtk-3-dev clang
warning: you may be able to install gtk4 using your system-packager:
    apt-get install libgtk-4-dev clang
warning: you may be able to install libbz2 using your system-packager:
    apt-get install libbz2-dev
warning: you may be able to install gtk+-3.0 using your system-packager:
    apt-get install libgtk-3-dev clang
warning: you may be able to install gtk4 using your system-packager:
    apt-get install libgtk-4-dev clang
Building for debugging...
[0/2285] Write sources
[0/2285] Copying fragment_main.metal
[0/2285] Copying BlitShaders.metal
[0/2285] Copying vertex_main.metal
In file included from /host/spi-builder-workspace/Sources/UsdValidation/notice.cpp:8:
In file included from /host/spi-builder-workspace/Sources/UsdValidation/include/UsdValidation/notice.h:12:
In file included from /host/spi-builder-workspace/Sources/Tf/include/Tf/notice.h:15:
In file included from /host/spi-builder-workspace/Sources/Tf/include/Tf/anyWeakPtr.h:18:
In file included from /host/spi-builder-workspace/Sources/Tf/include/Tf/weakPtr.h:17:
In file included from /host/spi-builder-workspace/Sources/Tf/include/Tf/refPtr.h:413:
In file included from /host/spi-builder-workspace/Sources/Tf/include/Tf/hash.h:14:
In file included from /host/spi-builder-workspace/Sources/Tf/include/Tf/tfImpl.h:18:
/host/spi-builder-workspace/Sources/Arch/include/Arch/math.h:89:2: error: Unknown system architecture.
   89 | #error Unknown system architecture.
      |  ^
/host/spi-builder-workspace/Sources/Arch/include/Arch/math.h:113:2: error: Unknown architecture.
  113 | #error Unknown architecture.
      |  ^
2 errors generated.
[9/2285] Compiling UsdValidation notice.cpp
In file included from /host/spi-builder-workspace/Sources/UsdValidation/timeRange.cpp:8:
In file included from /host/spi-builder-workspace/Sources/UsdValidation/include/UsdValidation/timeRange.h:13:
In file included from /host/spi-builder-workspace/Sources/Gf/include/Gf/interval.h:14:
In file included from /host/spi-builder-workspace/Sources/Gf/include/Gf/math.h:15:
/host/spi-builder-workspace/Sources/Arch/include/Arch/math.h:89:2: error: Unknown system architecture.
   89 | #error Unknown system architecture.
      |  ^
/host/spi-builder-workspace/Sources/Arch/include/Arch/math.h:113:2: error: Unknown architecture.
  113 | #error Unknown architecture.
      |  ^
In file included from /host/spi-builder-workspace/Sources/UsdValidation/timeRange.cpp:8:
In file included from /host/spi-builder-workspace/Sources/UsdValidation/include/UsdValidation/timeRange.h:13:
In file included from /host/spi-builder-workspace/Sources/Gf/include/Gf/interval.h:14:
/host/spi-builder-workspace/Sources/Gf/include/Gf/math.h:258:56: error: use of undeclared identifier 'ArchSinCos'
  258 | inline void GfSinCos(double v, double *s, double *c) { ArchSinCos(v, s, c); }
      |                                                        ^
/host/spi-builder-workspace/Sources/Gf/include/Gf/math.h:261:53: error: use of undeclared identifier 'ArchSinCosf'
  261 | inline void GfSinCos(float v, float *s, float *c) { ArchSinCosf(v, s, c); }
      |                                                     ^
4 errors generated.
[9/2285] Compiling UsdValidation timeRange.cpp
In file included from /host/spi-builder-workspace/Sources/UsdValidation/validator.cpp:8:
In file included from /host/spi-builder-workspace/Sources/UsdValidation/include/UsdValidation/validator.h:13:
In file included from /host/spi-builder-workspace/Sources/Gf/include/Gf/interval.h:14:
In file included from /host/spi-builder-workspace/Sources/Gf/include/Gf/math.h:15:
/host/spi-builder-workspace/Sources/Arch/include/Arch/math.h:89:2: error: Unknown system architecture.
   89 | #error Unknown system architecture.
      |  ^
/host/spi-builder-workspace/Sources/Arch/include/Arch/math.h:113:2: error: Unknown architecture.
  113 | #error Unknown architecture.
      |  ^
In file included from /host/spi-builder-workspace/Sources/UsdValidation/validator.cpp:8:
In file included from /host/spi-builder-workspace/Sources/UsdValidation/include/UsdValidation/validator.h:13:
In file included from /host/spi-builder-workspace/Sources/Gf/include/Gf/interval.h:14:
/host/spi-builder-workspace/Sources/Gf/include/Gf/math.h:258:56: error: use of undeclared identifier 'ArchSinCos'
  258 | inline void GfSinCos(double v, double *s, double *c) { ArchSinCos(v, s, c); }
      |                                                        ^
/host/spi-builder-workspace/Sources/Gf/include/Gf/math.h:261:53: error: use of undeclared identifier 'ArchSinCosf'
  261 | inline void GfSinCos(float v, float *s, float *c) { ArchSinCosf(v, s, c); }
      |                                                     ^
In file included from /host/spi-builder-workspace/Sources/UsdValidation/validator.cpp:8:
In file included from /host/spi-builder-workspace/Sources/UsdValidation/include/UsdValidation/validator.h:15:
In file included from /host/spi-builder-workspace/Sources/Usd/include/Usd/stage.h:15:
In file included from /host/spi-builder-workspace/Sources/Usd/include/Usd/editTarget.h:13:
In file included from /host/spi-builder-workspace/Sources/Pcp/include/Pcp/mapFunction.h:12:
In file included from /host/spi-builder-workspace/Sources/Sdf/include/Sdf/path.h:12:
In file included from /host/spi-builder-workspace/Sources/Sdf/include/Sdf/pool.h:19:
In file included from /host/spi-builder-workspace/.build/checkouts/MetaverseKit/Sources/OneTBB/include/OneTBB/tbb/concurrent_queue.h:17:
In file included from /host/spi-builder-workspace/.build/checkouts/MetaverseKit/Sources/OneTBB/include/OneTBB/tbb/../oneapi/tbb/concurrent_queue.h:21:
In file included from /host/spi-builder-workspace/.build/checkouts/MetaverseKit/Sources/OneTBB/include/OneTBB/tbb/../oneapi/tbb/detail/_concurrent_queue_base.h:20:
In file included from /host/spi-builder-workspace/.build/checkouts/MetaverseKit/Sources/OneTBB/include/OneTBB/tbb/../oneapi/tbb/detail/_utils.h:25:
In file included from /host/spi-builder-workspace/.build/checkouts/MetaverseKit/Sources/OneTBB/include/OneTBB/tbb/../oneapi/tbb/detail/_config.h:41:
/host/spi-builder-workspace/.build/checkouts/MetaverseKit/Sources/OneTBB/include/OneTBB/tbb/../oneapi/tbb/detail/_export.h:25:6: error: "Unknown platform/compiler"
   25 |     #error "Unknown platform/compiler"
      |      ^
In file included from /host/spi-builder-workspace/Sources/UsdValidation/validator.cpp:8:
In file included from /host/spi-builder-workspace/Sources/UsdValidation/include/UsdValidation/validator.h:15:
In file included from /host/spi-builder-workspace/Sources/Usd/include/Usd/stage.h:15:
In file included from /host/spi-builder-workspace/Sources/Usd/include/Usd/editTarget.h:13:
In file included from /host/spi-builder-workspace/Sources/Pcp/include/Pcp/mapFunction.h:12:
In file included from /host/spi-builder-workspace/Sources/Sdf/include/Sdf/path.h:12:
In file included from /host/spi-builder-workspace/Sources/Sdf/include/Sdf/pool.h:19:
In file included from /host/spi-builder-workspace/.build/checkouts/MetaverseKit/Sources/OneTBB/include/OneTBB/tbb/concurrent_queue.h:17:
In file included from /host/spi-builder-workspace/.build/checkouts/MetaverseKit/Sources/OneTBB/include/OneTBB/tbb/../oneapi/tbb/concurrent_queue.h:21:
In file included from /host/spi-builder-workspace/.build/checkouts/MetaverseKit/Sources/OneTBB/include/OneTBB/tbb/../oneapi/tbb/detail/_concurrent_queue_base.h:20:
In file included from /host/spi-builder-workspace/.build/checkouts/MetaverseKit/Sources/OneTBB/include/OneTBB/tbb/../oneapi/tbb/detail/_utils.h:27:
/host/spi-builder-workspace/.build/checkouts/MetaverseKit/Sources/OneTBB/include/OneTBB/tbb/../oneapi/tbb/detail/_machine.h:75:12: error: no member named 'this_thread' in namespace 'std'
   75 | using std::this_thread::yield;
      |       ~~~~~^
/host/spi-builder-workspace/.build/checkouts/MetaverseKit/Sources/OneTBB/include/OneTBB/tbb/../oneapi/tbb/detail/_machine.h:102:5: error: use of undeclared identifier 'yield'
  102 |     yield();
      |     ^
[9/2285] Compiling UsdValidation validator.cpp
In file included from /host/spi-builder-workspace/Sources/UsdValidation/validatorTokens.cpp:8:
In file included from /host/spi-builder-workspace/Sources/UsdValidation/include/UsdValidation/validatorTokens.h:14:
In file included from /host/spi-builder-workspace/Sources/Tf/include/Tf/staticTokens.h:64:
In file included from /host/spi-builder-workspace/Sources/Tf/include/Tf/token.h:19:
In file included from /host/spi-builder-workspace/Sources/Tf/include/Tf/hash.h:14:
In file included from /host/spi-builder-workspace/Sources/Tf/include/Tf/tfImpl.h:18:
/host/spi-builder-workspace/Sources/Arch/include/Arch/math.h:89:2: error: Unknown system architecture.
   89 | #error Unknown system architecture.
      |  ^
/host/spi-builder-workspace/Sources/Arch/include/Arch/math.h:113:2: error: Unknown architecture.
  113 | #error Unknown architecture.
      |  ^
[9/2285] Compiling UsdValidation validatorTokens.cpp
In file included from /host/spi-builder-workspace/Sources/UsdValidation/fixer.cpp:8:
In file included from /host/spi-builder-workspace/Sources/UsdValidation/include/UsdValidation/fixer.h:12:
In file included from /host/spi-builder-workspace/Sources/Tf/include/Tf/token.h:19:
In file included from /host/spi-builder-workspace/Sources/Tf/include/Tf/hash.h:14:
In file included from /host/spi-builder-workspace/Sources/Tf/include/Tf/tfImpl.h:18:
/host/spi-builder-workspace/Sources/Arch/include/Arch/math.h:89:2: error: Unknown system architecture.
   89 | #error Unknown system architecture.
      |  ^
/host/spi-builder-workspace/Sources/Arch/include/Arch/math.h:113:2: error: Unknown architecture.
  113 | #error Unknown architecture.
      |  ^
[9/2285] Compiling UsdValidation fixer.cpp
In file included from /host/spi-builder-workspace/Sources/Js/value.cpp:11:
In file included from /host/spi-builder-workspace/Sources/Js/include/Js/value.h:15:
In file included from /host/spi-builder-workspace/Sources/Tf/include/Tf/delegatedCountPtr.h:12:
In file included from /host/spi-builder-workspace/Sources/Tf/include/Tf/tfImpl.h:18:
/host/spi-builder-workspace/Sources/Arch/include/Arch/math.h:89:2: error: Unknown system architecture.
   89 | #error Unknown system architecture.
      |  ^
/host/spi-builder-workspace/Sources/Arch/include/Arch/math.h:113:2: error: Unknown architecture.
  113 | #error Unknown architecture.
      |  ^
[9/2285] Compiling Js value.cpp
In file included from /host/spi-builder-workspace/Sources/UsdValidation/registry.cpp:8:
In file included from /host/spi-builder-workspace/Sources/UsdValidation/include/UsdValidation/registry.h:13:
In file included from /host/spi-builder-workspace/Sources/UsdValidation/include/UsdValidation/validator.h:13:
In file included from /host/spi-builder-workspace/Sources/Gf/include/Gf/interval.h:14:
In file included from /host/spi-builder-workspace/Sources/Gf/include/Gf/math.h:15:
/host/spi-builder-workspace/Sources/Arch/include/Arch/math.h:89:2: error: Unknown system architecture.
   89 | #error Unknown system architecture.
      |  ^
/host/spi-builder-workspace/Sources/Arch/include/Arch/math.h:113:2: error: Unknown architecture.
  113 | #error Unknown architecture.
      |  ^
In file included from /host/spi-builder-workspace/Sources/UsdValidation/registry.cpp:8:
In file included from /host/spi-builder-workspace/Sources/UsdValidation/include/UsdValidation/registry.h:13:
In file included from /host/spi-builder-workspace/Sources/UsdValidation/include/UsdValidation/validator.h:13:
In file included from /host/spi-builder-workspace/Sources/Gf/include/Gf/interval.h:14:
/host/spi-builder-workspace/Sources/Gf/include/Gf/math.h:258:56: error: use of undeclared identifier 'ArchSinCos'
  258 | inline void GfSinCos(double v, double *s, double *c) { ArchSinCos(v, s, c); }
      |                                                        ^
/host/spi-builder-workspace/Sources/Gf/include/Gf/math.h:261:53: error: use of undeclared identifier 'ArchSinCosf'
  261 | inline void GfSinCos(float v, float *s, float *c) { ArchSinCosf(v, s, c); }
      |                                                     ^
In file included from /host/spi-builder-workspace/Sources/UsdValidation/registry.cpp:8:
In file included from /host/spi-builder-workspace/Sources/UsdValidation/include/UsdValidation/registry.h:13:
In file included from /host/spi-builder-workspace/Sources/UsdValidation/include/UsdValidation/validator.h:15:
In file included from /host/spi-builder-workspace/Sources/Usd/include/Usd/stage.h:15:
In file included from /host/spi-builder-workspace/Sources/Usd/include/Usd/editTarget.h:13:
In file included from /host/spi-builder-workspace/Sources/Pcp/include/Pcp/mapFunction.h:12:
In file included from /host/spi-builder-workspace/Sources/Sdf/include/Sdf/path.h:12:
In file included from /host/spi-builder-workspace/Sources/Sdf/include/Sdf/pool.h:19:
In file included from /host/spi-builder-workspace/.build/checkouts/MetaverseKit/Sources/OneTBB/include/OneTBB/tbb/concurrent_queue.h:17:
In file included from /host/spi-builder-workspace/.build/checkouts/MetaverseKit/Sources/OneTBB/include/OneTBB/tbb/../oneapi/tbb/concurrent_queue.h:21:
In file included from /host/spi-builder-workspace/.build/checkouts/MetaverseKit/Sources/OneTBB/include/OneTBB/tbb/../oneapi/tbb/detail/_concurrent_queue_base.h:20:
In file included from /host/spi-builder-workspace/.build/checkouts/MetaverseKit/Sources/OneTBB/include/OneTBB/tbb/../oneapi/tbb/detail/_utils.h:25:
In file included from /host/spi-builder-workspace/.build/checkouts/MetaverseKit/Sources/OneTBB/include/OneTBB/tbb/../oneapi/tbb/detail/_config.h:41:
/host/spi-builder-workspace/.build/checkouts/MetaverseKit/Sources/OneTBB/include/OneTBB/tbb/../oneapi/tbb/detail/_export.h:25:6: error: "Unknown platform/compiler"
   25 |     #error "Unknown platform/compiler"
      |      ^
In file included from /host/spi-builder-workspace/Sources/UsdValidation/registry.cpp:8:
In file included from /host/spi-builder-workspace/Sources/UsdValidation/include/UsdValidation/registry.h:13:
In file included from /host/spi-builder-workspace/Sources/UsdValidation/include/UsdValidation/validator.h:15:
In file included from /host/spi-builder-workspace/Sources/Usd/include/Usd/stage.h:15:
In file included from /host/spi-builder-workspace/Sources/Usd/include/Usd/editTarget.h:13:
In file included from /host/spi-builder-workspace/Sources/Pcp/include/Pcp/mapFunction.h:12:
In file included from /host/spi-builder-workspace/Sources/Sdf/include/Sdf/path.h:12:
In file included from /host/spi-builder-workspace/Sources/Sdf/include/Sdf/pool.h:19:
In file included from /host/spi-builder-workspace/.build/checkouts/MetaverseKit/Sources/OneTBB/include/OneTBB/tbb/concurrent_queue.h:17:
In file included from /host/spi-builder-workspace/.build/checkouts/MetaverseKit/Sources/OneTBB/include/OneTBB/tbb/../oneapi/tbb/concurrent_queue.h:21:
In file included from /host/spi-builder-workspace/.build/checkouts/MetaverseKit/Sources/OneTBB/include/OneTBB/tbb/../oneapi/tbb/detail/_concurrent_queue_base.h:20:
In file included from /host/spi-builder-workspace/.build/checkouts/MetaverseKit/Sources/OneTBB/include/OneTBB/tbb/../oneapi/tbb/detail/_utils.h:27:
/host/spi-builder-workspace/.build/checkouts/MetaverseKit/Sources/OneTBB/include/OneTBB/tbb/../oneapi/tbb/detail/_machine.h:75:12: error: no member named 'this_thread' in namespace 'std'
   75 | using std::this_thread::yield;
      |       ~~~~~^
/host/spi-builder-workspace/.build/checkouts/MetaverseKit/Sources/OneTBB/include/OneTBB/tbb/../oneapi/tbb/detail/_machine.h:102:5: error: use of undeclared identifier 'yield'
  102 |     yield();
      |     ^
[9/2285] Compiling UsdValidation registry.cpp
[9/2285] Write swift-version-24593BA9C3E375BF.txt
Running build ...
bash -c docker run --pull=always --rm -v "checkouts-54344844-1":/host -w "$PWD" -e JAVA_HOME="/root/.sdkman/candidates/java/current" -e SPI_BUILD="1" -e SPI_PROCESSING="1" registry.gitlab.com/saguaro1/spi-images:wasm-6.1-latest swift build --swift-sdk wasm32-unknown-wasi --target UsdView 2>&1
wasm-6.1-latest: Pulling from saguaro1/spi-images
Digest: sha256:beceeede496da67681f4fa220a6b97cc098a0178841a413735f598dc6bbaf4c8
Status: Image is up to date for registry.gitlab.com/saguaro1/spi-images:wasm-6.1-latest
warning: 'spi-builder-workspace': Building OpenUSD from source
warning: you may be able to install libbz2 using your system-packager:
    apt-get install libbz2-dev
warning: you may be able to install gtk+-3.0 using your system-packager:
    apt-get install libgtk-3-dev clang
warning: you may be able to install gtk4 using your system-packager:
    apt-get install libgtk-4-dev clang
warning: you may be able to install libbz2 using your system-packager:
    apt-get install libbz2-dev
warning: you may be able to install gtk+-3.0 using your system-packager:
    apt-get install libgtk-3-dev clang
warning: you may be able to install gtk4 using your system-packager:
    apt-get install libgtk-4-dev clang
[0/1] Planning build
Building for debugging...
[0/2276] Write sources
[18/2276] Copying plugInfo.json
[19/2276] Copying generatedSchema.usda
[20/2276] Copying schema.usda
[22/2276] Copying plugInfo.json
[23/2276] Copying generatedSchema.usda
[24/2276] Copying shaders
[25/2276] Copying plugInfo.json
[26/2276] Copying schema.usda
[27/2276] Copying generatedSchema.usda
[27/2276] Copying plugInfo.json
[30/2276] Copying schema.usda
[31/2276] Copying plugInfo.json
[32/2276] Copying generatedSchema.usda
[33/2276] Copying schema.usda
[34/2276] Copying plugInfo.json
[35/2276] Copying generatedSchema.usda
[36/2276] Copying plugInfo.json
[37/2276] Copying schema.usda
[38/2276] Copying generatedSchema.usda
[39/2276] Copying schema.usda
[39/2276] Copying shaders
[41/2276] Copying plugInfo.json
[42/2276] Copying generatedSchema.usda
[43/2276] Copying usdPhysicsSpheresWithMaterial.usda
[44/2276] Copying usdPhysicsPairFiltering.usda
[45/2276] Copying usdPhysicsNestedArticulation.usda
[46/2276] Copying usdPhysicsGroupFiltering.usda
[47/2276] Copying usdPhysicsJoints.usda
[48/2276] Copying usdPhysicsBoxOnQuad.usda
[49/2276] Copying usdPhysicsDistanceJoint.usda
[49/2276] Copying usdPhysicsBoxOnBox.usda
[49/2276] Copying plugInfo.json
[49/2276] Copying schema.usda
[54/2276] Compiling ZLibC uncompr.c
[55/2276] Copying generatedSchema.usda
[56/2276] Copying plugInfo.json
[57/2276] Copying generatedSchema.usda
[58/2276] Copying schema.usda
[59/2276] Copying plugInfo.json
[60/2276] Copying generatedSchema.usda
[61/2276] Copying plugInfo.json
[62/2276] Copying schema.usda
[63/2276] Copying plugInfo.json
[64/2276] Copying schema.usda
[65/2276] Copying generatedSchema.usda
[66/2276] Copying plugInfo.json
[68/2276] Copying generatedSchema.usda
[69/2276] Copying schema.usda
[70/2276] Copying plugInfo.json
[71/2276] Copying generatedSchema.usda
[72/2276] Copying shaders
[73/2276] Compiling _SwiftSyntaxCShims PlatformMutex.c
[74/2276] Copying plugInfo.json
[77/2276] Copying generatedSchema.usda
[78/2276] Copying schema.usda
[79/2276] Copying plugInfo.json
[84/2276] Copying generatedSchema.usda
[86/2276] Copying plugInfo.json
[87/2276] Copying schema.usda
[88/2276] Copying plugInfo.json
[90/2276] Copying textures
[91/2276] Copying codegenTemplates
[92/2276] Copying plugInfo.json
[95/2276] Copying shaders
[95/2276] Copying plugInfo.json
[99/2276] Compiling ZLibC trees.c
[100/2276] Compiling sharpyuv_sse2.c
[101/2276] Compiling sharpyuv_neon.c
[102/2276] Copying shaders
[103/2276] Copying textures
[104/2276] Compiling sharpyuv_cpu.c
[104/2276] Compiling sharpyuv_csp.c
[106/2276] Compiling sharpyuv_dsp.c
[107/2276] Compiling wicdec.c
[108/2276] Compiling sharpyuv_gamma.c
[109/2276] Copying shaders
[110/2276] Compiling tiffdec.c
[111/2276] Compiling pngdec.c
[112/2276] Compiling sharpyuv.c
[113/2276] Compiling webpdec.c
[114/2276] Compiling ZLibC zutil.c
[115/2276] Write swift-version-24593BA9C3E375BF.txt
[116/2276] Compiling metadata.c
[117/2276] Compiling pnmdec.c
[118/2276] Compiling imageio_util.c
[119/2276] Compiling jpegdec.c
[120/2276] Compiling image_dec.c
[121/2276] Compiling ZLibC inftrees.c
[122/2276] Compiling image_enc.c
[123/2276] Compiling ZLibC inffast.c
[124/2276] Compiling ZLibC inflate.c
[125/2281] Compiling ZLibC infback.c
/host/spi-builder-workspace/.build/checkouts/zlib/zlib/gzwrite.c:78:20: error: call to undeclared function 'write'; ISO C99 and later do not support implicit function declarations [-Wimplicit-function-declaration]
   78 |             writ = write(state->fd, strm->next_in, put);
      |                    ^
/host/spi-builder-workspace/.build/checkouts/zlib/zlib/gzwrite.c:78:20: note: did you mean 'fwrite'?
/root/.swiftpm/swift-sdks/swift-wasm-6.1-RELEASE-wasm32-unknown-wasi.artifactbundle/6.1-RELEASE-wasm32-unknown-wasi/wasm32-unknown-wasi/WASI.sdk/include/wasm32-wasi/stdio.h:103:8: note: 'fwrite' declared here
  103 | size_t fwrite(const void *__restrict, size_t, size_t, FILE *__restrict);
      |        ^
/host/spi-builder-workspace/.build/checkouts/zlib/zlib/gzwrite.c:108:24: error: call to undeclared function 'write'; ISO C99 and later do not support implicit function declarations [-Wimplicit-function-declaration]
  108 |                 writ = write(state->fd, state->x.next, put);
      |                        ^
/host/spi-builder-workspace/.build/checkouts/zlib/zlib/gzwrite.c:627:9: error: call to undeclared function 'close'; ISO C99 and later do not support implicit function declarations [-Wimplicit-function-declaration]
  627 |     if (close(state->fd) == -1)
      |         ^
/host/spi-builder-workspace/.build/checkouts/zlib/zlib/gzwrite.c:627:9: note: did you mean 'fclose'?
/root/.swiftpm/swift-sdks/swift-wasm-6.1-RELEASE-wasm32-unknown-wasi.artifactbundle/6.1-RELEASE-wasm32-unknown-wasi/wasm32-unknown-wasi/WASI.sdk/include/wasm32-wasi/stdio.h:85:5: note: 'fclose' declared here
   85 | int fclose(FILE *);
      |     ^
3 errors generated.
[126/2286] Compiling ZLibC gzwrite.c
[126/2286] Compiling ZLibC gzread.c
BUILD FAILURE 6.1 wasm