The Swift Package Index logo.Swift Package Index

Build Information

Failed to build EmptyPage, reference 4.1.0 (ea2f48), with Swift 6.4 for watchOS using Xcode 27.0 on 19 Sep 2026 23:21:16 UTC.

Build Command

No build command. This typically means the build failed at an early stage where we determine the build command.

Build Log

========================================
RunAll
========================================
Builder version: 5.1.0
Interrupt handler set up.
========================================
Checkout
========================================
Clone URL: https://github.com/linhay/EmptyPage.git
Reference: 4.1.0
Initialized empty Git repository in /Users/admin/builder/spi-builder-workspace/.git/
From https://github.com/linhay/EmptyPage
 * tag               4.1.0      -> FETCH_HEAD
HEAD is now at ea2f48d 4.1.0: 背景视图支持点击事件穿透
Cloned https://github.com/linhay/EmptyPage.git
Revision (git rev-parse @):
ea2f48d4a16abcad79feab08d77e7e6f4a5d598d
SUCCESS checkout https://github.com/linhay/EmptyPage.git at 4.1.0
========================================
Build
========================================
Selected platform:         watchOS
Swift version:             6.4
Building package at path:  $PWD
https://github.com/linhay/EmptyPage.git
Command line invocation:
    /Applications/Xcode-27.0.0-Release.Candidate.app/Contents/Developer/usr/bin/xcodebuild -IDEClonedSourcePackagesDirPathOverride=/Users/admin/builder/spi-builder-workspace/.dependencies -resolvePackageDependencies
2026-09-19 19:21:15.123 xcodebuild[525:2996] Writing error result bundle to /var/folders/xq/y_g06wb113726d38xsyx71_h0000gn/T/ResultBundle_2026-19-09_19-21-0015.xcresult
xcodebuild: error: '_Pods.xcodeproj' does not exist.
Command line invocation:
    /Applications/Xcode-27.0.0-Release.Candidate.app/Contents/Developer/usr/bin/xcodebuild -IDEClonedSourcePackagesDirPathOverride=/Users/admin/builder/spi-builder-workspace/.dependencies -resolvePackageDependencies
2026-09-19 19:21:16.180 xcodebuild[535:3082] Writing error result bundle to /var/folders/xq/y_g06wb113726d38xsyx71_h0000gn/T/ResultBundle_2026-19-09_19-21-0016.xcresult
xcodebuild: error: '_Pods.xcodeproj' does not exist.
BUILD FAILURE 6.4 watchOS