The Swift Package Index logo.Swift Package Index

Build Information

Failed to build DirtyCowKit, reference main (349744), with Swift 6.4 for Wasm on 19 Sep 2026 04:45:21 UTC.

Build Command

bash -c docker run --pull=always --rm -v "checkouts-53886770-0":/host -w "$PWD" -e JAVA_HOME="/root/.sdkman/candidates/java/current" -e SPI_BUILD="1" -e SPI_PROCESSING="1" registry.gitlab.com/saguaro1/spi-images:wasm-6.4-latest swift build --swift-sdk swift-6.4.x-DEVELOPMENT-SNAPSHOT-2026-09-04-a_wasm 2>&1

Build Log

========================================
RunAll
========================================
Builder version: 5.1.0
Interrupt handler set up.
========================================
Checkout
========================================
Clone URL: https://github.com/BomberFish/DirtyCowKit.git
Reference: main
Initialized empty Git repository in /host/spi-builder-workspace/.git/
hint: Using 'master' as the name for the initial branch. This default branch name
hint: is subject to change. To configure the initial branch name to use in all
hint: of your new repositories, which will suppress this warning, call:
hint:
hint: 	git config --global init.defaultBranch <name>
hint:
hint: Names commonly chosen instead of 'master' are 'main', 'trunk' and
hint: 'development'. The just-created branch can be renamed via this command:
hint:
hint: 	git branch -m <name>
From https://github.com/BomberFish/DirtyCowKit
 * branch            main       -> FETCH_HEAD
 * [new branch]      main       -> origin/main
HEAD is now at 3497447 ok so not everyone is using xcode beta ;-;
Cloned https://github.com/BomberFish/DirtyCowKit.git
Revision (git rev-parse @):
349744780f7928ab2af2d0135f1edae8aee836a1
SUCCESS checkout https://github.com/BomberFish/DirtyCowKit.git at main
========================================
Build
========================================
Selected platform:         wasm
Swift version:             6.4
Building package at path:  $PWD
https://github.com/BomberFish/DirtyCowKit.git
Running build ...
bash -c docker run --pull=always --rm -v "checkouts-53886770-0":/host -w "$PWD" -e JAVA_HOME="/root/.sdkman/candidates/java/current" -e SPI_BUILD="1" -e SPI_PROCESSING="1" registry.gitlab.com/saguaro1/spi-images:wasm-6.4-latest swift build --swift-sdk swift-6.4.x-DEVELOPMENT-SNAPSHOT-2026-09-04-a_wasm 2>&1
wasm-6.4-latest: Pulling from saguaro1/spi-images
Digest: sha256:4328fdb43c680d205c1d6761b1e3267aa38277eefdda9ddfb17b6a0f1a77857a
Status: Image is up to date for registry.gitlab.com/saguaro1/spi-images:wasm-6.4-latest
Building for debugging...
[Planning deferred tasks]
/host/spi-builder-workspace/Sources/Exploit/helpers.m:8:9: fatal error: 'Foundation/Foundation.h' file not found
    8 | #import <Foundation/Foundation.h>
      |         ^~~~~~~~~~~~~~~~~~~~~~~~~
1 error generated.
error: CompileC /host/spi-builder-workspace/.build/out/Intermediates.noindex/DirtyCowKit.build/Debug-webassembly-wasm32/Exploit-t.build/Objects-normal/wasm32/helpers.o /host/spi-builder-workspace/Sources/Exploit/helpers.m normal wasm32 objective-c com.apple.compilers.llvm.clang.1_0.compiler failed with a nonzero exit code. Command line:     cd /host

    Using response file: /host/spi-builder-workspace/.build/out/Intermediates.noindex/DirtyCowKit.build/Debug-webassembly-wasm32/Exploit-t.build/Objects-normal/wasm32/6f95552a3397ee1cec971b90cf334075d5f321c3a3b0689ad55c3d1e24702600-common-args.resp

    /usr/bin/clang -x objective-c -target wasm32-unknown-wasip1 -fmessage-length\=0 -fdiagnostics-show-note-include-stack -fmacro-backtrace-limit\=0 -fcolor-diagnostics -Wno-trigraphs -Wno-missing-field-initializers -Wno-missing-prototypes -Wno-return-type -Wno-implicit-atomic-properties -Wno-objc-interface-ivars -Wno-arc-repeated-use-of-weak -Wno-missing-braces -Wparentheses -Wswitch -Wno-unused-function -Wno-unused-label -Wno-unused-parameter -Wno-unused-variable -Wunused-value -Wno-empty-body -Wno-uninitialized -Wno-unknown-pragmas -Wno-shadow -Wno-four-char-constants -Wno-conversion -Wno-constant-conversion -Wno-int-conversion -Wno-bool-conversion -Wno-enum-conversion -Wno-float-conversion -Wno-non-literal-null-conversion -Wno-objc-literal-conversion -Wno-shorten-64-to-32 -Wpointer-sign -Wno-newline-eof -Wno-selector -Wno-strict-selector-match -Wno-undeclared-selector -Wno-deprecated-implementations -Wno-implicit-fallthrough -fstrict-aliasing -Wprotocol -Wdeprecated-declarations -Wno-sign-conversion -Wno-infinite-recursion -Wno-comma -Wno-block-capture-autoreleasing -Wno-strict-prototypes -Wno-semicolon-before-method-body --sysroot /root/.swiftpm/swift-sdks/swift-6.4.x-DEVELOPMENT-SNAPSHOT-2026-09-04-a_wasm.artifactbundle/swift-6.4.x-DEVELOPMENT-SNAPSHOT-2026-09-04-a_wasm/wasm32-unknown-wasip1/WASI.sdk @/host/spi-builder-workspace/.build/out/Intermediates.noindex/DirtyCowKit.build/Debug-webassembly-wasm32/Exploit-t.build/Objects-normal/wasm32/6f95552a3397ee1cec971b90cf334075d5f321c3a3b0689ad55c3d1e24702600-common-args.resp -MMD -MT dependencies -MF /host/spi-builder-workspace/.build/out/Intermediates.noindex/DirtyCowKit.build/Debug-webassembly-wasm32/Exploit-t.build/Objects-normal/wasm32/helpers.d --serialize-diagnostics /host/spi-builder-workspace/.build/out/Intermediates.noindex/DirtyCowKit.build/Debug-webassembly-wasm32/Exploit-t.build/Objects-normal/wasm32/helpers.dia -c /host/spi-builder-workspace/Sources/Exploit/helpers.m -o /host/spi-builder-workspace/.build/out/Intermediates.noindex/DirtyCowKit.build/Debug-webassembly-wasm32/Exploit-t.build/Objects-normal/wasm32/helpers.o
/host/spi-builder-workspace/Sources/Exploit/grant_full_disk_access.m:1:1: error: use of '@import' when modules are disabled
    1 | @import Darwin;
      | ^
/host/spi-builder-workspace/Sources/Exploit/grant_full_disk_access.m:2:1: error: use of '@import' when modules are disabled
    2 | @import Foundation;
      | ^
/host/spi-builder-workspace/Sources/Exploit/grant_full_disk_access.m:3:1: error: use of '@import' when modules are disabled
    3 | @import MachO;
      | ^
/host/spi-builder-workspace/Sources/Exploit/grant_full_disk_access.m:5:9: fatal error: 'mach-o/fixup-chains.h' file not found
    5 | #import <mach-o/fixup-chains.h>
      |         ^~~~~~~~~~~~~~~~~~~~~~~
4 errors generated.
error: CompileC /host/spi-builder-workspace/.build/out/Intermediates.noindex/DirtyCowKit.build/Debug-webassembly-wasm32/Exploit-t.build/Objects-normal/wasm32/grant_full_disk_access.o /host/spi-builder-workspace/Sources/Exploit/grant_full_disk_access.m normal wasm32 objective-c com.apple.compilers.llvm.clang.1_0.compiler failed with a nonzero exit code. Command line:     cd /host

    Using response file: /host/spi-builder-workspace/.build/out/Intermediates.noindex/DirtyCowKit.build/Debug-webassembly-wasm32/Exploit-t.build/Objects-normal/wasm32/6f95552a3397ee1cec971b90cf334075d5f321c3a3b0689ad55c3d1e24702600-common-args.resp

    /usr/bin/clang -x objective-c -target wasm32-unknown-wasip1 -fmessage-length\=0 -fdiagnostics-show-note-include-stack -fmacro-backtrace-limit\=0 -fcolor-diagnostics -Wno-trigraphs -Wno-missing-field-initializers -Wno-missing-prototypes -Wno-return-type -Wno-implicit-atomic-properties -Wno-objc-interface-ivars -Wno-arc-repeated-use-of-weak -Wno-missing-braces -Wparentheses -Wswitch -Wno-unused-function -Wno-unused-label -Wno-unused-parameter -Wno-unused-variable -Wunused-value -Wno-empty-body -Wno-uninitialized -Wno-unknown-pragmas -Wno-shadow -Wno-four-char-constants -Wno-conversion -Wno-constant-conversion -Wno-int-conversion -Wno-bool-conversion -Wno-enum-conversion -Wno-float-conversion -Wno-non-literal-null-conversion -Wno-objc-literal-conversion -Wno-shorten-64-to-32 -Wpointer-sign -Wno-newline-eof -Wno-selector -Wno-strict-selector-match -Wno-undeclared-selector -Wno-deprecated-implementations -Wno-implicit-fallthrough -fstrict-aliasing -Wprotocol -Wdeprecated-declarations -Wno-sign-conversion -Wno-infinite-recursion -Wno-comma -Wno-block-capture-autoreleasing -Wno-strict-prototypes -Wno-semicolon-before-method-body --sysroot /root/.swiftpm/swift-sdks/swift-6.4.x-DEVELOPMENT-SNAPSHOT-2026-09-04-a_wasm.artifactbundle/swift-6.4.x-DEVELOPMENT-SNAPSHOT-2026-09-04-a_wasm/wasm32-unknown-wasip1/WASI.sdk @/host/spi-builder-workspace/.build/out/Intermediates.noindex/DirtyCowKit.build/Debug-webassembly-wasm32/Exploit-t.build/Objects-normal/wasm32/6f95552a3397ee1cec971b90cf334075d5f321c3a3b0689ad55c3d1e24702600-common-args.resp -MMD -MT dependencies -MF /host/spi-builder-workspace/.build/out/Intermediates.noindex/DirtyCowKit.build/Debug-webassembly-wasm32/Exploit-t.build/Objects-normal/wasm32/grant_full_disk_access.d --serialize-diagnostics /host/spi-builder-workspace/.build/out/Intermediates.noindex/DirtyCowKit.build/Debug-webassembly-wasm32/Exploit-t.build/Objects-normal/wasm32/grant_full_disk_access.dia -c /host/spi-builder-workspace/Sources/Exploit/grant_full_disk_access.m -o /host/spi-builder-workspace/.build/out/Intermediates.noindex/DirtyCowKit.build/Debug-webassembly-wasm32/Exploit-t.build/Objects-normal/wasm32/grant_full_disk_access.o
/host/spi-builder-workspace/Sources/Exploit/vm_unaligned_copy_switch_race.c:12:10: fatal error: 'dispatch/dispatch.h' file not found
   12 | #include <dispatch/dispatch.h>
      |          ^~~~~~~~~~~~~~~~~~~~~
1 error generated.
error: CompileC /host/spi-builder-workspace/.build/out/Intermediates.noindex/DirtyCowKit.build/Debug-webassembly-wasm32/Exploit-t.build/Objects-normal/wasm32/vm_unaligned_copy_switch_race.o /host/spi-builder-workspace/Sources/Exploit/vm_unaligned_copy_switch_race.c normal wasm32 c com.apple.compilers.llvm.clang.1_0.compiler failed with a nonzero exit code. Command line:     cd /host

    Using response file: /host/spi-builder-workspace/.build/out/Intermediates.noindex/DirtyCowKit.build/Debug-webassembly-wasm32/Exploit-t.build/Objects-normal/wasm32/9f65232cb83f8421e3a495a5062eba382369c975104ee97bafc405ab795bfc5e-common-args.resp

    /usr/bin/clang -x c -target wasm32-unknown-wasip1 -fmessage-length\=0 -fdiagnostics-show-note-include-stack -fmacro-backtrace-limit\=0 -fcolor-diagnostics -Wno-trigraphs -Wno-missing-field-initializers -Wno-missing-prototypes -Wno-return-type -Wno-missing-braces -Wparentheses -Wswitch -Wno-unused-function -Wno-unused-label -Wno-unused-parameter -Wno-unused-variable -Wunused-value -Wno-empty-body -Wno-uninitialized -Wno-unknown-pragmas -Wno-shadow -Wno-four-char-constants -Wno-conversion -Wno-constant-conversion -Wno-int-conversion -Wno-bool-conversion -Wno-enum-conversion -Wno-float-conversion -Wno-non-literal-null-conversion -Wno-objc-literal-conversion -Wno-shorten-64-to-32 -Wpointer-sign -Wno-newline-eof -Wno-implicit-fallthrough -fstrict-aliasing -Wdeprecated-declarations -Wno-sign-conversion -Wno-infinite-recursion -Wno-comma -Wno-block-capture-autoreleasing -Wno-strict-prototypes -Wno-semicolon-before-method-body --sysroot /root/.swiftpm/swift-sdks/swift-6.4.x-DEVELOPMENT-SNAPSHOT-2026-09-04-a_wasm.artifactbundle/swift-6.4.x-DEVELOPMENT-SNAPSHOT-2026-09-04-a_wasm/wasm32-unknown-wasip1/WASI.sdk @/host/spi-builder-workspace/.build/out/Intermediates.noindex/DirtyCowKit.build/Debug-webassembly-wasm32/Exploit-t.build/Objects-normal/wasm32/9f65232cb83f8421e3a495a5062eba382369c975104ee97bafc405ab795bfc5e-common-args.resp -MMD -MT dependencies -MF /host/spi-builder-workspace/.build/out/Intermediates.noindex/DirtyCowKit.build/Debug-webassembly-wasm32/Exploit-t.build/Objects-normal/wasm32/vm_unaligned_copy_switch_race.d --serialize-diagnostics /host/spi-builder-workspace/.build/out/Intermediates.noindex/DirtyCowKit.build/Debug-webassembly-wasm32/Exploit-t.build/Objects-normal/wasm32/vm_unaligned_copy_switch_race.dia -c /host/spi-builder-workspace/Sources/Exploit/vm_unaligned_copy_switch_race.c -o /host/spi-builder-workspace/.build/out/Intermediates.noindex/DirtyCowKit.build/Debug-webassembly-wasm32/Exploit-t.build/Objects-normal/wasm32/vm_unaligned_copy_switch_race.o
error: Build failed
BUILD FAILURE 6.4 wasm