The Swift Package Index logo.Swift Package Index

Build Information

Failed to build FitHeightSheet, reference 1.0.0 (ef47b9), with Swift 6.4 for tvOS using Xcode 27.0 on 21 Sep 2026 14:31:25 UTC.

Build Command

env DEVELOPER_DIR=/Applications/Xcode-27.0.0-Release.Candidate.app xcrun xcodebuild -IDEClonedSourcePackagesDirPathOverride=$PWD/.dependencies -skipMacroValidation -skipPackagePluginValidation -derivedDataPath $PWD/.derivedData build -scheme FitHeightSheet -destination generic/platform=tvOS

Build Log

========================================
RunAll
========================================
Builder version: 5.1.0
Interrupt handler set up.
========================================
Checkout
========================================
Clone URL: https://github.com/KyawTheMonkey/FitHeightSheet.git
Reference: 1.0.0
Initialized empty Git repository in /Users/admin/builder/spi-builder-workspace/.git/
From https://github.com/KyawTheMonkey/FitHeightSheet
 * tag               1.0.0      -> FETCH_HEAD
HEAD is now at ef47b9f chore: added tutorial article
Cloned https://github.com/KyawTheMonkey/FitHeightSheet.git
Revision (git rev-parse @):
ef47b9f75d6545f3c1a228fdef3ebef3eeaddeb7
SUCCESS checkout https://github.com/KyawTheMonkey/FitHeightSheet.git at 1.0.0
========================================
Build
========================================
Selected platform:         tvOS
Swift version:             6.4
Building package at path:  $PWD
https://github.com/KyawTheMonkey/FitHeightSheet.git
Command line invocation:
    /Applications/Xcode-27.0.0-Release.Candidate.app/Contents/Developer/usr/bin/xcodebuild -IDEClonedSourcePackagesDirPathOverride=/Users/admin/builder/spi-builder-workspace/.dependencies -resolvePackageDependencies
Resolve Package Graph
Resolve Package Graph
Resolved source packages:
  FitHeightSheet: /Users/admin/builder/spi-builder-workspace
resolved source packages: FitHeightSheet
2026-09-21 10:30:31.070 xcodebuild[529:3029] [MT] IDERunDestination: Supported platforms for the buildables in the current scheme is empty.
2026-09-21 10:30:31.218 xcodebuild[529:3029] [MT] IDERunDestination: Supported platforms for the buildables in the current scheme is empty.
2026-09-21 10:30:32.850 xcodebuild[529:3029] [MT] IDERunDestination: Supported platforms for the buildables in the current scheme is empty.
{
  "dependencies" : [
  ],
  "manifest_display_name" : "FitHeightSheet",
  "name" : "FitHeightSheet",
  "path" : "/Users/admin/builder/spi-builder-workspace",
  "platforms" : [
    {
      "name" : "ios",
      "version" : "14.0"
    }
  ],
  "products" : [
    {
      "name" : "FitHeightSheet",
      "targets" : [
        "FitHeightSheet"
      ],
      "type" : {
        "library" : [
          "automatic"
        ]
      }
    }
  ],
  "targets" : [
    {
      "c99name" : "FitHeightSheet",
      "module_type" : "SwiftTarget",
      "name" : "FitHeightSheet",
      "path" : "Sources/FitHeightSheet",
      "product_memberships" : [
        "FitHeightSheet"
      ],
      "sources" : [
        "AnimationConfiguration.swift",
        "BackdropStyle.swift",
        "EnvironmentValues+Dismiss.swift",
        "FitHeightSheet.swift",
        "FitHeightSheetModifire.swift",
        "FitHeightSheetWithItemModifire.swift",
        "Helpers.swift",
        "InteractiveDismissDisabled.swift"
      ],
      "type" : "library"
    }
  ],
  "tools_version" : "5.9"
}
{
  "workspace" : {
    "name" : "FitHeightSheet",
    "schemes" : [
      "FitHeightSheet"
    ]
  }
}
2026-09-21 10:31:09.228 xcodebuild[626:3831] [MT] IDERunDestination: Supported platforms for the buildables in the current scheme is empty.
2026-09-21 10:31:09.369 xcodebuild[626:3831] [MT] IDERunDestination: Supported platforms for the buildables in the current scheme is empty.
Running build ...
env DEVELOPER_DIR=/Applications/Xcode-27.0.0-Release.Candidate.app xcrun xcodebuild -IDEClonedSourcePackagesDirPathOverride=$PWD/.dependencies -skipMacroValidation -skipPackagePluginValidation -derivedDataPath $PWD/.derivedData build -scheme FitHeightSheet -destination generic/platform=tvOS
Command line invocation:
    /Applications/Xcode-27.0.0-Release.Candidate.app/Contents/Developer/usr/bin/xcodebuild -IDEClonedSourcePackagesDirPathOverride=/Users/admin/builder/spi-builder-workspace/.dependencies -skipMacroValidation -skipPackagePluginValidation -derivedDataPath /Users/admin/builder/spi-builder-workspace/.derivedData build -scheme FitHeightSheet -destination generic/platform=tvOS
Resolve Package Graph
Resolved source packages:
  FitHeightSheet: /Users/admin/builder/spi-builder-workspace
ComputePackagePrebuildTargetDependencyGraph
Prepare packages
CreateBuildRequest
SendProjectDescription
CreateBuildOperation
ComputeTargetDependencyGraph
note: Building targets in dependency order
note: Target dependency graph (2 targets)
    Target 'FitHeightSheet-product' in project 'FitHeightSheet'
        ➜ Explicit dependency on target 'FitHeightSheet' in project 'FitHeightSheet'
    Target 'FitHeightSheet' in project 'FitHeightSheet' (no dependencies)
GatherProvisioningInputs
CreateBuildDescription
ExecuteExternalTool /Applications/Xcode-27.0.0-Release.Candidate.app/Contents/Developer/Toolchains/XcodeDefault.xctoolchain/usr/bin/clang -v -E -dM -isysroot /Applications/Xcode-27.0.0-Release.Candidate.app/Contents/Developer/Platforms/AppleTVOS.platform/Developer/SDKs/AppleTVOS27.0.sdk -x c -c /dev/null
ExecuteExternalTool /Applications/Xcode-27.0.0-Release.Candidate.app/Contents/Developer/Toolchains/XcodeDefault.xctoolchain/usr/bin/swiftc --version
ExecuteExternalTool /Applications/Xcode-27.0.0-Release.Candidate.app/Contents/Developer/Toolchains/XcodeDefault.xctoolchain/usr/bin/ld -version_details
ReadFileContents /Applications/Xcode-27.0.0-Release.Candidate.app/Contents/Developer/Toolchains/XcodeDefault.xctoolchain/usr/share/docc/features.json
Build description signature: df0dbb409ab4c51e19f0be790da30156
Build description path: /Users/admin/builder/spi-builder-workspace/.derivedData/Build/Intermediates.noindex/XCBuildData/df0dbb409ab4c51e19f0be790da30156.xcbuilddata
CreateBuildDirectory /Users/admin/builder/spi-builder-workspace/.derivedData/SDKExplicitPrecompiledModules
    cd /Users/admin/builder/spi-builder-workspace/.swiftpm/xcode
    builtin-create-build-directory /Users/admin/builder/spi-builder-workspace/.derivedData/SDKExplicitPrecompiledModules
CreateBuildDirectory /Users/admin/builder/spi-builder-workspace/.derivedData/CompilationCache.noindex
    cd /Users/admin/builder/spi-builder-workspace/.swiftpm/xcode
    builtin-create-build-directory /Users/admin/builder/spi-builder-workspace/.derivedData/CompilationCache.noindex
CreateBuildDirectory /Users/admin/builder/spi-builder-workspace/.derivedData/ModuleCache.noindex
    cd /Users/admin/builder/spi-builder-workspace/.swiftpm/xcode
    builtin-create-build-directory /Users/admin/builder/spi-builder-workspace/.derivedData/ModuleCache.noindex
CreateBuildDirectory /Users/admin/builder/spi-builder-workspace/.derivedData/Build/Products
    cd /Users/admin/builder/spi-builder-workspace/.swiftpm/xcode
    builtin-create-build-directory /Users/admin/builder/spi-builder-workspace/.derivedData/Build/Products
CreateBuildDirectory /Users/admin/builder/spi-builder-workspace/.derivedData/Build/Intermediates.noindex
    cd /Users/admin/builder/spi-builder-workspace/.swiftpm/xcode
    builtin-create-build-directory /Users/admin/builder/spi-builder-workspace/.derivedData/Build/Intermediates.noindex
ClangStatCache /Applications/Xcode-27.0.0-Release.Candidate.app/Contents/Developer/Toolchains/XcodeDefault.xctoolchain/usr/bin/clang-stat-cache /Applications/Xcode-27.0.0-Release.Candidate.app/Contents/Developer/Platforms/AppleTVOS.platform/Developer/SDKs/AppleTVOS27.0.sdk /Users/admin/builder/spi-builder-workspace/.derivedData/SDKStatCaches.noindex/appletvos27.0-24J360-e829b21a6f8c9b70876ba0858053c044b32bfd8d43560033f8d89884cdb90028.sdkstatcache
    cd /Users/admin/builder/spi-builder-workspace/.swiftpm/xcode
    /Applications/Xcode-27.0.0-Release.Candidate.app/Contents/Developer/Toolchains/XcodeDefault.xctoolchain/usr/bin/clang-stat-cache /Applications/Xcode-27.0.0-Release.Candidate.app/Contents/Developer/Platforms/AppleTVOS.platform/Developer/SDKs/AppleTVOS27.0.sdk -o /Users/admin/builder/spi-builder-workspace/.derivedData/SDKStatCaches.noindex/appletvos27.0-24J360-e829b21a6f8c9b70876ba0858053c044b32bfd8d43560033f8d89884cdb90028.sdkstatcache
CreateBuildDirectory /Users/admin/builder/spi-builder-workspace/.derivedData/Build/Products/Debug-appletvos
    cd /Users/admin/builder/spi-builder-workspace/.swiftpm/xcode
    builtin-create-build-directory /Users/admin/builder/spi-builder-workspace/.derivedData/Build/Products/Debug-appletvos
CreateBuildDirectory /Users/admin/builder/spi-builder-workspace/.derivedData/Build/Intermediates.noindex/SwiftExplicitPrecompiledModules
    cd /Users/admin/builder/spi-builder-workspace/.swiftpm/xcode
    builtin-create-build-directory /Users/admin/builder/spi-builder-workspace/.derivedData/Build/Intermediates.noindex/SwiftExplicitPrecompiledModules
CreateBuildDirectory /Users/admin/builder/spi-builder-workspace/.derivedData/Build/Intermediates.noindex/PrecompiledHeaders
    cd /Users/admin/builder/spi-builder-workspace/.swiftpm/xcode
    builtin-create-build-directory /Users/admin/builder/spi-builder-workspace/.derivedData/Build/Intermediates.noindex/PrecompiledHeaders
CreateBuildDirectory /Users/admin/builder/spi-builder-workspace/.derivedData/Build/Intermediates.noindex/ExplicitPrecompiledModules
    cd /Users/admin/builder/spi-builder-workspace/.swiftpm/xcode
    builtin-create-build-directory /Users/admin/builder/spi-builder-workspace/.derivedData/Build/Intermediates.noindex/ExplicitPrecompiledModules
CreateBuildDirectory /Users/admin/builder/spi-builder-workspace/.derivedData/Build/Intermediates.noindex/EagerLinkingTBDs/Debug-appletvos
    cd /Users/admin/builder/spi-builder-workspace/.swiftpm/xcode
    builtin-create-build-directory /Users/admin/builder/spi-builder-workspace/.derivedData/Build/Intermediates.noindex/EagerLinkingTBDs/Debug-appletvos
CreateBuildDirectory /Users/admin/builder/spi-builder-workspace/.derivedData/Build/Products/Debug-appletvos/PackageFrameworks
    cd /Users/admin/builder/spi-builder-workspace/.swiftpm/xcode
    builtin-create-build-directory /Users/admin/builder/spi-builder-workspace/.derivedData/Build/Products/Debug-appletvos/PackageFrameworks
WriteAuxiliaryFile /Users/admin/builder/spi-builder-workspace/.derivedData/Build/Intermediates.noindex/FitHeightSheet.build/Debug-appletvos/FitHeightSheet-t.build/FitHeightSheet.modulemap (in target 'FitHeightSheet' from project 'FitHeightSheet')
    cd /Users/admin/builder/spi-builder-workspace
    write-file /Users/admin/builder/spi-builder-workspace/.derivedData/Build/Intermediates.noindex/FitHeightSheet.build/Debug-appletvos/FitHeightSheet-t.build/FitHeightSheet.modulemap
WriteAuxiliaryFile /Users/admin/builder/spi-builder-workspace/.derivedData/Build/Intermediates.noindex/FitHeightSheet.build/Debug-appletvos/FitHeightSheet-t.build/FitHeightSheet.DependencyMetadataFileList (in target 'FitHeightSheet' from project 'FitHeightSheet')
    cd /Users/admin/builder/spi-builder-workspace
    write-file /Users/admin/builder/spi-builder-workspace/.derivedData/Build/Intermediates.noindex/FitHeightSheet.build/Debug-appletvos/FitHeightSheet-t.build/FitHeightSheet.DependencyMetadataFileList
WriteAuxiliaryFile /Users/admin/builder/spi-builder-workspace/.derivedData/Build/Intermediates.noindex/FitHeightSheet.build/Debug-appletvos/FitHeightSheet-t.build/FitHeightSheet.DependencyStaticMetadataFileList (in target 'FitHeightSheet' from project 'FitHeightSheet')
    cd /Users/admin/builder/spi-builder-workspace
    write-file /Users/admin/builder/spi-builder-workspace/.derivedData/Build/Intermediates.noindex/FitHeightSheet.build/Debug-appletvos/FitHeightSheet-t.build/FitHeightSheet.DependencyStaticMetadataFileList
WriteAuxiliaryFile /Users/admin/builder/spi-builder-workspace/.derivedData/Build/Intermediates.noindex/FitHeightSheet.build/Debug-appletvos/FitHeightSheet-t.build/Objects-normal/arm64/FitHeightSheet.LinkFileList (in target 'FitHeightSheet' from project 'FitHeightSheet')
    cd /Users/admin/builder/spi-builder-workspace
    write-file /Users/admin/builder/spi-builder-workspace/.derivedData/Build/Intermediates.noindex/FitHeightSheet.build/Debug-appletvos/FitHeightSheet-t.build/Objects-normal/arm64/FitHeightSheet.LinkFileList
WriteAuxiliaryFile /Users/admin/builder/spi-builder-workspace/.derivedData/Build/Intermediates.noindex/FitHeightSheet.build/Debug-appletvos/FitHeightSheet-t.build/Objects-normal/arm64/FitHeightSheet.SwiftFileList (in target 'FitHeightSheet' from project 'FitHeightSheet')
    cd /Users/admin/builder/spi-builder-workspace
    write-file /Users/admin/builder/spi-builder-workspace/.derivedData/Build/Intermediates.noindex/FitHeightSheet.build/Debug-appletvos/FitHeightSheet-t.build/Objects-normal/arm64/FitHeightSheet.SwiftFileList
WriteAuxiliaryFile /Users/admin/builder/spi-builder-workspace/.derivedData/Build/Intermediates.noindex/FitHeightSheet.build/Debug-appletvos/FitHeightSheet-t.build/Objects-normal/arm64/FitHeightSheet.SwiftConstValuesFileList (in target 'FitHeightSheet' from project 'FitHeightSheet')
    cd /Users/admin/builder/spi-builder-workspace
    write-file /Users/admin/builder/spi-builder-workspace/.derivedData/Build/Intermediates.noindex/FitHeightSheet.build/Debug-appletvos/FitHeightSheet-t.build/Objects-normal/arm64/FitHeightSheet.SwiftConstValuesFileList
WriteAuxiliaryFile /Users/admin/builder/spi-builder-workspace/.derivedData/Build/Intermediates.noindex/FitHeightSheet.build/Debug-appletvos/FitHeightSheet-t.build/Objects-normal/arm64/FitHeightSheet_const_extract_protocols.json (in target 'FitHeightSheet' from project 'FitHeightSheet')
    cd /Users/admin/builder/spi-builder-workspace
    write-file /Users/admin/builder/spi-builder-workspace/.derivedData/Build/Intermediates.noindex/FitHeightSheet.build/Debug-appletvos/FitHeightSheet-t.build/Objects-normal/arm64/FitHeightSheet_const_extract_protocols.json
WriteAuxiliaryFile /Users/admin/builder/spi-builder-workspace/.derivedData/Build/Intermediates.noindex/FitHeightSheet.build/Debug-appletvos/FitHeightSheet-t.build/Objects-normal/arm64/FitHeightSheet-OutputFileMap.json (in target 'FitHeightSheet' from project 'FitHeightSheet')
    cd /Users/admin/builder/spi-builder-workspace
    write-file /Users/admin/builder/spi-builder-workspace/.derivedData/Build/Intermediates.noindex/FitHeightSheet.build/Debug-appletvos/FitHeightSheet-t.build/Objects-normal/arm64/FitHeightSheet-OutputFileMap.json
Copy /Users/admin/builder/spi-builder-workspace/.derivedData/Build/Intermediates.noindex/GeneratedModuleMaps-appletvos/FitHeightSheet.modulemap /Users/admin/builder/spi-builder-workspace/.derivedData/Build/Intermediates.noindex/FitHeightSheet.build/Debug-appletvos/FitHeightSheet-t.build/FitHeightSheet.modulemap (in target 'FitHeightSheet' from project 'FitHeightSheet')
    cd /Users/admin/builder/spi-builder-workspace
    builtin-copy -exclude .DS_Store -exclude CVS -exclude .svn -exclude .git -exclude .hg -resolve-src-symlinks /Users/admin/builder/spi-builder-workspace/.derivedData/Build/Intermediates.noindex/FitHeightSheet.build/Debug-appletvos/FitHeightSheet-t.build/FitHeightSheet.modulemap /Users/admin/builder/spi-builder-workspace/.derivedData/Build/Intermediates.noindex/GeneratedModuleMaps-appletvos
SwiftDriver FitHeightSheet normal arm64 com.apple.xcode.tools.swift.compiler (in target 'FitHeightSheet' from project 'FitHeightSheet')
    cd /Users/admin/builder/spi-builder-workspace/.swiftpm/xcode
    builtin-SwiftDriver -- /Applications/Xcode-27.0.0-Release.Candidate.app/Contents/Developer/Toolchains/XcodeDefault.xctoolchain/usr/bin/swiftc -parse-as-library -module-name FitHeightSheet -Onone @/Users/admin/builder/spi-builder-workspace/.derivedData/Build/Intermediates.noindex/FitHeightSheet.build/Debug-appletvos/FitHeightSheet-t.build/Objects-normal/arm64/FitHeightSheet.SwiftFileList -DSWIFT_PACKAGE -DDEBUG -DSWIFT_MODULE_RESOURCE_BUNDLE_UNAVAILABLE -DXcode -plugin-path /Applications/Xcode-27.0.0-Release.Candidate.app/Contents/Developer/Toolchains/XcodeDefault.xctoolchain/usr/lib/swift/host/plugins/testing -enable-experimental-feature DebugDescriptionMacro -sdk /Applications/Xcode-27.0.0-Release.Candidate.app/Contents/Developer/Platforms/AppleTVOS.platform/Developer/SDKs/AppleTVOS27.0.sdk -target arm64-apple-tvos15.0 -g -module-cache-path /Users/admin/builder/spi-builder-workspace/.derivedData/ModuleCache.noindex -Xfrontend -serialize-debugging-options -enable-testing -index-store-path /Users/admin/builder/spi-builder-workspace/.derivedData/Index.noindex/DataStore -Xcc -D_LIBCPP_HARDENING_MODE\=_LIBCPP_HARDENING_MODE_DEBUG -swift-version 5 -I /Users/admin/builder/spi-builder-workspace/.derivedData/Build/Products/Debug-appletvos -Isystem /Applications/Xcode-27.0.0-Release.Candidate.app/Contents/Developer/Platforms/AppleTVOS.platform/Developer/usr/lib -F /Users/admin/builder/spi-builder-workspace/.derivedData/Build/Products/Debug-appletvos -F /Applications/Xcode-27.0.0-Release.Candidate.app/Contents/Developer/Platforms/AppleTVOS.platform/Developer/Library/Frameworks -F /Applications/Xcode-27.0.0-Release.Candidate.app/Contents/Developer/Platforms/AppleTVOS.platform/Developer/SDKs/AppleTVOS27.0.sdk/Developer/Library/Frameworks -c -j10 -enable-batch-mode -incremental -Xcc -ivfsstatcache -Xcc /Users/admin/builder/spi-builder-workspace/.derivedData/SDKStatCaches.noindex/appletvos27.0-24J360-e829b21a6f8c9b70876ba0858053c044b32bfd8d43560033f8d89884cdb90028.sdkstatcache -output-file-map /Users/admin/builder/spi-builder-workspace/.derivedData/Build/Intermediates.noindex/FitHeightSheet.build/Debug-appletvos/FitHeightSheet-t.build/Objects-normal/arm64/FitHeightSheet-OutputFileMap.json -save-temps -no-color-diagnostics -explicit-module-build -module-cache-path /Users/admin/builder/spi-builder-workspace/.derivedData/Build/Intermediates.noindex/SwiftExplicitPrecompiledModules -clang-scanner-module-cache-path /Users/admin/builder/spi-builder-workspace/.derivedData/ModuleCache.noindex -sdk-module-cache-path /Users/admin/builder/spi-builder-workspace/.derivedData/SDKExplicitPrecompiledModules -emit-dependencies -emit-module -emit-module-path /Users/admin/builder/spi-builder-workspace/.derivedData/Build/Intermediates.noindex/FitHeightSheet.build/Debug-appletvos/FitHeightSheet-t.build/Objects-normal/arm64/FitHeightSheet.swiftmodule -serialize-diagnostics -dependency-scan-serialize-diagnostics-path /Users/admin/builder/spi-builder-workspace/.derivedData/Build/Intermediates.noindex/FitHeightSheet.build/Debug-appletvos/FitHeightSheet-t.build/Objects-normal/arm64/FitHeightSheet-dependency-scan.dia -validate-clang-modules-once -clang-build-session-file /Users/admin/builder/spi-builder-workspace/.derivedData/ModuleCache.noindex/Session.modulevalidation -Xcc -fmodules-prune-interval\=86400 -Xcc -fmodules-prune-after\=345600 -package-name spi_builder_workspace -emit-const-values -const-gather-protocols-list /Users/admin/builder/spi-builder-workspace/.derivedData/Build/Intermediates.noindex/FitHeightSheet.build/Debug-appletvos/FitHeightSheet-t.build/Objects-normal/arm64/FitHeightSheet_const_extract_protocols.json -Xcc -I/Users/admin/builder/spi-builder-workspace/.derivedData/Build/Products/Debug-appletvos/include -Xcc -I/Users/admin/builder/spi-builder-workspace/.derivedData/Build/Intermediates.noindex/FitHeightSheet.build/Debug-appletvos/FitHeightSheet-t.build/DerivedSources-normal/arm64 -Xcc -I/Users/admin/builder/spi-builder-workspace/.derivedData/Build/Intermediates.noindex/FitHeightSheet.build/Debug-appletvos/FitHeightSheet-t.build/DerivedSources/arm64 -Xcc -I/Users/admin/builder/spi-builder-workspace/.derivedData/Build/Intermediates.noindex/FitHeightSheet.build/Debug-appletvos/FitHeightSheet-t.build/DerivedSources -Xcc -DSWIFT_PACKAGE -Xcc -DDEBUG\=1 -emit-objc-header -emit-objc-header-path /Users/admin/builder/spi-builder-workspace/.derivedData/Build/Intermediates.noindex/FitHeightSheet.build/Debug-appletvos/FitHeightSheet-t.build/Objects-normal/arm64/FitHeightSheet-Swift.h -working-directory /Users/admin/builder/spi-builder-workspace/.swiftpm/xcode -experimental-emit-module-separately -disable-cmo
SwiftExplicitDependencyGeneratePcm arm64 /Users/admin/builder/spi-builder-workspace/.derivedData/SDKExplicitPrecompiledModules/ptrauth-8X2KEPL7CTRPS40TUB9APHPK6.pcm
SwiftExplicitDependencyGeneratePcm arm64 /Users/admin/builder/spi-builder-workspace/.derivedData/SDKExplicitPrecompiledModules/_Builtin_stddef-9ZJZ6FDEZNKTZU8YLPMFT9RAQ.pcm
SwiftExplicitDependencyGeneratePcm arm64 /Users/admin/builder/spi-builder-workspace/.derivedData/SDKExplicitPrecompiledModules/_Builtin_stdarg-BO2OCAUYVAXDRVQWQ8ISKGNUQ.pcm
SwiftExplicitDependencyGeneratePcm arm64 /Users/admin/builder/spi-builder-workspace/.derivedData/SDKExplicitPrecompiledModules/DeveloperToolsSupport-B1X8RI63V48AJRTH2RK6JAARV.pcm
SwiftExplicitDependencyGeneratePcm arm64 /Users/admin/builder/spi-builder-workspace/.derivedData/SDKExplicitPrecompiledModules/_SwiftConcurrencyShims-BY5PD8KF1L5KF6F4Q69HE3TJ4.pcm
SwiftExplicitDependencyGeneratePcm arm64 /Users/admin/builder/spi-builder-workspace/.derivedData/SDKExplicitPrecompiledModules/SwiftShims-8N4EXJ4RUJTR8K9OO3CMOH1EP.pcm
SwiftExplicitDependencyGeneratePcm arm64 /Users/admin/builder/spi-builder-workspace/.derivedData/SDKExplicitPrecompiledModules/_Builtin_float-8ZJAYZ85YBOAOP52Y9H6IUNP3.pcm
SwiftExplicitDependencyGeneratePcm arm64 /Users/admin/builder/spi-builder-workspace/.derivedData/SDKExplicitPrecompiledModules/ptrcheck-2AZ6B5IBYD3RRRTFWN2ONASY3.pcm
SwiftExplicitDependencyGeneratePcm arm64 /Users/admin/builder/spi-builder-workspace/.derivedData/SDKExplicitPrecompiledModules/_Builtin_stdbool-AHRDH5EKLY6D04C5E42F3VCQI.pcm
SwiftExplicitDependencyGeneratePcm arm64 /Users/admin/builder/spi-builder-workspace/.derivedData/SDKExplicitPrecompiledModules/_AvailabilityInternal-BV2EDDP0MI5QJDDPEEV4D9D3V.pcm
SwiftExplicitDependencyGeneratePcm arm64 /Users/admin/builder/spi-builder-workspace/.derivedData/SDKExplicitPrecompiledModules/_DarwinFoundation1-JOTYMOA1YZCIJ2NON6FQ848O.pcm
SwiftExplicitDependencyGeneratePcm arm64 /Users/admin/builder/spi-builder-workspace/.derivedData/SDKExplicitPrecompiledModules/_Builtin_limits-7JU2HP127LIT1X9E2V3D8WZ1.pcm
SwiftExplicitDependencyGeneratePcm arm64 /Users/admin/builder/spi-builder-workspace/.derivedData/SDKExplicitPrecompiledModules/_DarwinFoundation2-AOGAN1O02NKXRJN5V73AV3V3M.pcm
SwiftExplicitDependencyGeneratePcm arm64 /Users/admin/builder/spi-builder-workspace/.derivedData/SDKExplicitPrecompiledModules/_Builtin_stdint-6NFTB6IBKS143IVPGT1EKB7HO.pcm
SwiftExplicitDependencyGeneratePcm arm64 /Users/admin/builder/spi-builder-workspace/.derivedData/SDKExplicitPrecompiledModules/string_h-6EVHP7A717OUS5DMC78F79HWO.pcm
SwiftExplicitDependencyGeneratePcm arm64 /Users/admin/builder/spi-builder-workspace/.derivedData/SDKExplicitPrecompiledModules/_Builtin_tgmath-7ULT1EUHDHW4OZPSTT33H6QGE.pcm
SwiftExplicitDependencyGeneratePcm arm64 /Users/admin/builder/spi-builder-workspace/.derivedData/SDKExplicitPrecompiledModules/sys_types-8GCAV1YMG5UUGHUID3CA20TCH.pcm
SwiftExplicitDependencyGeneratePcm arm64 /Users/admin/builder/spi-builder-workspace/.derivedData/SDKExplicitPrecompiledModules/_Builtin_intrinsics-437O2R2NID4WAQVENR63GR82C.pcm
SwiftExplicitDependencyGeneratePcm arm64 /Users/admin/builder/spi-builder-workspace/.derivedData/SDKExplicitPrecompiledModules/_DarwinFoundation3-8SR3855WDFHQPR6G9GHOI2C07.pcm
SwiftExplicitDependencyGeneratePcm arm64 /Users/admin/builder/spi-builder-workspace/.derivedData/SDKExplicitPrecompiledModules/_Builtin_stdatomic-3YXHN678NGYM3NL9POJ2HVEIF.pcm
SwiftExplicitDependencyGeneratePcm arm64 /Users/admin/builder/spi-builder-workspace/.derivedData/SDKExplicitPrecompiledModules/_Builtin_inttypes-6X1IQ3QK9KEVKXOK9Y79EW7J3.pcm
SwiftExplicitDependencyGeneratePcm arm64 /Users/admin/builder/spi-builder-workspace/.derivedData/SDKExplicitPrecompiledModules/Darwin-DBSQAVBBPC3D2OMU5ZI2RXMST.pcm
SwiftExplicitDependencyGeneratePcm arm64 /Users/admin/builder/spi-builder-workspace/.derivedData/SDKExplicitPrecompiledModules/simd-117QUXEUT3Z7UQCUYWV2UA228.pcm
SwiftExplicitDependencyGeneratePcm arm64 /Users/admin/builder/spi-builder-workspace/.derivedData/SDKExplicitPrecompiledModules/MachO-EH3F5PJCIZG05NO51CEFSZYPW.pcm
SwiftExplicitDependencyGeneratePcm arm64 /Users/admin/builder/spi-builder-workspace/.derivedData/SDKExplicitPrecompiledModules/ObjectiveC-5250FDCE56N8508OR6XUYDKZM.pcm
SwiftExplicitDependencyGeneratePcm arm64 /Users/admin/builder/spi-builder-workspace/.derivedData/SDKExplicitPrecompiledModules/os_object-E2DGZ0SX0TULQHULZRPO6OKNW.pcm
SwiftExplicitDependencyGeneratePcm arm64 /Users/admin/builder/spi-builder-workspace/.derivedData/SDKExplicitPrecompiledModules/os_workgroup-DBUFF7811DKMX7VPBOJPGGF1U.pcm
SwiftExplicitDependencyGeneratePcm arm64 /Users/admin/builder/spi-builder-workspace/.derivedData/SDKExplicitPrecompiledModules/Spatial-7U8NLEFXSB8BR7PJQGVMF5A4Q.pcm
SwiftExplicitDependencyGeneratePcm arm64 /Users/admin/builder/spi-builder-workspace/.derivedData/SDKExplicitPrecompiledModules/Dispatch-1QL58A0V50C39KVAIC6C38SHL.pcm
SwiftExplicitDependencyGeneratePcm arm64 /Users/admin/builder/spi-builder-workspace/.derivedData/SDKExplicitPrecompiledModules/XPC-6O2DJFT3QUJ7QKTD3SNUB6PCR.pcm
SwiftExplicitDependencyGeneratePcm arm64 /Users/admin/builder/spi-builder-workspace/.derivedData/SDKExplicitPrecompiledModules/CoreFoundation-7TPJ7ENDC4L1A1ESHYI9TXS0D.pcm
SwiftExplicitDependencyGeneratePcm arm64 /Users/admin/builder/spi-builder-workspace/.derivedData/SDKExplicitPrecompiledModules/os-3GJI8H0BNAEZPQPQ1V0VVY3FY.pcm
SwiftExplicitDependencyGeneratePcm arm64 /Users/admin/builder/spi-builder-workspace/.derivedData/SDKExplicitPrecompiledModules/CoreGraphics-CWSP3J98S2658BYCVL6RP99T3.pcm
SwiftExplicitDependencyGeneratePcm arm64 /Users/admin/builder/spi-builder-workspace/.derivedData/SDKExplicitPrecompiledModules/Security-8VMXEKVDA3MHUH9AOTP905DID.pcm
SwiftExplicitDependencyGeneratePcm arm64 /Users/admin/builder/spi-builder-workspace/.derivedData/SDKExplicitPrecompiledModules/CFNetwork-2CUR2VK9S3S3WPFXPNXNUWYGN.pcm
SwiftExplicitDependencyGeneratePcm arm64 /Users/admin/builder/spi-builder-workspace/.derivedData/SDKExplicitPrecompiledModules/CoreAudioTypes-E7EH96HAL3G83QSWLT7VWYIP4.pcm
SwiftExplicitDependencyGeneratePcm arm64 /Users/admin/builder/spi-builder-workspace/.derivedData/SDKExplicitPrecompiledModules/CoreAudio-6IR1XRM0Q9YQZMFW89F3H4V3X.pcm
SwiftExplicitDependencyGeneratePcm arm64 /Users/admin/builder/spi-builder-workspace/.derivedData/SDKExplicitPrecompiledModules/Foundation-BSSIP64DIGUKMAYJOG1WPQ78X.pcm
SwiftExplicitDependencyGeneratePcm arm64 /Users/admin/builder/spi-builder-workspace/.derivedData/SDKExplicitPrecompiledModules/CoreText-59NY7PABM0I4V978161FOC04A.pcm
SwiftExplicitDependencyGeneratePcm arm64 /Users/admin/builder/spi-builder-workspace/.derivedData/SDKExplicitPrecompiledModules/ImageIO-88D4CLEBD4CLWQKT78PZ6H1O8.pcm
SwiftExplicitDependencyGeneratePcm arm64 /Users/admin/builder/spi-builder-workspace/.derivedData/SDKExplicitPrecompiledModules/CoreData-DYMPHH3PH8AX9I1FHA4VFJ675.pcm
SwiftExplicitDependencyGeneratePcm arm64 /Users/admin/builder/spi-builder-workspace/.derivedData/SDKExplicitPrecompiledModules/UIUtilities-6ZFJ1AK4H8IBGEBMYQBWGBYLK.pcm
SwiftExplicitDependencyGeneratePcm arm64 /Users/admin/builder/spi-builder-workspace/.derivedData/SDKExplicitPrecompiledModules/UniformTypeIdentifiers-95CC8U42ZA9STP5K6GP9ZVJS5.pcm
SwiftExplicitDependencyGeneratePcm arm64 /Users/admin/builder/spi-builder-workspace/.derivedData/SDKExplicitPrecompiledModules/Accessibility-B6BODGZ4MQQTY0PBC4SHRP009.pcm
SwiftExplicitDependencyGeneratePcm arm64 /Users/admin/builder/spi-builder-workspace/.derivedData/SDKExplicitPrecompiledModules/IOSurface-38FJ1CKX9FV2RD97O64Z7QB17.pcm
SwiftExplicitDependencyGeneratePcm arm64 /Users/admin/builder/spi-builder-workspace/.derivedData/SDKExplicitPrecompiledModules/Symbols-B5AU9VM9Y7NU79RLMH13Z4IFM.pcm
SwiftExplicitDependencyGeneratePcm arm64 /Users/admin/builder/spi-builder-workspace/.derivedData/SDKExplicitPrecompiledModules/OSLog-7OT6HHTMY0ZFEQJ095LJZ6NLC.pcm
SwiftExplicitDependencyGeneratePcm arm64 /Users/admin/builder/spi-builder-workspace/.derivedData/SDKExplicitPrecompiledModules/CoreTransferable-7V4O8DATEQ9F7SDNTCW8YWLG3.pcm
SwiftExplicitDependencyGeneratePcm arm64 /Users/admin/builder/spi-builder-workspace/.derivedData/SDKExplicitPrecompiledModules/UserNotifications-E9ZW5TH066WIJWH9080RC5NG4.pcm
SwiftExplicitDependencyGeneratePcm arm64 /Users/admin/builder/spi-builder-workspace/.derivedData/SDKExplicitPrecompiledModules/_LocationEssentials-ETSJ65FELPWR8WH8G49R1DF2E.pcm
SwiftExplicitDependencyGeneratePcm arm64 /Users/admin/builder/spi-builder-workspace/.derivedData/SDKExplicitPrecompiledModules/DataDetection-37JIYZ2GWDA1L166PP1D9JKAF.pcm
SwiftExplicitDependencyGeneratePcm arm64 /Users/admin/builder/spi-builder-workspace/.derivedData/SDKExplicitPrecompiledModules/CoreLocation-YVXXAOMVX0JH2KO1XTTKTY51.pcm
SwiftExplicitDependencyGeneratePcm arm64 /Users/admin/builder/spi-builder-workspace/.derivedData/SDKExplicitPrecompiledModules/Metal-2KYBS7IML1SD788M91YV7Q0CC.pcm
SwiftExplicitDependencyGeneratePcm arm64 /Users/admin/builder/spi-builder-workspace/.derivedData/SDKExplicitPrecompiledModules/OpenGLES-4NY99CNDU9WUNUYEIXSS1QFGE.pcm
SwiftExplicitDependencyGeneratePcm arm64 /Users/admin/builder/spi-builder-workspace/.derivedData/SDKExplicitPrecompiledModules/CoreVideo-DPU0PB5X0XLSVA2ETRGI6FJBM.pcm
SwiftExplicitDependencyGeneratePcm arm64 /Users/admin/builder/spi-builder-workspace/.derivedData/SDKExplicitPrecompiledModules/QuartzCore-DJSYAWKXFGVSAK5CQMOB3JSR.pcm
SwiftExplicitDependencyGeneratePcm arm64 /Users/admin/builder/spi-builder-workspace/.derivedData/SDKExplicitPrecompiledModules/CoreImage-7S2AFJ8EIY3DUFYLEAX1JR1QV.pcm
SwiftExplicitDependencyGeneratePcm arm64 /Users/admin/builder/spi-builder-workspace/.derivedData/SDKExplicitPrecompiledModules/CoreMedia-4OUKVT03LV547KZJDPPJRJ4F8.pcm
SwiftExplicitDependencyGeneratePcm arm64 /Users/admin/builder/spi-builder-workspace/.derivedData/SDKExplicitPrecompiledModules/SwiftUICore-543QU5V2NHKUFCYFJDKUJ7NYG.pcm
SwiftExplicitDependencyGeneratePcm arm64 /Users/admin/builder/spi-builder-workspace/.derivedData/SDKExplicitPrecompiledModules/UIKit-1TKWN7VC2X6N3ITMRVA2G0EB2.pcm
SwiftExplicitDependencyGeneratePcm arm64 /Users/admin/builder/spi-builder-workspace/.derivedData/SDKExplicitPrecompiledModules/SwiftUI-7BV1YDT6IZWW6B8OC6ENV0Y0F.pcm
SwiftCompile normal arm64 Compiling\ Helpers.swift /Users/admin/builder/spi-builder-workspace/Sources/FitHeightSheet/Helpers.swift (in target 'FitHeightSheet' from project 'FitHeightSheet')
SwiftCompile normal arm64 /Users/admin/builder/spi-builder-workspace/Sources/FitHeightSheet/Helpers.swift (in target 'FitHeightSheet' from project 'FitHeightSheet')
    cd /Users/admin/builder/spi-builder-workspace/.swiftpm/xcode
    builtin-SwiftPerFileCompile Helpers.swift
SwiftCompile normal arm64 Compiling\ FitHeightSheetModifire.swift /Users/admin/builder/spi-builder-workspace/Sources/FitHeightSheet/FitHeightSheetModifire.swift (in target 'FitHeightSheet' from project 'FitHeightSheet')
/Users/admin/builder/spi-builder-workspace/Sources/FitHeightSheet/FitHeightSheetModifire.swift:35:5: error: 'DragGesture' is unavailable in tvOS
 33 |
 34 |   private var gesture: some Gesture {
 35 |     DragGesture(minimumDistance: 5)
    |     `- error: 'DragGesture' is unavailable in tvOS
 36 |       .onChanged { value in
 37 |         dragOffsetY = value.translation.height
SwiftUI.DragGesture:3:42: note: 'DragGesture' has been explicitly marked unavailable here
 1 | @available(iOS 13.0, macOS 10.15, watchOS 6.0, *)
 2 | @available(tvOS, unavailable)
 3 | @MainActor @preconcurrency public struct DragGesture : Gesture, ~Sendable {
   |                                          `- note: 'DragGesture' has been explicitly marked unavailable here
 4 |     public struct Value : Equatable, Sendable {
 5 |         public var time: Date
/Users/admin/builder/spi-builder-workspace/Sources/FitHeightSheet/FitHeightSheetModifire.swift:35:5: error: 'init(minimumDistance:coordinateSpace:)' is unavailable in tvOS
 33 |
 34 |   private var gesture: some Gesture {
 35 |     DragGesture(minimumDistance: 5)
    |     `- error: 'init(minimumDistance:coordinateSpace:)' is unavailable in tvOS
 36 |       .onChanged { value in
 37 |         dragOffsetY = value.translation.height
SwiftUI.DragGesture.init:4:37: note: 'init(minimumDistance:coordinateSpace:)' has been explicitly marked unavailable here
2 | @available(iOS 17.0, macOS 14.0, watchOS 10.0, *)
3 |   @available(tvOS, unavailable)
4 |   @MainActor @preconcurrency public init(minimumDistance: CGFloat = 10, coordinateSpace: some CoordinateSpaceProtocol = .local)}
  |                                     `- note: 'init(minimumDistance:coordinateSpace:)' has been explicitly marked unavailable here
5 |
/Users/admin/builder/spi-builder-workspace/Sources/FitHeightSheet/FitHeightSheetModifire.swift:104:12: error: 'onTapGesture(count:perform:)' is only available in tvOS 16.0 or newer
  8 | import SwiftUI
  9 |
 10 | struct FitHeightSheetModifire<Body: View>: ViewModifier {
    |        `- note: add '@available' attribute to enclosing generic struct
 11 |   @Binding var isPresented: Bool
 12 |   @State private var internalPresented: Bool = false
    :
 83 |   }
 84 |
 85 |   func body(content: Content) -> some View {
    |        `- note: add '@available' attribute to enclosing instance method
 86 |     ZStack {
 87 |       content
    :
102 |           .ignoresSafeArea()
103 |           .allowsHitTesting(internalPresented)
104 |           .onTapGesture {
    |            |- error: 'onTapGesture(count:perform:)' is only available in tvOS 16.0 or newer
    |            `- note: add 'if #available' version check
105 |             guard !fitInteractiveDismissDisabled else { return }
106 |             withAnimation(isPresented ? presentAnimation.value : dismissAnimation.value) {
Failed frontend command:
/Applications/Xcode-27.0.0-Release.Candidate.app/Contents/Developer/Toolchains/XcodeDefault.xctoolchain/usr/bin/swift-frontend -frontend -c /Users/admin/builder/spi-builder-workspace/Sources/FitHeightSheet/AnimationConfiguration.swift /Users/admin/builder/spi-builder-workspace/Sources/FitHeightSheet/BackdropStyle.swift /Users/admin/builder/spi-builder-workspace/Sources/FitHeightSheet/EnvironmentValues+Dismiss.swift /Users/admin/builder/spi-builder-workspace/Sources/FitHeightSheet/FitHeightSheet.swift -primary-file /Users/admin/builder/spi-builder-workspace/Sources/FitHeightSheet/FitHeightSheetModifire.swift /Users/admin/builder/spi-builder-workspace/Sources/FitHeightSheet/FitHeightSheetWithItemModifire.swift /Users/admin/builder/spi-builder-workspace/Sources/FitHeightSheet/Helpers.swift /Users/admin/builder/spi-builder-workspace/Sources/FitHeightSheet/InteractiveDismissDisabled.swift -emit-dependencies-path /Users/admin/builder/spi-builder-workspace/.derivedData/Build/Intermediates.noindex/FitHeightSheet.build/Debug-appletvos/FitHeightSheet-t.build/Objects-normal/arm64/FitHeightSheetModifire.d -emit-const-values-path /Users/admin/builder/spi-builder-workspace/.derivedData/Build/Intermediates.noindex/FitHeightSheet.build/Debug-appletvos/FitHeightSheet-t.build/Objects-normal/arm64/FitHeightSheetModifire.swiftconstvalues -emit-reference-dependencies-path /Users/admin/builder/spi-builder-workspace/.derivedData/Build/Intermediates.noindex/FitHeightSheet.build/Debug-appletvos/FitHeightSheet-t.build/Objects-normal/arm64/FitHeightSheetModifire.swiftdeps -serialize-diagnostics-path /Users/admin/builder/spi-builder-workspace/.derivedData/Build/Intermediates.noindex/FitHeightSheet.build/Debug-appletvos/FitHeightSheet-t.build/Objects-normal/arm64/FitHeightSheetModifire.dia -target arm64-apple-tvos15.0 -disable-cross-import-overlay-search -load-resolved-plugin /Applications/Xcode-27.0.0-Release.Candidate.app/Contents/Developer/Platforms/AppleTVOS.platform/Developer/usr/lib/swift/host/plugins/libFoundationMacros.dylib\#/Applications/Xcode-27.0.0-Release.Candidate.app/Contents/Developer/Platforms/AppleTVOS.platform/Developer/usr/bin/swift-plugin-server\#FoundationMacros -load-resolved-plugin /Applications/Xcode-27.0.0-Release.Candidate.app/Contents/Developer/Platforms/AppleTVOS.platform/Developer/usr/lib/swift/host/plugins/libObservationMacros.dylib\#/Applications/Xcode-27.0.0-Release.Candidate.app/Contents/Developer/Platforms/AppleTVOS.platform/Developer/usr/bin/swift-plugin-server\#ObservationMacros -load-resolved-plugin /Applications/Xcode-27.0.0-Release.Candidate.app/Contents/Developer/Platforms/AppleTVOS.platform/Developer/usr/lib/swift/host/plugins/libPreviewsMacros.dylib\#/Applications/Xcode-27.0.0-Release.Candidate.app/Contents/Developer/Platforms/AppleTVOS.platform/Developer/usr/bin/swift-plugin-server\#PreviewsMacros -load-resolved-plugin /Applications/Xcode-27.0.0-Release.Candidate.app/Contents/Developer/Platforms/AppleTVOS.platform/Developer/usr/lib/swift/host/plugins/libSwiftMacros.dylib\#/Applications/Xcode-27.0.0-Release.Candidate.app/Contents/Developer/Platforms/AppleTVOS.platform/Developer/usr/bin/swift-plugin-server\#SwiftMacros -load-resolved-plugin /Applications/Xcode-27.0.0-Release.Candidate.app/Contents/Developer/Platforms/AppleTVOS.platform/Developer/usr/lib/swift/host/plugins/libSwiftUIMacros.dylib\#/Applications/Xcode-27.0.0-Release.Candidate.app/Contents/Developer/Platforms/AppleTVOS.platform/Developer/usr/bin/swift-plugin-server\#SwiftUIMacros -disable-implicit-swift-modules -Xcc -fno-implicit-modules -Xcc -fno-implicit-module-maps -explicit-swift-module-map-file /Users/admin/builder/spi-builder-workspace/.derivedData/Build/Intermediates.noindex/FitHeightSheet.build/Debug-appletvos/FitHeightSheet-t.build/Objects-normal/arm64/FitHeightSheet-dependencies-1.json -Xllvm -aarch64-use-tbi -enable-objc-interop -stack-check -sdk /Applications/Xcode-27.0.0-Release.Candidate.app/Contents/Developer/Platforms/AppleTVOS.platform/Developer/SDKs/AppleTVOS27.0.sdk -I /Users/admin/builder/spi-builder-workspace/.derivedData/Build/Products/Debug-appletvos -Isystem /Applications/Xcode-27.0.0-Release.Candidate.app/Contents/Developer/Platforms/AppleTVOS.platform/Developer/usr/lib -F /Users/admin/builder/spi-builder-workspace/.derivedData/Build/Products/Debug-appletvos -F /Applications/Xcode-27.0.0-Release.Candidate.app/Contents/Developer/Platforms/AppleTVOS.platform/Developer/Library/Frameworks -F /Applications/Xcode-27.0.0-Release.Candidate.app/Contents/Developer/Platforms/AppleTVOS.platform/Developer/SDKs/AppleTVOS27.0.sdk/Developer/Library/Frameworks -module-cache-path /Users/admin/builder/spi-builder-workspace/.derivedData/Build/Intermediates.noindex/SwiftExplicitPrecompiledModules -no-color-diagnostics -Xcc -fno-color-diagnostics -enable-testing -g -debug-info-format\=dwarf -dwarf-version\=4 -swift-version 5 -Onone -D SWIFT_PACKAGE -D DEBUG -D SWIFT_MODULE_RESOURCE_BUNDLE_UNAVAILABLE -D Xcode -serialize-debugging-options -enable-experimental-feature DebugDescriptionMacro -empty-abi-descriptor -validate-clang-modules-once -clang-build-session-file /Users/admin/builder/spi-builder-workspace/.derivedData/ModuleCache.noindex/Session.modulevalidation -Xcc -working-directory -Xcc /Users/admin/builder/spi-builder-workspace/.swiftpm/xcode -enable-anonymous-context-mangled-names -file-compilation-dir /Users/admin/builder/spi-builder-workspace/.swiftpm/xcode -Xcc -D_LIBCPP_HARDENING_MODE\=_LIBCPP_HARDENING_MODE_DEBUG -Xcc -ivfsstatcache -Xcc /Users/admin/builder/spi-builder-workspace/.derivedData/SDKStatCaches.noindex/appletvos27.0-24J360-e829b21a6f8c9b70876ba0858053c044b32bfd8d43560033f8d89884cdb90028.sdkstatcache -Xcc -fmodules-prune-interval\=86400 -Xcc -fmodules-prune-after\=345600 -Xcc -I/Users/admin/builder/spi-builder-workspace/.derivedData/Build/Products/Debug-appletvos/include -Xcc -I/Users/admin/builder/spi-builder-workspace/.derivedData/Build/Intermediates.noindex/FitHeightSheet.build/Debug-appletvos/FitHeightSheet-t.build/DerivedSources-normal/arm64 -Xcc -I/Users/admin/builder/spi-builder-workspace/.derivedData/Build/Intermediates.noindex/FitHeightSheet.build/Debug-appletvos/FitHeightSheet-t.build/DerivedSources/arm64 -Xcc -I/Users/admin/builder/spi-builder-workspace/.derivedData/Build/Intermediates.noindex/FitHeightSheet.build/Debug-appletvos/FitHeightSheet-t.build/DerivedSources -Xcc -DSWIFT_PACKAGE -Xcc -DDEBUG\=1 -no-auto-bridging-header-chaining -module-name FitHeightSheet -package-name spi_builder_workspace -const-gather-protocols-file /Users/admin/builder/spi-builder-workspace/.derivedData/Build/Intermediates.noindex/FitHeightSheet.build/Debug-appletvos/FitHeightSheet-t.build/Objects-normal/arm64/FitHeightSheet_const_extract_protocols.json -disable-clang-spi -clang-target arm64-apple-tvos27.0 -target-sdk-version 27.0 -target-sdk-name appletvos27.0 -in-process-plugin-server-path /Applications/Xcode-27.0.0-Release.Candidate.app/Contents/Developer/Toolchains/XcodeDefault.xctoolchain/usr/lib/swift/host/libSwiftInProcPluginServer.dylib -parse-as-library -o /Users/admin/builder/spi-builder-workspace/.derivedData/Build/Intermediates.noindex/FitHeightSheet.build/Debug-appletvos/FitHeightSheet-t.build/Objects-normal/arm64/FitHeightSheetModifire.o -debug-module-path /Users/admin/builder/spi-builder-workspace/.derivedData/Build/Intermediates.noindex/FitHeightSheet.build/Debug-appletvos/FitHeightSheet-t.build/Objects-normal/arm64/FitHeightSheet.swiftmodule -index-unit-output-path /FitHeightSheet.build/Debug-appletvos/FitHeightSheet-t.build/Objects-normal/arm64/FitHeightSheetModifire.o -index-store-path /Users/admin/builder/spi-builder-workspace/.derivedData/Index.noindex/DataStore -index-system-modules
SwiftCompile normal arm64 /Users/admin/builder/spi-builder-workspace/Sources/FitHeightSheet/FitHeightSheetModifire.swift (in target 'FitHeightSheet' from project 'FitHeightSheet')
    cd /Users/admin/builder/spi-builder-workspace/.swiftpm/xcode
    builtin-SwiftPerFileCompile FitHeightSheetModifire.swift
SwiftEmitModule normal arm64 Emitting\ module\ for\ FitHeightSheet (in target 'FitHeightSheet' from project 'FitHeightSheet')
SwiftCompile normal arm64 (in target 'FitHeightSheet' from project 'FitHeightSheet')
    cd /Users/admin/builder/spi-builder-workspace/.swiftpm/xcode

SwiftCompile normal arm64 Compiling\ InteractiveDismissDisabled.swift /Users/admin/builder/spi-builder-workspace/Sources/FitHeightSheet/InteractiveDismissDisabled.swift (in target 'FitHeightSheet' from project 'FitHeightSheet')
SwiftCompile normal arm64 /Users/admin/builder/spi-builder-workspace/Sources/FitHeightSheet/InteractiveDismissDisabled.swift (in target 'FitHeightSheet' from project 'FitHeightSheet')
    cd /Users/admin/builder/spi-builder-workspace/.swiftpm/xcode
    builtin-SwiftPerFileCompile InteractiveDismissDisabled.swift
SwiftCompile normal arm64 Compiling\ FitHeightSheet.swift /Users/admin/builder/spi-builder-workspace/Sources/FitHeightSheet/FitHeightSheet.swift (in target 'FitHeightSheet' from project 'FitHeightSheet')
SwiftCompile normal arm64 (in target 'FitHeightSheet' from project 'FitHeightSheet')
    cd /Users/admin/builder/spi-builder-workspace/.swiftpm/xcode

SwiftCompile normal arm64 Compiling\ FitHeightSheetWithItemModifire.swift /Users/admin/builder/spi-builder-workspace/Sources/FitHeightSheet/FitHeightSheetWithItemModifire.swift (in target 'FitHeightSheet' from project 'FitHeightSheet')
/Users/admin/builder/spi-builder-workspace/Sources/FitHeightSheet/FitHeightSheetWithItemModifire.swift:38:5: error: 'DragGesture' is unavailable in tvOS
 36 |
 37 |   private var gesture: some Gesture {
 38 |     DragGesture(minimumDistance: 5)
    |     `- error: 'DragGesture' is unavailable in tvOS
 39 |       .onChanged { value in
 40 |         dragOffsetY = value.translation.height
SwiftUI.DragGesture:3:42: note: 'DragGesture' has been explicitly marked unavailable here
 1 | @available(iOS 13.0, macOS 10.15, watchOS 6.0, *)
 2 | @available(tvOS, unavailable)
 3 | @MainActor @preconcurrency public struct DragGesture : Gesture, ~Sendable {
   |                                          `- note: 'DragGesture' has been explicitly marked unavailable here
 4 |     public struct Value : Equatable, Sendable {
 5 |         public var time: Date
/Users/admin/builder/spi-builder-workspace/Sources/FitHeightSheet/FitHeightSheetWithItemModifire.swift:38:5: error: 'init(minimumDistance:coordinateSpace:)' is unavailable in tvOS
 36 |
 37 |   private var gesture: some Gesture {
 38 |     DragGesture(minimumDistance: 5)
    |     `- error: 'init(minimumDistance:coordinateSpace:)' is unavailable in tvOS
 39 |       .onChanged { value in
 40 |         dragOffsetY = value.translation.height
SwiftUI.DragGesture.init:4:37: note: 'init(minimumDistance:coordinateSpace:)' has been explicitly marked unavailable here
2 | @available(iOS 17.0, macOS 14.0, watchOS 10.0, *)
3 |   @available(tvOS, unavailable)
4 |   @MainActor @preconcurrency public init(minimumDistance: CGFloat = 10, coordinateSpace: some CoordinateSpaceProtocol = .local)}
  |                                     `- note: 'init(minimumDistance:coordinateSpace:)' has been explicitly marked unavailable here
5 |
/Users/admin/builder/spi-builder-workspace/Sources/FitHeightSheet/FitHeightSheetWithItemModifire.swift:107:12: error: 'onTapGesture(count:perform:)' is only available in tvOS 16.0 or newer
  9 | import Combine
 10 |
 11 | struct FitHeightSheetWithItemModifire<Body: View, Item>: ViewModifier {
    |        `- note: add '@available' attribute to enclosing generic struct
 12 |   @Binding var item: Item?
 13 |
    :
 86 |   }
 87 |
 88 |   func body(content: Content) -> some View {
    |        `- note: add '@available' attribute to enclosing instance method
 89 |     ZStack {
 90 |       content
    :
105 |           .ignoresSafeArea()
106 |           .allowsHitTesting(isPresented)
107 |           .onTapGesture {
    |            |- error: 'onTapGesture(count:perform:)' is only available in tvOS 16.0 or newer
    |            `- note: add 'if #available' version check
108 |             guard !fitInteractiveDismissDisabled else { return }
109 |             withAnimation(isPresented ? presentAnimation.value : dismissAnimation.value) {
Failed frontend command:
/Applications/Xcode-27.0.0-Release.Candidate.app/Contents/Developer/Toolchains/XcodeDefault.xctoolchain/usr/bin/swift-frontend -frontend -c /Users/admin/builder/spi-builder-workspace/Sources/FitHeightSheet/AnimationConfiguration.swift /Users/admin/builder/spi-builder-workspace/Sources/FitHeightSheet/BackdropStyle.swift /Users/admin/builder/spi-builder-workspace/Sources/FitHeightSheet/EnvironmentValues+Dismiss.swift /Users/admin/builder/spi-builder-workspace/Sources/FitHeightSheet/FitHeightSheet.swift /Users/admin/builder/spi-builder-workspace/Sources/FitHeightSheet/FitHeightSheetModifire.swift -primary-file /Users/admin/builder/spi-builder-workspace/Sources/FitHeightSheet/FitHeightSheetWithItemModifire.swift /Users/admin/builder/spi-builder-workspace/Sources/FitHeightSheet/Helpers.swift /Users/admin/builder/spi-builder-workspace/Sources/FitHeightSheet/InteractiveDismissDisabled.swift -emit-dependencies-path /Users/admin/builder/spi-builder-workspace/.derivedData/Build/Intermediates.noindex/FitHeightSheet.build/Debug-appletvos/FitHeightSheet-t.build/Objects-normal/arm64/FitHeightSheetWithItemModifire.d -emit-const-values-path /Users/admin/builder/spi-builder-workspace/.derivedData/Build/Intermediates.noindex/FitHeightSheet.build/Debug-appletvos/FitHeightSheet-t.build/Objects-normal/arm64/FitHeightSheetWithItemModifire.swiftconstvalues -emit-reference-dependencies-path /Users/admin/builder/spi-builder-workspace/.derivedData/Build/Intermediates.noindex/FitHeightSheet.build/Debug-appletvos/FitHeightSheet-t.build/Objects-normal/arm64/FitHeightSheetWithItemModifire.swiftdeps -serialize-diagnostics-path /Users/admin/builder/spi-builder-workspace/.derivedData/Build/Intermediates.noindex/FitHeightSheet.build/Debug-appletvos/FitHeightSheet-t.build/Objects-normal/arm64/FitHeightSheetWithItemModifire.dia -target arm64-apple-tvos15.0 -disable-cross-import-overlay-search -load-resolved-plugin /Applications/Xcode-27.0.0-Release.Candidate.app/Contents/Developer/Platforms/AppleTVOS.platform/Developer/usr/lib/swift/host/plugins/libFoundationMacros.dylib\#/Applications/Xcode-27.0.0-Release.Candidate.app/Contents/Developer/Platforms/AppleTVOS.platform/Developer/usr/bin/swift-plugin-server\#FoundationMacros -load-resolved-plugin /Applications/Xcode-27.0.0-Release.Candidate.app/Contents/Developer/Platforms/AppleTVOS.platform/Developer/usr/lib/swift/host/plugins/libObservationMacros.dylib\#/Applications/Xcode-27.0.0-Release.Candidate.app/Contents/Developer/Platforms/AppleTVOS.platform/Developer/usr/bin/swift-plugin-server\#ObservationMacros -load-resolved-plugin /Applications/Xcode-27.0.0-Release.Candidate.app/Contents/Developer/Platforms/AppleTVOS.platform/Developer/usr/lib/swift/host/plugins/libPreviewsMacros.dylib\#/Applications/Xcode-27.0.0-Release.Candidate.app/Contents/Developer/Platforms/AppleTVOS.platform/Developer/usr/bin/swift-plugin-server\#PreviewsMacros -load-resolved-plugin /Applications/Xcode-27.0.0-Release.Candidate.app/Contents/Developer/Platforms/AppleTVOS.platform/Developer/usr/lib/swift/host/plugins/libSwiftMacros.dylib\#/Applications/Xcode-27.0.0-Release.Candidate.app/Contents/Developer/Platforms/AppleTVOS.platform/Developer/usr/bin/swift-plugin-server\#SwiftMacros -load-resolved-plugin /Applications/Xcode-27.0.0-Release.Candidate.app/Contents/Developer/Platforms/AppleTVOS.platform/Developer/usr/lib/swift/host/plugins/libSwiftUIMacros.dylib\#/Applications/Xcode-27.0.0-Release.Candidate.app/Contents/Developer/Platforms/AppleTVOS.platform/Developer/usr/bin/swift-plugin-server\#SwiftUIMacros -disable-implicit-swift-modules -Xcc -fno-implicit-modules -Xcc -fno-implicit-module-maps -explicit-swift-module-map-file /Users/admin/builder/spi-builder-workspace/.derivedData/Build/Intermediates.noindex/FitHeightSheet.build/Debug-appletvos/FitHeightSheet-t.build/Objects-normal/arm64/FitHeightSheet-dependencies-1.json -Xllvm -aarch64-use-tbi -enable-objc-interop -stack-check -sdk /Applications/Xcode-27.0.0-Release.Candidate.app/Contents/Developer/Platforms/AppleTVOS.platform/Developer/SDKs/AppleTVOS27.0.sdk -I /Users/admin/builder/spi-builder-workspace/.derivedData/Build/Products/Debug-appletvos -Isystem /Applications/Xcode-27.0.0-Release.Candidate.app/Contents/Developer/Platforms/AppleTVOS.platform/Developer/usr/lib -F /Users/admin/builder/spi-builder-workspace/.derivedData/Build/Products/Debug-appletvos -F /Applications/Xcode-27.0.0-Release.Candidate.app/Contents/Developer/Platforms/AppleTVOS.platform/Developer/Library/Frameworks -F /Applications/Xcode-27.0.0-Release.Candidate.app/Contents/Developer/Platforms/AppleTVOS.platform/Developer/SDKs/AppleTVOS27.0.sdk/Developer/Library/Frameworks -module-cache-path /Users/admin/builder/spi-builder-workspace/.derivedData/Build/Intermediates.noindex/SwiftExplicitPrecompiledModules -no-color-diagnostics -Xcc -fno-color-diagnostics -enable-testing -g -debug-info-format\=dwarf -dwarf-version\=4 -swift-version 5 -Onone -D SWIFT_PACKAGE -D DEBUG -D SWIFT_MODULE_RESOURCE_BUNDLE_UNAVAILABLE -D Xcode -serialize-debugging-options -enable-experimental-feature DebugDescriptionMacro -empty-abi-descriptor -validate-clang-modules-once -clang-build-session-file /Users/admin/builder/spi-builder-workspace/.derivedData/ModuleCache.noindex/Session.modulevalidation -Xcc -working-directory -Xcc /Users/admin/builder/spi-builder-workspace/.swiftpm/xcode -enable-anonymous-context-mangled-names -file-compilation-dir /Users/admin/builder/spi-builder-workspace/.swiftpm/xcode -Xcc -D_LIBCPP_HARDENING_MODE\=_LIBCPP_HARDENING_MODE_DEBUG -Xcc -ivfsstatcache -Xcc /Users/admin/builder/spi-builder-workspace/.derivedData/SDKStatCaches.noindex/appletvos27.0-24J360-e829b21a6f8c9b70876ba0858053c044b32bfd8d43560033f8d89884cdb90028.sdkstatcache -Xcc -fmodules-prune-interval\=86400 -Xcc -fmodules-prune-after\=345600 -Xcc -I/Users/admin/builder/spi-builder-workspace/.derivedData/Build/Products/Debug-appletvos/include -Xcc -I/Users/admin/builder/spi-builder-workspace/.derivedData/Build/Intermediates.noindex/FitHeightSheet.build/Debug-appletvos/FitHeightSheet-t.build/DerivedSources-normal/arm64 -Xcc -I/Users/admin/builder/spi-builder-workspace/.derivedData/Build/Intermediates.noindex/FitHeightSheet.build/Debug-appletvos/FitHeightSheet-t.build/DerivedSources/arm64 -Xcc -I/Users/admin/builder/spi-builder-workspace/.derivedData/Build/Intermediates.noindex/FitHeightSheet.build/Debug-appletvos/FitHeightSheet-t.build/DerivedSources -Xcc -DSWIFT_PACKAGE -Xcc -DDEBUG\=1 -no-auto-bridging-header-chaining -module-name FitHeightSheet -package-name spi_builder_workspace -const-gather-protocols-file /Users/admin/builder/spi-builder-workspace/.derivedData/Build/Intermediates.noindex/FitHeightSheet.build/Debug-appletvos/FitHeightSheet-t.build/Objects-normal/arm64/FitHeightSheet_const_extract_protocols.json -disable-clang-spi -clang-target arm64-apple-tvos27.0 -target-sdk-version 27.0 -target-sdk-name appletvos27.0 -in-process-plugin-server-path /Applications/Xcode-27.0.0-Release.Candidate.app/Contents/Developer/Toolchains/XcodeDefault.xctoolchain/usr/lib/swift/host/libSwiftInProcPluginServer.dylib -parse-as-library -o /Users/admin/builder/spi-builder-workspace/.derivedData/Build/Intermediates.noindex/FitHeightSheet.build/Debug-appletvos/FitHeightSheet-t.build/Objects-normal/arm64/FitHeightSheetWithItemModifire.o -debug-module-path /Users/admin/builder/spi-builder-workspace/.derivedData/Build/Intermediates.noindex/FitHeightSheet.build/Debug-appletvos/FitHeightSheet-t.build/Objects-normal/arm64/FitHeightSheet.swiftmodule -index-unit-output-path /FitHeightSheet.build/Debug-appletvos/FitHeightSheet-t.build/Objects-normal/arm64/FitHeightSheetWithItemModifire.o -index-store-path /Users/admin/builder/spi-builder-workspace/.derivedData/Index.noindex/DataStore -index-system-modules
SwiftCompile normal arm64 /Users/admin/builder/spi-builder-workspace/Sources/FitHeightSheet/FitHeightSheetWithItemModifire.swift (in target 'FitHeightSheet' from project 'FitHeightSheet')
    cd /Users/admin/builder/spi-builder-workspace/.swiftpm/xcode
    builtin-SwiftPerFileCompile FitHeightSheetWithItemModifire.swift
SwiftCompile normal arm64 Compiling\ AnimationConfiguration.swift /Users/admin/builder/spi-builder-workspace/Sources/FitHeightSheet/AnimationConfiguration.swift (in target 'FitHeightSheet' from project 'FitHeightSheet')
SwiftCompile normal arm64 /Users/admin/builder/spi-builder-workspace/Sources/FitHeightSheet/AnimationConfiguration.swift (in target 'FitHeightSheet' from project 'FitHeightSheet')
    cd /Users/admin/builder/spi-builder-workspace/.swiftpm/xcode
    builtin-SwiftPerFileCompile AnimationConfiguration.swift
SwiftCompile normal arm64 Compiling\ BackdropStyle.swift /Users/admin/builder/spi-builder-workspace/Sources/FitHeightSheet/BackdropStyle.swift (in target 'FitHeightSheet' from project 'FitHeightSheet')
SwiftCompile normal arm64 /Users/admin/builder/spi-builder-workspace/Sources/FitHeightSheet/BackdropStyle.swift (in target 'FitHeightSheet' from project 'FitHeightSheet')
    cd /Users/admin/builder/spi-builder-workspace/.swiftpm/xcode
    builtin-SwiftPerFileCompile BackdropStyle.swift
SwiftCompile normal arm64 Compiling\ EnvironmentValues+Dismiss.swift /Users/admin/builder/spi-builder-workspace/Sources/FitHeightSheet/EnvironmentValues+Dismiss.swift (in target 'FitHeightSheet' from project 'FitHeightSheet')
SwiftCompile normal arm64 /Users/admin/builder/spi-builder-workspace/Sources/FitHeightSheet/EnvironmentValues+Dismiss.swift (in target 'FitHeightSheet' from project 'FitHeightSheet')
    cd /Users/admin/builder/spi-builder-workspace/.swiftpm/xcode
    builtin-SwiftPerFileCompile EnvironmentValues+Dismiss.swift
SwiftDriverJobDiscovery normal arm64 Emitting module for FitHeightSheet (in target 'FitHeightSheet' from project 'FitHeightSheet')
SwiftDriver\ Compilation\ Requirements FitHeightSheet normal arm64 com.apple.xcode.tools.swift.compiler (in target 'FitHeightSheet' from project 'FitHeightSheet')
    cd /Users/admin/builder/spi-builder-workspace/.swiftpm/xcode
    builtin-Swift-Compilation-Requirements -- /Applications/Xcode-27.0.0-Release.Candidate.app/Contents/Developer/Toolchains/XcodeDefault.xctoolchain/usr/bin/swiftc -parse-as-library -module-name FitHeightSheet -Onone @/Users/admin/builder/spi-builder-workspace/.derivedData/Build/Intermediates.noindex/FitHeightSheet.build/Debug-appletvos/FitHeightSheet-t.build/Objects-normal/arm64/FitHeightSheet.SwiftFileList -DSWIFT_PACKAGE -DDEBUG -DSWIFT_MODULE_RESOURCE_BUNDLE_UNAVAILABLE -DXcode -plugin-path /Applications/Xcode-27.0.0-Release.Candidate.app/Contents/Developer/Toolchains/XcodeDefault.xctoolchain/usr/lib/swift/host/plugins/testing -enable-experimental-feature DebugDescriptionMacro -sdk /Applications/Xcode-27.0.0-Release.Candidate.app/Contents/Developer/Platforms/AppleTVOS.platform/Developer/SDKs/AppleTVOS27.0.sdk -target arm64-apple-tvos15.0 -g -module-cache-path /Users/admin/builder/spi-builder-workspace/.derivedData/ModuleCache.noindex -Xfrontend -serialize-debugging-options -enable-testing -index-store-path /Users/admin/builder/spi-builder-workspace/.derivedData/Index.noindex/DataStore -Xcc -D_LIBCPP_HARDENING_MODE\=_LIBCPP_HARDENING_MODE_DEBUG -swift-version 5 -I /Users/admin/builder/spi-builder-workspace/.derivedData/Build/Products/Debug-appletvos -Isystem /Applications/Xcode-27.0.0-Release.Candidate.app/Contents/Developer/Platforms/AppleTVOS.platform/Developer/usr/lib -F /Users/admin/builder/spi-builder-workspace/.derivedData/Build/Products/Debug-appletvos -F /Applications/Xcode-27.0.0-Release.Candidate.app/Contents/Developer/Platforms/AppleTVOS.platform/Developer/Library/Frameworks -F /Applications/Xcode-27.0.0-Release.Candidate.app/Contents/Developer/Platforms/AppleTVOS.platform/Developer/SDKs/AppleTVOS27.0.sdk/Developer/Library/Frameworks -c -j10 -enable-batch-mode -incremental -Xcc -ivfsstatcache -Xcc /Users/admin/builder/spi-builder-workspace/.derivedData/SDKStatCaches.noindex/appletvos27.0-24J360-e829b21a6f8c9b70876ba0858053c044b32bfd8d43560033f8d89884cdb90028.sdkstatcache -output-file-map /Users/admin/builder/spi-builder-workspace/.derivedData/Build/Intermediates.noindex/FitHeightSheet.build/Debug-appletvos/FitHeightSheet-t.build/Objects-normal/arm64/FitHeightSheet-OutputFileMap.json -save-temps -no-color-diagnostics -explicit-module-build -module-cache-path /Users/admin/builder/spi-builder-workspace/.derivedData/Build/Intermediates.noindex/SwiftExplicitPrecompiledModules -clang-scanner-module-cache-path /Users/admin/builder/spi-builder-workspace/.derivedData/ModuleCache.noindex -sdk-module-cache-path /Users/admin/builder/spi-builder-workspace/.derivedData/SDKExplicitPrecompiledModules -emit-dependencies -emit-module -emit-module-path /Users/admin/builder/spi-builder-workspace/.derivedData/Build/Intermediates.noindex/FitHeightSheet.build/Debug-appletvos/FitHeightSheet-t.build/Objects-normal/arm64/FitHeightSheet.swiftmodule -serialize-diagnostics -dependency-scan-serialize-diagnostics-path /Users/admin/builder/spi-builder-workspace/.derivedData/Build/Intermediates.noindex/FitHeightSheet.build/Debug-appletvos/FitHeightSheet-t.build/Objects-normal/arm64/FitHeightSheet-dependency-scan.dia -validate-clang-modules-once -clang-build-session-file /Users/admin/builder/spi-builder-workspace/.derivedData/ModuleCache.noindex/Session.modulevalidation -Xcc -fmodules-prune-interval\=86400 -Xcc -fmodules-prune-after\=345600 -package-name spi_builder_workspace -emit-const-values -const-gather-protocols-list /Users/admin/builder/spi-builder-workspace/.derivedData/Build/Intermediates.noindex/FitHeightSheet.build/Debug-appletvos/FitHeightSheet-t.build/Objects-normal/arm64/FitHeightSheet_const_extract_protocols.json -Xcc -I/Users/admin/builder/spi-builder-workspace/.derivedData/Build/Products/Debug-appletvos/include -Xcc -I/Users/admin/builder/spi-builder-workspace/.derivedData/Build/Intermediates.noindex/FitHeightSheet.build/Debug-appletvos/FitHeightSheet-t.build/DerivedSources-normal/arm64 -Xcc -I/Users/admin/builder/spi-builder-workspace/.derivedData/Build/Intermediates.noindex/FitHeightSheet.build/Debug-appletvos/FitHeightSheet-t.build/DerivedSources/arm64 -Xcc -I/Users/admin/builder/spi-builder-workspace/.derivedData/Build/Intermediates.noindex/FitHeightSheet.build/Debug-appletvos/FitHeightSheet-t.build/DerivedSources -Xcc -DSWIFT_PACKAGE -Xcc -DDEBUG\=1 -emit-objc-header -emit-objc-header-path /Users/admin/builder/spi-builder-workspace/.derivedData/Build/Intermediates.noindex/FitHeightSheet.build/Debug-appletvos/FitHeightSheet-t.build/Objects-normal/arm64/FitHeightSheet-Swift.h -working-directory /Users/admin/builder/spi-builder-workspace/.swiftpm/xcode -experimental-emit-module-separately -disable-cmo
SwiftMergeGeneratedHeaders /Users/admin/builder/spi-builder-workspace/.derivedData/Build/Intermediates.noindex/GeneratedModuleMaps-appletvos/FitHeightSheet-Swift.h /Users/admin/builder/spi-builder-workspace/.derivedData/Build/Intermediates.noindex/FitHeightSheet.build/Debug-appletvos/FitHeightSheet-t.build/Objects-normal/arm64/FitHeightSheet-Swift.h (in target 'FitHeightSheet' from project 'FitHeightSheet')
    cd /Users/admin/builder/spi-builder-workspace
    builtin-swiftHeaderTool -arch arm64 /Users/admin/builder/spi-builder-workspace/.derivedData/Build/Intermediates.noindex/FitHeightSheet.build/Debug-appletvos/FitHeightSheet-t.build/Objects-normal/arm64/FitHeightSheet-Swift.h -o /Users/admin/builder/spi-builder-workspace/.derivedData/Build/Intermediates.noindex/GeneratedModuleMaps-appletvos/FitHeightSheet-Swift.h
Copy /Users/admin/builder/spi-builder-workspace/.derivedData/Build/Products/Debug-appletvos/FitHeightSheet.swiftmodule/arm64-apple-tvos.swiftmodule /Users/admin/builder/spi-builder-workspace/.derivedData/Build/Intermediates.noindex/FitHeightSheet.build/Debug-appletvos/FitHeightSheet-t.build/Objects-normal/arm64/FitHeightSheet.swiftmodule (in target 'FitHeightSheet' from project 'FitHeightSheet')
    cd /Users/admin/builder/spi-builder-workspace
    builtin-copy -exclude .DS_Store -exclude CVS -exclude .svn -exclude .git -exclude .hg -resolve-src-symlinks -rename /Users/admin/builder/spi-builder-workspace/.derivedData/Build/Intermediates.noindex/FitHeightSheet.build/Debug-appletvos/FitHeightSheet-t.build/Objects-normal/arm64/FitHeightSheet.swiftmodule /Users/admin/builder/spi-builder-workspace/.derivedData/Build/Products/Debug-appletvos/FitHeightSheet.swiftmodule/arm64-apple-tvos.swiftmodule
Copy /Users/admin/builder/spi-builder-workspace/.derivedData/Build/Products/Debug-appletvos/FitHeightSheet.swiftmodule/arm64-apple-tvos.swiftdoc /Users/admin/builder/spi-builder-workspace/.derivedData/Build/Intermediates.noindex/FitHeightSheet.build/Debug-appletvos/FitHeightSheet-t.build/Objects-normal/arm64/FitHeightSheet.swiftdoc (in target 'FitHeightSheet' from project 'FitHeightSheet')
    cd /Users/admin/builder/spi-builder-workspace
    builtin-copy -exclude .DS_Store -exclude CVS -exclude .svn -exclude .git -exclude .hg -resolve-src-symlinks -rename /Users/admin/builder/spi-builder-workspace/.derivedData/Build/Intermediates.noindex/FitHeightSheet.build/Debug-appletvos/FitHeightSheet-t.build/Objects-normal/arm64/FitHeightSheet.swiftdoc /Users/admin/builder/spi-builder-workspace/.derivedData/Build/Products/Debug-appletvos/FitHeightSheet.swiftmodule/arm64-apple-tvos.swiftdoc
Copy /Users/admin/builder/spi-builder-workspace/.derivedData/Build/Products/Debug-appletvos/FitHeightSheet.swiftmodule/arm64-apple-tvos.abi.json /Users/admin/builder/spi-builder-workspace/.derivedData/Build/Intermediates.noindex/FitHeightSheet.build/Debug-appletvos/FitHeightSheet-t.build/Objects-normal/arm64/FitHeightSheet.abi.json (in target 'FitHeightSheet' from project 'FitHeightSheet')
    cd /Users/admin/builder/spi-builder-workspace
    builtin-copy -exclude .DS_Store -exclude CVS -exclude .svn -exclude .git -exclude .hg -resolve-src-symlinks -rename /Users/admin/builder/spi-builder-workspace/.derivedData/Build/Intermediates.noindex/FitHeightSheet.build/Debug-appletvos/FitHeightSheet-t.build/Objects-normal/arm64/FitHeightSheet.abi.json /Users/admin/builder/spi-builder-workspace/.derivedData/Build/Products/Debug-appletvos/FitHeightSheet.swiftmodule/arm64-apple-tvos.abi.json
Copy /Users/admin/builder/spi-builder-workspace/.derivedData/Build/Products/Debug-appletvos/FitHeightSheet.swiftmodule/Project/arm64-apple-tvos.swiftsourceinfo /Users/admin/builder/spi-builder-workspace/.derivedData/Build/Intermediates.noindex/FitHeightSheet.build/Debug-appletvos/FitHeightSheet-t.build/Objects-normal/arm64/FitHeightSheet.swiftsourceinfo (in target 'FitHeightSheet' from project 'FitHeightSheet')
    cd /Users/admin/builder/spi-builder-workspace
    builtin-copy -exclude .DS_Store -exclude CVS -exclude .svn -exclude .git -exclude .hg -resolve-src-symlinks -rename /Users/admin/builder/spi-builder-workspace/.derivedData/Build/Intermediates.noindex/FitHeightSheet.build/Debug-appletvos/FitHeightSheet-t.build/Objects-normal/arm64/FitHeightSheet.swiftsourceinfo /Users/admin/builder/spi-builder-workspace/.derivedData/Build/Products/Debug-appletvos/FitHeightSheet.swiftmodule/Project/arm64-apple-tvos.swiftsourceinfo
PruneExplicitPrecompiledModules /Users/admin/builder/spi-builder-workspace/.derivedData/SDKExplicitPrecompiledModules
PruneExplicitPrecompiledModules /Users/admin/builder/spi-builder-workspace/.derivedData/Build/Intermediates.noindex/SwiftExplicitPrecompiledModules
PruneExplicitPrecompiledModules /Users/admin/builder/spi-builder-workspace/.derivedData/Build/Intermediates.noindex/ExplicitPrecompiledModules
2026-09-21 10:31:10.207 xcodebuild[628:3891] [MT] IDERunDestination: Supported platforms for the buildables in the current scheme is empty.
2026-09-21 10:31:10.469 xcodebuild[628:3891] [MT] IDERunDestination: Supported platforms for the buildables in the current scheme is empty.
** BUILD FAILED **
The following build commands failed:
	SwiftCompile normal arm64 Compiling\ FitHeightSheetModifire.swift /Users/admin/builder/spi-builder-workspace/Sources/FitHeightSheet/FitHeightSheetModifire.swift (in target 'FitHeightSheet' from project 'FitHeightSheet')
	SwiftCompile normal arm64 /Users/admin/builder/spi-builder-workspace/Sources/FitHeightSheet/FitHeightSheetModifire.swift (in target 'FitHeightSheet' from project 'FitHeightSheet')
	SwiftCompile normal arm64 Compiling\ FitHeightSheetWithItemModifire.swift /Users/admin/builder/spi-builder-workspace/Sources/FitHeightSheet/FitHeightSheetWithItemModifire.swift (in target 'FitHeightSheet' from project 'FitHeightSheet')
	SwiftCompile normal arm64 /Users/admin/builder/spi-builder-workspace/Sources/FitHeightSheet/FitHeightSheetWithItemModifire.swift (in target 'FitHeightSheet' from project 'FitHeightSheet')
	Building workspace FitHeightSheet with scheme FitHeightSheet
(5 failures)
Command line invocation:
    /Applications/Xcode-27.0.0-Release.Candidate.app/Contents/Developer/usr/bin/xcodebuild -IDEClonedSourcePackagesDirPathOverride=/Users/admin/builder/spi-builder-workspace/.dependencies -resolvePackageDependencies
Resolve Package Graph
Resolved source packages:
  FitHeightSheet: /Users/admin/builder/spi-builder-workspace
resolved source packages: FitHeightSheet
2026-09-21 10:31:21.793 xcodebuild[743:4477] [MT] IDERunDestination: Supported platforms for the buildables in the current scheme is empty.
2026-09-21 10:31:21.896 xcodebuild[743:4477] [MT] IDERunDestination: Supported platforms for the buildables in the current scheme is empty.
{
  "dependencies" : [
  ],
  "manifest_display_name" : "FitHeightSheet",
  "name" : "FitHeightSheet",
  "path" : "/Users/admin/builder/spi-builder-workspace",
  "platforms" : [
    {
      "name" : "ios",
      "version" : "14.0"
    }
  ],
  "products" : [
    {
      "name" : "FitHeightSheet",
      "targets" : [
        "FitHeightSheet"
      ],
      "type" : {
        "library" : [
          "automatic"
        ]
      }
    }
  ],
  "targets" : [
    {
      "c99name" : "FitHeightSheet",
      "module_type" : "SwiftTarget",
      "name" : "FitHeightSheet",
      "path" : "Sources/FitHeightSheet",
      "product_memberships" : [
        "FitHeightSheet"
      ],
      "sources" : [
        "AnimationConfiguration.swift",
        "BackdropStyle.swift",
        "EnvironmentValues+Dismiss.swift",
        "FitHeightSheet.swift",
        "FitHeightSheetModifire.swift",
        "FitHeightSheetWithItemModifire.swift",
        "Helpers.swift",
        "InteractiveDismissDisabled.swift"
      ],
      "type" : "library"
    }
  ],
  "tools_version" : "5.9"
}
{
  "workspace" : {
    "name" : "FitHeightSheet",
    "schemes" : [
      "FitHeightSheet"
    ]
  }
}
2026-09-21 10:31:22.980 xcodebuild[751:4547] [MT] IDERunDestination: Supported platforms for the buildables in the current scheme is empty.
2026-09-21 10:31:23.081 xcodebuild[751:4547] [MT] IDERunDestination: Supported platforms for the buildables in the current scheme is empty.
Running build ...
env DEVELOPER_DIR=/Applications/Xcode-27.0.0-Release.Candidate.app xcrun xcodebuild -IDEClonedSourcePackagesDirPathOverride=$PWD/.dependencies -skipMacroValidation -skipPackagePluginValidation -derivedDataPath $PWD/.derivedData build -scheme FitHeightSheet -destination generic/platform=tvOS
Command line invocation:
    /Applications/Xcode-27.0.0-Release.Candidate.app/Contents/Developer/usr/bin/xcodebuild -IDEClonedSourcePackagesDirPathOverride=/Users/admin/builder/spi-builder-workspace/.dependencies -skipMacroValidation -skipPackagePluginValidation -derivedDataPath /Users/admin/builder/spi-builder-workspace/.derivedData build -scheme FitHeightSheet -destination generic/platform=tvOS
Resolve Package Graph
Resolved source packages:
  FitHeightSheet: /Users/admin/builder/spi-builder-workspace
ComputePackagePrebuildTargetDependencyGraph
Prepare packages
CreateBuildRequest
SendProjectDescription
CreateBuildOperation
ComputeTargetDependencyGraph
note: Building targets in dependency order
note: Target dependency graph (2 targets)
    Target 'FitHeightSheet-product' in project 'FitHeightSheet'
        ➜ Explicit dependency on target 'FitHeightSheet' in project 'FitHeightSheet'
    Target 'FitHeightSheet' in project 'FitHeightSheet' (no dependencies)
GatherProvisioningInputs
CreateBuildDescription
ClangStatCache /Applications/Xcode-27.0.0-Release.Candidate.app/Contents/Developer/Toolchains/XcodeDefault.xctoolchain/usr/bin/clang-stat-cache /Applications/Xcode-27.0.0-Release.Candidate.app/Contents/Developer/Platforms/AppleTVOS.platform/Developer/SDKs/AppleTVOS27.0.sdk /Users/admin/builder/spi-builder-workspace/.derivedData/SDKStatCaches.noindex/appletvos27.0-24J360-e829b21a6f8c9b70876ba0858053c044b32bfd8d43560033f8d89884cdb90028.sdkstatcache
    cd /Users/admin/builder/spi-builder-workspace/.swiftpm/xcode
    /Applications/Xcode-27.0.0-Release.Candidate.app/Contents/Developer/Toolchains/XcodeDefault.xctoolchain/usr/bin/clang-stat-cache /Applications/Xcode-27.0.0-Release.Candidate.app/Contents/Developer/Platforms/AppleTVOS.platform/Developer/SDKs/AppleTVOS27.0.sdk -o /Users/admin/builder/spi-builder-workspace/.derivedData/SDKStatCaches.noindex/appletvos27.0-24J360-e829b21a6f8c9b70876ba0858053c044b32bfd8d43560033f8d89884cdb90028.sdkstatcache
SwiftDriver FitHeightSheet normal arm64 com.apple.xcode.tools.swift.compiler (in target 'FitHeightSheet' from project 'FitHeightSheet')
    cd /Users/admin/builder/spi-builder-workspace/.swiftpm/xcode
    builtin-SwiftDriver -- /Applications/Xcode-27.0.0-Release.Candidate.app/Contents/Developer/Toolchains/XcodeDefault.xctoolchain/usr/bin/swiftc -parse-as-library -module-name FitHeightSheet -Onone @/Users/admin/builder/spi-builder-workspace/.derivedData/Build/Intermediates.noindex/FitHeightSheet.build/Debug-appletvos/FitHeightSheet-t.build/Objects-normal/arm64/FitHeightSheet.SwiftFileList -DSWIFT_PACKAGE -DDEBUG -DSWIFT_MODULE_RESOURCE_BUNDLE_UNAVAILABLE -DXcode -plugin-path /Applications/Xcode-27.0.0-Release.Candidate.app/Contents/Developer/Toolchains/XcodeDefault.xctoolchain/usr/lib/swift/host/plugins/testing -enable-experimental-feature DebugDescriptionMacro -sdk /Applications/Xcode-27.0.0-Release.Candidate.app/Contents/Developer/Platforms/AppleTVOS.platform/Developer/SDKs/AppleTVOS27.0.sdk -target arm64-apple-tvos15.0 -g -module-cache-path /Users/admin/builder/spi-builder-workspace/.derivedData/ModuleCache.noindex -Xfrontend -serialize-debugging-options -enable-testing -index-store-path /Users/admin/builder/spi-builder-workspace/.derivedData/Index.noindex/DataStore -Xcc -D_LIBCPP_HARDENING_MODE\=_LIBCPP_HARDENING_MODE_DEBUG -swift-version 5 -I /Users/admin/builder/spi-builder-workspace/.derivedData/Build/Products/Debug-appletvos -Isystem /Applications/Xcode-27.0.0-Release.Candidate.app/Contents/Developer/Platforms/AppleTVOS.platform/Developer/usr/lib -F /Users/admin/builder/spi-builder-workspace/.derivedData/Build/Products/Debug-appletvos -F /Applications/Xcode-27.0.0-Release.Candidate.app/Contents/Developer/Platforms/AppleTVOS.platform/Developer/Library/Frameworks -F /Applications/Xcode-27.0.0-Release.Candidate.app/Contents/Developer/Platforms/AppleTVOS.platform/Developer/SDKs/AppleTVOS27.0.sdk/Developer/Library/Frameworks -c -j10 -enable-batch-mode -incremental -Xcc -ivfsstatcache -Xcc /Users/admin/builder/spi-builder-workspace/.derivedData/SDKStatCaches.noindex/appletvos27.0-24J360-e829b21a6f8c9b70876ba0858053c044b32bfd8d43560033f8d89884cdb90028.sdkstatcache -output-file-map /Users/admin/builder/spi-builder-workspace/.derivedData/Build/Intermediates.noindex/FitHeightSheet.build/Debug-appletvos/FitHeightSheet-t.build/Objects-normal/arm64/FitHeightSheet-OutputFileMap.json -save-temps -no-color-diagnostics -explicit-module-build -module-cache-path /Users/admin/builder/spi-builder-workspace/.derivedData/Build/Intermediates.noindex/SwiftExplicitPrecompiledModules -clang-scanner-module-cache-path /Users/admin/builder/spi-builder-workspace/.derivedData/ModuleCache.noindex -sdk-module-cache-path /Users/admin/builder/spi-builder-workspace/.derivedData/SDKExplicitPrecompiledModules -emit-dependencies -emit-module -emit-module-path /Users/admin/builder/spi-builder-workspace/.derivedData/Build/Intermediates.noindex/FitHeightSheet.build/Debug-appletvos/FitHeightSheet-t.build/Objects-normal/arm64/FitHeightSheet.swiftmodule -serialize-diagnostics -dependency-scan-serialize-diagnostics-path /Users/admin/builder/spi-builder-workspace/.derivedData/Build/Intermediates.noindex/FitHeightSheet.build/Debug-appletvos/FitHeightSheet-t.build/Objects-normal/arm64/FitHeightSheet-dependency-scan.dia -validate-clang-modules-once -clang-build-session-file /Users/admin/builder/spi-builder-workspace/.derivedData/ModuleCache.noindex/Session.modulevalidation -Xcc -fmodules-prune-interval\=86400 -Xcc -fmodules-prune-after\=345600 -package-name spi_builder_workspace -emit-const-values -const-gather-protocols-list /Users/admin/builder/spi-builder-workspace/.derivedData/Build/Intermediates.noindex/FitHeightSheet.build/Debug-appletvos/FitHeightSheet-t.build/Objects-normal/arm64/FitHeightSheet_const_extract_protocols.json -Xcc -I/Users/admin/builder/spi-builder-workspace/.derivedData/Build/Products/Debug-appletvos/include -Xcc -I/Users/admin/builder/spi-builder-workspace/.derivedData/Build/Intermediates.noindex/FitHeightSheet.build/Debug-appletvos/FitHeightSheet-t.build/DerivedSources-normal/arm64 -Xcc -I/Users/admin/builder/spi-builder-workspace/.derivedData/Build/Intermediates.noindex/FitHeightSheet.build/Debug-appletvos/FitHeightSheet-t.build/DerivedSources/arm64 -Xcc -I/Users/admin/builder/spi-builder-workspace/.derivedData/Build/Intermediates.noindex/FitHeightSheet.build/Debug-appletvos/FitHeightSheet-t.build/DerivedSources -Xcc -DSWIFT_PACKAGE -Xcc -DDEBUG\=1 -emit-objc-header -emit-objc-header-path /Users/admin/builder/spi-builder-workspace/.derivedData/Build/Intermediates.noindex/FitHeightSheet.build/Debug-appletvos/FitHeightSheet-t.build/Objects-normal/arm64/FitHeightSheet-Swift.h -working-directory /Users/admin/builder/spi-builder-workspace/.swiftpm/xcode -experimental-emit-module-separately -disable-cmo
SwiftCompile normal arm64 Compiling\ AnimationConfiguration.swift /Users/admin/builder/spi-builder-workspace/Sources/FitHeightSheet/AnimationConfiguration.swift (in target 'FitHeightSheet' from project 'FitHeightSheet')
SwiftCompile normal arm64 /Users/admin/builder/spi-builder-workspace/Sources/FitHeightSheet/AnimationConfiguration.swift (in target 'FitHeightSheet' from project 'FitHeightSheet')
    cd /Users/admin/builder/spi-builder-workspace/.swiftpm/xcode
    builtin-SwiftPerFileCompile AnimationConfiguration.swift
SwiftCompile normal arm64 Compiling\ FitHeightSheetModifire.swift /Users/admin/builder/spi-builder-workspace/Sources/FitHeightSheet/FitHeightSheetModifire.swift (in target 'FitHeightSheet' from project 'FitHeightSheet')
/Users/admin/builder/spi-builder-workspace/Sources/FitHeightSheet/FitHeightSheetModifire.swift:35:5: error: 'DragGesture' is unavailable in tvOS
 33 |
 34 |   private var gesture: some Gesture {
 35 |     DragGesture(minimumDistance: 5)
    |     `- error: 'DragGesture' is unavailable in tvOS
 36 |       .onChanged { value in
 37 |         dragOffsetY = value.translation.height
SwiftUI.DragGesture:3:42: note: 'DragGesture' has been explicitly marked unavailable here
 1 | @available(iOS 13.0, macOS 10.15, watchOS 6.0, *)
 2 | @available(tvOS, unavailable)
 3 | @MainActor @preconcurrency public struct DragGesture : Gesture, ~Sendable {
   |                                          `- note: 'DragGesture' has been explicitly marked unavailable here
 4 |     public struct Value : Equatable, Sendable {
 5 |         public var time: Date
/Users/admin/builder/spi-builder-workspace/Sources/FitHeightSheet/FitHeightSheetModifire.swift:35:5: error: 'init(minimumDistance:coordinateSpace:)' is unavailable in tvOS
 33 |
 34 |   private var gesture: some Gesture {
 35 |     DragGesture(minimumDistance: 5)
    |     `- error: 'init(minimumDistance:coordinateSpace:)' is unavailable in tvOS
 36 |       .onChanged { value in
 37 |         dragOffsetY = value.translation.height
SwiftUI.DragGesture.init:4:37: note: 'init(minimumDistance:coordinateSpace:)' has been explicitly marked unavailable here
2 | @available(iOS 17.0, macOS 14.0, watchOS 10.0, *)
3 |   @available(tvOS, unavailable)
4 |   @MainActor @preconcurrency public init(minimumDistance: CGFloat = 10, coordinateSpace: some CoordinateSpaceProtocol = .local)}
  |                                     `- note: 'init(minimumDistance:coordinateSpace:)' has been explicitly marked unavailable here
5 |
/Users/admin/builder/spi-builder-workspace/Sources/FitHeightSheet/FitHeightSheetModifire.swift:104:12: error: 'onTapGesture(count:perform:)' is only available in tvOS 16.0 or newer
  8 | import SwiftUI
  9 |
 10 | struct FitHeightSheetModifire<Body: View>: ViewModifier {
    |        `- note: add '@available' attribute to enclosing generic struct
 11 |   @Binding var isPresented: Bool
 12 |   @State private var internalPresented: Bool = false
    :
 83 |   }
 84 |
 85 |   func body(content: Content) -> some View {
    |        `- note: add '@available' attribute to enclosing instance method
 86 |     ZStack {
 87 |       content
    :
102 |           .ignoresSafeArea()
103 |           .allowsHitTesting(internalPresented)
104 |           .onTapGesture {
    |            |- error: 'onTapGesture(count:perform:)' is only available in tvOS 16.0 or newer
    |            `- note: add 'if #available' version check
105 |             guard !fitInteractiveDismissDisabled else { return }
106 |             withAnimation(isPresented ? presentAnimation.value : dismissAnimation.value) {
Failed frontend command:
SwiftCompile normal arm64 /Users/admin/builder/spi-builder-workspace/Sources/FitHeightSheet/FitHeightSheetModifire.swift (in target 'FitHeightSheet' from project 'FitHeightSheet')
    cd /Users/admin/builder/spi-builder-workspace/.swiftpm/xcode
    builtin-SwiftPerFileCompile FitHeightSheetModifire.swift
/Applications/Xcode-27.0.0-Release.Candidate.app/Contents/Developer/Toolchains/XcodeDefault.xctoolchain/usr/bin/swift-frontend -frontend -c /Users/admin/builder/spi-builder-workspace/Sources/FitHeightSheet/AnimationConfiguration.swift /Users/admin/builder/spi-builder-workspace/Sources/FitHeightSheet/BackdropStyle.swift /Users/admin/builder/spi-builder-workspace/Sources/FitHeightSheet/EnvironmentValues+Dismiss.swift /Users/admin/builder/spi-builder-workspace/Sources/FitHeightSheet/FitHeightSheet.swift -primary-file /Users/admin/builder/spi-builder-workspace/Sources/FitHeightSheet/FitHeightSheetModifire.swift /Users/admin/builder/spi-builder-workspace/Sources/FitHeightSheet/FitHeightSheetWithItemModifire.swift /Users/admin/builder/spi-builder-workspace/Sources/FitHeightSheet/Helpers.swift /Users/admin/builder/spi-builder-workspace/Sources/FitHeightSheet/InteractiveDismissDisabled.swift -emit-dependencies-path /Users/admin/builder/spi-builder-workspace/.derivedData/Build/Intermediates.noindex/FitHeightSheet.build/Debug-appletvos/FitHeightSheet-t.build/Objects-normal/arm64/FitHeightSheetModifire.d -emit-const-values-path /Users/admin/builder/spi-builder-workspace/.derivedData/Build/Intermediates.noindex/FitHeightSheet.build/Debug-appletvos/FitHeightSheet-t.build/Objects-normal/arm64/FitHeightSheetModifire.swiftconstvalues -emit-reference-dependencies-path /Users/admin/builder/spi-builder-workspace/.derivedData/Build/Intermediates.noindex/FitHeightSheet.build/Debug-appletvos/FitHeightSheet-t.build/Objects-normal/arm64/FitHeightSheetModifire.swiftdeps -serialize-diagnostics-path /Users/admin/builder/spi-builder-workspace/.derivedData/Build/Intermediates.noindex/FitHeightSheet.build/Debug-appletvos/FitHeightSheet-t.build/Objects-normal/arm64/FitHeightSheetModifire.dia -target arm64-apple-tvos15.0 -disable-cross-import-overlay-search -load-resolved-plugin /Applications/Xcode-27.0.0-Release.Candidate.app/Contents/Developer/Platforms/AppleTVOS.platform/Developer/usr/lib/swift/host/plugins/libFoundationMacros.dylib\#/Applications/Xcode-27.0.0-Release.Candidate.app/Contents/Developer/Platforms/AppleTVOS.platform/Developer/usr/bin/swift-plugin-server\#FoundationMacros -load-resolved-plugin /Applications/Xcode-27.0.0-Release.Candidate.app/Contents/Developer/Platforms/AppleTVOS.platform/Developer/usr/lib/swift/host/plugins/libObservationMacros.dylib\#/Applications/Xcode-27.0.0-Release.Candidate.app/Contents/Developer/Platforms/AppleTVOS.platform/Developer/usr/bin/swift-plugin-server\#ObservationMacros -load-resolved-plugin /Applications/Xcode-27.0.0-Release.Candidate.app/Contents/Developer/Platforms/AppleTVOS.platform/Developer/usr/lib/swift/host/plugins/libPreviewsMacros.dylib\#/Applications/Xcode-27.0.0-Release.Candidate.app/Contents/Developer/Platforms/AppleTVOS.platform/Developer/usr/bin/swift-plugin-server\#PreviewsMacros -load-resolved-plugin /Applications/Xcode-27.0.0-Release.Candidate.app/Contents/Developer/Platforms/AppleTVOS.platform/Developer/usr/lib/swift/host/plugins/libSwiftMacros.dylib\#/Applications/Xcode-27.0.0-Release.Candidate.app/Contents/Developer/Platforms/AppleTVOS.platform/Developer/usr/bin/swift-plugin-server\#SwiftMacros -load-resolved-plugin /Applications/Xcode-27.0.0-Release.Candidate.app/Contents/Developer/Platforms/AppleTVOS.platform/Developer/usr/lib/swift/host/plugins/libSwiftUIMacros.dylib\#/Applications/Xcode-27.0.0-Release.Candidate.app/Contents/Developer/Platforms/AppleTVOS.platform/Developer/usr/bin/swift-plugin-server\#SwiftUIMacros -disable-implicit-swift-modules -Xcc -fno-implicit-modules -Xcc -fno-implicit-module-maps -explicit-swift-module-map-file /Users/admin/builder/spi-builder-workspace/.derivedData/Build/Intermediates.noindex/FitHeightSheet.build/Debug-appletvos/FitHeightSheet-t.build/Objects-normal/arm64/FitHeightSheet-dependencies-1.json -Xllvm -aarch64-use-tbi -enable-objc-interop -stack-check -sdk /Applications/Xcode-27.0.0-Release.Candidate.app/Contents/Developer/Platforms/AppleTVOS.platform/Developer/SDKs/AppleTVOS27.0.sdk -I /Users/admin/builder/spi-builder-workspace/.derivedData/Build/Products/Debug-appletvos -Isystem /Applications/Xcode-27.0.0-Release.Candidate.app/Contents/Developer/Platforms/AppleTVOS.platform/Developer/usr/lib -F /Users/admin/builder/spi-builder-workspace/.derivedData/Build/Products/Debug-appletvos -F /Applications/Xcode-27.0.0-Release.Candidate.app/Contents/Developer/Platforms/AppleTVOS.platform/Developer/Library/Frameworks -F /Applications/Xcode-27.0.0-Release.Candidate.app/Contents/Developer/Platforms/AppleTVOS.platform/Developer/SDKs/AppleTVOS27.0.sdk/Developer/Library/Frameworks -module-cache-path /Users/admin/builder/spi-builder-workspace/.derivedData/Build/Intermediates.noindex/SwiftExplicitPrecompiledModules -no-color-diagnostics -Xcc -fno-color-diagnostics -enable-testing -g -debug-info-format\=dwarf -dwarf-version\=4 -swift-version 5 -Onone -D SWIFT_PACKAGE -D DEBUG -D SWIFT_MODULE_RESOURCE_BUNDLE_UNAVAILABLE -D Xcode -serialize-debugging-options -enable-experimental-feature DebugDescriptionMacro -empty-abi-descriptor -validate-clang-modules-once -clang-build-session-file /Users/admin/builder/spi-builder-workspace/.derivedData/ModuleCache.noindex/Session.modulevalidation -Xcc -working-directory -Xcc /Users/admin/builder/spi-builder-workspace/.swiftpm/xcode -enable-anonymous-context-mangled-names -file-compilation-dir /Users/admin/builder/spi-builder-workspace/.swiftpm/xcode -Xcc -D_LIBCPP_HARDENING_MODE\=_LIBCPP_HARDENING_MODE_DEBUG -Xcc -ivfsstatcache -Xcc /Users/admin/builder/spi-builder-workspace/.derivedData/SDKStatCaches.noindex/appletvos27.0-24J360-e829b21a6f8c9b70876ba0858053c044b32bfd8d43560033f8d89884cdb90028.sdkstatcache -Xcc -fmodules-prune-interval\=86400 -Xcc -fmodules-prune-after\=345600 -Xcc -I/Users/admin/builder/spi-builder-workspace/.derivedData/Build/Products/Debug-appletvos/include -Xcc -I/Users/admin/builder/spi-builder-workspace/.derivedData/Build/Intermediates.noindex/FitHeightSheet.build/Debug-appletvos/FitHeightSheet-t.build/DerivedSources-normal/arm64 -Xcc -I/Users/admin/builder/spi-builder-workspace/.derivedData/Build/Intermediates.noindex/FitHeightSheet.build/Debug-appletvos/FitHeightSheet-t.build/DerivedSources/arm64 -Xcc -I/Users/admin/builder/spi-builder-workspace/.derivedData/Build/Intermediates.noindex/FitHeightSheet.build/Debug-appletvos/FitHeightSheet-t.build/DerivedSources -Xcc -DSWIFT_PACKAGE -Xcc -DDEBUG\=1 -no-auto-bridging-header-chaining -module-name FitHeightSheet -package-name spi_builder_workspace -const-gather-protocols-file /Users/admin/builder/spi-builder-workspace/.derivedData/Build/Intermediates.noindex/FitHeightSheet.build/Debug-appletvos/FitHeightSheet-t.build/Objects-normal/arm64/FitHeightSheet_const_extract_protocols.json -disable-clang-spi -clang-target arm64-apple-tvos27.0 -target-sdk-version 27.0 -target-sdk-name appletvos27.0 -in-process-plugin-server-path /Applications/Xcode-27.0.0-Release.Candidate.app/Contents/Developer/Toolchains/XcodeDefault.xctoolchain/usr/lib/swift/host/libSwiftInProcPluginServer.dylib -parse-as-library -o /Users/admin/builder/spi-builder-workspace/.derivedData/Build/Intermediates.noindex/FitHeightSheet.build/Debug-appletvos/FitHeightSheet-t.build/Objects-normal/arm64/FitHeightSheetModifire.o -debug-module-path /Users/admin/builder/spi-builder-workspace/.derivedData/Build/Intermediates.noindex/FitHeightSheet.build/Debug-appletvos/FitHeightSheet-t.build/Objects-normal/arm64/FitHeightSheet.swiftmodule -index-unit-output-path /FitHeightSheet.build/Debug-appletvos/FitHeightSheet-t.build/Objects-normal/arm64/FitHeightSheetModifire.o -index-store-path /Users/admin/builder/spi-builder-workspace/.derivedData/Index.noindex/DataStore -index-system-modules
SwiftCompile normal arm64 Compiling\ EnvironmentValues+Dismiss.swift /Users/admin/builder/spi-builder-workspace/Sources/FitHeightSheet/EnvironmentValues+Dismiss.swift (in target 'FitHeightSheet' from project 'FitHeightSheet')
SwiftCompile normal arm64 /Users/admin/builder/spi-builder-workspace/Sources/FitHeightSheet/EnvironmentValues+Dismiss.swift (in target 'FitHeightSheet' from project 'FitHeightSheet')
    cd /Users/admin/builder/spi-builder-workspace/.swiftpm/xcode
    builtin-SwiftPerFileCompile EnvironmentValues+Dismiss.swift
SwiftCompile normal arm64 Compiling\ Helpers.swift /Users/admin/builder/spi-builder-workspace/Sources/FitHeightSheet/Helpers.swift (in target 'FitHeightSheet' from project 'FitHeightSheet')
SwiftCompile normal arm64 /Users/admin/builder/spi-builder-workspace/Sources/FitHeightSheet/Helpers.swift (in target 'FitHeightSheet' from project 'FitHeightSheet')
    cd /Users/admin/builder/spi-builder-workspace/.swiftpm/xcode
    builtin-SwiftPerFileCompile Helpers.swift
SwiftCompile normal arm64 Compiling\ InteractiveDismissDisabled.swift /Users/admin/builder/spi-builder-workspace/Sources/FitHeightSheet/InteractiveDismissDisabled.swift (in target 'FitHeightSheet' from project 'FitHeightSheet')
SwiftCompile normal arm64 /Users/admin/builder/spi-builder-workspace/Sources/FitHeightSheet/InteractiveDismissDisabled.swift (in target 'FitHeightSheet' from project 'FitHeightSheet')
    cd /Users/admin/builder/spi-builder-workspace/.swiftpm/xcode
    builtin-SwiftPerFileCompile InteractiveDismissDisabled.swift
SwiftEmitModule normal arm64 Emitting\ module\ for\ FitHeightSheet (in target 'FitHeightSheet' from project 'FitHeightSheet')
SwiftCompile normal arm64 (in target 'FitHeightSheet' from project 'FitHeightSheet')
    cd /Users/admin/builder/spi-builder-workspace/.swiftpm/xcode

SwiftCompile normal arm64 Compiling\ FitHeightSheetWithItemModifire.swift /Users/admin/builder/spi-builder-workspace/Sources/FitHeightSheet/FitHeightSheetWithItemModifire.swift (in target 'FitHeightSheet' from project 'FitHeightSheet')
SwiftCompile normal arm64 /Users/admin/builder/spi-builder-workspace/Sources/FitHeightSheet/FitHeightSheetWithItemModifire.swift (in target 'FitHeightSheet' from project 'FitHeightSheet')
    cd /Users/admin/builder/spi-builder-workspace/.swiftpm/xcode
    builtin-SwiftPerFileCompile FitHeightSheetWithItemModifire.swift
/Users/admin/builder/spi-builder-workspace/Sources/FitHeightSheet/FitHeightSheetWithItemModifire.swift:38:5: error: 'DragGesture' is unavailable in tvOS
 36 |
 37 |   private var gesture: some Gesture {
 38 |     DragGesture(minimumDistance: 5)
    |     `- error: 'DragGesture' is unavailable in tvOS
 39 |       .onChanged { value in
 40 |         dragOffsetY = value.translation.height
SwiftUI.DragGesture:3:42: note: 'DragGesture' has been explicitly marked unavailable here
 1 | @available(iOS 13.0, macOS 10.15, watchOS 6.0, *)
 2 | @available(tvOS, unavailable)
 3 | @MainActor @preconcurrency public struct DragGesture : Gesture, ~Sendable {
   |                                          `- note: 'DragGesture' has been explicitly marked unavailable here
 4 |     public struct Value : Equatable, Sendable {
 5 |         public var time: Date
SwiftCompile normal arm64 Compiling\ BackdropStyle.swift /Users/admin/builder/spi-builder-workspace/Sources/FitHeightSheet/BackdropStyle.swift (in target 'FitHeightSheet' from project 'FitHeightSheet')
SwiftCompile normal arm64 /Users/admin/builder/spi-builder-workspace/Sources/FitHeightSheet/BackdropStyle.swift (in target 'FitHeightSheet' from project 'FitHeightSheet')
    cd /Users/admin/builder/spi-builder-workspace/.swiftpm/xcode
    builtin-SwiftPerFileCompile BackdropStyle.swift
SwiftCompile normal arm64 Compiling\ FitHeightSheet.swift /Users/admin/builder/spi-builder-workspace/Sources/FitHeightSheet/FitHeightSheet.swift (in target 'FitHeightSheet' from project 'FitHeightSheet')
SwiftCompile normal arm64 (in target 'FitHeightSheet' from project 'FitHeightSheet')
    cd /Users/admin/builder/spi-builder-workspace/.swiftpm/xcode

SwiftDriverJobDiscovery normal arm64 Compiling BackdropStyle.swift (in target 'FitHeightSheet' from project 'FitHeightSheet')
SwiftDriverJobDiscovery normal arm64 Compiling AnimationConfiguration.swift (in target 'FitHeightSheet' from project 'FitHeightSheet')
SwiftDriverJobDiscovery normal arm64 Compiling InteractiveDismissDisabled.swift (in target 'FitHeightSheet' from project 'FitHeightSheet')
SwiftDriverJobDiscovery normal arm64 Compiling EnvironmentValues+Dismiss.swift (in target 'FitHeightSheet' from project 'FitHeightSheet')
SwiftDriverJobDiscovery normal arm64 Compiling FitHeightSheet.swift (in target 'FitHeightSheet' from project 'FitHeightSheet')
SwiftDriverJobDiscovery normal arm64 Compiling Helpers.swift (in target 'FitHeightSheet' from project 'FitHeightSheet')
PruneExplicitPrecompiledModules /Users/admin/builder/spi-builder-workspace/.derivedData/SDKExplicitPrecompiledModules
PruneExplicitPrecompiledModules /Users/admin/builder/spi-builder-workspace/.derivedData/Build/Intermediates.noindex/ExplicitPrecompiledModules
PruneExplicitPrecompiledModules /Users/admin/builder/spi-builder-workspace/.derivedData/Build/Intermediates.noindex/SwiftExplicitPrecompiledModules
2026-09-21 10:31:23.903 xcodebuild[752:4571] [MT] IDERunDestination: Supported platforms for the buildables in the current scheme is empty.
2026-09-21 10:31:24.005 xcodebuild[752:4571] [MT] IDERunDestination: Supported platforms for the buildables in the current scheme is empty.
** BUILD FAILED **
The following build commands failed:
	SwiftCompile normal arm64 /Users/admin/builder/spi-builder-workspace/Sources/FitHeightSheet/FitHeightSheetModifire.swift (in target 'FitHeightSheet' from project 'FitHeightSheet')
	SwiftCompile normal arm64 Compiling\ FitHeightSheetModifire.swift /Users/admin/builder/spi-builder-workspace/Sources/FitHeightSheet/FitHeightSheetModifire.swift (in target 'FitHeightSheet' from project 'FitHeightSheet')
	Building workspace FitHeightSheet with scheme FitHeightSheet
(3 failures)
BUILD FAILURE 6.4 tvOS