The Swift Package Index logo.Swift Package Index

Build Information

Failed to build DIKit, reference 3.2.10 (afed3a), with Swift 6.2 for Linux on 17 Oct 2026 12:04:38 UTC.

Build Command

bash -c docker run --pull=always --rm -v "checkouts-54344845-0":/host -w "$PWD" -e JAVA_HOME="/root/.sdkman/candidates/java/current" -e SPI_BUILD="1" -e SPI_PROCESSING="1" registry.gitlab.com/saguaro1/spi-images:linux-6.2-latest swift build --triple x86_64-unknown-linux-gnu 2>&1

Build Log

========================================
RunAll
========================================
Builder version: 5.1.3
Interrupt handler set up.
========================================
Checkout
========================================
Clone URL: https://github.com/NikSativa/DIKit.git
Reference: 3.2.10
Initialized empty Git repository in /host/spi-builder-workspace/.git/
hint: Using 'master' as the name for the initial branch. This default branch name
hint: is subject to change. To configure the initial branch name to use in all
hint: of your new repositories, which will suppress this warning, call:
hint:
hint: 	git config --global init.defaultBranch <name>
hint:
hint: Names commonly chosen instead of 'master' are 'main', 'trunk' and
hint: 'development'. The just-created branch can be renamed via this command:
hint:
hint: 	git branch -m <name>
From https://github.com/NikSativa/DIKit
 * tag               3.2.10     -> FETCH_HEAD
HEAD is now at afed3a1 Gate weak let in tests on compiler 6.3
Cloned https://github.com/NikSativa/DIKit.git
Revision (git rev-parse @):
afed3a162123b46fe07fe79688b06fa7dbc94127
SPI manifest file found: $PWD/.spi.yml
SUCCESS checkout https://github.com/NikSativa/DIKit.git at 3.2.10
========================================
Build
========================================
Selected platform:         linux
Swift version:             6.2
Building package at path:  $PWD
https://github.com/NikSativa/DIKit.git
Running build ...
bash -c docker run --pull=always --rm -v "checkouts-54344845-0":/host -w "$PWD" -e JAVA_HOME="/root/.sdkman/candidates/java/current" -e SPI_BUILD="1" -e SPI_PROCESSING="1" registry.gitlab.com/saguaro1/spi-images:linux-6.2-latest swift build --triple x86_64-unknown-linux-gnu 2>&1
linux-6.2-latest: Pulling from saguaro1/spi-images
Digest: sha256:af72ee10f3ab8145e300c2afec9616a3ae441bd9d7c561ce3ed6cd39331f6017
Status: Image is up to date for registry.gitlab.com/saguaro1/spi-images:linux-6.2-latest
Fetching https://github.com/NikSativa/SpryKit.git
Fetching https://github.com/NikSativa/Threading.git
[1/547] Fetching threading
Fetched https://github.com/NikSativa/Threading.git from cache (0.45s)
[1/1410] Fetching sprykit
Fetched https://github.com/NikSativa/SpryKit.git from cache (0.55s)
Computing version for https://github.com/NikSativa/Threading.git
Computed https://github.com/NikSativa/Threading.git at 2.3.5 (0.70s)
Computing version for https://github.com/NikSativa/SpryKit.git
Computed https://github.com/NikSativa/SpryKit.git at 3.3.0 (0.14s)
Fetching https://github.com/mattgallagher/CwlPreconditionTesting.git
Fetching https://github.com/swiftlang/swift-syntax.git
[1/1257] Fetching cwlpreconditiontesting
[1258/82057] Fetching cwlpreconditiontesting, swift-syntax
Fetched https://github.com/mattgallagher/CwlPreconditionTesting.git from cache (3.94s)
Fetched https://github.com/swiftlang/swift-syntax.git from cache (3.96s)
Computing version for https://github.com/swiftlang/swift-syntax.git
Computed https://github.com/swiftlang/swift-syntax.git at 600.0.1 (4.94s)
Computing version for https://github.com/mattgallagher/CwlPreconditionTesting.git
Computed https://github.com/mattgallagher/CwlPreconditionTesting.git at 2.2.2 (0.16s)
Fetching https://github.com/mattgallagher/CwlCatchException.git
[1/460] Fetching cwlcatchexception
Fetched https://github.com/mattgallagher/CwlCatchException.git from cache (0.34s)
Computing version for https://github.com/mattgallagher/CwlCatchException.git
Computed https://github.com/mattgallagher/CwlCatchException.git at 2.2.1 (0.51s)
Creating working copy for https://github.com/mattgallagher/CwlCatchException.git
Working copy of https://github.com/mattgallagher/CwlCatchException.git resolved at 2.2.1
Creating working copy for https://github.com/NikSativa/SpryKit.git
Working copy of https://github.com/NikSativa/SpryKit.git resolved at 3.3.0
Creating working copy for https://github.com/swiftlang/swift-syntax.git
Working copy of https://github.com/swiftlang/swift-syntax.git resolved at 600.0.1
Creating working copy for https://github.com/NikSativa/Threading.git
Working copy of https://github.com/NikSativa/Threading.git resolved at 2.3.5
Creating working copy for https://github.com/mattgallagher/CwlPreconditionTesting.git
Working copy of https://github.com/mattgallagher/CwlPreconditionTesting.git resolved at 2.2.2
Downloading package prebuilt https://download.swift.org/prebuilts/swift-syntax/600.0.1/swift-6.2-RELEASE-MacroSupport-ubuntu_noble_x86_64.tar.gz
Downloaded https://download.swift.org/prebuilts/swift-syntax/600.0.1/swift-6.2-RELEASE-MacroSupport-ubuntu_noble_x86_64.tar.gz (0.17s)
Building for debugging...
[0/10] Write sources
[1/10] Copying PrivacyInfo.xcprivacy
[2/10] Write sources
[4/10] Copying PrivacyInfo.xcprivacy
[5/10] Write swift-version-24593BA9C3E375BF.txt
[7/32] Emitting module Threading
[8/35] Compiling Threading AnyLock.swift
[9/35] Compiling Threading AnyMutex.swift
[10/35] Compiling Threading AtomicValue.swift
[11/35] Compiling Threading Queueable.swift
[12/35] Compiling Threading USendable.swift
[13/35] Compiling Threading resource_bundle_accessor.swift
[14/35] Compiling Threading IsolatedMain.swift
[15/35] Compiling Threading NSLock.swift
[16/35] Compiling Threading NSRecursiveLock.swift
[17/35] Compiling Threading DispatchTime+Queue.swift
[18/35] Compiling Threading Queue+Queueable.swift
[19/35] Compiling Threading Queue.swift
[20/35] Compiling Threading SyncMutex.swift
[21/35] Compiling Threading Mutexing.swift
[22/35] Compiling Threading DelayedQueue.swift
[23/35] Compiling Threading OSAllocatedUnfairLock.swift
[24/35] Compiling Threading PThread.swift
[25/35] Compiling Threading Semaphore.swift
[26/35] Compiling Threading LockedValue.swift
[27/35] Compiling Threading OSAllocatedUnfairMutex.swift
[28/35] Compiling Threading QueueBarrier.swift
[29/35] Compiling Threading UnfairLock.swift
[30/35] Compiling Threading Locking.swift
[31/35] Compiling Threading MutexInitializable.swift
[32/36] Wrapping AST for Threading for debugging
[34/65] Compiling DIKit ObservableResolver.swift
/host/spi-builder-workspace/Source/ObservableResolver.swift:29:50: error: cannot find type 'ObservableObject' in scope
27 | /// }
28 | /// ```
29 | public final class ObservableResolver: Resolver, ObservableObject {
   |                                                  `- error: cannot find type 'ObservableObject' in scope
30 |     private let original: Resolver
31 |
[35/65] Compiling DIKit Options.swift
/host/spi-builder-workspace/Source/ObservableResolver.swift:29:50: error: cannot find type 'ObservableObject' in scope
27 | /// }
28 | /// ```
29 | public final class ObservableResolver: Resolver, ObservableObject {
   |                                                  `- error: cannot find type 'ObservableObject' in scope
30 |     private let original: Resolver
31 |
[36/65] Compiling DIKit DIObservedObject.swift
/host/spi-builder-workspace/Source/ObservableResolver.swift:29:50: error: cannot find type 'ObservableObject' in scope
27 | /// }
28 | /// ```
29 | public final class ObservableResolver: Resolver, ObservableObject {
   |                                                  `- error: cannot find type 'ObservableObject' in scope
30 |     private let original: Resolver
31 |
[37/65] Compiling DIKit DIProvider.swift
/host/spi-builder-workspace/Source/ObservableResolver.swift:29:50: error: cannot find type 'ObservableObject' in scope
27 | /// }
28 | /// ```
29 | public final class ObservableResolver: Resolver, ObservableObject {
   |                                                  `- error: cannot find type 'ObservableObject' in scope
30 |     private let original: Resolver
31 |
[38/69] Compiling DIKit InjectLazy.swift
/host/spi-builder-workspace/Source/PropertyWrapper/SharedPropertyWrapper/InjectLazy.swift:26:21: error: cannot find type 'EnvParametersHolder' in scope
24 |         }
25 |
26 |         let holder: EnvParametersHolder = .init(name: named, arguments: arguments, shouldCleanup: shouldCleanup)
   |                     `- error: cannot find type 'EnvParametersHolder' in scope
27 |         self.projectedValue = .init(with: { [holder] in
28 |             defer {
[39/69] Compiling DIKit InjectProvider.swift
/host/spi-builder-workspace/Source/PropertyWrapper/SharedPropertyWrapper/InjectLazy.swift:26:21: error: cannot find type 'EnvParametersHolder' in scope
24 |         }
25 |
26 |         let holder: EnvParametersHolder = .init(name: named, arguments: arguments, shouldCleanup: shouldCleanup)
   |                     `- error: cannot find type 'EnvParametersHolder' in scope
27 |         self.projectedValue = .init(with: { [holder] in
28 |             defer {
[40/69] Compiling DIKit InjectWrapped.swift
/host/spi-builder-workspace/Source/PropertyWrapper/SharedPropertyWrapper/InjectLazy.swift:26:21: error: cannot find type 'EnvParametersHolder' in scope
24 |         }
25 |
26 |         let holder: EnvParametersHolder = .init(name: named, arguments: arguments, shouldCleanup: shouldCleanup)
   |                     `- error: cannot find type 'EnvParametersHolder' in scope
27 |         self.projectedValue = .init(with: { [holder] in
28 |             defer {
[41/69] Compiling DIKit Registrator.swift
/host/spi-builder-workspace/Source/PropertyWrapper/SharedPropertyWrapper/InjectLazy.swift:26:21: error: cannot find type 'EnvParametersHolder' in scope
24 |         }
25 |
26 |         let holder: EnvParametersHolder = .init(name: named, arguments: arguments, shouldCleanup: shouldCleanup)
   |                     `- error: cannot find type 'EnvParametersHolder' in scope
27 |         self.projectedValue = .init(with: { [holder] in
28 |             defer {
error: emit-module command failed with exit code 1 (use -v to see invocation)
[42/69] Emitting module DIKit
/host/spi-builder-workspace/Source/ObservableResolver.swift:29:50: error: cannot find type 'ObservableObject' in scope
27 | /// }
28 | /// ```
29 | public final class ObservableResolver: Resolver, ObservableObject {
   |                                                  `- error: cannot find type 'ObservableObject' in scope
30 |     private let original: Resolver
31 |
[43/69] Compiling DIKit DIState.swift
[44/69] Compiling DIKit DIStateObject.swift
[45/69] Compiling DIKit EnvParametersHolder.swift
[46/69] Compiling DIKit Inject.swift
[47/69] Compiling DIKit Storage.swift
[48/69] Compiling DIKit TransientStorage.swift
[49/69] Compiling DIKit WeakStorage.swift
[50/69] Compiling DIKit ViewControllerFactory.swift
[51/69] Compiling DIKit Resolver.swift
[52/69] Compiling DIKit SelfInjectable.swift
[53/69] Compiling DIKit ContainerStorage.swift
[54/69] Compiling DIKit ForwardingStorage.swift
[55/69] Compiling DIKit Forwarder.swift
[56/69] Compiling DIKit InjectSettings+ScopedResolver.swift
[57/69] Compiling DIKit InjectSettings.swift
[58/69] Compiling DIKit IsolatedMainRegistrator.swift
[59/69] Compiling DIKit InstanceWrapper.swift
[60/69] Compiling DIKit Lazy.swift
[61/69] Compiling DIKit Provider.swift
[62/69] Compiling DIKit resource_bundle_accessor.swift
[63/69] Compiling DIKit Arguments.swift
[64/69] Compiling DIKit Assembly.swift
[65/69] Compiling DIKit Container.swift
[66/69] Compiling DIKit EntityKeyProviding.swift
BUILD FAILURE 6.2 linux