Build Information
Failed to build AnimatedCollectionViewLayout, reference 1.1.0 (c15687), with Swift 6.4 for macOS (Xcode) using Xcode 27.0 on 17 Sep 2026 07:44:16 UTC.
Build Command
env DEVELOPER_DIR=/Applications/Xcode-27.0.0-Release.Candidate.app xcrun xcodebuild -IDEClonedSourcePackagesDirPathOverride=$PWD/.dependencies -skipMacroValidation -skipPackagePluginValidation -derivedDataPath $PWD/.derivedData build -scheme AnimatedCollectionViewLayout -destination platform=macOS,arch=arm64Build Log
========================================
RunAll
========================================
Builder version: 5.1.0
Interrupt handler set up.
========================================
Checkout
========================================
Clone URL: https://github.com/KelvinJin/AnimatedCollectionViewLayout.git
Reference: 1.1.0
Initialized empty Git repository in /Users/admin/builder/spi-builder-workspace/.git/
From https://github.com/KelvinJin/AnimatedCollectionViewLayout
* tag 1.1.0 -> FETCH_HEAD
HEAD is now at c15687d Released 1.1.0
Cloned https://github.com/KelvinJin/AnimatedCollectionViewLayout.git
Revision (git rev-parse @):
c15687d1c6db6d39ef1e54a6c5a5c2fe74a544a8
SUCCESS checkout https://github.com/KelvinJin/AnimatedCollectionViewLayout.git at 1.1.0
========================================
Build
========================================
Selected platform: macosXcodebuild
Swift version: 6.4
Building package at path: $PWD
https://github.com/KelvinJin/AnimatedCollectionViewLayout.git
Command line invocation:
/Applications/Xcode-27.0.0-Release.Candidate.app/Contents/Developer/usr/bin/xcodebuild -IDEClonedSourcePackagesDirPathOverride=/Users/admin/builder/spi-builder-workspace/.dependencies -resolvePackageDependencies
resolved source packages:
{
"dependencies" : [
],
"manifest_display_name" : "AnimatedCollectionViewLayout",
"name" : "AnimatedCollectionViewLayout",
"path" : "/Users/admin/builder/spi-builder-workspace",
"platforms" : [
{
"name" : "ios",
"version" : "9.0"
}
],
"products" : [
{
"name" : "AnimatedCollectionViewLayout",
"targets" : [
"AnimatedCollectionViewLayout"
],
"type" : {
"library" : [
"automatic"
]
}
}
],
"targets" : [
{
"c99name" : "AnimatedCollectionViewLayoutTests",
"module_type" : "SwiftTarget",
"name" : "AnimatedCollectionViewLayoutTests",
"path" : "Tests/AnimatedCollectionViewLayoutTests",
"sources" : [
"main.swift"
],
"target_dependencies" : [
"AnimatedCollectionViewLayout"
],
"type" : "test"
},
{
"c99name" : "AnimatedCollectionViewLayout",
"module_type" : "SwiftTarget",
"name" : "AnimatedCollectionViewLayout",
"path" : "Sources/AnimatedCollectionViewLayout",
"product_memberships" : [
"AnimatedCollectionViewLayout"
],
"sources" : [
"AnimatedCollectionViewLayout.swift",
"Animators/CrossFadeAttributesAnimator.swift",
"Animators/CubeAttributesAnimator.swift",
"Animators/LinearCardAttributesAnimator.swift",
"Animators/PageAttributesAnimator.swift",
"Animators/ParallaxAttributesAnimator.swift",
"Animators/RotateInOutAttributesAnimator.swift",
"Animators/SnapInAttributesAnimator.swift",
"Animators/ZoomInOutAttributesAnimator.swift",
"LayoutAttributesAnimator.swift"
],
"type" : "library"
}
],
"tools_version" : "5.0"
}
{
"project" : {
"configurations" : [
"Debug",
"Release"
],
"name" : "AnimatedCollectionViewLayout",
"schemes" : [
"AnimatedCollectionViewLayout"
],
"targets" : [
"AnimatedCollectionViewLayout",
"AnimatedCollectionViewLayoutTests"
]
}
}
Running build ...
env DEVELOPER_DIR=/Applications/Xcode-27.0.0-Release.Candidate.app xcrun xcodebuild -IDEClonedSourcePackagesDirPathOverride=$PWD/.dependencies -skipMacroValidation -skipPackagePluginValidation -derivedDataPath $PWD/.derivedData build -scheme AnimatedCollectionViewLayout -destination platform=macOS,arch=arm64
Command line invocation:
/Applications/Xcode-27.0.0-Release.Candidate.app/Contents/Developer/usr/bin/xcodebuild -IDEClonedSourcePackagesDirPathOverride=/Users/admin/builder/spi-builder-workspace/.dependencies -skipMacroValidation -skipPackagePluginValidation -derivedDataPath /Users/admin/builder/spi-builder-workspace/.derivedData build -scheme AnimatedCollectionViewLayout -destination platform=macOS,arch=arm64
ComputePackagePrebuildTargetDependencyGraph
Prepare packages
CreateBuildRequest
SendProjectDescription
CreateBuildOperation
ComputeTargetDependencyGraph
note: Building targets in dependency order
note: Target dependency graph (1 target)
Target 'AnimatedCollectionViewLayout' in project 'AnimatedCollectionViewLayout' (no dependencies)
GatherProvisioningInputs
CreateBuildDescription
ExecuteExternalTool /Applications/Xcode-27.0.0-Release.Candidate.app/Contents/Developer/Toolchains/XcodeDefault.xctoolchain/usr/bin/clang -v -E -dM -isysroot /Applications/Xcode-27.0.0-Release.Candidate.app/Contents/Developer/Platforms/MacOSX.platform/Developer/SDKs/MacOSX27.0.sdk -x c -c /dev/null
ExecuteExternalTool /Applications/Xcode-27.0.0-Release.Candidate.app/Contents/Developer/Toolchains/XcodeDefault.xctoolchain/usr/bin/clang -v -E -dM -arch arm64 -isysroot /Applications/Xcode-27.0.0-Release.Candidate.app/Contents/Developer/Platforms/MacOSX.platform/Developer/SDKs/MacOSX27.0.sdk -x c -c /dev/null
ExecuteExternalTool /Applications/Xcode-27.0.0-Release.Candidate.app/Contents/Developer/Toolchains/XcodeDefault.xctoolchain/usr/bin/swiftc --version
ExecuteExternalTool /Applications/Xcode-27.0.0-Release.Candidate.app/Contents/Developer/Toolchains/XcodeDefault.xctoolchain/usr/bin/ld -version_details
Build description signature: ab6222ff9f01754eb749e928879262b9
Build description path: /Users/admin/builder/spi-builder-workspace/.derivedData/Build/Intermediates.noindex/XCBuildData/ab6222ff9f01754eb749e928879262b9.xcbuilddata
/Users/admin/builder/spi-builder-workspace/AnimatedCollectionViewLayout.xcodeproj: error: The macOS deployment target 'MACOSX_DEPLOYMENT_TARGET' is set to 10.15, but the range of supported deployment target versions is 12.0 to 27.0.x. (in target 'AnimatedCollectionViewLayout' from project 'AnimatedCollectionViewLayout')
--- xcodebuild: WARNING: Using the first of multiple matching destinations:
{ platform:macOS, arch:arm64, variant:Mac Catalyst, id:c7e7c23b0a8c9ad9c1dae07c518a2c727167d8f5, name:My Mac }
{ platform:macOS, arch:arm64, variant:Designed for [iPad,iPhone], id:c7e7c23b0a8c9ad9c1dae07c518a2c727167d8f5, name:My Mac }
** BUILD FAILED **
The following build commands failed:
Building project AnimatedCollectionViewLayout with scheme AnimatedCollectionViewLayout
(1 failure)
Command line invocation:
/Applications/Xcode-27.0.0-Release.Candidate.app/Contents/Developer/usr/bin/xcodebuild -IDEClonedSourcePackagesDirPathOverride=/Users/admin/builder/spi-builder-workspace/.dependencies -resolvePackageDependencies
resolved source packages:
{
"dependencies" : [
],
"manifest_display_name" : "AnimatedCollectionViewLayout",
"name" : "AnimatedCollectionViewLayout",
"path" : "/Users/admin/builder/spi-builder-workspace",
"platforms" : [
{
"name" : "ios",
"version" : "9.0"
}
],
"products" : [
{
"name" : "AnimatedCollectionViewLayout",
"targets" : [
"AnimatedCollectionViewLayout"
],
"type" : {
"library" : [
"automatic"
]
}
}
],
"targets" : [
{
"c99name" : "AnimatedCollectionViewLayoutTests",
"module_type" : "SwiftTarget",
"name" : "AnimatedCollectionViewLayoutTests",
"path" : "Tests/AnimatedCollectionViewLayoutTests",
"sources" : [
"main.swift"
],
"target_dependencies" : [
"AnimatedCollectionViewLayout"
],
"type" : "test"
},
{
"c99name" : "AnimatedCollectionViewLayout",
"module_type" : "SwiftTarget",
"name" : "AnimatedCollectionViewLayout",
"path" : "Sources/AnimatedCollectionViewLayout",
"product_memberships" : [
"AnimatedCollectionViewLayout"
],
"sources" : [
"AnimatedCollectionViewLayout.swift",
"Animators/CrossFadeAttributesAnimator.swift",
"Animators/CubeAttributesAnimator.swift",
"Animators/LinearCardAttributesAnimator.swift",
"Animators/PageAttributesAnimator.swift",
"Animators/ParallaxAttributesAnimator.swift",
"Animators/RotateInOutAttributesAnimator.swift",
"Animators/SnapInAttributesAnimator.swift",
"Animators/ZoomInOutAttributesAnimator.swift",
"LayoutAttributesAnimator.swift"
],
"type" : "library"
}
],
"tools_version" : "5.0"
}
{
"project" : {
"configurations" : [
"Debug",
"Release"
],
"name" : "AnimatedCollectionViewLayout",
"schemes" : [
"AnimatedCollectionViewLayout"
],
"targets" : [
"AnimatedCollectionViewLayout",
"AnimatedCollectionViewLayoutTests"
]
}
}
Running build ...
env DEVELOPER_DIR=/Applications/Xcode-27.0.0-Release.Candidate.app xcrun xcodebuild -IDEClonedSourcePackagesDirPathOverride=$PWD/.dependencies -skipMacroValidation -skipPackagePluginValidation -derivedDataPath $PWD/.derivedData build -scheme AnimatedCollectionViewLayout -destination platform=macOS,arch=arm64
Command line invocation:
/Applications/Xcode-27.0.0-Release.Candidate.app/Contents/Developer/usr/bin/xcodebuild -IDEClonedSourcePackagesDirPathOverride=/Users/admin/builder/spi-builder-workspace/.dependencies -skipMacroValidation -skipPackagePluginValidation -derivedDataPath /Users/admin/builder/spi-builder-workspace/.derivedData build -scheme AnimatedCollectionViewLayout -destination platform=macOS,arch=arm64
ComputePackagePrebuildTargetDependencyGraph
Prepare packages
CreateBuildRequest
SendProjectDescription
CreateBuildOperation
ComputeTargetDependencyGraph
note: Building targets in dependency order
note: Target dependency graph (1 target)
Target 'AnimatedCollectionViewLayout' in project 'AnimatedCollectionViewLayout' (no dependencies)
GatherProvisioningInputs
CreateBuildDescription
/Users/admin/builder/spi-builder-workspace/AnimatedCollectionViewLayout.xcodeproj: error: The macOS deployment target 'MACOSX_DEPLOYMENT_TARGET' is set to 10.15, but the range of supported deployment target versions is 12.0 to 27.0.x. (in target 'AnimatedCollectionViewLayout' from project 'AnimatedCollectionViewLayout')
--- xcodebuild: WARNING: Using the first of multiple matching destinations:
{ platform:macOS, arch:arm64, variant:Mac Catalyst, id:c7e7c23b0a8c9ad9c1dae07c518a2c727167d8f5, name:My Mac }
{ platform:macOS, arch:arm64, variant:Designed for [iPad,iPhone], id:c7e7c23b0a8c9ad9c1dae07c518a2c727167d8f5, name:My Mac }
** BUILD FAILED **
The following build commands failed:
Building project AnimatedCollectionViewLayout with scheme AnimatedCollectionViewLayout
(1 failure)
BUILD FAILURE 6.4 macosXcodebuild