The Swift Package Index logo.Swift Package Index

Build Information

Failed to build ToastySnackbar, reference master (9bf3a8), with Swift 6.1 for watchOS using Xcode 16.3 on 28 Jun 2026 18:20:58 UTC.

Build Command

env DEVELOPER_DIR=/Applications/Xcode-16.3.0.app xcrun xcodebuild -IDEClonedSourcePackagesDirPathOverride=$PWD/.dependencies -skipMacroValidation -skipPackagePluginValidation -derivedDataPath $PWD/.derivedData build -scheme ToastySnackbar -destination generic/platform=watchOS

Build Log

========================================
RunAll
========================================
Builder version: undefined version: run 'make version' to update
Interrupt handler set up.
========================================
Checkout
========================================
Clone URL: https://github.com/batuhangobekli/ToastySnackbar.git
Reference: master
Initialized empty Git repository in /Users/admin/builder/spi-builder-workspace/.git/
From https://github.com/batuhangobekli/ToastySnackbar
 * branch            master     -> FETCH_HEAD
 * [new branch]      master     -> origin/master
HEAD is now at 9bf3a82 Update demo image in README.md
Cloned https://github.com/batuhangobekli/ToastySnackbar.git
Revision (git rev-parse @):
9bf3a8256e2fe671c9a2837d97cae207a0ecd71a
SUCCESS checkout https://github.com/batuhangobekli/ToastySnackbar.git at master
========================================
Build
========================================
Selected platform:         watchOS
Swift version:             6.1
Building package at path:  $PWD
https://github.com/batuhangobekli/ToastySnackbar.git
https://github.com/batuhangobekli/ToastySnackbar.git
{
  "dependencies" : [
  ],
  "manifest_display_name" : "ToastySnackbar",
  "name" : "ToastySnackbar",
  "path" : "/Users/admin/builder/spi-builder-workspace",
  "platforms" : [
    {
      "name" : "ios",
      "version" : "13.0"
    }
  ],
  "products" : [
    {
      "name" : "ToastySnackbar",
      "targets" : [
        "ToastySnackbar"
      ],
      "type" : {
        "library" : [
          "automatic"
        ]
      }
    }
  ],
  "targets" : [
    {
      "c99name" : "ToastySnackbarTests",
      "module_type" : "SwiftTarget",
      "name" : "ToastySnackbarTests",
      "path" : "Tests/ToastySnackbarTests",
      "sources" : [
        "ToastySnackbarTests.swift"
      ],
      "target_dependencies" : [
        "ToastySnackbar"
      ],
      "type" : "test"
    },
    {
      "c99name" : "ToastySnackbar",
      "module_type" : "SwiftTarget",
      "name" : "ToastySnackbar",
      "path" : "Sources/ToastySnackbar",
      "product_memberships" : [
        "ToastySnackbar"
      ],
      "resources" : [
        {
          "path" : "/Users/admin/builder/spi-builder-workspace/Sources/ToastySnackbar/Resources/PrivacyInfo.xcprivacy",
          "rule" : {
            "process" : {
            }
          }
        }
      ],
      "sources" : [
        "ToastyConfiguration.swift",
        "ToastyDuration.swift",
        "ToastyIcon.swift",
        "ToastyKind.swift",
        "ToastyPosition.swift",
        "ToastyPresenter.swift",
        "ToastySnackbar.swift",
        "ToastySnackbarCenter.swift",
        "ToastySnackbarView.swift",
        "ToastyStyle.swift",
        "ToastyToast.swift"
      ],
      "type" : "library"
    }
  ],
  "tools_version" : "5.7"
}
Command line invocation:
    /Applications/Xcode-16.3.0.app/Contents/Developer/usr/bin/xcodebuild -IDEClonedSourcePackagesDirPathOverride=/Users/admin/builder/spi-builder-workspace/.dependencies -resolvePackageDependencies
Resolve Package Graph
Resolved source packages:
  ToastySnackbar: /Users/admin/builder/spi-builder-workspace @ local
resolved source packages: ToastySnackbar
{
  "dependencies" : [
  ],
  "manifest_display_name" : "ToastySnackbar",
  "name" : "ToastySnackbar",
  "path" : "/Users/admin/builder/spi-builder-workspace",
  "platforms" : [
    {
      "name" : "ios",
      "version" : "13.0"
    }
  ],
  "products" : [
    {
      "name" : "ToastySnackbar",
      "targets" : [
        "ToastySnackbar"
      ],
      "type" : {
        "library" : [
          "automatic"
        ]
      }
    }
  ],
  "targets" : [
    {
      "c99name" : "ToastySnackbarTests",
      "module_type" : "SwiftTarget",
      "name" : "ToastySnackbarTests",
      "path" : "Tests/ToastySnackbarTests",
      "sources" : [
        "ToastySnackbarTests.swift"
      ],
      "target_dependencies" : [
        "ToastySnackbar"
      ],
      "type" : "test"
    },
    {
      "c99name" : "ToastySnackbar",
      "module_type" : "SwiftTarget",
      "name" : "ToastySnackbar",
      "path" : "Sources/ToastySnackbar",
      "product_memberships" : [
        "ToastySnackbar"
      ],
      "resources" : [
        {
          "path" : "/Users/admin/builder/spi-builder-workspace/Sources/ToastySnackbar/Resources/PrivacyInfo.xcprivacy",
          "rule" : {
            "process" : {
            }
          }
        }
      ],
      "sources" : [
        "ToastyConfiguration.swift",
        "ToastyDuration.swift",
        "ToastyIcon.swift",
        "ToastyKind.swift",
        "ToastyPosition.swift",
        "ToastyPresenter.swift",
        "ToastySnackbar.swift",
        "ToastySnackbarCenter.swift",
        "ToastySnackbarView.swift",
        "ToastyStyle.swift",
        "ToastyToast.swift"
      ],
      "type" : "library"
    }
  ],
  "tools_version" : "5.7"
}
{
  "project" : {
    "configurations" : [
      "Debug",
      "Release"
    ],
    "name" : "ToastySnackbarDemo",
    "schemes" : [
      "ToastySnackbar",
      "ToastySnackbarDemo"
    ],
    "targets" : [
      "ToastySnackbarDemo",
      "ToastySnackbarTests"
    ]
  }
}
{
  "workspace" : {
    "name" : "spi-builder-workspace",
    "schemes" : [
      "ToastySnackbar"
    ]
  }
}
Running build ...
env DEVELOPER_DIR=/Applications/Xcode-16.3.0.app xcrun xcodebuild -IDEClonedSourcePackagesDirPathOverride=$PWD/.dependencies -skipMacroValidation -skipPackagePluginValidation -derivedDataPath $PWD/.derivedData build -scheme ToastySnackbar -destination generic/platform=watchOS OTHER_SWIFT_FLAGS=-stats-output-dir .stats -strict-concurrency=complete -enable-upcoming-feature StrictConcurrency -enable-upcoming-feature DisableOutwardActorInference -enable-upcoming-feature GlobalActorIsolatedTypesUsability -enable-upcoming-feature InferSendableFromCaptures
Command line invocation:
    /Applications/Xcode-16.3.0.app/Contents/Developer/usr/bin/xcodebuild -IDEClonedSourcePackagesDirPathOverride=/Users/admin/builder/spi-builder-workspace/.dependencies -skipMacroValidation -skipPackagePluginValidation -derivedDataPath /Users/admin/builder/spi-builder-workspace/.derivedData build -scheme ToastySnackbar -destination generic/platform=watchOS "OTHER_SWIFT_FLAGS=-stats-output-dir .stats -strict-concurrency=complete -enable-upcoming-feature StrictConcurrency -enable-upcoming-feature DisableOutwardActorInference -enable-upcoming-feature GlobalActorIsolatedTypesUsability -enable-upcoming-feature InferSendableFromCaptures"
Build settings from command line:
    OTHER_SWIFT_FLAGS = -stats-output-dir .stats -strict-concurrency=complete -enable-upcoming-feature StrictConcurrency -enable-upcoming-feature DisableOutwardActorInference -enable-upcoming-feature GlobalActorIsolatedTypesUsability -enable-upcoming-feature InferSendableFromCaptures
Resolve Package Graph
Resolved source packages:
  ToastySnackbar: /Users/admin/builder/spi-builder-workspace
ComputePackagePrebuildTargetDependencyGraph
Prepare packages
CreateBuildRequest
SendProjectDescription
CreateBuildOperation
ComputeTargetDependencyGraph
note: Building targets in dependency order
note: Target dependency graph (3 targets)
    Target 'ToastySnackbar' in project 'ToastySnackbar'
        ➜ Explicit dependency on target 'ToastySnackbar' in project 'ToastySnackbar'
        ➜ Explicit dependency on target 'ToastySnackbar_ToastySnackbar' in project 'ToastySnackbar'
    Target 'ToastySnackbar' in project 'ToastySnackbar'
        ➜ Explicit dependency on target 'ToastySnackbar_ToastySnackbar' in project 'ToastySnackbar'
    Target 'ToastySnackbar_ToastySnackbar' in project 'ToastySnackbar' (no dependencies)
GatherProvisioningInputs
CreateBuildDescription
ExecuteExternalTool /Applications/Xcode-16.3.0.app/Contents/Developer/Toolchains/XcodeDefault.xctoolchain/usr/bin/clang -v -E -dM -isysroot /Applications/Xcode-16.3.0.app/Contents/Developer/Platforms/WatchOS.platform/Developer/SDKs/WatchOS11.4.sdk -x c -c /dev/null
ExecuteExternalTool /Applications/Xcode-16.3.0.app/Contents/Developer/Toolchains/XcodeDefault.xctoolchain/usr/bin/swiftc --version
ExecuteExternalTool /Applications/Xcode-16.3.0.app/Contents/Developer/Toolchains/XcodeDefault.xctoolchain/usr/bin/ld -version_details
Build description signature: aac203fa6931a3d7e46d6aa305499a9f
Build description path: /Users/admin/builder/spi-builder-workspace/.derivedData/Build/Intermediates.noindex/XCBuildData/aac203fa6931a3d7e46d6aa305499a9f.xcbuilddata
CreateBuildDirectory /Users/admin/builder/spi-builder-workspace/.derivedData/Build/Intermediates.noindex
    cd /Users/admin/builder/spi-builder-workspace/.swiftpm/xcode
    builtin-create-build-directory /Users/admin/builder/spi-builder-workspace/.derivedData/Build/Intermediates.noindex
ClangStatCache /Applications/Xcode-16.3.0.app/Contents/Developer/Toolchains/XcodeDefault.xctoolchain/usr/bin/clang-stat-cache /Applications/Xcode-16.3.0.app/Contents/Developer/Platforms/WatchOS.platform/Developer/SDKs/WatchOS11.4.sdk /Users/admin/builder/spi-builder-workspace/.derivedData/SDKStatCaches.noindex/watchos11.4-22T246-43efb940ff07ba2497b70ec94253f576.sdkstatcache
    cd /Users/admin/builder/spi-builder-workspace/.swiftpm/xcode
    /Applications/Xcode-16.3.0.app/Contents/Developer/Toolchains/XcodeDefault.xctoolchain/usr/bin/clang-stat-cache /Applications/Xcode-16.3.0.app/Contents/Developer/Platforms/WatchOS.platform/Developer/SDKs/WatchOS11.4.sdk -o /Users/admin/builder/spi-builder-workspace/.derivedData/SDKStatCaches.noindex/watchos11.4-22T246-43efb940ff07ba2497b70ec94253f576.sdkstatcache
CreateBuildDirectory /Users/admin/builder/spi-builder-workspace/.derivedData/Build/Products
    cd /Users/admin/builder/spi-builder-workspace/.swiftpm/xcode
    builtin-create-build-directory /Users/admin/builder/spi-builder-workspace/.derivedData/Build/Products
CreateBuildDirectory /Users/admin/builder/spi-builder-workspace/.derivedData/Build/Intermediates.noindex/EagerLinkingTBDs/Debug-watchos
    cd /Users/admin/builder/spi-builder-workspace/.swiftpm/xcode
    builtin-create-build-directory /Users/admin/builder/spi-builder-workspace/.derivedData/Build/Intermediates.noindex/EagerLinkingTBDs/Debug-watchos
CreateBuildDirectory /Users/admin/builder/spi-builder-workspace/.derivedData/Build/Products/Debug-watchos
    cd /Users/admin/builder/spi-builder-workspace/.swiftpm/xcode
    builtin-create-build-directory /Users/admin/builder/spi-builder-workspace/.derivedData/Build/Products/Debug-watchos
CreateBuildDirectory /Users/admin/builder/spi-builder-workspace/.derivedData/Build/Products/Debug-watchos/PackageFrameworks
    cd /Users/admin/builder/spi-builder-workspace/.swiftpm/xcode
    builtin-create-build-directory /Users/admin/builder/spi-builder-workspace/.derivedData/Build/Products/Debug-watchos/PackageFrameworks
WriteAuxiliaryFile /Users/admin/builder/spi-builder-workspace/.derivedData/Build/Intermediates.noindex/ToastySnackbar.build/Debug-watchos/ToastySnackbar.build/ToastySnackbar.modulemap (in target 'ToastySnackbar' from project 'ToastySnackbar')
    cd /Users/admin/builder/spi-builder-workspace
    write-file /Users/admin/builder/spi-builder-workspace/.derivedData/Build/Intermediates.noindex/ToastySnackbar.build/Debug-watchos/ToastySnackbar.build/ToastySnackbar.modulemap
WriteAuxiliaryFile /Users/admin/builder/spi-builder-workspace/.derivedData/Build/Intermediates.noindex/ToastySnackbar.build/Debug-watchos/ToastySnackbar.build/ToastySnackbar.DependencyStaticMetadataFileList (in target 'ToastySnackbar' from project 'ToastySnackbar')
    cd /Users/admin/builder/spi-builder-workspace
    write-file /Users/admin/builder/spi-builder-workspace/.derivedData/Build/Intermediates.noindex/ToastySnackbar.build/Debug-watchos/ToastySnackbar.build/ToastySnackbar.DependencyStaticMetadataFileList
WriteAuxiliaryFile /Users/admin/builder/spi-builder-workspace/.derivedData/Build/Intermediates.noindex/ToastySnackbar.build/Debug-watchos/ToastySnackbar_ToastySnackbar.build/ToastySnackbar_ToastySnackbar.DependencyStaticMetadataFileList (in target 'ToastySnackbar_ToastySnackbar' from project 'ToastySnackbar')
    cd /Users/admin/builder/spi-builder-workspace
    write-file /Users/admin/builder/spi-builder-workspace/.derivedData/Build/Intermediates.noindex/ToastySnackbar.build/Debug-watchos/ToastySnackbar_ToastySnackbar.build/ToastySnackbar_ToastySnackbar.DependencyStaticMetadataFileList
WriteAuxiliaryFile /Users/admin/builder/spi-builder-workspace/.derivedData/Build/Intermediates.noindex/ToastySnackbar.build/Debug-watchos/ToastySnackbar_ToastySnackbar.build/ToastySnackbar_ToastySnackbar.DependencyMetadataFileList (in target 'ToastySnackbar_ToastySnackbar' from project 'ToastySnackbar')
    cd /Users/admin/builder/spi-builder-workspace
    write-file /Users/admin/builder/spi-builder-workspace/.derivedData/Build/Intermediates.noindex/ToastySnackbar.build/Debug-watchos/ToastySnackbar_ToastySnackbar.build/ToastySnackbar_ToastySnackbar.DependencyMetadataFileList
WriteAuxiliaryFile /Users/admin/builder/spi-builder-workspace/.derivedData/Build/Intermediates.noindex/ToastySnackbar.build/Debug-watchos/ToastySnackbar.build/ToastySnackbar.DependencyMetadataFileList (in target 'ToastySnackbar' from project 'ToastySnackbar')
    cd /Users/admin/builder/spi-builder-workspace
    write-file /Users/admin/builder/spi-builder-workspace/.derivedData/Build/Intermediates.noindex/ToastySnackbar.build/Debug-watchos/ToastySnackbar.build/ToastySnackbar.DependencyMetadataFileList
WriteAuxiliaryFile /Users/admin/builder/spi-builder-workspace/.derivedData/Build/Intermediates.noindex/ToastySnackbar.build/Debug-watchos/ToastySnackbar_ToastySnackbar.build/empty-ToastySnackbar_ToastySnackbar.plist (in target 'ToastySnackbar_ToastySnackbar' from project 'ToastySnackbar')
    cd /Users/admin/builder/spi-builder-workspace
    write-file /Users/admin/builder/spi-builder-workspace/.derivedData/Build/Intermediates.noindex/ToastySnackbar.build/Debug-watchos/ToastySnackbar_ToastySnackbar.build/empty-ToastySnackbar_ToastySnackbar.plist
WriteAuxiliaryFile /Users/admin/builder/spi-builder-workspace/.derivedData/Build/Intermediates.noindex/ToastySnackbar.build/Debug-watchos/ToastySnackbar.build/Objects-normal/armv7k/ToastySnackbar_const_extract_protocols.json (in target 'ToastySnackbar' from project 'ToastySnackbar')
    cd /Users/admin/builder/spi-builder-workspace
    write-file /Users/admin/builder/spi-builder-workspace/.derivedData/Build/Intermediates.noindex/ToastySnackbar.build/Debug-watchos/ToastySnackbar.build/Objects-normal/armv7k/ToastySnackbar_const_extract_protocols.json
WriteAuxiliaryFile /Users/admin/builder/spi-builder-workspace/.derivedData/Build/Intermediates.noindex/ToastySnackbar.build/Debug-watchos/ToastySnackbar.build/Objects-normal/armv7k/ToastySnackbar-OutputFileMap.json (in target 'ToastySnackbar' from project 'ToastySnackbar')
    cd /Users/admin/builder/spi-builder-workspace
    write-file /Users/admin/builder/spi-builder-workspace/.derivedData/Build/Intermediates.noindex/ToastySnackbar.build/Debug-watchos/ToastySnackbar.build/Objects-normal/armv7k/ToastySnackbar-OutputFileMap.json
WriteAuxiliaryFile /Users/admin/builder/spi-builder-workspace/.derivedData/Build/Intermediates.noindex/ToastySnackbar.build/Debug-watchos/ToastySnackbar.build/Objects-normal/armv7k/ToastySnackbar.SwiftFileList (in target 'ToastySnackbar' from project 'ToastySnackbar')
    cd /Users/admin/builder/spi-builder-workspace
    write-file /Users/admin/builder/spi-builder-workspace/.derivedData/Build/Intermediates.noindex/ToastySnackbar.build/Debug-watchos/ToastySnackbar.build/Objects-normal/armv7k/ToastySnackbar.SwiftFileList
WriteAuxiliaryFile /Users/admin/builder/spi-builder-workspace/.derivedData/Build/Intermediates.noindex/ToastySnackbar.build/Debug-watchos/ToastySnackbar.build/Objects-normal/armv7k/ToastySnackbar.SwiftConstValuesFileList (in target 'ToastySnackbar' from project 'ToastySnackbar')
    cd /Users/admin/builder/spi-builder-workspace
    write-file /Users/admin/builder/spi-builder-workspace/.derivedData/Build/Intermediates.noindex/ToastySnackbar.build/Debug-watchos/ToastySnackbar.build/Objects-normal/armv7k/ToastySnackbar.SwiftConstValuesFileList
WriteAuxiliaryFile /Users/admin/builder/spi-builder-workspace/.derivedData/Build/Intermediates.noindex/ToastySnackbar.build/Debug-watchos/ToastySnackbar.build/Objects-normal/armv7k/ToastySnackbar.LinkFileList (in target 'ToastySnackbar' from project 'ToastySnackbar')
    cd /Users/admin/builder/spi-builder-workspace
    write-file /Users/admin/builder/spi-builder-workspace/.derivedData/Build/Intermediates.noindex/ToastySnackbar.build/Debug-watchos/ToastySnackbar.build/Objects-normal/armv7k/ToastySnackbar.LinkFileList
WriteAuxiliaryFile /Users/admin/builder/spi-builder-workspace/.derivedData/Build/Intermediates.noindex/ToastySnackbar.build/Debug-watchos/ToastySnackbar.build/Objects-normal/arm64_32/ToastySnackbar.SwiftFileList (in target 'ToastySnackbar' from project 'ToastySnackbar')
    cd /Users/admin/builder/spi-builder-workspace
    write-file /Users/admin/builder/spi-builder-workspace/.derivedData/Build/Intermediates.noindex/ToastySnackbar.build/Debug-watchos/ToastySnackbar.build/Objects-normal/arm64_32/ToastySnackbar.SwiftFileList
WriteAuxiliaryFile /Users/admin/builder/spi-builder-workspace/.derivedData/Build/Intermediates.noindex/ToastySnackbar.build/Debug-watchos/ToastySnackbar.build/Objects-normal/arm64_32/ToastySnackbar_const_extract_protocols.json (in target 'ToastySnackbar' from project 'ToastySnackbar')
    cd /Users/admin/builder/spi-builder-workspace
    write-file /Users/admin/builder/spi-builder-workspace/.derivedData/Build/Intermediates.noindex/ToastySnackbar.build/Debug-watchos/ToastySnackbar.build/Objects-normal/arm64_32/ToastySnackbar_const_extract_protocols.json
WriteAuxiliaryFile /Users/admin/builder/spi-builder-workspace/.derivedData/Build/Intermediates.noindex/ToastySnackbar.build/Debug-watchos/ToastySnackbar.build/Objects-normal/arm64_32/ToastySnackbar.SwiftConstValuesFileList (in target 'ToastySnackbar' from project 'ToastySnackbar')
    cd /Users/admin/builder/spi-builder-workspace
    write-file /Users/admin/builder/spi-builder-workspace/.derivedData/Build/Intermediates.noindex/ToastySnackbar.build/Debug-watchos/ToastySnackbar.build/Objects-normal/arm64_32/ToastySnackbar.SwiftConstValuesFileList
WriteAuxiliaryFile /Users/admin/builder/spi-builder-workspace/.derivedData/Build/Intermediates.noindex/ToastySnackbar.build/Debug-watchos/ToastySnackbar.build/Objects-normal/arm64_32/ToastySnackbar.LinkFileList (in target 'ToastySnackbar' from project 'ToastySnackbar')
    cd /Users/admin/builder/spi-builder-workspace
    write-file /Users/admin/builder/spi-builder-workspace/.derivedData/Build/Intermediates.noindex/ToastySnackbar.build/Debug-watchos/ToastySnackbar.build/Objects-normal/arm64_32/ToastySnackbar.LinkFileList
WriteAuxiliaryFile /Users/admin/builder/spi-builder-workspace/.derivedData/Build/Intermediates.noindex/ToastySnackbar.build/Debug-watchos/ToastySnackbar.build/Objects-normal/arm64_32/ToastySnackbar-OutputFileMap.json (in target 'ToastySnackbar' from project 'ToastySnackbar')
    cd /Users/admin/builder/spi-builder-workspace
    write-file /Users/admin/builder/spi-builder-workspace/.derivedData/Build/Intermediates.noindex/ToastySnackbar.build/Debug-watchos/ToastySnackbar.build/Objects-normal/arm64_32/ToastySnackbar-OutputFileMap.json
WriteAuxiliaryFile /Users/admin/builder/spi-builder-workspace/.derivedData/Build/Intermediates.noindex/ToastySnackbar.build/Debug-watchos/ToastySnackbar.build/Objects-normal/arm64/ToastySnackbar.SwiftFileList (in target 'ToastySnackbar' from project 'ToastySnackbar')
    cd /Users/admin/builder/spi-builder-workspace
    write-file /Users/admin/builder/spi-builder-workspace/.derivedData/Build/Intermediates.noindex/ToastySnackbar.build/Debug-watchos/ToastySnackbar.build/Objects-normal/arm64/ToastySnackbar.SwiftFileList
WriteAuxiliaryFile /Users/admin/builder/spi-builder-workspace/.derivedData/Build/Intermediates.noindex/ToastySnackbar.build/Debug-watchos/ToastySnackbar.build/Objects-normal/arm64/ToastySnackbar_const_extract_protocols.json (in target 'ToastySnackbar' from project 'ToastySnackbar')
    cd /Users/admin/builder/spi-builder-workspace
    write-file /Users/admin/builder/spi-builder-workspace/.derivedData/Build/Intermediates.noindex/ToastySnackbar.build/Debug-watchos/ToastySnackbar.build/Objects-normal/arm64/ToastySnackbar_const_extract_protocols.json
WriteAuxiliaryFile /Users/admin/builder/spi-builder-workspace/.derivedData/Build/Intermediates.noindex/ToastySnackbar.build/Debug-watchos/ToastySnackbar.build/Objects-normal/arm64/ToastySnackbar.SwiftConstValuesFileList (in target 'ToastySnackbar' from project 'ToastySnackbar')
    cd /Users/admin/builder/spi-builder-workspace
    write-file /Users/admin/builder/spi-builder-workspace/.derivedData/Build/Intermediates.noindex/ToastySnackbar.build/Debug-watchos/ToastySnackbar.build/Objects-normal/arm64/ToastySnackbar.SwiftConstValuesFileList
WriteAuxiliaryFile /Users/admin/builder/spi-builder-workspace/.derivedData/Build/Intermediates.noindex/ToastySnackbar.build/Debug-watchos/ToastySnackbar.build/Objects-normal/arm64/ToastySnackbar.LinkFileList (in target 'ToastySnackbar' from project 'ToastySnackbar')
    cd /Users/admin/builder/spi-builder-workspace
    write-file /Users/admin/builder/spi-builder-workspace/.derivedData/Build/Intermediates.noindex/ToastySnackbar.build/Debug-watchos/ToastySnackbar.build/Objects-normal/arm64/ToastySnackbar.LinkFileList
WriteAuxiliaryFile /Users/admin/builder/spi-builder-workspace/.derivedData/Build/Intermediates.noindex/ToastySnackbar.build/Debug-watchos/ToastySnackbar.build/Objects-normal/arm64/ToastySnackbar-OutputFileMap.json (in target 'ToastySnackbar' from project 'ToastySnackbar')
    cd /Users/admin/builder/spi-builder-workspace
    write-file /Users/admin/builder/spi-builder-workspace/.derivedData/Build/Intermediates.noindex/ToastySnackbar.build/Debug-watchos/ToastySnackbar.build/Objects-normal/arm64/ToastySnackbar-OutputFileMap.json
WriteAuxiliaryFile /Users/admin/builder/spi-builder-workspace/.derivedData/Build/Intermediates.noindex/ToastySnackbar.build/Debug-watchos/ToastySnackbar.build/DerivedSources/resource_bundle_accessor.swift (in target 'ToastySnackbar' from project 'ToastySnackbar')
    cd /Users/admin/builder/spi-builder-workspace
    write-file /Users/admin/builder/spi-builder-workspace/.derivedData/Build/Intermediates.noindex/ToastySnackbar.build/Debug-watchos/ToastySnackbar.build/DerivedSources/resource_bundle_accessor.swift
Copy /Users/admin/builder/spi-builder-workspace/.derivedData/Build/Intermediates.noindex/GeneratedModuleMaps-watchos/ToastySnackbar.modulemap /Users/admin/builder/spi-builder-workspace/.derivedData/Build/Intermediates.noindex/ToastySnackbar.build/Debug-watchos/ToastySnackbar.build/ToastySnackbar.modulemap (in target 'ToastySnackbar' from project 'ToastySnackbar')
    cd /Users/admin/builder/spi-builder-workspace
    builtin-copy -exclude .DS_Store -exclude CVS -exclude .svn -exclude .git -exclude .hg -resolve-src-symlinks /Users/admin/builder/spi-builder-workspace/.derivedData/Build/Intermediates.noindex/ToastySnackbar.build/Debug-watchos/ToastySnackbar.build/ToastySnackbar.modulemap /Users/admin/builder/spi-builder-workspace/.derivedData/Build/Intermediates.noindex/GeneratedModuleMaps-watchos
MkDir /Users/admin/builder/spi-builder-workspace/.derivedData/Build/Products/Debug-watchos/ToastySnackbar_ToastySnackbar.bundle (in target 'ToastySnackbar_ToastySnackbar' from project 'ToastySnackbar')
    cd /Users/admin/builder/spi-builder-workspace
    /bin/mkdir -p /Users/admin/builder/spi-builder-workspace/.derivedData/Build/Products/Debug-watchos/ToastySnackbar_ToastySnackbar.bundle
ProcessInfoPlistFile /Users/admin/builder/spi-builder-workspace/.derivedData/Build/Products/Debug-watchos/ToastySnackbar_ToastySnackbar.bundle/Info.plist /Users/admin/builder/spi-builder-workspace/.derivedData/Build/Intermediates.noindex/ToastySnackbar.build/Debug-watchos/ToastySnackbar_ToastySnackbar.build/empty-ToastySnackbar_ToastySnackbar.plist (in target 'ToastySnackbar_ToastySnackbar' from project 'ToastySnackbar')
    cd /Users/admin/builder/spi-builder-workspace
    builtin-infoPlistUtility /Users/admin/builder/spi-builder-workspace/.derivedData/Build/Intermediates.noindex/ToastySnackbar.build/Debug-watchos/ToastySnackbar_ToastySnackbar.build/empty-ToastySnackbar_ToastySnackbar.plist -producttype com.apple.product-type.bundle -expandbuildsettings -format binary -platform watchos -o /Users/admin/builder/spi-builder-workspace/.derivedData/Build/Products/Debug-watchos/ToastySnackbar_ToastySnackbar.bundle/Info.plist
CpResource /Users/admin/builder/spi-builder-workspace/.derivedData/Build/Products/Debug-watchos/ToastySnackbar_ToastySnackbar.bundle/PrivacyInfo.xcprivacy /Users/admin/builder/spi-builder-workspace/Sources/ToastySnackbar/Resources/PrivacyInfo.xcprivacy (in target 'ToastySnackbar_ToastySnackbar' from project 'ToastySnackbar')
    cd /Users/admin/builder/spi-builder-workspace
    builtin-copy -exclude .DS_Store -exclude CVS -exclude .svn -exclude .git -exclude .hg -resolve-src-symlinks /Users/admin/builder/spi-builder-workspace/Sources/ToastySnackbar/Resources/PrivacyInfo.xcprivacy /Users/admin/builder/spi-builder-workspace/.derivedData/Build/Products/Debug-watchos/ToastySnackbar_ToastySnackbar.bundle
RegisterExecutionPolicyException /Users/admin/builder/spi-builder-workspace/.derivedData/Build/Products/Debug-watchos/ToastySnackbar_ToastySnackbar.bundle (in target 'ToastySnackbar_ToastySnackbar' from project 'ToastySnackbar')
    cd /Users/admin/builder/spi-builder-workspace
    builtin-RegisterExecutionPolicyException /Users/admin/builder/spi-builder-workspace/.derivedData/Build/Products/Debug-watchos/ToastySnackbar_ToastySnackbar.bundle
Touch /Users/admin/builder/spi-builder-workspace/.derivedData/Build/Products/Debug-watchos/ToastySnackbar_ToastySnackbar.bundle (in target 'ToastySnackbar_ToastySnackbar' from project 'ToastySnackbar')
    cd /Users/admin/builder/spi-builder-workspace
    /usr/bin/touch -c /Users/admin/builder/spi-builder-workspace/.derivedData/Build/Products/Debug-watchos/ToastySnackbar_ToastySnackbar.bundle
SwiftDriver ToastySnackbar normal arm64_32 com.apple.xcode.tools.swift.compiler (in target 'ToastySnackbar' from project 'ToastySnackbar')
    cd /Users/admin/builder/spi-builder-workspace/.swiftpm/xcode
    builtin-SwiftDriver -- /Applications/Xcode-16.3.0.app/Contents/Developer/Toolchains/XcodeDefault.xctoolchain/usr/bin/swiftc -module-name ToastySnackbar -Onone -enforce-exclusivity\=checked @/Users/admin/builder/spi-builder-workspace/.derivedData/Build/Intermediates.noindex/ToastySnackbar.build/Debug-watchos/ToastySnackbar.build/Objects-normal/arm64_32/ToastySnackbar.SwiftFileList -DSWIFT_PACKAGE -DDEBUG -stats-output-dir .stats -strict-concurrency\=complete -enable-upcoming-feature StrictConcurrency -enable-upcoming-feature DisableOutwardActorInference -enable-upcoming-feature GlobalActorIsolatedTypesUsability -enable-upcoming-feature InferSendableFromCaptures -plugin-path /Applications/Xcode-16.3.0.app/Contents/Developer/Toolchains/XcodeDefault.xctoolchain/usr/lib/swift/host/plugins/testing -enable-experimental-feature DebugDescriptionMacro -sdk /Applications/Xcode-16.3.0.app/Contents/Developer/Platforms/WatchOS.platform/Developer/SDKs/WatchOS11.4.sdk -target arm64_32-apple-watchos6.0 -g -module-cache-path /Users/admin/builder/spi-builder-workspace/.derivedData/ModuleCache.noindex -Xfrontend -serialize-debugging-options -profile-coverage-mapping -profile-generate -enable-testing -index-store-path /Users/admin/builder/spi-builder-workspace/.derivedData/Index.noindex/DataStore -swift-version 5 -I /Users/admin/builder/spi-builder-workspace/.derivedData/Build/Products/Debug-watchos -I /Applications/Xcode-16.3.0.app/Contents/Developer/Platforms/WatchOS.platform/Developer/usr/lib -F /Users/admin/builder/spi-builder-workspace/.derivedData/Build/Products/Debug-watchos -F /Applications/Xcode-16.3.0.app/Contents/Developer/Platforms/WatchOS.platform/Developer/Library/Frameworks -F /Applications/Xcode-16.3.0.app/Contents/Developer/Platforms/WatchOS.platform/Developer/SDKs/WatchOS11.4.sdk/Developer/Library/Frameworks -c -j10 -enable-batch-mode -incremental -Xcc -ivfsstatcache -Xcc /Users/admin/builder/spi-builder-workspace/.derivedData/SDKStatCaches.noindex/watchos11.4-22T246-43efb940ff07ba2497b70ec94253f576.sdkstatcache -output-file-map /Users/admin/builder/spi-builder-workspace/.derivedData/Build/Intermediates.noindex/ToastySnackbar.build/Debug-watchos/ToastySnackbar.build/Objects-normal/arm64_32/ToastySnackbar-OutputFileMap.json -use-frontend-parseable-output -save-temps -no-color-diagnostics -serialize-diagnostics -emit-dependencies -emit-module -emit-module-path /Users/admin/builder/spi-builder-workspace/.derivedData/Build/Intermediates.noindex/ToastySnackbar.build/Debug-watchos/ToastySnackbar.build/Objects-normal/arm64_32/ToastySnackbar.swiftmodule -validate-clang-modules-once -clang-build-session-file /Users/admin/builder/spi-builder-workspace/.derivedData/ModuleCache.noindex/Session.modulevalidation -Xcc -I/Users/admin/builder/spi-builder-workspace/.derivedData/Build/Intermediates.noindex/ToastySnackbar.build/Debug-watchos/ToastySnackbar.build/swift-overrides.hmap -emit-const-values -Xfrontend -const-gather-protocols-file -Xfrontend /Users/admin/builder/spi-builder-workspace/.derivedData/Build/Intermediates.noindex/ToastySnackbar.build/Debug-watchos/ToastySnackbar.build/Objects-normal/arm64_32/ToastySnackbar_const_extract_protocols.json -Xcc -I/Users/admin/builder/spi-builder-workspace/.derivedData/Build/Products/Debug-watchos/include -Xcc -I/Users/admin/builder/spi-builder-workspace/.derivedData/Build/Intermediates.noindex/ToastySnackbar.build/Debug-watchos/ToastySnackbar.build/DerivedSources-normal/arm64_32 -Xcc -I/Users/admin/builder/spi-builder-workspace/.derivedData/Build/Intermediates.noindex/ToastySnackbar.build/Debug-watchos/ToastySnackbar.build/DerivedSources/arm64_32 -Xcc -I/Users/admin/builder/spi-builder-workspace/.derivedData/Build/Intermediates.noindex/ToastySnackbar.build/Debug-watchos/ToastySnackbar.build/DerivedSources -Xcc -DSWIFT_PACKAGE -Xcc -DDEBUG\=1 -emit-objc-header -emit-objc-header-path /Users/admin/builder/spi-builder-workspace/.derivedData/Build/Intermediates.noindex/ToastySnackbar.build/Debug-watchos/ToastySnackbar.build/Objects-normal/arm64_32/ToastySnackbar-Swift.h -working-directory /Users/admin/builder/spi-builder-workspace/.swiftpm/xcode -experimental-emit-module-separately -disable-cmo
SwiftDriver ToastySnackbar normal arm64 com.apple.xcode.tools.swift.compiler (in target 'ToastySnackbar' from project 'ToastySnackbar')
    cd /Users/admin/builder/spi-builder-workspace/.swiftpm/xcode
    builtin-SwiftDriver -- /Applications/Xcode-16.3.0.app/Contents/Developer/Toolchains/XcodeDefault.xctoolchain/usr/bin/swiftc -module-name ToastySnackbar -Onone -enforce-exclusivity\=checked @/Users/admin/builder/spi-builder-workspace/.derivedData/Build/Intermediates.noindex/ToastySnackbar.build/Debug-watchos/ToastySnackbar.build/Objects-normal/arm64/ToastySnackbar.SwiftFileList -DSWIFT_PACKAGE -DDEBUG -stats-output-dir .stats -strict-concurrency\=complete -enable-upcoming-feature StrictConcurrency -enable-upcoming-feature DisableOutwardActorInference -enable-upcoming-feature GlobalActorIsolatedTypesUsability -enable-upcoming-feature InferSendableFromCaptures -plugin-path /Applications/Xcode-16.3.0.app/Contents/Developer/Toolchains/XcodeDefault.xctoolchain/usr/lib/swift/host/plugins/testing -enable-experimental-feature DebugDescriptionMacro -sdk /Applications/Xcode-16.3.0.app/Contents/Developer/Platforms/WatchOS.platform/Developer/SDKs/WatchOS11.4.sdk -target arm64-apple-watchos6.0 -g -module-cache-path /Users/admin/builder/spi-builder-workspace/.derivedData/ModuleCache.noindex -Xfrontend -serialize-debugging-options -profile-coverage-mapping -profile-generate -enable-testing -index-store-path /Users/admin/builder/spi-builder-workspace/.derivedData/Index.noindex/DataStore -swift-version 5 -I /Users/admin/builder/spi-builder-workspace/.derivedData/Build/Products/Debug-watchos -I /Applications/Xcode-16.3.0.app/Contents/Developer/Platforms/WatchOS.platform/Developer/usr/lib -F /Users/admin/builder/spi-builder-workspace/.derivedData/Build/Products/Debug-watchos -F /Applications/Xcode-16.3.0.app/Contents/Developer/Platforms/WatchOS.platform/Developer/Library/Frameworks -F /Applications/Xcode-16.3.0.app/Contents/Developer/Platforms/WatchOS.platform/Developer/SDKs/WatchOS11.4.sdk/Developer/Library/Frameworks -c -j10 -enable-batch-mode -incremental -Xcc -ivfsstatcache -Xcc /Users/admin/builder/spi-builder-workspace/.derivedData/SDKStatCaches.noindex/watchos11.4-22T246-43efb940ff07ba2497b70ec94253f576.sdkstatcache -output-file-map /Users/admin/builder/spi-builder-workspace/.derivedData/Build/Intermediates.noindex/ToastySnackbar.build/Debug-watchos/ToastySnackbar.build/Objects-normal/arm64/ToastySnackbar-OutputFileMap.json -use-frontend-parseable-output -save-temps -no-color-diagnostics -serialize-diagnostics -emit-dependencies -emit-module -emit-module-path /Users/admin/builder/spi-builder-workspace/.derivedData/Build/Intermediates.noindex/ToastySnackbar.build/Debug-watchos/ToastySnackbar.build/Objects-normal/arm64/ToastySnackbar.swiftmodule -validate-clang-modules-once -clang-build-session-file /Users/admin/builder/spi-builder-workspace/.derivedData/ModuleCache.noindex/Session.modulevalidation -Xcc -I/Users/admin/builder/spi-builder-workspace/.derivedData/Build/Intermediates.noindex/ToastySnackbar.build/Debug-watchos/ToastySnackbar.build/swift-overrides.hmap -emit-const-values -Xfrontend -const-gather-protocols-file -Xfrontend /Users/admin/builder/spi-builder-workspace/.derivedData/Build/Intermediates.noindex/ToastySnackbar.build/Debug-watchos/ToastySnackbar.build/Objects-normal/arm64/ToastySnackbar_const_extract_protocols.json -Xcc -I/Users/admin/builder/spi-builder-workspace/.derivedData/Build/Products/Debug-watchos/include -Xcc -I/Users/admin/builder/spi-builder-workspace/.derivedData/Build/Intermediates.noindex/ToastySnackbar.build/Debug-watchos/ToastySnackbar.build/DerivedSources-normal/arm64 -Xcc -I/Users/admin/builder/spi-builder-workspace/.derivedData/Build/Intermediates.noindex/ToastySnackbar.build/Debug-watchos/ToastySnackbar.build/DerivedSources/arm64 -Xcc -I/Users/admin/builder/spi-builder-workspace/.derivedData/Build/Intermediates.noindex/ToastySnackbar.build/Debug-watchos/ToastySnackbar.build/DerivedSources -Xcc -DSWIFT_PACKAGE -Xcc -DDEBUG\=1 -emit-objc-header -emit-objc-header-path /Users/admin/builder/spi-builder-workspace/.derivedData/Build/Intermediates.noindex/ToastySnackbar.build/Debug-watchos/ToastySnackbar.build/Objects-normal/arm64/ToastySnackbar-Swift.h -working-directory /Users/admin/builder/spi-builder-workspace/.swiftpm/xcode -experimental-emit-module-separately -disable-cmo
SwiftDriver ToastySnackbar normal armv7k com.apple.xcode.tools.swift.compiler (in target 'ToastySnackbar' from project 'ToastySnackbar')
    cd /Users/admin/builder/spi-builder-workspace/.swiftpm/xcode
    builtin-SwiftDriver -- /Applications/Xcode-16.3.0.app/Contents/Developer/Toolchains/XcodeDefault.xctoolchain/usr/bin/swiftc -module-name ToastySnackbar -Onone -enforce-exclusivity\=checked @/Users/admin/builder/spi-builder-workspace/.derivedData/Build/Intermediates.noindex/ToastySnackbar.build/Debug-watchos/ToastySnackbar.build/Objects-normal/armv7k/ToastySnackbar.SwiftFileList -DSWIFT_PACKAGE -DDEBUG -stats-output-dir .stats -strict-concurrency\=complete -enable-upcoming-feature StrictConcurrency -enable-upcoming-feature DisableOutwardActorInference -enable-upcoming-feature GlobalActorIsolatedTypesUsability -enable-upcoming-feature InferSendableFromCaptures -plugin-path /Applications/Xcode-16.3.0.app/Contents/Developer/Toolchains/XcodeDefault.xctoolchain/usr/lib/swift/host/plugins/testing -enable-experimental-feature DebugDescriptionMacro -sdk /Applications/Xcode-16.3.0.app/Contents/Developer/Platforms/WatchOS.platform/Developer/SDKs/WatchOS11.4.sdk -target armv7k-apple-watchos6.0 -g -module-cache-path /Users/admin/builder/spi-builder-workspace/.derivedData/ModuleCache.noindex -Xfrontend -serialize-debugging-options -profile-coverage-mapping -profile-generate -enable-testing -index-store-path /Users/admin/builder/spi-builder-workspace/.derivedData/Index.noindex/DataStore -swift-version 5 -I /Users/admin/builder/spi-builder-workspace/.derivedData/Build/Products/Debug-watchos -I /Applications/Xcode-16.3.0.app/Contents/Developer/Platforms/WatchOS.platform/Developer/usr/lib -F /Users/admin/builder/spi-builder-workspace/.derivedData/Build/Products/Debug-watchos -F /Applications/Xcode-16.3.0.app/Contents/Developer/Platforms/WatchOS.platform/Developer/Library/Frameworks -F /Applications/Xcode-16.3.0.app/Contents/Developer/Platforms/WatchOS.platform/Developer/SDKs/WatchOS11.4.sdk/Developer/Library/Frameworks -c -j10 -enable-batch-mode -incremental -Xcc -ivfsstatcache -Xcc /Users/admin/builder/spi-builder-workspace/.derivedData/SDKStatCaches.noindex/watchos11.4-22T246-43efb940ff07ba2497b70ec94253f576.sdkstatcache -output-file-map /Users/admin/builder/spi-builder-workspace/.derivedData/Build/Intermediates.noindex/ToastySnackbar.build/Debug-watchos/ToastySnackbar.build/Objects-normal/armv7k/ToastySnackbar-OutputFileMap.json -use-frontend-parseable-output -save-temps -no-color-diagnostics -serialize-diagnostics -emit-dependencies -emit-module -emit-module-path /Users/admin/builder/spi-builder-workspace/.derivedData/Build/Intermediates.noindex/ToastySnackbar.build/Debug-watchos/ToastySnackbar.build/Objects-normal/armv7k/ToastySnackbar.swiftmodule -validate-clang-modules-once -clang-build-session-file /Users/admin/builder/spi-builder-workspace/.derivedData/ModuleCache.noindex/Session.modulevalidation -Xcc -I/Users/admin/builder/spi-builder-workspace/.derivedData/Build/Intermediates.noindex/ToastySnackbar.build/Debug-watchos/ToastySnackbar.build/swift-overrides.hmap -emit-const-values -Xfrontend -const-gather-protocols-file -Xfrontend /Users/admin/builder/spi-builder-workspace/.derivedData/Build/Intermediates.noindex/ToastySnackbar.build/Debug-watchos/ToastySnackbar.build/Objects-normal/armv7k/ToastySnackbar_const_extract_protocols.json -Xcc -I/Users/admin/builder/spi-builder-workspace/.derivedData/Build/Products/Debug-watchos/include -Xcc -I/Users/admin/builder/spi-builder-workspace/.derivedData/Build/Intermediates.noindex/ToastySnackbar.build/Debug-watchos/ToastySnackbar.build/DerivedSources-normal/armv7k -Xcc -I/Users/admin/builder/spi-builder-workspace/.derivedData/Build/Intermediates.noindex/ToastySnackbar.build/Debug-watchos/ToastySnackbar.build/DerivedSources/armv7k -Xcc -I/Users/admin/builder/spi-builder-workspace/.derivedData/Build/Intermediates.noindex/ToastySnackbar.build/Debug-watchos/ToastySnackbar.build/DerivedSources -Xcc -DSWIFT_PACKAGE -Xcc -DDEBUG\=1 -emit-objc-header -emit-objc-header-path /Users/admin/builder/spi-builder-workspace/.derivedData/Build/Intermediates.noindex/ToastySnackbar.build/Debug-watchos/ToastySnackbar.build/Objects-normal/armv7k/ToastySnackbar-Swift.h -working-directory /Users/admin/builder/spi-builder-workspace/.swiftpm/xcode -experimental-emit-module-separately -disable-cmo
SwiftCompile normal arm64 Compiling\ ToastyPresenter.swift /Users/admin/builder/spi-builder-workspace/Sources/ToastySnackbar/ToastyPresenter.swift (in target 'ToastySnackbar' from project 'ToastySnackbar')
SwiftCompile normal arm64 /Users/admin/builder/spi-builder-workspace/Sources/ToastySnackbar/ToastyPresenter.swift (in target 'ToastySnackbar' from project 'ToastySnackbar')
    cd /Users/admin/builder/spi-builder-workspace/.swiftpm/xcode

SwiftCompile normal arm64 Compiling\ ToastySnackbar.swift /Users/admin/builder/spi-builder-workspace/Sources/ToastySnackbar/ToastySnackbar.swift (in target 'ToastySnackbar' from project 'ToastySnackbar')
SwiftCompile normal arm64 /Users/admin/builder/spi-builder-workspace/Sources/ToastySnackbar/ToastySnackbar.swift (in target 'ToastySnackbar' from project 'ToastySnackbar')
    cd /Users/admin/builder/spi-builder-workspace/.swiftpm/xcode

SwiftCompile normal arm64 Compiling\ resource_bundle_accessor.swift,\ ToastyConfiguration.swift /Users/admin/builder/spi-builder-workspace/.derivedData/Build/Intermediates.noindex/ToastySnackbar.build/Debug-watchos/ToastySnackbar.build/DerivedSources/resource_bundle_accessor.swift /Users/admin/builder/spi-builder-workspace/Sources/ToastySnackbar/ToastyConfiguration.swift (in target 'ToastySnackbar' from project 'ToastySnackbar')
SwiftCompile normal arm64 /Users/admin/builder/spi-builder-workspace/.derivedData/Build/Intermediates.noindex/ToastySnackbar.build/Debug-watchos/ToastySnackbar.build/DerivedSources/resource_bundle_accessor.swift (in target 'ToastySnackbar' from project 'ToastySnackbar')
    cd /Users/admin/builder/spi-builder-workspace/.swiftpm/xcode

SwiftCompile normal arm64 /Users/admin/builder/spi-builder-workspace/Sources/ToastySnackbar/ToastyConfiguration.swift (in target 'ToastySnackbar' from project 'ToastySnackbar')
    cd /Users/admin/builder/spi-builder-workspace/.swiftpm/xcode

SwiftCompile normal arm64 Compiling\ ToastyToast.swift /Users/admin/builder/spi-builder-workspace/Sources/ToastySnackbar/ToastyToast.swift (in target 'ToastySnackbar' from project 'ToastySnackbar')
SwiftCompile normal arm64 /Users/admin/builder/spi-builder-workspace/Sources/ToastySnackbar/ToastyToast.swift (in target 'ToastySnackbar' from project 'ToastySnackbar')
    cd /Users/admin/builder/spi-builder-workspace/.swiftpm/xcode

SwiftEmitModule normal arm64_32 Emitting\ module\ for\ ToastySnackbar (in target 'ToastySnackbar' from project 'ToastySnackbar')
Failed frontend command:
/Applications/Xcode-16.3.0.app/Contents/Developer/Toolchains/XcodeDefault.xctoolchain/usr/bin/swift-frontend -frontend -emit-module -experimental-skip-non-inlinable-function-bodies-without-types /Users/admin/builder/spi-builder-workspace/.derivedData/Build/Intermediates.noindex/ToastySnackbar.build/Debug-watchos/ToastySnackbar.build/DerivedSources/resource_bundle_accessor.swift /Users/admin/builder/spi-builder-workspace/Sources/ToastySnackbar/ToastyConfiguration.swift /Users/admin/builder/spi-builder-workspace/Sources/ToastySnackbar/ToastyDuration.swift /Users/admin/builder/spi-builder-workspace/Sources/ToastySnackbar/ToastyIcon.swift /Users/admin/builder/spi-builder-workspace/Sources/ToastySnackbar/ToastyKind.swift /Users/admin/builder/spi-builder-workspace/Sources/ToastySnackbar/ToastyPosition.swift /Users/admin/builder/spi-builder-workspace/Sources/ToastySnackbar/ToastyPresenter.swift /Users/admin/builder/spi-builder-workspace/Sources/ToastySnackbar/ToastySnackbar.swift /Users/admin/builder/spi-builder-workspace/Sources/ToastySnackbar/ToastySnackbarCenter.swift /Users/admin/builder/spi-builder-workspace/Sources/ToastySnackbar/ToastySnackbarView.swift /Users/admin/builder/spi-builder-workspace/Sources/ToastySnackbar/ToastyStyle.swift /Users/admin/builder/spi-builder-workspace/Sources/ToastySnackbar/ToastyToast.swift -target arm64_32-apple-watchos6.0 -enable-objc-interop -sdk /Applications/Xcode-16.3.0.app/Contents/Developer/Platforms/WatchOS.platform/Developer/SDKs/WatchOS11.4.sdk -I /Users/admin/builder/spi-builder-workspace/.derivedData/Build/Products/Debug-watchos -I /Applications/Xcode-16.3.0.app/Contents/Developer/Platforms/WatchOS.platform/Developer/usr/lib -F /Users/admin/builder/spi-builder-workspace/.derivedData/Build/Products/Debug-watchos -F /Applications/Xcode-16.3.0.app/Contents/Developer/Platforms/WatchOS.platform/Developer/Library/Frameworks -F /Applications/Xcode-16.3.0.app/Contents/Developer/Platforms/WatchOS.platform/Developer/SDKs/WatchOS11.4.sdk/Developer/Library/Frameworks -no-color-diagnostics -enable-testing -g -debug-info-format\=dwarf -dwarf-version\=4 -module-cache-path /Users/admin/builder/spi-builder-workspace/.derivedData/ModuleCache.noindex -profile-generate -profile-coverage-mapping -swift-version 5 -enforce-exclusivity\=checked -stats-output-dir /Users/admin/builder/spi-builder-workspace/.swiftpm/xcode/.stats -Onone -D SWIFT_PACKAGE -D DEBUG -serialize-debugging-options -const-gather-protocols-file /Users/admin/builder/spi-builder-workspace/.derivedData/Build/Intermediates.noindex/ToastySnackbar.build/Debug-watchos/ToastySnackbar.build/Objects-normal/arm64_32/ToastySnackbar_const_extract_protocols.json -enable-upcoming-feature StrictConcurrency -enable-upcoming-feature DisableOutwardActorInference -enable-upcoming-feature GlobalActorIsolatedTypesUsability -enable-upcoming-feature InferSendableFromCaptures -enable-experimental-feature DebugDescriptionMacro -strict-concurrency\=complete -empty-abi-descriptor -plugin-path /Applications/Xcode-16.3.0.app/Contents/Developer/Toolchains/XcodeDefault.xctoolchain/usr/lib/swift/host/plugins/testing -validate-clang-modules-once -clang-build-session-file /Users/admin/builder/spi-builder-workspace/.derivedData/ModuleCache.noindex/Session.modulevalidation -Xcc -working-directory -Xcc /Users/admin/builder/spi-builder-workspace/.swiftpm/xcode -resource-dir /Applications/Xcode-16.3.0.app/Contents/Developer/Toolchains/XcodeDefault.xctoolchain/usr/lib/swift -enable-anonymous-context-mangled-names -file-compilation-dir /Users/admin/builder/spi-builder-workspace/.swiftpm/xcode -Xcc -ivfsstatcache -Xcc /Users/admin/builder/spi-builder-workspace/.derivedData/SDKStatCaches.noindex/watchos11.4-22T246-43efb940ff07ba2497b70ec94253f576.sdkstatcache -Xcc -I/Users/admin/builder/spi-builder-workspace/.derivedData/Build/Intermediates.noindex/ToastySnackbar.build/Debug-watchos/ToastySnackbar.build/swift-overrides.hmap -Xcc -I/Users/admin/builder/spi-builder-workspace/.derivedData/Build/Products/Debug-watchos/include -Xcc -I/Users/admin/builder/spi-builder-workspace/.derivedData/Build/Intermediates.noindex/ToastySnackbar.build/Debug-watchos/ToastySnackbar.build/DerivedSources-normal/arm64_32 -Xcc -I/Users/admin/builder/spi-builder-workspace/.derivedData/Build/Intermediates.noindex/ToastySnackbar.build/Debug-watchos/ToastySnackbar.build/DerivedSources/arm64_32 -Xcc -I/Users/admin/builder/spi-builder-workspace/.derivedData/Build/Intermediates.noindex/ToastySnackbar.build/Debug-watchos/ToastySnackbar.build/DerivedSources -Xcc -DSWIFT_PACKAGE -Xcc -DDEBUG\=1 -module-name ToastySnackbar -frontend-parseable-output -disable-clang-spi -target-sdk-version 11.4 -target-sdk-name watchos11.4 -external-plugin-path /Applications/Xcode-16.3.0.app/Contents/Developer/Platforms/WatchOS.platform/Developer/usr/lib/swift/host/plugins\#/Applications/Xcode-16.3.0.app/Contents/Developer/Platforms/WatchOS.platform/Developer/usr/bin/swift-plugin-server -external-plugin-path /Applications/Xcode-16.3.0.app/Contents/Developer/Platforms/WatchOS.platform/Developer/usr/local/lib/swift/host/plugins\#/Applications/Xcode-16.3.0.app/Contents/Developer/Platforms/WatchOS.platform/Developer/usr/bin/swift-plugin-server -in-process-plugin-server-path /Applications/Xcode-16.3.0.app/Contents/Developer/Toolchains/XcodeDefault.xctoolchain/usr/lib/swift/host/libSwiftInProcPluginServer.dylib -plugin-path /Applications/Xcode-16.3.0.app/Contents/Developer/Toolchains/XcodeDefault.xctoolchain/usr/lib/swift/host/plugins -plugin-path /Applications/Xcode-16.3.0.app/Contents/Developer/Toolchains/XcodeDefault.xctoolchain/usr/local/lib/swift/host/plugins -emit-module-doc-path /Users/admin/builder/spi-builder-workspace/.derivedData/Build/Intermediates.noindex/ToastySnackbar.build/Debug-watchos/ToastySnackbar.build/Objects-normal/arm64_32/ToastySnackbar.swiftdoc -emit-module-source-info-path /Users/admin/builder/spi-builder-workspace/.derivedData/Build/Intermediates.noindex/ToastySnackbar.build/Debug-watchos/ToastySnackbar.build/Objects-normal/arm64_32/ToastySnackbar.swiftsourceinfo -emit-objc-header-path /Users/admin/builder/spi-builder-workspace/.derivedData/Build/Intermediates.noindex/ToastySnackbar.build/Debug-watchos/ToastySnackbar.build/Objects-normal/arm64_32/ToastySnackbar-Swift.h -serialize-diagnostics-path /Users/admin/builder/spi-builder-workspace/.derivedData/Build/Intermediates.noindex/ToastySnackbar.build/Debug-watchos/ToastySnackbar.build/Objects-normal/arm64_32/ToastySnackbar-master-emit-module.dia -emit-dependencies-path /Users/admin/builder/spi-builder-workspace/.derivedData/Build/Intermediates.noindex/ToastySnackbar.build/Debug-watchos/ToastySnackbar.build/Objects-normal/arm64_32/ToastySnackbar-master-emit-module.d -o /Users/admin/builder/spi-builder-workspace/.derivedData/Build/Intermediates.noindex/ToastySnackbar.build/Debug-watchos/ToastySnackbar.build/Objects-normal/arm64_32/ToastySnackbar.swiftmodule -emit-abi-descriptor-path /Users/admin/builder/spi-builder-workspace/.derivedData/Build/Intermediates.noindex/ToastySnackbar.build/Debug-watchos/ToastySnackbar.build/Objects-normal/arm64_32/ToastySnackbar.abi.json
EmitSwiftModule normal arm64_32 (in target 'ToastySnackbar' from project 'ToastySnackbar')
    cd /Users/admin/builder/spi-builder-workspace/.swiftpm/xcode

/Users/admin/builder/spi-builder-workspace/Sources/ToastySnackbar/ToastyConfiguration.swift:64:16: warning: static property 'defaultStyles' is not concurrency-safe because non-'Sendable' type '[ToastyKind : ToastyStyle]' may have shared mutable state; this is an error in the Swift 6 language mode
    static let defaultStyles: [ToastyKind: ToastyStyle] = [
               ^
/Users/admin/builder/spi-builder-workspace/Sources/ToastySnackbar/ToastyKind.swift:25:13: note: consider making enum 'ToastyKind' conform to the 'Sendable' protocol
public enum ToastyKind: CaseIterable, Equatable, Hashable {
            ^
                                                         , Sendable
/Users/admin/builder/spi-builder-workspace/Sources/ToastySnackbar/ToastyStyle.swift:27:15: note: consider making struct 'ToastyStyle' conform to the 'Sendable' protocol
public struct ToastyStyle: Equatable {
              ^
                                    , Sendable
/Users/admin/builder/spi-builder-workspace/Sources/ToastySnackbar/ToastyConfiguration.swift:64:16: note: add '@MainActor' to make static property 'defaultStyles' part of global actor 'MainActor'
    static let defaultStyles: [ToastyKind: ToastyStyle] = [
               ^
    @MainActor
/Users/admin/builder/spi-builder-workspace/Sources/ToastySnackbar/ToastyConfiguration.swift:64:16: note: disable concurrency-safety checks if accesses are protected by an external synchronization mechanism
    static let defaultStyles: [ToastyKind: ToastyStyle] = [
               ^
    nonisolated(unsafe)
/Users/admin/builder/spi-builder-workspace/Sources/ToastySnackbar/ToastyStyle.swift:55:26: error: cannot find type 'UIBlurEffect' in scope
        blurEffectStyle: UIBlurEffect.Style? = nil
                         ^~~~~~~~~~~~
/Users/admin/builder/spi-builder-workspace/Sources/ToastySnackbar/ToastyStyle.swift:77:27: error: cannot infer contextual base in reference to member 'systemGray'
        backgroundColor: .systemGray,
                         ~^~~~~~~~~~
/Users/admin/builder/spi-builder-workspace/Sources/ToastySnackbar/ToastyStyle.swift:75:60: error: cannot infer contextual base in reference to member 'systemBlue'
    public static let info = ToastyStyle(backgroundColor: .systemBlue)
                                                          ~^~~~~~~~~~
/Users/admin/builder/spi-builder-workspace/Sources/ToastySnackbar/ToastyStyle.swift:74:63: error: cannot infer contextual base in reference to member 'systemOrange'
    public static let warning = ToastyStyle(backgroundColor: .systemOrange)
                                                             ~^~~~~~~~~~~~
/Users/admin/builder/spi-builder-workspace/Sources/ToastySnackbar/ToastyStyle.swift:73:61: error: cannot infer contextual base in reference to member 'systemRed'
    public static let error = ToastyStyle(backgroundColor: .systemRed)
                                                           ~^~~~~~~~~
/Users/admin/builder/spi-builder-workspace/Sources/ToastySnackbar/ToastyStyle.swift:72:63: error: cannot infer contextual base in reference to member 'systemGreen'
    public static let success = ToastyStyle(backgroundColor: .systemGreen)
                                                             ~^~~~~~~~~~~
/Users/admin/builder/spi-builder-workspace/Sources/ToastySnackbar/ToastyPresenter.swift:28:33: error: cannot find type 'UIView' in scope
    var toastyPresentationView: UIView? { get }
                                ^~~~~~
/Applications/Xcode-16.3.0.app/Contents/Developer/Platforms/WatchOS.platform/Developer/SDKs/WatchOS11.4.sdk/System/Library/Frameworks/UIKit.framework/Headers/NSTextAttachment.h:23:1: note: interface 'UIView' forward declared here
@class UIView;
^
/Users/admin/builder/spi-builder-workspace/Sources/ToastySnackbar/ToastyPresenter.swift:31:11: error: cannot find type 'UIView' in scope
extension UIView: ToastyPresenter {
          ^~~~~~
/Applications/Xcode-16.3.0.app/Contents/Developer/Platforms/WatchOS.platform/Developer/SDKs/WatchOS11.4.sdk/System/Library/Frameworks/UIKit.framework/Headers/NSTextAttachment.h:23:1: note: interface 'UIView' forward declared here
@class UIView;
^
/Users/admin/builder/spi-builder-workspace/Sources/ToastySnackbar/ToastyPresenter.swift:35:11: error: cannot find type 'UIViewController' in scope
extension UIViewController: ToastyPresenter {
          ^~~~~~~~~~~~~~~~
/Users/admin/builder/spi-builder-workspace/Sources/ToastySnackbar/ToastySnackbarCenter.swift:28:23: warning: static property 'default' is not concurrency-safe because non-'Sendable' type 'ToastySnackbarCenter' may have shared mutable state; this is an error in the Swift 6 language mode
    public static let `default` = ToastySnackbarCenter()
                      ^
/Users/admin/builder/spi-builder-workspace/Sources/ToastySnackbar/ToastySnackbarCenter.swift:27:20: note: class 'ToastySnackbarCenter' does not conform to the 'Sendable' protocol
public final class ToastySnackbarCenter {
                   ^
/Users/admin/builder/spi-builder-workspace/Sources/ToastySnackbar/ToastySnackbarCenter.swift:28:23: note: add '@MainActor' to make static property 'default' part of global actor 'MainActor'
    public static let `default` = ToastySnackbarCenter()
                      ^
    @MainActor
/Users/admin/builder/spi-builder-workspace/Sources/ToastySnackbar/ToastySnackbarCenter.swift:28:23: note: disable concurrency-safety checks if accesses are protected by an external synchronization mechanism
    public static let `default` = ToastySnackbarCenter()
                      ^
    nonisolated(unsafe)
/Users/admin/builder/spi-builder-workspace/Sources/ToastySnackbar/ToastySnackbarCenter.swift:195:71: error: cannot find type 'UIView' in scope
    private func applyLayout(for toasts: [ToastyToast], in container: UIView, position: ToastyPosition) {
                                                                      ^~~~~~
/Applications/Xcode-16.3.0.app/Contents/Developer/Platforms/WatchOS.platform/Developer/SDKs/WatchOS11.4.sdk/System/Library/Frameworks/UIKit.framework/Headers/NSTextAttachment.h:23:1: note: interface 'UIView' forward declared here
@class UIView;
^
/Users/admin/builder/spi-builder-workspace/Sources/ToastySnackbar/ToastySnackbarCenter.swift:235:48: error: cannot find type 'UIView' in scope
    private func setVerticalConstraint(_ view: UIView, relation: VerticalRelation, constant: CGFloat, in container: UIView) {
                                               ^~~~~~
/Applications/Xcode-16.3.0.app/Contents/Developer/Platforms/WatchOS.platform/Developer/SDKs/WatchOS11.4.sdk/System/Library/Frameworks/UIKit.framework/Headers/NSTextAttachment.h:23:1: note: interface 'UIView' forward declared here
@class UIView;
^
/Users/admin/builder/spi-builder-workspace/Sources/ToastySnackbar/ToastySnackbarCenter.swift:235:117: error: cannot find type 'UIView' in scope
    private func setVerticalConstraint(_ view: UIView, relation: VerticalRelation, constant: CGFloat, in container: UIView) {
                                                                                                                    ^~~~~~
/Applications/Xcode-16.3.0.app/Contents/Developer/Platforms/WatchOS.platform/Developer/SDKs/WatchOS11.4.sdk/System/Library/Frameworks/UIKit.framework/Headers/NSTextAttachment.h:23:1: note: interface 'UIView' forward declared here
@class UIView;
^
/Users/admin/builder/spi-builder-workspace/Sources/ToastySnackbar/ToastySnackbarCenter.swift:255:56: error: cannot find type 'NSLayoutDimension' in scope
    private func widthAnchor(for container: UIView) -> NSLayoutDimension {
                                                       ^~~~~~~~~~~~~~~~~
/Users/admin/builder/spi-builder-workspace/Sources/ToastySnackbar/ToastySnackbarCenter.swift:255:45: error: cannot find type 'UIView' in scope
    private func widthAnchor(for container: UIView) -> NSLayoutDimension {
                                            ^~~~~~
/Applications/Xcode-16.3.0.app/Contents/Developer/Platforms/WatchOS.platform/Developer/SDKs/WatchOS11.4.sdk/System/Library/Frameworks/UIKit.framework/Headers/NSTextAttachment.h:23:1: note: interface 'UIView' forward declared here
@class UIView;
^
/Users/admin/builder/spi-builder-workspace/Sources/ToastySnackbar/ToastySnackbarCenter.swift:259:58: error: cannot find type 'NSLayoutXAxisAnchor' in scope
    private func leadingAnchor(for container: UIView) -> NSLayoutXAxisAnchor {
                                                         ^~~~~~~~~~~~~~~~~~~
/Users/admin/builder/spi-builder-workspace/Sources/ToastySnackbar/ToastySnackbarCenter.swift:259:47: error: cannot find type 'UIView' in scope
    private func leadingAnchor(for container: UIView) -> NSLayoutXAxisAnchor {
                                              ^~~~~~
/Applications/Xcode-16.3.0.app/Contents/Developer/Platforms/WatchOS.platform/Developer/SDKs/WatchOS11.4.sdk/System/Library/Frameworks/UIKit.framework/Headers/NSTextAttachment.h:23:1: note: interface 'UIView' forward declared here
@class UIView;
^
/Users/admin/builder/spi-builder-workspace/Sources/ToastySnackbar/ToastySnackbarCenter.swift:263:59: error: cannot find type 'NSLayoutXAxisAnchor' in scope
    private func trailingAnchor(for container: UIView) -> NSLayoutXAxisAnchor {
                                                          ^~~~~~~~~~~~~~~~~~~
/Users/admin/builder/spi-builder-workspace/Sources/ToastySnackbar/ToastySnackbarCenter.swift:263:48: error: cannot find type 'UIView' in scope
    private func trailingAnchor(for container: UIView) -> NSLayoutXAxisAnchor {
                                               ^~~~~~
/Applications/Xcode-16.3.0.app/Contents/Developer/Platforms/WatchOS.platform/Developer/SDKs/WatchOS11.4.sdk/System/Library/Frameworks/UIKit.framework/Headers/NSTextAttachment.h:23:1: note: interface 'UIView' forward declared here
@class UIView;
^
/Users/admin/builder/spi-builder-workspace/Sources/ToastySnackbar/ToastySnackbarCenter.swift:267:58: error: cannot find type 'NSLayoutXAxisAnchor' in scope
    private func centerXAnchor(for container: UIView) -> NSLayoutXAxisAnchor {
                                                         ^~~~~~~~~~~~~~~~~~~
/Users/admin/builder/spi-builder-workspace/Sources/ToastySnackbar/ToastySnackbarCenter.swift:267:47: error: cannot find type 'UIView' in scope
    private func centerXAnchor(for container: UIView) -> NSLayoutXAxisAnchor {
                                              ^~~~~~
/Applications/Xcode-16.3.0.app/Contents/Developer/Platforms/WatchOS.platform/Developer/SDKs/WatchOS11.4.sdk/System/Library/Frameworks/UIKit.framework/Headers/NSTextAttachment.h:23:1: note: interface 'UIView' forward declared here
@class UIView;
^
/Users/admin/builder/spi-builder-workspace/Sources/ToastySnackbar/ToastySnackbarCenter.swift:271:54: error: cannot find type 'NSLayoutYAxisAnchor' in scope
    private func topAnchor(for container: UIView) -> NSLayoutYAxisAnchor {
                                                     ^~~~~~~~~~~~~~~~~~~
/Users/admin/builder/spi-builder-workspace/Sources/ToastySnackbar/ToastySnackbarCenter.swift:271:43: error: cannot find type 'UIView' in scope
    private func topAnchor(for container: UIView) -> NSLayoutYAxisAnchor {
                                          ^~~~~~
/Applications/Xcode-16.3.0.app/Contents/Developer/Platforms/WatchOS.platform/Developer/SDKs/WatchOS11.4.sdk/System/Library/Frameworks/UIKit.framework/Headers/NSTextAttachment.h:23:1: note: interface 'UIView' forward declared here
@class UIView;
^
/Users/admin/builder/spi-builder-workspace/Sources/ToastySnackbar/ToastySnackbarCenter.swift:275:58: error: cannot find type 'NSLayoutYAxisAnchor' in scope
    private func centerYAnchor(for container: UIView) -> NSLayoutYAxisAnchor {
                                                         ^~~~~~~~~~~~~~~~~~~
/Users/admin/builder/spi-builder-workspace/Sources/ToastySnackbar/ToastySnackbarCenter.swift:275:47: error: cannot find type 'UIView' in scope
    private func centerYAnchor(for container: UIView) -> NSLayoutYAxisAnchor {
                                              ^~~~~~
/Applications/Xcode-16.3.0.app/Contents/Developer/Platforms/WatchOS.platform/Developer/SDKs/WatchOS11.4.sdk/System/Library/Frameworks/UIKit.framework/Headers/NSTextAttachment.h:23:1: note: interface 'UIView' forward declared here
@class UIView;
^
/Users/admin/builder/spi-builder-workspace/Sources/ToastySnackbar/ToastySnackbarCenter.swift:279:57: error: cannot find type 'NSLayoutYAxisAnchor' in scope
    private func bottomAnchor(for container: UIView) -> NSLayoutYAxisAnchor {
                                                        ^~~~~~~~~~~~~~~~~~~
/Users/admin/builder/spi-builder-workspace/Sources/ToastySnackbar/ToastySnackbarCenter.swift:279:46: error: cannot find type 'UIView' in scope
    private func bottomAnchor(for container: UIView) -> NSLayoutYAxisAnchor {
                                             ^~~~~~
/Applications/Xcode-16.3.0.app/Contents/Developer/Platforms/WatchOS.platform/Developer/SDKs/WatchOS11.4.sdk/System/Library/Frameworks/UIKit.framework/Headers/NSTextAttachment.h:23:1: note: interface 'UIView' forward declared here
@class UIView;
^
/Users/admin/builder/spi-builder-workspace/Sources/ToastySnackbar/ToastySnackbarCenter.swift:299:71: error: cannot find type 'UIView' in scope
    private func entranceOffset(for toast: ToastyToast, in container: UIView) -> CGFloat {
                                                                      ^~~~~~
/Applications/Xcode-16.3.0.app/Contents/Developer/Platforms/WatchOS.platform/Developer/SDKs/WatchOS11.4.sdk/System/Library/Frameworks/UIKit.framework/Headers/NSTextAttachment.h:23:1: note: interface 'UIView' forward declared here
@class UIView;
^
/Users/admin/builder/spi-builder-workspace/Sources/ToastySnackbar/ToastySnackbarCenter.swift:321:48: error: cannot find type 'UITapGestureRecognizer' in scope
    @objc private func handleTap(_ recognizer: UITapGestureRecognizer) {
                                               ^~~~~~~~~~~~~~~~~~~~~~
/Users/admin/builder/spi-builder-workspace/Sources/ToastySnackbar/ToastySnackbarView.swift:27:33: error: cannot find type 'UIView' in scope
final class ToastySnackbarView: UIView {
                                ^~~~~~
/Applications/Xcode-16.3.0.app/Contents/Developer/Platforms/WatchOS.platform/Developer/SDKs/WatchOS11.4.sdk/System/Library/Frameworks/UIKit.framework/Headers/NSTextAttachment.h:23:1: note: interface 'UIView' forward declared here
@class UIView;
^
/Users/admin/builder/spi-builder-workspace/Sources/ToastySnackbar/ToastySnackbarView.swift:29:32: error: cannot find 'UILabel' in scope
    private let messageLabel = UILabel()
                               ^~~~~~~
/Users/admin/builder/spi-builder-workspace/Sources/ToastySnackbar/ToastySnackbarView.swift:30:28: error: cannot find 'UIImageView' in scope
    private let iconView = UIImageView()
                           ^~~~~~~~~~~
/Users/admin/builder/spi-builder-workspace/Sources/ToastySnackbar/ToastySnackbarView.swift:31:27: error: cannot find type 'UIVisualEffectView' in scope
    private var blurView: UIVisualEffectView?
                          ^~~~~~~~~~~~~~~~~~
/Users/admin/builder/spi-builder-workspace/Sources/ToastySnackbar/ToastySnackbarView.swift:43:19: error: method does not override any method from its superclass
    override func layoutSubviews() {
    ~~~~~~~~      ^
/Users/admin/builder/spi-builder-workspace/Sources/ToastySnackbar/ToastyStyle.swift:40:33: error: cannot find type 'UIBlurEffect' in scope
    public var blurEffectStyle: UIBlurEffect.Style?
                                ^~~~~~~~~~~~
/Users/admin/builder/spi-builder-workspace/Sources/ToastySnackbar/ToastyStyle.swift:115:23: warning: static property 'default' is not concurrency-safe because non-'Sendable' type 'ToastyShadow' may have shared mutable state; this is an error in the Swift 6 language mode
    public static let `default` = ToastyShadow()
                      ^
/Users/admin/builder/spi-builder-workspace/Sources/ToastySnackbar/ToastyStyle.swift:97:15: note: consider making struct 'ToastyShadow' conform to the 'Sendable' protocol
public struct ToastyShadow: Equatable {
              ^
                                     , Sendable
/Users/admin/builder/spi-builder-workspace/Sources/ToastySnackbar/ToastyStyle.swift:115:23: note: add '@MainActor' to make static property 'default' part of global actor 'MainActor'
    public static let `default` = ToastyShadow()
                      ^
    @MainActor
/Users/admin/builder/spi-builder-workspace/Sources/ToastySnackbar/ToastyStyle.swift:115:23: note: disable concurrency-safety checks if accesses are protected by an external synchronization mechanism
    public static let `default` = ToastyShadow()
                      ^
    nonisolated(unsafe)
/Users/admin/builder/spi-builder-workspace/Sources/ToastySnackbar/ToastyToast.swift:91:27: error: cannot find type 'UIView' in scope
    var presentationView: UIView? {
                          ^~~~~~
/Applications/Xcode-16.3.0.app/Contents/Developer/Platforms/WatchOS.platform/Developer/SDKs/WatchOS11.4.sdk/System/Library/Frameworks/UIKit.framework/Headers/NSTextAttachment.h:23:1: note: interface 'UIView' forward declared here
@class UIView;
^
SwiftEmitModule normal armv7k Emitting\ module\ for\ ToastySnackbar (in target 'ToastySnackbar' from project 'ToastySnackbar')
Failed frontend command:
/Applications/Xcode-16.3.0.app/Contents/Developer/Toolchains/XcodeDefault.xctoolchain/usr/bin/swift-frontend -frontend -emit-module -experimental-skip-non-inlinable-function-bodies-without-types /Users/admin/builder/spi-builder-workspace/.derivedData/Build/Intermediates.noindex/ToastySnackbar.build/Debug-watchos/ToastySnackbar.build/DerivedSources/resource_bundle_accessor.swift /Users/admin/builder/spi-builder-workspace/Sources/ToastySnackbar/ToastyConfiguration.swift /Users/admin/builder/spi-builder-workspace/Sources/ToastySnackbar/ToastyDuration.swift /Users/admin/builder/spi-builder-workspace/Sources/ToastySnackbar/ToastyIcon.swift /Users/admin/builder/spi-builder-workspace/Sources/ToastySnackbar/ToastyKind.swift /Users/admin/builder/spi-builder-workspace/Sources/ToastySnackbar/ToastyPosition.swift /Users/admin/builder/spi-builder-workspace/Sources/ToastySnackbar/ToastyPresenter.swift /Users/admin/builder/spi-builder-workspace/Sources/ToastySnackbar/ToastySnackbar.swift /Users/admin/builder/spi-builder-workspace/Sources/ToastySnackbar/ToastySnackbarCenter.swift /Users/admin/builder/spi-builder-workspace/Sources/ToastySnackbar/ToastySnackbarView.swift /Users/admin/builder/spi-builder-workspace/Sources/ToastySnackbar/ToastyStyle.swift /Users/admin/builder/spi-builder-workspace/Sources/ToastySnackbar/ToastyToast.swift -target armv7k-apple-watchos6.0 -enable-objc-interop -stack-check -sdk /Applications/Xcode-16.3.0.app/Contents/Developer/Platforms/WatchOS.platform/Developer/SDKs/WatchOS11.4.sdk -I /Users/admin/builder/spi-builder-workspace/.derivedData/Build/Products/Debug-watchos -I /Applications/Xcode-16.3.0.app/Contents/Developer/Platforms/WatchOS.platform/Developer/usr/lib -F /Users/admin/builder/spi-builder-workspace/.derivedData/Build/Products/Debug-watchos -F /Applications/Xcode-16.3.0.app/Contents/Developer/Platforms/WatchOS.platform/Developer/Library/Frameworks -F /Applications/Xcode-16.3.0.app/Contents/Developer/Platforms/WatchOS.platform/Developer/SDKs/WatchOS11.4.sdk/Developer/Library/Frameworks -no-color-diagnostics -enable-testing -g -debug-info-format\=dwarf -dwarf-version\=4 -module-cache-path /Users/admin/builder/spi-builder-workspace/.derivedData/ModuleCache.noindex -profile-generate -profile-coverage-mapping -swift-version 5 -enforce-exclusivity\=checked -stats-output-dir /Users/admin/builder/spi-builder-workspace/.swiftpm/xcode/.stats -Onone -D SWIFT_PACKAGE -D DEBUG -serialize-debugging-options -const-gather-protocols-file /Users/admin/builder/spi-builder-workspace/.derivedData/Build/Intermediates.noindex/ToastySnackbar.build/Debug-watchos/ToastySnackbar.build/Objects-normal/armv7k/ToastySnackbar_const_extract_protocols.json -enable-upcoming-feature StrictConcurrency -enable-upcoming-feature DisableOutwardActorInference -enable-upcoming-feature GlobalActorIsolatedTypesUsability -enable-upcoming-feature InferSendableFromCaptures -enable-experimental-feature DebugDescriptionMacro -strict-concurrency\=complete -empty-abi-descriptor -plugin-path /Applications/Xcode-16.3.0.app/Contents/Developer/Toolchains/XcodeDefault.xctoolchain/usr/lib/swift/host/plugins/testing -validate-clang-modules-once -clang-build-session-file /Users/admin/builder/spi-builder-workspace/.derivedData/ModuleCache.noindex/Session.modulevalidation -Xcc -working-directory -Xcc /Users/admin/builder/spi-builder-workspace/.swiftpm/xcode -resource-dir /Applications/Xcode-16.3.0.app/Contents/Developer/Toolchains/XcodeDefault.xctoolchain/usr/lib/swift -enable-anonymous-context-mangled-names -file-compilation-dir /Users/admin/builder/spi-builder-workspace/.swiftpm/xcode -Xcc -ivfsstatcache -Xcc /Users/admin/builder/spi-builder-workspace/.derivedData/SDKStatCaches.noindex/watchos11.4-22T246-43efb940ff07ba2497b70ec94253f576.sdkstatcache -Xcc -I/Users/admin/builder/spi-builder-workspace/.derivedData/Build/Intermediates.noindex/ToastySnackbar.build/Debug-watchos/ToastySnackbar.build/swift-overrides.hmap -Xcc -I/Users/admin/builder/spi-builder-workspace/.derivedData/Build/Products/Debug-watchos/include -Xcc -I/Users/admin/builder/spi-builder-workspace/.derivedData/Build/Intermediates.noindex/ToastySnackbar.build/Debug-watchos/ToastySnackbar.build/DerivedSources-normal/armv7k -Xcc -I/Users/admin/builder/spi-builder-workspace/.derivedData/Build/Intermediates.noindex/ToastySnackbar.build/Debug-watchos/ToastySnackbar.build/DerivedSources/armv7k -Xcc -I/Users/admin/builder/spi-builder-workspace/.derivedData/Build/Intermediates.noindex/ToastySnackbar.build/Debug-watchos/ToastySnackbar.build/DerivedSources -Xcc -DSWIFT_PACKAGE -Xcc -DDEBUG\=1 -module-name ToastySnackbar -frontend-parseable-output -disable-clang-spi -target-sdk-version 11.4 -target-sdk-name watchos11.4 -external-plugin-path /Applications/Xcode-16.3.0.app/Contents/Developer/Platforms/WatchOS.platform/Developer/usr/lib/swift/host/plugins\#/Applications/Xcode-16.3.0.app/Contents/Developer/Platforms/WatchOS.platform/Developer/usr/bin/swift-plugin-server -external-plugin-path /Applications/Xcode-16.3.0.app/Contents/Developer/Platforms/WatchOS.platform/Developer/usr/local/lib/swift/host/plugins\#/Applications/Xcode-16.3.0.app/Contents/Developer/Platforms/WatchOS.platform/Developer/usr/bin/swift-plugin-server -in-process-plugin-server-path /Applications/Xcode-16.3.0.app/Contents/Developer/Toolchains/XcodeDefault.xctoolchain/usr/lib/swift/host/libSwiftInProcPluginServer.dylib -plugin-path /Applications/Xcode-16.3.0.app/Contents/Developer/Toolchains/XcodeDefault.xctoolchain/usr/lib/swift/host/plugins -plugin-path /Applications/Xcode-16.3.0.app/Contents/Developer/Toolchains/XcodeDefault.xctoolchain/usr/local/lib/swift/host/plugins -emit-module-doc-path /Users/admin/builder/spi-builder-workspace/.derivedData/Build/Intermediates.noindex/ToastySnackbar.build/Debug-watchos/ToastySnackbar.build/Objects-normal/armv7k/ToastySnackbar.swiftdoc -emit-module-source-info-path /Users/admin/builder/spi-builder-workspace/.derivedData/Build/Intermediates.noindex/ToastySnackbar.build/Debug-watchos/ToastySnackbar.build/Objects-normal/armv7k/ToastySnackbar.swiftsourceinfo -emit-objc-header-path /Users/admin/builder/spi-builder-workspace/.derivedData/Build/Intermediates.noindex/ToastySnackbar.build/Debug-watchos/ToastySnackbar.build/Objects-normal/armv7k/ToastySnackbar-Swift.h -serialize-diagnostics-path /Users/admin/builder/spi-builder-workspace/.derivedData/Build/Intermediates.noindex/ToastySnackbar.build/Debug-watchos/ToastySnackbar.build/Objects-normal/armv7k/ToastySnackbar-master-emit-module.dia -emit-dependencies-path /Users/admin/builder/spi-builder-workspace/.derivedData/Build/Intermediates.noindex/ToastySnackbar.build/Debug-watchos/ToastySnackbar.build/Objects-normal/armv7k/ToastySnackbar-master-emit-module.d -o /Users/admin/builder/spi-builder-workspace/.derivedData/Build/Intermediates.noindex/ToastySnackbar.build/Debug-watchos/ToastySnackbar.build/Objects-normal/armv7k/ToastySnackbar.swiftmodule -emit-abi-descriptor-path /Users/admin/builder/spi-builder-workspace/.derivedData/Build/Intermediates.noindex/ToastySnackbar.build/Debug-watchos/ToastySnackbar.build/Objects-normal/armv7k/ToastySnackbar.abi.json
EmitSwiftModule normal armv7k (in target 'ToastySnackbar' from project 'ToastySnackbar')
    cd /Users/admin/builder/spi-builder-workspace/.swiftpm/xcode

/Users/admin/builder/spi-builder-workspace/Sources/ToastySnackbar/ToastyConfiguration.swift:64:16: warning: static property 'defaultStyles' is not concurrency-safe because non-'Sendable' type '[ToastyKind : ToastyStyle]' may have shared mutable state; this is an error in the Swift 6 language mode
    static let defaultStyles: [ToastyKind: ToastyStyle] = [
               ^
/Users/admin/builder/spi-builder-workspace/Sources/ToastySnackbar/ToastyKind.swift:25:13: note: consider making enum 'ToastyKind' conform to the 'Sendable' protocol
public enum ToastyKind: CaseIterable, Equatable, Hashable {
            ^
                                                         , Sendable
/Users/admin/builder/spi-builder-workspace/Sources/ToastySnackbar/ToastyStyle.swift:27:15: note: consider making struct 'ToastyStyle' conform to the 'Sendable' protocol
public struct ToastyStyle: Equatable {
              ^
                                    , Sendable
/Users/admin/builder/spi-builder-workspace/Sources/ToastySnackbar/ToastyConfiguration.swift:64:16: note: add '@MainActor' to make static property 'defaultStyles' part of global actor 'MainActor'
    static let defaultStyles: [ToastyKind: ToastyStyle] = [
               ^
    @MainActor
/Users/admin/builder/spi-builder-workspace/Sources/ToastySnackbar/ToastyConfiguration.swift:64:16: note: disable concurrency-safety checks if accesses are protected by an external synchronization mechanism
    static let defaultStyles: [ToastyKind: ToastyStyle] = [
               ^
    nonisolated(unsafe)
/Users/admin/builder/spi-builder-workspace/Sources/ToastySnackbar/ToastyStyle.swift:55:26: error: cannot find type 'UIBlurEffect' in scope
        blurEffectStyle: UIBlurEffect.Style? = nil
                         ^~~~~~~~~~~~
/Users/admin/builder/spi-builder-workspace/Sources/ToastySnackbar/ToastyStyle.swift:77:27: error: cannot infer contextual base in reference to member 'systemGray'
        backgroundColor: .systemGray,
                         ~^~~~~~~~~~
/Users/admin/builder/spi-builder-workspace/Sources/ToastySnackbar/ToastyStyle.swift:75:60: error: cannot infer contextual base in reference to member 'systemBlue'
    public static let info = ToastyStyle(backgroundColor: .systemBlue)
                                                          ~^~~~~~~~~~
/Users/admin/builder/spi-builder-workspace/Sources/ToastySnackbar/ToastyStyle.swift:74:63: error: cannot infer contextual base in reference to member 'systemOrange'
    public static let warning = ToastyStyle(backgroundColor: .systemOrange)
                                                             ~^~~~~~~~~~~~
/Users/admin/builder/spi-builder-workspace/Sources/ToastySnackbar/ToastyStyle.swift:73:61: error: cannot infer contextual base in reference to member 'systemRed'
    public static let error = ToastyStyle(backgroundColor: .systemRed)
                                                           ~^~~~~~~~~
/Users/admin/builder/spi-builder-workspace/Sources/ToastySnackbar/ToastyStyle.swift:72:63: error: cannot infer contextual base in reference to member 'systemGreen'
    public static let success = ToastyStyle(backgroundColor: .systemGreen)
                                                             ~^~~~~~~~~~~
/Users/admin/builder/spi-builder-workspace/Sources/ToastySnackbar/ToastyPresenter.swift:28:33: error: cannot find type 'UIView' in scope
    var toastyPresentationView: UIView? { get }
                                ^~~~~~
/Applications/Xcode-16.3.0.app/Contents/Developer/Platforms/WatchOS.platform/Developer/SDKs/WatchOS11.4.sdk/System/Library/Frameworks/UIKit.framework/Headers/NSTextAttachment.h:23:1: note: interface 'UIView' forward declared here
@class UIView;
^
/Users/admin/builder/spi-builder-workspace/Sources/ToastySnackbar/ToastyPresenter.swift:31:11: error: cannot find type 'UIView' in scope
extension UIView: ToastyPresenter {
          ^~~~~~
/Applications/Xcode-16.3.0.app/Contents/Developer/Platforms/WatchOS.platform/Developer/SDKs/WatchOS11.4.sdk/System/Library/Frameworks/UIKit.framework/Headers/NSTextAttachment.h:23:1: note: interface 'UIView' forward declared here
@class UIView;
^
/Users/admin/builder/spi-builder-workspace/Sources/ToastySnackbar/ToastyPresenter.swift:35:11: error: cannot find type 'UIViewController' in scope
extension UIViewController: ToastyPresenter {
          ^~~~~~~~~~~~~~~~
/Users/admin/builder/spi-builder-workspace/Sources/ToastySnackbar/ToastySnackbarCenter.swift:28:23: warning: static property 'default' is not concurrency-safe because non-'Sendable' type 'ToastySnackbarCenter' may have shared mutable state; this is an error in the Swift 6 language mode
    public static let `default` = ToastySnackbarCenter()
                      ^
/Users/admin/builder/spi-builder-workspace/Sources/ToastySnackbar/ToastySnackbarCenter.swift:27:20: note: class 'ToastySnackbarCenter' does not conform to the 'Sendable' protocol
public final class ToastySnackbarCenter {
                   ^
/Users/admin/builder/spi-builder-workspace/Sources/ToastySnackbar/ToastySnackbarCenter.swift:28:23: note: add '@MainActor' to make static property 'default' part of global actor 'MainActor'
    public static let `default` = ToastySnackbarCenter()
                      ^
    @MainActor
/Users/admin/builder/spi-builder-workspace/Sources/ToastySnackbar/ToastySnackbarCenter.swift:28:23: note: disable concurrency-safety checks if accesses are protected by an external synchronization mechanism
    public static let `default` = ToastySnackbarCenter()
                      ^
    nonisolated(unsafe)
/Users/admin/builder/spi-builder-workspace/Sources/ToastySnackbar/ToastySnackbarCenter.swift:195:71: error: cannot find type 'UIView' in scope
    private func applyLayout(for toasts: [ToastyToast], in container: UIView, position: ToastyPosition) {
                                                                      ^~~~~~
/Applications/Xcode-16.3.0.app/Contents/Developer/Platforms/WatchOS.platform/Developer/SDKs/WatchOS11.4.sdk/System/Library/Frameworks/UIKit.framework/Headers/NSTextAttachment.h:23:1: note: interface 'UIView' forward declared here
@class UIView;
^
/Users/admin/builder/spi-builder-workspace/Sources/ToastySnackbar/ToastySnackbarCenter.swift:235:48: error: cannot find type 'UIView' in scope
    private func setVerticalConstraint(_ view: UIView, relation: VerticalRelation, constant: CGFloat, in container: UIView) {
                                               ^~~~~~
/Applications/Xcode-16.3.0.app/Contents/Developer/Platforms/WatchOS.platform/Developer/SDKs/WatchOS11.4.sdk/System/Library/Frameworks/UIKit.framework/Headers/NSTextAttachment.h:23:1: note: interface 'UIView' forward declared here
@class UIView;
^
/Users/admin/builder/spi-builder-workspace/Sources/ToastySnackbar/ToastySnackbarCenter.swift:235:117: error: cannot find type 'UIView' in scope
    private func setVerticalConstraint(_ view: UIView, relation: VerticalRelation, constant: CGFloat, in container: UIView) {
                                                                                                                    ^~~~~~
/Applications/Xcode-16.3.0.app/Contents/Developer/Platforms/WatchOS.platform/Developer/SDKs/WatchOS11.4.sdk/System/Library/Frameworks/UIKit.framework/Headers/NSTextAttachment.h:23:1: note: interface 'UIView' forward declared here
@class UIView;
^
/Users/admin/builder/spi-builder-workspace/Sources/ToastySnackbar/ToastySnackbarCenter.swift:255:56: error: cannot find type 'NSLayoutDimension' in scope
    private func widthAnchor(for container: UIView) -> NSLayoutDimension {
                                                       ^~~~~~~~~~~~~~~~~
/Users/admin/builder/spi-builder-workspace/Sources/ToastySnackbar/ToastySnackbarCenter.swift:255:45: error: cannot find type 'UIView' in scope
    private func widthAnchor(for container: UIView) -> NSLayoutDimension {
                                            ^~~~~~
/Applications/Xcode-16.3.0.app/Contents/Developer/Platforms/WatchOS.platform/Developer/SDKs/WatchOS11.4.sdk/System/Library/Frameworks/UIKit.framework/Headers/NSTextAttachment.h:23:1: note: interface 'UIView' forward declared here
@class UIView;
^
/Users/admin/builder/spi-builder-workspace/Sources/ToastySnackbar/ToastySnackbarCenter.swift:259:58: error: cannot find type 'NSLayoutXAxisAnchor' in scope
    private func leadingAnchor(for container: UIView) -> NSLayoutXAxisAnchor {
                                                         ^~~~~~~~~~~~~~~~~~~
/Users/admin/builder/spi-builder-workspace/Sources/ToastySnackbar/ToastySnackbarCenter.swift:259:47: error: cannot find type 'UIView' in scope
    private func leadingAnchor(for container: UIView) -> NSLayoutXAxisAnchor {
                                              ^~~~~~
/Applications/Xcode-16.3.0.app/Contents/Developer/Platforms/WatchOS.platform/Developer/SDKs/WatchOS11.4.sdk/System/Library/Frameworks/UIKit.framework/Headers/NSTextAttachment.h:23:1: note: interface 'UIView' forward declared here
@class UIView;
^
/Users/admin/builder/spi-builder-workspace/Sources/ToastySnackbar/ToastySnackbarCenter.swift:263:59: error: cannot find type 'NSLayoutXAxisAnchor' in scope
    private func trailingAnchor(for container: UIView) -> NSLayoutXAxisAnchor {
                                                          ^~~~~~~~~~~~~~~~~~~
/Users/admin/builder/spi-builder-workspace/Sources/ToastySnackbar/ToastySnackbarCenter.swift:263:48: error: cannot find type 'UIView' in scope
    private func trailingAnchor(for container: UIView) -> NSLayoutXAxisAnchor {
                                               ^~~~~~
/Applications/Xcode-16.3.0.app/Contents/Developer/Platforms/WatchOS.platform/Developer/SDKs/WatchOS11.4.sdk/System/Library/Frameworks/UIKit.framework/Headers/NSTextAttachment.h:23:1: note: interface 'UIView' forward declared here
@class UIView;
^
/Users/admin/builder/spi-builder-workspace/Sources/ToastySnackbar/ToastySnackbarCenter.swift:267:58: error: cannot find type 'NSLayoutXAxisAnchor' in scope
    private func centerXAnchor(for container: UIView) -> NSLayoutXAxisAnchor {
                                                         ^~~~~~~~~~~~~~~~~~~
/Users/admin/builder/spi-builder-workspace/Sources/ToastySnackbar/ToastySnackbarCenter.swift:267:47: error: cannot find type 'UIView' in scope
    private func centerXAnchor(for container: UIView) -> NSLayoutXAxisAnchor {
                                              ^~~~~~
/Applications/Xcode-16.3.0.app/Contents/Developer/Platforms/WatchOS.platform/Developer/SDKs/WatchOS11.4.sdk/System/Library/Frameworks/UIKit.framework/Headers/NSTextAttachment.h:23:1: note: interface 'UIView' forward declared here
@class UIView;
^
/Users/admin/builder/spi-builder-workspace/Sources/ToastySnackbar/ToastySnackbarCenter.swift:271:54: error: cannot find type 'NSLayoutYAxisAnchor' in scope
    private func topAnchor(for container: UIView) -> NSLayoutYAxisAnchor {
                                                     ^~~~~~~~~~~~~~~~~~~
/Users/admin/builder/spi-builder-workspace/Sources/ToastySnackbar/ToastySnackbarCenter.swift:271:43: error: cannot find type 'UIView' in scope
    private func topAnchor(for container: UIView) -> NSLayoutYAxisAnchor {
                                          ^~~~~~
/Applications/Xcode-16.3.0.app/Contents/Developer/Platforms/WatchOS.platform/Developer/SDKs/WatchOS11.4.sdk/System/Library/Frameworks/UIKit.framework/Headers/NSTextAttachment.h:23:1: note: interface 'UIView' forward declared here
@class UIView;
^
/Users/admin/builder/spi-builder-workspace/Sources/ToastySnackbar/ToastySnackbarCenter.swift:275:58: error: cannot find type 'NSLayoutYAxisAnchor' in scope
    private func centerYAnchor(for container: UIView) -> NSLayoutYAxisAnchor {
                                                         ^~~~~~~~~~~~~~~~~~~
/Users/admin/builder/spi-builder-workspace/Sources/ToastySnackbar/ToastySnackbarCenter.swift:275:47: error: cannot find type 'UIView' in scope
    private func centerYAnchor(for container: UIView) -> NSLayoutYAxisAnchor {
                                              ^~~~~~
/Applications/Xcode-16.3.0.app/Contents/Developer/Platforms/WatchOS.platform/Developer/SDKs/WatchOS11.4.sdk/System/Library/Frameworks/UIKit.framework/Headers/NSTextAttachment.h:23:1: note: interface 'UIView' forward declared here
@class UIView;
^
/Users/admin/builder/spi-builder-workspace/Sources/ToastySnackbar/ToastySnackbarCenter.swift:279:57: error: cannot find type 'NSLayoutYAxisAnchor' in scope
    private func bottomAnchor(for container: UIView) -> NSLayoutYAxisAnchor {
                                                        ^~~~~~~~~~~~~~~~~~~
/Users/admin/builder/spi-builder-workspace/Sources/ToastySnackbar/ToastySnackbarCenter.swift:279:46: error: cannot find type 'UIView' in scope
    private func bottomAnchor(for container: UIView) -> NSLayoutYAxisAnchor {
                                             ^~~~~~
/Applications/Xcode-16.3.0.app/Contents/Developer/Platforms/WatchOS.platform/Developer/SDKs/WatchOS11.4.sdk/System/Library/Frameworks/UIKit.framework/Headers/NSTextAttachment.h:23:1: note: interface 'UIView' forward declared here
@class UIView;
^
/Users/admin/builder/spi-builder-workspace/Sources/ToastySnackbar/ToastySnackbarCenter.swift:299:71: error: cannot find type 'UIView' in scope
    private func entranceOffset(for toast: ToastyToast, in container: UIView) -> CGFloat {
                                                                      ^~~~~~
/Applications/Xcode-16.3.0.app/Contents/Developer/Platforms/WatchOS.platform/Developer/SDKs/WatchOS11.4.sdk/System/Library/Frameworks/UIKit.framework/Headers/NSTextAttachment.h:23:1: note: interface 'UIView' forward declared here
@class UIView;
^
/Users/admin/builder/spi-builder-workspace/Sources/ToastySnackbar/ToastySnackbarCenter.swift:321:48: error: cannot find type 'UITapGestureRecognizer' in scope
    @objc private func handleTap(_ recognizer: UITapGestureRecognizer) {
                                               ^~~~~~~~~~~~~~~~~~~~~~
/Users/admin/builder/spi-builder-workspace/Sources/ToastySnackbar/ToastySnackbarView.swift:27:33: error: cannot find type 'UIView' in scope
final class ToastySnackbarView: UIView {
                                ^~~~~~
/Applications/Xcode-16.3.0.app/Contents/Developer/Platforms/WatchOS.platform/Developer/SDKs/WatchOS11.4.sdk/System/Library/Frameworks/UIKit.framework/Headers/NSTextAttachment.h:23:1: note: interface 'UIView' forward declared here
@class UIView;
^
/Users/admin/builder/spi-builder-workspace/Sources/ToastySnackbar/ToastySnackbarView.swift:29:32: error: cannot find 'UILabel' in scope
    private let messageLabel = UILabel()
                               ^~~~~~~
/Users/admin/builder/spi-builder-workspace/Sources/ToastySnackbar/ToastySnackbarView.swift:30:28: error: cannot find 'UIImageView' in scope
    private let iconView = UIImageView()
                           ^~~~~~~~~~~
/Users/admin/builder/spi-builder-workspace/Sources/ToastySnackbar/ToastySnackbarView.swift:31:27: error: cannot find type 'UIVisualEffectView' in scope
    private var blurView: UIVisualEffectView?
                          ^~~~~~~~~~~~~~~~~~
/Users/admin/builder/spi-builder-workspace/Sources/ToastySnackbar/ToastySnackbarView.swift:43:19: error: method does not override any method from its superclass
    override func layoutSubviews() {
    ~~~~~~~~      ^
/Users/admin/builder/spi-builder-workspace/Sources/ToastySnackbar/ToastyStyle.swift:40:33: error: cannot find type 'UIBlurEffect' in scope
    public var blurEffectStyle: UIBlurEffect.Style?
                                ^~~~~~~~~~~~
/Users/admin/builder/spi-builder-workspace/Sources/ToastySnackbar/ToastyStyle.swift:115:23: warning: static property 'default' is not concurrency-safe because non-'Sendable' type 'ToastyShadow' may have shared mutable state; this is an error in the Swift 6 language mode
    public static let `default` = ToastyShadow()
                      ^
/Users/admin/builder/spi-builder-workspace/Sources/ToastySnackbar/ToastyStyle.swift:97:15: note: consider making struct 'ToastyShadow' conform to the 'Sendable' protocol
public struct ToastyShadow: Equatable {
              ^
                                     , Sendable
/Users/admin/builder/spi-builder-workspace/Sources/ToastySnackbar/ToastyStyle.swift:115:23: note: add '@MainActor' to make static property 'default' part of global actor 'MainActor'
    public static let `default` = ToastyShadow()
                      ^
    @MainActor
/Users/admin/builder/spi-builder-workspace/Sources/ToastySnackbar/ToastyStyle.swift:115:23: note: disable concurrency-safety checks if accesses are protected by an external synchronization mechanism
    public static let `default` = ToastyShadow()
                      ^
    nonisolated(unsafe)
/Users/admin/builder/spi-builder-workspace/Sources/ToastySnackbar/ToastyToast.swift:91:27: error: cannot find type 'UIView' in scope
    var presentationView: UIView? {
                          ^~~~~~
/Applications/Xcode-16.3.0.app/Contents/Developer/Platforms/WatchOS.platform/Developer/SDKs/WatchOS11.4.sdk/System/Library/Frameworks/UIKit.framework/Headers/NSTextAttachment.h:23:1: note: interface 'UIView' forward declared here
@class UIView;
^
SwiftCompile normal armv7k Compiling\ resource_bundle_accessor.swift,\ ToastyConfiguration.swift /Users/admin/builder/spi-builder-workspace/.derivedData/Build/Intermediates.noindex/ToastySnackbar.build/Debug-watchos/ToastySnackbar.build/DerivedSources/resource_bundle_accessor.swift /Users/admin/builder/spi-builder-workspace/Sources/ToastySnackbar/ToastyConfiguration.swift (in target 'ToastySnackbar' from project 'ToastySnackbar')
SwiftCompile normal armv7k /Users/admin/builder/spi-builder-workspace/.derivedData/Build/Intermediates.noindex/ToastySnackbar.build/Debug-watchos/ToastySnackbar.build/DerivedSources/resource_bundle_accessor.swift (in target 'ToastySnackbar' from project 'ToastySnackbar')
    cd /Users/admin/builder/spi-builder-workspace/.swiftpm/xcode

SwiftCompile normal armv7k /Users/admin/builder/spi-builder-workspace/Sources/ToastySnackbar/ToastyConfiguration.swift (in target 'ToastySnackbar' from project 'ToastySnackbar')
    cd /Users/admin/builder/spi-builder-workspace/.swiftpm/xcode

SwiftEmitModule normal arm64 Emitting\ module\ for\ ToastySnackbar (in target 'ToastySnackbar' from project 'ToastySnackbar')
Failed frontend command:
/Applications/Xcode-16.3.0.app/Contents/Developer/Toolchains/XcodeDefault.xctoolchain/usr/bin/swift-frontend -frontend -emit-module -experimental-skip-non-inlinable-function-bodies-without-types /Users/admin/builder/spi-builder-workspace/.derivedData/Build/Intermediates.noindex/ToastySnackbar.build/Debug-watchos/ToastySnackbar.build/DerivedSources/resource_bundle_accessor.swift /Users/admin/builder/spi-builder-workspace/Sources/ToastySnackbar/ToastyConfiguration.swift /Users/admin/builder/spi-builder-workspace/Sources/ToastySnackbar/ToastyDuration.swift /Users/admin/builder/spi-builder-workspace/Sources/ToastySnackbar/ToastyIcon.swift /Users/admin/builder/spi-builder-workspace/Sources/ToastySnackbar/ToastyKind.swift /Users/admin/builder/spi-builder-workspace/Sources/ToastySnackbar/ToastyPosition.swift /Users/admin/builder/spi-builder-workspace/Sources/ToastySnackbar/ToastyPresenter.swift /Users/admin/builder/spi-builder-workspace/Sources/ToastySnackbar/ToastySnackbar.swift /Users/admin/builder/spi-builder-workspace/Sources/ToastySnackbar/ToastySnackbarCenter.swift /Users/admin/builder/spi-builder-workspace/Sources/ToastySnackbar/ToastySnackbarView.swift /Users/admin/builder/spi-builder-workspace/Sources/ToastySnackbar/ToastyStyle.swift /Users/admin/builder/spi-builder-workspace/Sources/ToastySnackbar/ToastyToast.swift -target arm64-apple-watchos6.0 -Xllvm -aarch64-use-tbi -enable-objc-interop -stack-check -sdk /Applications/Xcode-16.3.0.app/Contents/Developer/Platforms/WatchOS.platform/Developer/SDKs/WatchOS11.4.sdk -I /Users/admin/builder/spi-builder-workspace/.derivedData/Build/Products/Debug-watchos -I /Applications/Xcode-16.3.0.app/Contents/Developer/Platforms/WatchOS.platform/Developer/usr/lib -F /Users/admin/builder/spi-builder-workspace/.derivedData/Build/Products/Debug-watchos -F /Applications/Xcode-16.3.0.app/Contents/Developer/Platforms/WatchOS.platform/Developer/Library/Frameworks -F /Applications/Xcode-16.3.0.app/Contents/Developer/Platforms/WatchOS.platform/Developer/SDKs/WatchOS11.4.sdk/Developer/Library/Frameworks -no-color-diagnostics -enable-testing -g -debug-info-format\=dwarf -dwarf-version\=4 -module-cache-path /Users/admin/builder/spi-builder-workspace/.derivedData/ModuleCache.noindex -profile-generate -profile-coverage-mapping -swift-version 5 -enforce-exclusivity\=checked -stats-output-dir /Users/admin/builder/spi-builder-workspace/.swiftpm/xcode/.stats -Onone -D SWIFT_PACKAGE -D DEBUG -serialize-debugging-options -const-gather-protocols-file /Users/admin/builder/spi-builder-workspace/.derivedData/Build/Intermediates.noindex/ToastySnackbar.build/Debug-watchos/ToastySnackbar.build/Objects-normal/arm64/ToastySnackbar_const_extract_protocols.json -enable-upcoming-feature StrictConcurrency -enable-upcoming-feature DisableOutwardActorInference -enable-upcoming-feature GlobalActorIsolatedTypesUsability -enable-upcoming-feature InferSendableFromCaptures -enable-experimental-feature DebugDescriptionMacro -strict-concurrency\=complete -empty-abi-descriptor -plugin-path /Applications/Xcode-16.3.0.app/Contents/Developer/Toolchains/XcodeDefault.xctoolchain/usr/lib/swift/host/plugins/testing -validate-clang-modules-once -clang-build-session-file /Users/admin/builder/spi-builder-workspace/.derivedData/ModuleCache.noindex/Session.modulevalidation -Xcc -working-directory -Xcc /Users/admin/builder/spi-builder-workspace/.swiftpm/xcode -resource-dir /Applications/Xcode-16.3.0.app/Contents/Developer/Toolchains/XcodeDefault.xctoolchain/usr/lib/swift -enable-anonymous-context-mangled-names -file-compilation-dir /Users/admin/builder/spi-builder-workspace/.swiftpm/xcode -Xcc -ivfsstatcache -Xcc /Users/admin/builder/spi-builder-workspace/.derivedData/SDKStatCaches.noindex/watchos11.4-22T246-43efb940ff07ba2497b70ec94253f576.sdkstatcache -Xcc -I/Users/admin/builder/spi-builder-workspace/.derivedData/Build/Intermediates.noindex/ToastySnackbar.build/Debug-watchos/ToastySnackbar.build/swift-overrides.hmap -Xcc -I/Users/admin/builder/spi-builder-workspace/.derivedData/Build/Products/Debug-watchos/include -Xcc -I/Users/admin/builder/spi-builder-workspace/.derivedData/Build/Intermediates.noindex/ToastySnackbar.build/Debug-watchos/ToastySnackbar.build/DerivedSources-normal/arm64 -Xcc -I/Users/admin/builder/spi-builder-workspace/.derivedData/Build/Intermediates.noindex/ToastySnackbar.build/Debug-watchos/ToastySnackbar.build/DerivedSources/arm64 -Xcc -I/Users/admin/builder/spi-builder-workspace/.derivedData/Build/Intermediates.noindex/ToastySnackbar.build/Debug-watchos/ToastySnackbar.build/DerivedSources -Xcc -DSWIFT_PACKAGE -Xcc -DDEBUG\=1 -module-name ToastySnackbar -frontend-parseable-output -disable-clang-spi -target-sdk-version 11.4 -target-sdk-name watchos11.4 -external-plugin-path /Applications/Xcode-16.3.0.app/Contents/Developer/Platforms/WatchOS.platform/Developer/usr/lib/swift/host/plugins\#/Applications/Xcode-16.3.0.app/Contents/Developer/Platforms/WatchOS.platform/Developer/usr/bin/swift-plugin-server -external-plugin-path /Applications/Xcode-16.3.0.app/Contents/Developer/Platforms/WatchOS.platform/Developer/usr/local/lib/swift/host/plugins\#/Applications/Xcode-16.3.0.app/Contents/Developer/Platforms/WatchOS.platform/Developer/usr/bin/swift-plugin-server -in-process-plugin-server-path /Applications/Xcode-16.3.0.app/Contents/Developer/Toolchains/XcodeDefault.xctoolchain/usr/lib/swift/host/libSwiftInProcPluginServer.dylib -plugin-path /Applications/Xcode-16.3.0.app/Contents/Developer/Toolchains/XcodeDefault.xctoolchain/usr/lib/swift/host/plugins -plugin-path /Applications/Xcode-16.3.0.app/Contents/Developer/Toolchains/XcodeDefault.xctoolchain/usr/local/lib/swift/host/plugins -emit-module-doc-path /Users/admin/builder/spi-builder-workspace/.derivedData/Build/Intermediates.noindex/ToastySnackbar.build/Debug-watchos/ToastySnackbar.build/Objects-normal/arm64/ToastySnackbar.swiftdoc -emit-module-source-info-path /Users/admin/builder/spi-builder-workspace/.derivedData/Build/Intermediates.noindex/ToastySnackbar.build/Debug-watchos/ToastySnackbar.build/Objects-normal/arm64/ToastySnackbar.swiftsourceinfo -emit-objc-header-path /Users/admin/builder/spi-builder-workspace/.derivedData/Build/Intermediates.noindex/ToastySnackbar.build/Debug-watchos/ToastySnackbar.build/Objects-normal/arm64/ToastySnackbar-Swift.h -serialize-diagnostics-path /Users/admin/builder/spi-builder-workspace/.derivedData/Build/Intermediates.noindex/ToastySnackbar.build/Debug-watchos/ToastySnackbar.build/Objects-normal/arm64/ToastySnackbar-master-emit-module.dia -emit-dependencies-path /Users/admin/builder/spi-builder-workspace/.derivedData/Build/Intermediates.noindex/ToastySnackbar.build/Debug-watchos/ToastySnackbar.build/Objects-normal/arm64/ToastySnackbar-master-emit-module.d -o /Users/admin/builder/spi-builder-workspace/.derivedData/Build/Intermediates.noindex/ToastySnackbar.build/Debug-watchos/ToastySnackbar.build/Objects-normal/arm64/ToastySnackbar.swiftmodule -emit-abi-descriptor-path /Users/admin/builder/spi-builder-workspace/.derivedData/Build/Intermediates.noindex/ToastySnackbar.build/Debug-watchos/ToastySnackbar.build/Objects-normal/arm64/ToastySnackbar.abi.json
EmitSwiftModule normal arm64 (in target 'ToastySnackbar' from project 'ToastySnackbar')
    cd /Users/admin/builder/spi-builder-workspace/.swiftpm/xcode

/Users/admin/builder/spi-builder-workspace/Sources/ToastySnackbar/ToastyConfiguration.swift:64:16: warning: static property 'defaultStyles' is not concurrency-safe because non-'Sendable' type '[ToastyKind : ToastyStyle]' may have shared mutable state; this is an error in the Swift 6 language mode
    static let defaultStyles: [ToastyKind: ToastyStyle] = [
               ^
/Users/admin/builder/spi-builder-workspace/Sources/ToastySnackbar/ToastyKind.swift:25:13: note: consider making enum 'ToastyKind' conform to the 'Sendable' protocol
public enum ToastyKind: CaseIterable, Equatable, Hashable {
            ^
                                                         , Sendable
/Users/admin/builder/spi-builder-workspace/Sources/ToastySnackbar/ToastyStyle.swift:27:15: note: consider making struct 'ToastyStyle' conform to the 'Sendable' protocol
public struct ToastyStyle: Equatable {
              ^
                                    , Sendable
/Users/admin/builder/spi-builder-workspace/Sources/ToastySnackbar/ToastyConfiguration.swift:64:16: note: add '@MainActor' to make static property 'defaultStyles' part of global actor 'MainActor'
    static let defaultStyles: [ToastyKind: ToastyStyle] = [
               ^
    @MainActor
/Users/admin/builder/spi-builder-workspace/Sources/ToastySnackbar/ToastyConfiguration.swift:64:16: note: disable concurrency-safety checks if accesses are protected by an external synchronization mechanism
    static let defaultStyles: [ToastyKind: ToastyStyle] = [
               ^
    nonisolated(unsafe)
/Users/admin/builder/spi-builder-workspace/Sources/ToastySnackbar/ToastyStyle.swift:55:26: error: cannot find type 'UIBlurEffect' in scope
        blurEffectStyle: UIBlurEffect.Style? = nil
                         ^~~~~~~~~~~~
/Users/admin/builder/spi-builder-workspace/Sources/ToastySnackbar/ToastyStyle.swift:77:27: error: cannot infer contextual base in reference to member 'systemGray'
        backgroundColor: .systemGray,
                         ~^~~~~~~~~~
/Users/admin/builder/spi-builder-workspace/Sources/ToastySnackbar/ToastyStyle.swift:75:60: error: cannot infer contextual base in reference to member 'systemBlue'
    public static let info = ToastyStyle(backgroundColor: .systemBlue)
                                                          ~^~~~~~~~~~
/Users/admin/builder/spi-builder-workspace/Sources/ToastySnackbar/ToastyStyle.swift:74:63: error: cannot infer contextual base in reference to member 'systemOrange'
    public static let warning = ToastyStyle(backgroundColor: .systemOrange)
                                                             ~^~~~~~~~~~~~
/Users/admin/builder/spi-builder-workspace/Sources/ToastySnackbar/ToastyStyle.swift:73:61: error: cannot infer contextual base in reference to member 'systemRed'
    public static let error = ToastyStyle(backgroundColor: .systemRed)
                                                           ~^~~~~~~~~
/Users/admin/builder/spi-builder-workspace/Sources/ToastySnackbar/ToastyStyle.swift:72:63: error: cannot infer contextual base in reference to member 'systemGreen'
    public static let success = ToastyStyle(backgroundColor: .systemGreen)
                                                             ~^~~~~~~~~~~
/Users/admin/builder/spi-builder-workspace/Sources/ToastySnackbar/ToastyPresenter.swift:28:33: error: cannot find type 'UIView' in scope
    var toastyPresentationView: UIView? { get }
                                ^~~~~~
/Applications/Xcode-16.3.0.app/Contents/Developer/Platforms/WatchOS.platform/Developer/SDKs/WatchOS11.4.sdk/System/Library/Frameworks/UIKit.framework/Headers/NSTextAttachment.h:23:1: note: interface 'UIView' forward declared here
@class UIView;
^
/Users/admin/builder/spi-builder-workspace/Sources/ToastySnackbar/ToastyPresenter.swift:31:11: error: cannot find type 'UIView' in scope
extension UIView: ToastyPresenter {
          ^~~~~~
/Applications/Xcode-16.3.0.app/Contents/Developer/Platforms/WatchOS.platform/Developer/SDKs/WatchOS11.4.sdk/System/Library/Frameworks/UIKit.framework/Headers/NSTextAttachment.h:23:1: note: interface 'UIView' forward declared here
@class UIView;
^
/Users/admin/builder/spi-builder-workspace/Sources/ToastySnackbar/ToastyPresenter.swift:35:11: error: cannot find type 'UIViewController' in scope
extension UIViewController: ToastyPresenter {
          ^~~~~~~~~~~~~~~~
/Users/admin/builder/spi-builder-workspace/Sources/ToastySnackbar/ToastySnackbarCenter.swift:28:23: warning: static property 'default' is not concurrency-safe because non-'Sendable' type 'ToastySnackbarCenter' may have shared mutable state; this is an error in the Swift 6 language mode
    public static let `default` = ToastySnackbarCenter()
                      ^
/Users/admin/builder/spi-builder-workspace/Sources/ToastySnackbar/ToastySnackbarCenter.swift:27:20: note: class 'ToastySnackbarCenter' does not conform to the 'Sendable' protocol
public final class ToastySnackbarCenter {
                   ^
/Users/admin/builder/spi-builder-workspace/Sources/ToastySnackbar/ToastySnackbarCenter.swift:28:23: note: add '@MainActor' to make static property 'default' part of global actor 'MainActor'
    public static let `default` = ToastySnackbarCenter()
                      ^
    @MainActor
/Users/admin/builder/spi-builder-workspace/Sources/ToastySnackbar/ToastySnackbarCenter.swift:28:23: note: disable concurrency-safety checks if accesses are protected by an external synchronization mechanism
    public static let `default` = ToastySnackbarCenter()
                      ^
    nonisolated(unsafe)
/Users/admin/builder/spi-builder-workspace/Sources/ToastySnackbar/ToastySnackbarCenter.swift:195:71: error: cannot find type 'UIView' in scope
    private func applyLayout(for toasts: [ToastyToast], in container: UIView, position: ToastyPosition) {
                                                                      ^~~~~~
/Applications/Xcode-16.3.0.app/Contents/Developer/Platforms/WatchOS.platform/Developer/SDKs/WatchOS11.4.sdk/System/Library/Frameworks/UIKit.framework/Headers/NSTextAttachment.h:23:1: note: interface 'UIView' forward declared here
@class UIView;
^
/Users/admin/builder/spi-builder-workspace/Sources/ToastySnackbar/ToastySnackbarCenter.swift:235:48: error: cannot find type 'UIView' in scope
    private func setVerticalConstraint(_ view: UIView, relation: VerticalRelation, constant: CGFloat, in container: UIView) {
                                               ^~~~~~
/Applications/Xcode-16.3.0.app/Contents/Developer/Platforms/WatchOS.platform/Developer/SDKs/WatchOS11.4.sdk/System/Library/Frameworks/UIKit.framework/Headers/NSTextAttachment.h:23:1: note: interface 'UIView' forward declared here
@class UIView;
^
/Users/admin/builder/spi-builder-workspace/Sources/ToastySnackbar/ToastySnackbarCenter.swift:235:117: error: cannot find type 'UIView' in scope
    private func setVerticalConstraint(_ view: UIView, relation: VerticalRelation, constant: CGFloat, in container: UIView) {
                                                                                                                    ^~~~~~
/Applications/Xcode-16.3.0.app/Contents/Developer/Platforms/WatchOS.platform/Developer/SDKs/WatchOS11.4.sdk/System/Library/Frameworks/UIKit.framework/Headers/NSTextAttachment.h:23:1: note: interface 'UIView' forward declared here
@class UIView;
^
/Users/admin/builder/spi-builder-workspace/Sources/ToastySnackbar/ToastySnackbarCenter.swift:255:56: error: cannot find type 'NSLayoutDimension' in scope
    private func widthAnchor(for container: UIView) -> NSLayoutDimension {
                                                       ^~~~~~~~~~~~~~~~~
/Users/admin/builder/spi-builder-workspace/Sources/ToastySnackbar/ToastySnackbarCenter.swift:255:45: error: cannot find type 'UIView' in scope
    private func widthAnchor(for container: UIView) -> NSLayoutDimension {
                                            ^~~~~~
/Applications/Xcode-16.3.0.app/Contents/Developer/Platforms/WatchOS.platform/Developer/SDKs/WatchOS11.4.sdk/System/Library/Frameworks/UIKit.framework/Headers/NSTextAttachment.h:23:1: note: interface 'UIView' forward declared here
@class UIView;
^
/Users/admin/builder/spi-builder-workspace/Sources/ToastySnackbar/ToastySnackbarCenter.swift:259:58: error: cannot find type 'NSLayoutXAxisAnchor' in scope
    private func leadingAnchor(for container: UIView) -> NSLayoutXAxisAnchor {
                                                         ^~~~~~~~~~~~~~~~~~~
/Users/admin/builder/spi-builder-workspace/Sources/ToastySnackbar/ToastySnackbarCenter.swift:259:47: error: cannot find type 'UIView' in scope
    private func leadingAnchor(for container: UIView) -> NSLayoutXAxisAnchor {
                                              ^~~~~~
/Applications/Xcode-16.3.0.app/Contents/Developer/Platforms/WatchOS.platform/Developer/SDKs/WatchOS11.4.sdk/System/Library/Frameworks/UIKit.framework/Headers/NSTextAttachment.h:23:1: note: interface 'UIView' forward declared here
@class UIView;
^
/Users/admin/builder/spi-builder-workspace/Sources/ToastySnackbar/ToastySnackbarCenter.swift:263:59: error: cannot find type 'NSLayoutXAxisAnchor' in scope
    private func trailingAnchor(for container: UIView) -> NSLayoutXAxisAnchor {
                                                          ^~~~~~~~~~~~~~~~~~~
/Users/admin/builder/spi-builder-workspace/Sources/ToastySnackbar/ToastySnackbarCenter.swift:263:48: error: cannot find type 'UIView' in scope
    private func trailingAnchor(for container: UIView) -> NSLayoutXAxisAnchor {
                                               ^~~~~~
/Applications/Xcode-16.3.0.app/Contents/Developer/Platforms/WatchOS.platform/Developer/SDKs/WatchOS11.4.sdk/System/Library/Frameworks/UIKit.framework/Headers/NSTextAttachment.h:23:1: note: interface 'UIView' forward declared here
@class UIView;
^
/Users/admin/builder/spi-builder-workspace/Sources/ToastySnackbar/ToastySnackbarCenter.swift:267:58: error: cannot find type 'NSLayoutXAxisAnchor' in scope
    private func centerXAnchor(for container: UIView) -> NSLayoutXAxisAnchor {
                                                         ^~~~~~~~~~~~~~~~~~~
/Users/admin/builder/spi-builder-workspace/Sources/ToastySnackbar/ToastySnackbarCenter.swift:267:47: error: cannot find type 'UIView' in scope
    private func centerXAnchor(for container: UIView) -> NSLayoutXAxisAnchor {
                                              ^~~~~~
/Applications/Xcode-16.3.0.app/Contents/Developer/Platforms/WatchOS.platform/Developer/SDKs/WatchOS11.4.sdk/System/Library/Frameworks/UIKit.framework/Headers/NSTextAttachment.h:23:1: note: interface 'UIView' forward declared here
@class UIView;
^
/Users/admin/builder/spi-builder-workspace/Sources/ToastySnackbar/ToastySnackbarCenter.swift:271:54: error: cannot find type 'NSLayoutYAxisAnchor' in scope
    private func topAnchor(for container: UIView) -> NSLayoutYAxisAnchor {
                                                     ^~~~~~~~~~~~~~~~~~~
/Users/admin/builder/spi-builder-workspace/Sources/ToastySnackbar/ToastySnackbarCenter.swift:271:43: error: cannot find type 'UIView' in scope
    private func topAnchor(for container: UIView) -> NSLayoutYAxisAnchor {
                                          ^~~~~~
/Applications/Xcode-16.3.0.app/Contents/Developer/Platforms/WatchOS.platform/Developer/SDKs/WatchOS11.4.sdk/System/Library/Frameworks/UIKit.framework/Headers/NSTextAttachment.h:23:1: note: interface 'UIView' forward declared here
@class UIView;
^
/Users/admin/builder/spi-builder-workspace/Sources/ToastySnackbar/ToastySnackbarCenter.swift:275:58: error: cannot find type 'NSLayoutYAxisAnchor' in scope
    private func centerYAnchor(for container: UIView) -> NSLayoutYAxisAnchor {
                                                         ^~~~~~~~~~~~~~~~~~~
/Users/admin/builder/spi-builder-workspace/Sources/ToastySnackbar/ToastySnackbarCenter.swift:275:47: error: cannot find type 'UIView' in scope
    private func centerYAnchor(for container: UIView) -> NSLayoutYAxisAnchor {
                                              ^~~~~~
/Applications/Xcode-16.3.0.app/Contents/Developer/Platforms/WatchOS.platform/Developer/SDKs/WatchOS11.4.sdk/System/Library/Frameworks/UIKit.framework/Headers/NSTextAttachment.h:23:1: note: interface 'UIView' forward declared here
@class UIView;
^
/Users/admin/builder/spi-builder-workspace/Sources/ToastySnackbar/ToastySnackbarCenter.swift:279:57: error: cannot find type 'NSLayoutYAxisAnchor' in scope
    private func bottomAnchor(for container: UIView) -> NSLayoutYAxisAnchor {
                                                        ^~~~~~~~~~~~~~~~~~~
/Users/admin/builder/spi-builder-workspace/Sources/ToastySnackbar/ToastySnackbarCenter.swift:279:46: error: cannot find type 'UIView' in scope
    private func bottomAnchor(for container: UIView) -> NSLayoutYAxisAnchor {
                                             ^~~~~~
/Applications/Xcode-16.3.0.app/Contents/Developer/Platforms/WatchOS.platform/Developer/SDKs/WatchOS11.4.sdk/System/Library/Frameworks/UIKit.framework/Headers/NSTextAttachment.h:23:1: note: interface 'UIView' forward declared here
@class UIView;
^
/Users/admin/builder/spi-builder-workspace/Sources/ToastySnackbar/ToastySnackbarCenter.swift:299:71: error: cannot find type 'UIView' in scope
    private func entranceOffset(for toast: ToastyToast, in container: UIView) -> CGFloat {
                                                                      ^~~~~~
/Applications/Xcode-16.3.0.app/Contents/Developer/Platforms/WatchOS.platform/Developer/SDKs/WatchOS11.4.sdk/System/Library/Frameworks/UIKit.framework/Headers/NSTextAttachment.h:23:1: note: interface 'UIView' forward declared here
@class UIView;
^
/Users/admin/builder/spi-builder-workspace/Sources/ToastySnackbar/ToastySnackbarCenter.swift:321:48: error: cannot find type 'UITapGestureRecognizer' in scope
    @objc private func handleTap(_ recognizer: UITapGestureRecognizer) {
                                               ^~~~~~~~~~~~~~~~~~~~~~
/Users/admin/builder/spi-builder-workspace/Sources/ToastySnackbar/ToastySnackbarView.swift:27:33: error: cannot find type 'UIView' in scope
final class ToastySnackbarView: UIView {
                                ^~~~~~
/Applications/Xcode-16.3.0.app/Contents/Developer/Platforms/WatchOS.platform/Developer/SDKs/WatchOS11.4.sdk/System/Library/Frameworks/UIKit.framework/Headers/NSTextAttachment.h:23:1: note: interface 'UIView' forward declared here
@class UIView;
^
/Users/admin/builder/spi-builder-workspace/Sources/ToastySnackbar/ToastySnackbarView.swift:29:32: error: cannot find 'UILabel' in scope
    private let messageLabel = UILabel()
                               ^~~~~~~
/Users/admin/builder/spi-builder-workspace/Sources/ToastySnackbar/ToastySnackbarView.swift:30:28: error: cannot find 'UIImageView' in scope
    private let iconView = UIImageView()
                           ^~~~~~~~~~~
/Users/admin/builder/spi-builder-workspace/Sources/ToastySnackbar/ToastySnackbarView.swift:31:27: error: cannot find type 'UIVisualEffectView' in scope
    private var blurView: UIVisualEffectView?
                          ^~~~~~~~~~~~~~~~~~
/Users/admin/builder/spi-builder-workspace/Sources/ToastySnackbar/ToastySnackbarView.swift:43:19: error: method does not override any method from its superclass
    override func layoutSubviews() {
    ~~~~~~~~      ^
/Users/admin/builder/spi-builder-workspace/Sources/ToastySnackbar/ToastyStyle.swift:40:33: error: cannot find type 'UIBlurEffect' in scope
    public var blurEffectStyle: UIBlurEffect.Style?
                                ^~~~~~~~~~~~
/Users/admin/builder/spi-builder-workspace/Sources/ToastySnackbar/ToastyStyle.swift:115:23: warning: static property 'default' is not concurrency-safe because non-'Sendable' type 'ToastyShadow' may have shared mutable state; this is an error in the Swift 6 language mode
    public static let `default` = ToastyShadow()
                      ^
/Users/admin/builder/spi-builder-workspace/Sources/ToastySnackbar/ToastyStyle.swift:97:15: note: consider making struct 'ToastyShadow' conform to the 'Sendable' protocol
public struct ToastyShadow: Equatable {
              ^
                                     , Sendable
/Users/admin/builder/spi-builder-workspace/Sources/ToastySnackbar/ToastyStyle.swift:115:23: note: add '@MainActor' to make static property 'default' part of global actor 'MainActor'
    public static let `default` = ToastyShadow()
                      ^
    @MainActor
/Users/admin/builder/spi-builder-workspace/Sources/ToastySnackbar/ToastyStyle.swift:115:23: note: disable concurrency-safety checks if accesses are protected by an external synchronization mechanism
    public static let `default` = ToastyShadow()
                      ^
    nonisolated(unsafe)
/Users/admin/builder/spi-builder-workspace/Sources/ToastySnackbar/ToastyToast.swift:91:27: error: cannot find type 'UIView' in scope
    var presentationView: UIView? {
                          ^~~~~~
/Applications/Xcode-16.3.0.app/Contents/Developer/Platforms/WatchOS.platform/Developer/SDKs/WatchOS11.4.sdk/System/Library/Frameworks/UIKit.framework/Headers/NSTextAttachment.h:23:1: note: interface 'UIView' forward declared here
@class UIView;
^
SwiftCompile normal arm64_32 Compiling\ ToastyDuration.swift,\ ToastyIcon.swift /Users/admin/builder/spi-builder-workspace/Sources/ToastySnackbar/ToastyDuration.swift /Users/admin/builder/spi-builder-workspace/Sources/ToastySnackbar/ToastyIcon.swift (in target 'ToastySnackbar' from project 'ToastySnackbar')
SwiftCompile normal arm64_32 /Users/admin/builder/spi-builder-workspace/Sources/ToastySnackbar/ToastyDuration.swift (in target 'ToastySnackbar' from project 'ToastySnackbar')
    cd /Users/admin/builder/spi-builder-workspace/.swiftpm/xcode

SwiftCompile normal arm64_32 /Users/admin/builder/spi-builder-workspace/Sources/ToastySnackbar/ToastyIcon.swift (in target 'ToastySnackbar' from project 'ToastySnackbar')
    cd /Users/admin/builder/spi-builder-workspace/.swiftpm/xcode

SwiftCompile normal armv7k Compiling\ ToastySnackbar.swift /Users/admin/builder/spi-builder-workspace/Sources/ToastySnackbar/ToastySnackbar.swift (in target 'ToastySnackbar' from project 'ToastySnackbar')
SwiftCompile normal armv7k /Users/admin/builder/spi-builder-workspace/Sources/ToastySnackbar/ToastySnackbar.swift (in target 'ToastySnackbar' from project 'ToastySnackbar')
    cd /Users/admin/builder/spi-builder-workspace/.swiftpm/xcode

SwiftCompile normal arm64_32 Compiling\ ToastySnackbarCenter.swift /Users/admin/builder/spi-builder-workspace/Sources/ToastySnackbar/ToastySnackbarCenter.swift (in target 'ToastySnackbar' from project 'ToastySnackbar')
Command SwiftCompile failed with a nonzero exit code
** BUILD FAILED **
The following build commands failed:
	SwiftEmitModule normal arm64_32 Emitting\ module\ for\ ToastySnackbar (in target 'ToastySnackbar' from project 'ToastySnackbar')
	EmitSwiftModule normal arm64_32 (in target 'ToastySnackbar' from project 'ToastySnackbar')
	SwiftEmitModule normal armv7k Emitting\ module\ for\ ToastySnackbar (in target 'ToastySnackbar' from project 'ToastySnackbar')
	EmitSwiftModule normal armv7k (in target 'ToastySnackbar' from project 'ToastySnackbar')
	SwiftEmitModule normal arm64 Emitting\ module\ for\ ToastySnackbar (in target 'ToastySnackbar' from project 'ToastySnackbar')
	EmitSwiftModule normal arm64 (in target 'ToastySnackbar' from project 'ToastySnackbar')
	SwiftCompile normal arm64_32 Compiling\ ToastySnackbarCenter.swift /Users/admin/builder/spi-builder-workspace/Sources/ToastySnackbar/ToastySnackbarCenter.swift (in target 'ToastySnackbar' from project 'ToastySnackbar')
	Building workspace spi-builder-workspace with scheme ToastySnackbar
(8 failures)
Command line invocation:
    /Applications/Xcode-16.3.0.app/Contents/Developer/usr/bin/xcodebuild -IDEClonedSourcePackagesDirPathOverride=/Users/admin/builder/spi-builder-workspace/.dependencies -resolvePackageDependencies
Resolve Package Graph
Resolved source packages:
  ToastySnackbar: /Users/admin/builder/spi-builder-workspace
resolved source packages: ToastySnackbar
{
  "dependencies" : [
  ],
  "manifest_display_name" : "ToastySnackbar",
  "name" : "ToastySnackbar",
  "path" : "/Users/admin/builder/spi-builder-workspace",
  "platforms" : [
    {
      "name" : "ios",
      "version" : "13.0"
    }
  ],
  "products" : [
    {
      "name" : "ToastySnackbar",
      "targets" : [
        "ToastySnackbar"
      ],
      "type" : {
        "library" : [
          "automatic"
        ]
      }
    }
  ],
  "targets" : [
    {
      "c99name" : "ToastySnackbarTests",
      "module_type" : "SwiftTarget",
      "name" : "ToastySnackbarTests",
      "path" : "Tests/ToastySnackbarTests",
      "sources" : [
        "ToastySnackbarTests.swift"
      ],
      "target_dependencies" : [
        "ToastySnackbar"
      ],
      "type" : "test"
    },
    {
      "c99name" : "ToastySnackbar",
      "module_type" : "SwiftTarget",
      "name" : "ToastySnackbar",
      "path" : "Sources/ToastySnackbar",
      "product_memberships" : [
        "ToastySnackbar"
      ],
      "resources" : [
        {
          "path" : "/Users/admin/builder/spi-builder-workspace/Sources/ToastySnackbar/Resources/PrivacyInfo.xcprivacy",
          "rule" : {
            "process" : {
            }
          }
        }
      ],
      "sources" : [
        "ToastyConfiguration.swift",
        "ToastyDuration.swift",
        "ToastyIcon.swift",
        "ToastyKind.swift",
        "ToastyPosition.swift",
        "ToastyPresenter.swift",
        "ToastySnackbar.swift",
        "ToastySnackbarCenter.swift",
        "ToastySnackbarView.swift",
        "ToastyStyle.swift",
        "ToastyToast.swift"
      ],
      "type" : "library"
    }
  ],
  "tools_version" : "5.7"
}
{
  "workspace" : {
    "name" : "spi-builder-workspace",
    "schemes" : [
      "ToastySnackbar"
    ]
  }
}
Running build ...
env DEVELOPER_DIR=/Applications/Xcode-16.3.0.app xcrun xcodebuild -IDEClonedSourcePackagesDirPathOverride=$PWD/.dependencies -skipMacroValidation -skipPackagePluginValidation -derivedDataPath $PWD/.derivedData build -scheme ToastySnackbar -destination generic/platform=watchOS
Command line invocation:
    /Applications/Xcode-16.3.0.app/Contents/Developer/usr/bin/xcodebuild -IDEClonedSourcePackagesDirPathOverride=/Users/admin/builder/spi-builder-workspace/.dependencies -skipMacroValidation -skipPackagePluginValidation -derivedDataPath /Users/admin/builder/spi-builder-workspace/.derivedData build -scheme ToastySnackbar -destination generic/platform=watchOS
Resolve Package Graph
Resolved source packages:
  ToastySnackbar: /Users/admin/builder/spi-builder-workspace
ComputePackagePrebuildTargetDependencyGraph
Prepare packages
CreateBuildRequest
SendProjectDescription
CreateBuildOperation
ComputeTargetDependencyGraph
note: Building targets in dependency order
note: Target dependency graph (3 targets)
    Target 'ToastySnackbar' in project 'ToastySnackbar'
        ➜ Explicit dependency on target 'ToastySnackbar' in project 'ToastySnackbar'
        ➜ Explicit dependency on target 'ToastySnackbar_ToastySnackbar' in project 'ToastySnackbar'
    Target 'ToastySnackbar' in project 'ToastySnackbar'
        ➜ Explicit dependency on target 'ToastySnackbar_ToastySnackbar' in project 'ToastySnackbar'
    Target 'ToastySnackbar_ToastySnackbar' in project 'ToastySnackbar' (no dependencies)
GatherProvisioningInputs
CreateBuildDescription
ExecuteExternalTool /Applications/Xcode-16.3.0.app/Contents/Developer/Toolchains/XcodeDefault.xctoolchain/usr/bin/clang -v -E -dM -isysroot /Applications/Xcode-16.3.0.app/Contents/Developer/Platforms/WatchOS.platform/Developer/SDKs/WatchOS11.4.sdk -x c -c /dev/null
ExecuteExternalTool /Applications/Xcode-16.3.0.app/Contents/Developer/Toolchains/XcodeDefault.xctoolchain/usr/bin/swiftc --version
ExecuteExternalTool /Applications/Xcode-16.3.0.app/Contents/Developer/Toolchains/XcodeDefault.xctoolchain/usr/bin/ld -version_details
Build description signature: 9724ea41b85891eb0229d33640816cbe
Build description path: /Users/admin/builder/spi-builder-workspace/.derivedData/Build/Intermediates.noindex/XCBuildData/9724ea41b85891eb0229d33640816cbe.xcbuilddata
ClangStatCache /Applications/Xcode-16.3.0.app/Contents/Developer/Toolchains/XcodeDefault.xctoolchain/usr/bin/clang-stat-cache /Applications/Xcode-16.3.0.app/Contents/Developer/Platforms/WatchOS.platform/Developer/SDKs/WatchOS11.4.sdk /Users/admin/builder/spi-builder-workspace/.derivedData/SDKStatCaches.noindex/watchos11.4-22T246-43efb940ff07ba2497b70ec94253f576.sdkstatcache
    cd /Users/admin/builder/spi-builder-workspace/.swiftpm/xcode
    /Applications/Xcode-16.3.0.app/Contents/Developer/Toolchains/XcodeDefault.xctoolchain/usr/bin/clang-stat-cache /Applications/Xcode-16.3.0.app/Contents/Developer/Platforms/WatchOS.platform/Developer/SDKs/WatchOS11.4.sdk -o /Users/admin/builder/spi-builder-workspace/.derivedData/SDKStatCaches.noindex/watchos11.4-22T246-43efb940ff07ba2497b70ec94253f576.sdkstatcache
ProcessInfoPlistFile /Users/admin/builder/spi-builder-workspace/.derivedData/Build/Products/Debug-watchos/ToastySnackbar_ToastySnackbar.bundle/Info.plist /Users/admin/builder/spi-builder-workspace/.derivedData/Build/Intermediates.noindex/ToastySnackbar.build/Debug-watchos/ToastySnackbar_ToastySnackbar.build/empty-ToastySnackbar_ToastySnackbar.plist (in target 'ToastySnackbar_ToastySnackbar' from project 'ToastySnackbar')
    cd /Users/admin/builder/spi-builder-workspace
    builtin-infoPlistUtility /Users/admin/builder/spi-builder-workspace/.derivedData/Build/Intermediates.noindex/ToastySnackbar.build/Debug-watchos/ToastySnackbar_ToastySnackbar.build/empty-ToastySnackbar_ToastySnackbar.plist -producttype com.apple.product-type.bundle -expandbuildsettings -format binary -platform watchos -o /Users/admin/builder/spi-builder-workspace/.derivedData/Build/Products/Debug-watchos/ToastySnackbar_ToastySnackbar.bundle/Info.plist
SwiftDriver ToastySnackbar normal arm64_32 com.apple.xcode.tools.swift.compiler (in target 'ToastySnackbar' from project 'ToastySnackbar')
    cd /Users/admin/builder/spi-builder-workspace/.swiftpm/xcode
    builtin-SwiftDriver -- /Applications/Xcode-16.3.0.app/Contents/Developer/Toolchains/XcodeDefault.xctoolchain/usr/bin/swiftc -module-name ToastySnackbar -Onone -enforce-exclusivity\=checked @/Users/admin/builder/spi-builder-workspace/.derivedData/Build/Intermediates.noindex/ToastySnackbar.build/Debug-watchos/ToastySnackbar.build/Objects-normal/arm64_32/ToastySnackbar.SwiftFileList -DSWIFT_PACKAGE -DDEBUG -DXcode -plugin-path /Applications/Xcode-16.3.0.app/Contents/Developer/Toolchains/XcodeDefault.xctoolchain/usr/lib/swift/host/plugins/testing -enable-experimental-feature DebugDescriptionMacro -sdk /Applications/Xcode-16.3.0.app/Contents/Developer/Platforms/WatchOS.platform/Developer/SDKs/WatchOS11.4.sdk -target arm64_32-apple-watchos6.0 -g -module-cache-path /Users/admin/builder/spi-builder-workspace/.derivedData/ModuleCache.noindex -Xfrontend -serialize-debugging-options -profile-coverage-mapping -profile-generate -enable-testing -index-store-path /Users/admin/builder/spi-builder-workspace/.derivedData/Index.noindex/DataStore -swift-version 5 -I /Users/admin/builder/spi-builder-workspace/.derivedData/Build/Products/Debug-watchos -I /Applications/Xcode-16.3.0.app/Contents/Developer/Platforms/WatchOS.platform/Developer/usr/lib -F /Users/admin/builder/spi-builder-workspace/.derivedData/Build/Products/Debug-watchos -F /Applications/Xcode-16.3.0.app/Contents/Developer/Platforms/WatchOS.platform/Developer/Library/Frameworks -F /Applications/Xcode-16.3.0.app/Contents/Developer/Platforms/WatchOS.platform/Developer/SDKs/WatchOS11.4.sdk/Developer/Library/Frameworks -c -j10 -enable-batch-mode -incremental -Xcc -ivfsstatcache -Xcc /Users/admin/builder/spi-builder-workspace/.derivedData/SDKStatCaches.noindex/watchos11.4-22T246-43efb940ff07ba2497b70ec94253f576.sdkstatcache -output-file-map /Users/admin/builder/spi-builder-workspace/.derivedData/Build/Intermediates.noindex/ToastySnackbar.build/Debug-watchos/ToastySnackbar.build/Objects-normal/arm64_32/ToastySnackbar-OutputFileMap.json -use-frontend-parseable-output -save-temps -no-color-diagnostics -serialize-diagnostics -emit-dependencies -emit-module -emit-module-path /Users/admin/builder/spi-builder-workspace/.derivedData/Build/Intermediates.noindex/ToastySnackbar.build/Debug-watchos/ToastySnackbar.build/Objects-normal/arm64_32/ToastySnackbar.swiftmodule -validate-clang-modules-once -clang-build-session-file /Users/admin/builder/spi-builder-workspace/.derivedData/ModuleCache.noindex/Session.modulevalidation -Xcc -I/Users/admin/builder/spi-builder-workspace/.derivedData/Build/Intermediates.noindex/ToastySnackbar.build/Debug-watchos/ToastySnackbar.build/swift-overrides.hmap -emit-const-values -Xfrontend -const-gather-protocols-file -Xfrontend /Users/admin/builder/spi-builder-workspace/.derivedData/Build/Intermediates.noindex/ToastySnackbar.build/Debug-watchos/ToastySnackbar.build/Objects-normal/arm64_32/ToastySnackbar_const_extract_protocols.json -Xcc -I/Users/admin/builder/spi-builder-workspace/.derivedData/Build/Products/Debug-watchos/include -Xcc -I/Users/admin/builder/spi-builder-workspace/.derivedData/Build/Intermediates.noindex/ToastySnackbar.build/Debug-watchos/ToastySnackbar.build/DerivedSources-normal/arm64_32 -Xcc -I/Users/admin/builder/spi-builder-workspace/.derivedData/Build/Intermediates.noindex/ToastySnackbar.build/Debug-watchos/ToastySnackbar.build/DerivedSources/arm64_32 -Xcc -I/Users/admin/builder/spi-builder-workspace/.derivedData/Build/Intermediates.noindex/ToastySnackbar.build/Debug-watchos/ToastySnackbar.build/DerivedSources -Xcc -DSWIFT_PACKAGE -Xcc -DDEBUG\=1 -emit-objc-header -emit-objc-header-path /Users/admin/builder/spi-builder-workspace/.derivedData/Build/Intermediates.noindex/ToastySnackbar.build/Debug-watchos/ToastySnackbar.build/Objects-normal/arm64_32/ToastySnackbar-Swift.h -working-directory /Users/admin/builder/spi-builder-workspace/.swiftpm/xcode -experimental-emit-module-separately -disable-cmo
SwiftDriver ToastySnackbar normal arm64 com.apple.xcode.tools.swift.compiler (in target 'ToastySnackbar' from project 'ToastySnackbar')
    cd /Users/admin/builder/spi-builder-workspace/.swiftpm/xcode
    builtin-SwiftDriver -- /Applications/Xcode-16.3.0.app/Contents/Developer/Toolchains/XcodeDefault.xctoolchain/usr/bin/swiftc -module-name ToastySnackbar -Onone -enforce-exclusivity\=checked @/Users/admin/builder/spi-builder-workspace/.derivedData/Build/Intermediates.noindex/ToastySnackbar.build/Debug-watchos/ToastySnackbar.build/Objects-normal/arm64/ToastySnackbar.SwiftFileList -DSWIFT_PACKAGE -DDEBUG -DXcode -plugin-path /Applications/Xcode-16.3.0.app/Contents/Developer/Toolchains/XcodeDefault.xctoolchain/usr/lib/swift/host/plugins/testing -enable-experimental-feature DebugDescriptionMacro -sdk /Applications/Xcode-16.3.0.app/Contents/Developer/Platforms/WatchOS.platform/Developer/SDKs/WatchOS11.4.sdk -target arm64-apple-watchos6.0 -g -module-cache-path /Users/admin/builder/spi-builder-workspace/.derivedData/ModuleCache.noindex -Xfrontend -serialize-debugging-options -profile-coverage-mapping -profile-generate -enable-testing -index-store-path /Users/admin/builder/spi-builder-workspace/.derivedData/Index.noindex/DataStore -swift-version 5 -I /Users/admin/builder/spi-builder-workspace/.derivedData/Build/Products/Debug-watchos -I /Applications/Xcode-16.3.0.app/Contents/Developer/Platforms/WatchOS.platform/Developer/usr/lib -F /Users/admin/builder/spi-builder-workspace/.derivedData/Build/Products/Debug-watchos -F /Applications/Xcode-16.3.0.app/Contents/Developer/Platforms/WatchOS.platform/Developer/Library/Frameworks -F /Applications/Xcode-16.3.0.app/Contents/Developer/Platforms/WatchOS.platform/Developer/SDKs/WatchOS11.4.sdk/Developer/Library/Frameworks -c -j10 -enable-batch-mode -incremental -Xcc -ivfsstatcache -Xcc /Users/admin/builder/spi-builder-workspace/.derivedData/SDKStatCaches.noindex/watchos11.4-22T246-43efb940ff07ba2497b70ec94253f576.sdkstatcache -output-file-map /Users/admin/builder/spi-builder-workspace/.derivedData/Build/Intermediates.noindex/ToastySnackbar.build/Debug-watchos/ToastySnackbar.build/Objects-normal/arm64/ToastySnackbar-OutputFileMap.json -use-frontend-parseable-output -save-temps -no-color-diagnostics -serialize-diagnostics -emit-dependencies -emit-module -emit-module-path /Users/admin/builder/spi-builder-workspace/.derivedData/Build/Intermediates.noindex/ToastySnackbar.build/Debug-watchos/ToastySnackbar.build/Objects-normal/arm64/ToastySnackbar.swiftmodule -validate-clang-modules-once -clang-build-session-file /Users/admin/builder/spi-builder-workspace/.derivedData/ModuleCache.noindex/Session.modulevalidation -Xcc -I/Users/admin/builder/spi-builder-workspace/.derivedData/Build/Intermediates.noindex/ToastySnackbar.build/Debug-watchos/ToastySnackbar.build/swift-overrides.hmap -emit-const-values -Xfrontend -const-gather-protocols-file -Xfrontend /Users/admin/builder/spi-builder-workspace/.derivedData/Build/Intermediates.noindex/ToastySnackbar.build/Debug-watchos/ToastySnackbar.build/Objects-normal/arm64/ToastySnackbar_const_extract_protocols.json -Xcc -I/Users/admin/builder/spi-builder-workspace/.derivedData/Build/Products/Debug-watchos/include -Xcc -I/Users/admin/builder/spi-builder-workspace/.derivedData/Build/Intermediates.noindex/ToastySnackbar.build/Debug-watchos/ToastySnackbar.build/DerivedSources-normal/arm64 -Xcc -I/Users/admin/builder/spi-builder-workspace/.derivedData/Build/Intermediates.noindex/ToastySnackbar.build/Debug-watchos/ToastySnackbar.build/DerivedSources/arm64 -Xcc -I/Users/admin/builder/spi-builder-workspace/.derivedData/Build/Intermediates.noindex/ToastySnackbar.build/Debug-watchos/ToastySnackbar.build/DerivedSources -Xcc -DSWIFT_PACKAGE -Xcc -DDEBUG\=1 -emit-objc-header -emit-objc-header-path /Users/admin/builder/spi-builder-workspace/.derivedData/Build/Intermediates.noindex/ToastySnackbar.build/Debug-watchos/ToastySnackbar.build/Objects-normal/arm64/ToastySnackbar-Swift.h -working-directory /Users/admin/builder/spi-builder-workspace/.swiftpm/xcode -experimental-emit-module-separately -disable-cmo
SwiftDriver ToastySnackbar normal armv7k com.apple.xcode.tools.swift.compiler (in target 'ToastySnackbar' from project 'ToastySnackbar')
    cd /Users/admin/builder/spi-builder-workspace/.swiftpm/xcode
    builtin-SwiftDriver -- /Applications/Xcode-16.3.0.app/Contents/Developer/Toolchains/XcodeDefault.xctoolchain/usr/bin/swiftc -module-name ToastySnackbar -Onone -enforce-exclusivity\=checked @/Users/admin/builder/spi-builder-workspace/.derivedData/Build/Intermediates.noindex/ToastySnackbar.build/Debug-watchos/ToastySnackbar.build/Objects-normal/armv7k/ToastySnackbar.SwiftFileList -DSWIFT_PACKAGE -DDEBUG -DXcode -plugin-path /Applications/Xcode-16.3.0.app/Contents/Developer/Toolchains/XcodeDefault.xctoolchain/usr/lib/swift/host/plugins/testing -enable-experimental-feature DebugDescriptionMacro -sdk /Applications/Xcode-16.3.0.app/Contents/Developer/Platforms/WatchOS.platform/Developer/SDKs/WatchOS11.4.sdk -target armv7k-apple-watchos6.0 -g -module-cache-path /Users/admin/builder/spi-builder-workspace/.derivedData/ModuleCache.noindex -Xfrontend -serialize-debugging-options -profile-coverage-mapping -profile-generate -enable-testing -index-store-path /Users/admin/builder/spi-builder-workspace/.derivedData/Index.noindex/DataStore -swift-version 5 -I /Users/admin/builder/spi-builder-workspace/.derivedData/Build/Products/Debug-watchos -I /Applications/Xcode-16.3.0.app/Contents/Developer/Platforms/WatchOS.platform/Developer/usr/lib -F /Users/admin/builder/spi-builder-workspace/.derivedData/Build/Products/Debug-watchos -F /Applications/Xcode-16.3.0.app/Contents/Developer/Platforms/WatchOS.platform/Developer/Library/Frameworks -F /Applications/Xcode-16.3.0.app/Contents/Developer/Platforms/WatchOS.platform/Developer/SDKs/WatchOS11.4.sdk/Developer/Library/Frameworks -c -j10 -enable-batch-mode -incremental -Xcc -ivfsstatcache -Xcc /Users/admin/builder/spi-builder-workspace/.derivedData/SDKStatCaches.noindex/watchos11.4-22T246-43efb940ff07ba2497b70ec94253f576.sdkstatcache -output-file-map /Users/admin/builder/spi-builder-workspace/.derivedData/Build/Intermediates.noindex/ToastySnackbar.build/Debug-watchos/ToastySnackbar.build/Objects-normal/armv7k/ToastySnackbar-OutputFileMap.json -use-frontend-parseable-output -save-temps -no-color-diagnostics -serialize-diagnostics -emit-dependencies -emit-module -emit-module-path /Users/admin/builder/spi-builder-workspace/.derivedData/Build/Intermediates.noindex/ToastySnackbar.build/Debug-watchos/ToastySnackbar.build/Objects-normal/armv7k/ToastySnackbar.swiftmodule -validate-clang-modules-once -clang-build-session-file /Users/admin/builder/spi-builder-workspace/.derivedData/ModuleCache.noindex/Session.modulevalidation -Xcc -I/Users/admin/builder/spi-builder-workspace/.derivedData/Build/Intermediates.noindex/ToastySnackbar.build/Debug-watchos/ToastySnackbar.build/swift-overrides.hmap -emit-const-values -Xfrontend -const-gather-protocols-file -Xfrontend /Users/admin/builder/spi-builder-workspace/.derivedData/Build/Intermediates.noindex/ToastySnackbar.build/Debug-watchos/ToastySnackbar.build/Objects-normal/armv7k/ToastySnackbar_const_extract_protocols.json -Xcc -I/Users/admin/builder/spi-builder-workspace/.derivedData/Build/Products/Debug-watchos/include -Xcc -I/Users/admin/builder/spi-builder-workspace/.derivedData/Build/Intermediates.noindex/ToastySnackbar.build/Debug-watchos/ToastySnackbar.build/DerivedSources-normal/armv7k -Xcc -I/Users/admin/builder/spi-builder-workspace/.derivedData/Build/Intermediates.noindex/ToastySnackbar.build/Debug-watchos/ToastySnackbar.build/DerivedSources/armv7k -Xcc -I/Users/admin/builder/spi-builder-workspace/.derivedData/Build/Intermediates.noindex/ToastySnackbar.build/Debug-watchos/ToastySnackbar.build/DerivedSources -Xcc -DSWIFT_PACKAGE -Xcc -DDEBUG\=1 -emit-objc-header -emit-objc-header-path /Users/admin/builder/spi-builder-workspace/.derivedData/Build/Intermediates.noindex/ToastySnackbar.build/Debug-watchos/ToastySnackbar.build/Objects-normal/armv7k/ToastySnackbar-Swift.h -working-directory /Users/admin/builder/spi-builder-workspace/.swiftpm/xcode -experimental-emit-module-separately -disable-cmo
SwiftCompile normal arm64 Compiling\ ToastyDuration.swift,\ ToastyIcon.swift /Users/admin/builder/spi-builder-workspace/Sources/ToastySnackbar/ToastyDuration.swift /Users/admin/builder/spi-builder-workspace/Sources/ToastySnackbar/ToastyIcon.swift (in target 'ToastySnackbar' from project 'ToastySnackbar')
SwiftCompile normal arm64 /Users/admin/builder/spi-builder-workspace/Sources/ToastySnackbar/ToastyDuration.swift (in target 'ToastySnackbar' from project 'ToastySnackbar')
    cd /Users/admin/builder/spi-builder-workspace/.swiftpm/xcode

SwiftCompile normal arm64 /Users/admin/builder/spi-builder-workspace/Sources/ToastySnackbar/ToastyIcon.swift (in target 'ToastySnackbar' from project 'ToastySnackbar')
    cd /Users/admin/builder/spi-builder-workspace/.swiftpm/xcode

SwiftEmitModule normal arm64_32 Emitting\ module\ for\ ToastySnackbar (in target 'ToastySnackbar' from project 'ToastySnackbar')
Failed frontend command:
/Applications/Xcode-16.3.0.app/Contents/Developer/Toolchains/XcodeDefault.xctoolchain/usr/bin/swift-frontend -frontend -emit-module -experimental-skip-non-inlinable-function-bodies-without-types /Users/admin/builder/spi-builder-workspace/.derivedData/Build/Intermediates.noindex/ToastySnackbar.build/Debug-watchos/ToastySnackbar.build/DerivedSources/resource_bundle_accessor.swift /Users/admin/builder/spi-builder-workspace/Sources/ToastySnackbar/ToastyConfiguration.swift /Users/admin/builder/spi-builder-workspace/Sources/ToastySnackbar/ToastyDuration.swift /Users/admin/builder/spi-builder-workspace/Sources/ToastySnackbar/ToastyIcon.swift /Users/admin/builder/spi-builder-workspace/Sources/ToastySnackbar/ToastyKind.swift /Users/admin/builder/spi-builder-workspace/Sources/ToastySnackbar/ToastyPosition.swift /Users/admin/builder/spi-builder-workspace/Sources/ToastySnackbar/ToastyPresenter.swift /Users/admin/builder/spi-builder-workspace/Sources/ToastySnackbar/ToastySnackbar.swift /Users/admin/builder/spi-builder-workspace/Sources/ToastySnackbar/ToastySnackbarCenter.swift /Users/admin/builder/spi-builder-workspace/Sources/ToastySnackbar/ToastySnackbarView.swift /Users/admin/builder/spi-builder-workspace/Sources/ToastySnackbar/ToastyStyle.swift /Users/admin/builder/spi-builder-workspace/Sources/ToastySnackbar/ToastyToast.swift -target arm64_32-apple-watchos6.0 -enable-objc-interop -sdk /Applications/Xcode-16.3.0.app/Contents/Developer/Platforms/WatchOS.platform/Developer/SDKs/WatchOS11.4.sdk -I /Users/admin/builder/spi-builder-workspace/.derivedData/Build/Products/Debug-watchos -I /Applications/Xcode-16.3.0.app/Contents/Developer/Platforms/WatchOS.platform/Developer/usr/lib -F /Users/admin/builder/spi-builder-workspace/.derivedData/Build/Products/Debug-watchos -F /Applications/Xcode-16.3.0.app/Contents/Developer/Platforms/WatchOS.platform/Developer/Library/Frameworks -F /Applications/Xcode-16.3.0.app/Contents/Developer/Platforms/WatchOS.platform/Developer/SDKs/WatchOS11.4.sdk/Developer/Library/Frameworks -no-color-diagnostics -enable-testing -g -debug-info-format\=dwarf -dwarf-version\=4 -module-cache-path /Users/admin/builder/spi-builder-workspace/.derivedData/ModuleCache.noindex -profile-generate -profile-coverage-mapping -swift-version 5 -enforce-exclusivity\=checked -Onone -D SWIFT_PACKAGE -D DEBUG -D Xcode -serialize-debugging-options -const-gather-protocols-file /Users/admin/builder/spi-builder-workspace/.derivedData/Build/Intermediates.noindex/ToastySnackbar.build/Debug-watchos/ToastySnackbar.build/Objects-normal/arm64_32/ToastySnackbar_const_extract_protocols.json -enable-experimental-feature DebugDescriptionMacro -empty-abi-descriptor -plugin-path /Applications/Xcode-16.3.0.app/Contents/Developer/Toolchains/XcodeDefault.xctoolchain/usr/lib/swift/host/plugins/testing -validate-clang-modules-once -clang-build-session-file /Users/admin/builder/spi-builder-workspace/.derivedData/ModuleCache.noindex/Session.modulevalidation -Xcc -working-directory -Xcc /Users/admin/builder/spi-builder-workspace/.swiftpm/xcode -resource-dir /Applications/Xcode-16.3.0.app/Contents/Developer/Toolchains/XcodeDefault.xctoolchain/usr/lib/swift -enable-anonymous-context-mangled-names -file-compilation-dir /Users/admin/builder/spi-builder-workspace/.swiftpm/xcode -Xcc -ivfsstatcache -Xcc /Users/admin/builder/spi-builder-workspace/.derivedData/SDKStatCaches.noindex/watchos11.4-22T246-43efb940ff07ba2497b70ec94253f576.sdkstatcache -Xcc -I/Users/admin/builder/spi-builder-workspace/.derivedData/Build/Intermediates.noindex/ToastySnackbar.build/Debug-watchos/ToastySnackbar.build/swift-overrides.hmap -Xcc -I/Users/admin/builder/spi-builder-workspace/.derivedData/Build/Products/Debug-watchos/include -Xcc -I/Users/admin/builder/spi-builder-workspace/.derivedData/Build/Intermediates.noindex/ToastySnackbar.build/Debug-watchos/ToastySnackbar.build/DerivedSources-normal/arm64_32 -Xcc -I/Users/admin/builder/spi-builder-workspace/.derivedData/Build/Intermediates.noindex/ToastySnackbar.build/Debug-watchos/ToastySnackbar.build/DerivedSources/arm64_32 -Xcc -I/Users/admin/builder/spi-builder-workspace/.derivedData/Build/Intermediates.noindex/ToastySnackbar.build/Debug-watchos/ToastySnackbar.build/DerivedSources -Xcc -DSWIFT_PACKAGE -Xcc -DDEBUG\=1 -module-name ToastySnackbar -frontend-parseable-output -disable-clang-spi -target-sdk-version 11.4 -target-sdk-name watchos11.4 -external-plugin-path /Applications/Xcode-16.3.0.app/Contents/Developer/Platforms/WatchOS.platform/Developer/usr/lib/swift/host/plugins\#/Applications/Xcode-16.3.0.app/Contents/Developer/Platforms/WatchOS.platform/Developer/usr/bin/swift-plugin-server -external-plugin-path /Applications/Xcode-16.3.0.app/Contents/Developer/Platforms/WatchOS.platform/Developer/usr/local/lib/swift/host/plugins\#/Applications/Xcode-16.3.0.app/Contents/Developer/Platforms/WatchOS.platform/Developer/usr/bin/swift-plugin-server -in-process-plugin-server-path /Applications/Xcode-16.3.0.app/Contents/Developer/Toolchains/XcodeDefault.xctoolchain/usr/lib/swift/host/libSwiftInProcPluginServer.dylib -plugin-path /Applications/Xcode-16.3.0.app/Contents/Developer/Toolchains/XcodeDefault.xctoolchain/usr/lib/swift/host/plugins -plugin-path /Applications/Xcode-16.3.0.app/Contents/Developer/Toolchains/XcodeDefault.xctoolchain/usr/local/lib/swift/host/plugins -emit-module-doc-path /Users/admin/builder/spi-builder-workspace/.derivedData/Build/Intermediates.noindex/ToastySnackbar.build/Debug-watchos/ToastySnackbar.build/Objects-normal/arm64_32/ToastySnackbar.swiftdoc -emit-module-source-info-path /Users/admin/builder/spi-builder-workspace/.derivedData/Build/Intermediates.noindex/ToastySnackbar.build/Debug-watchos/ToastySnackbar.build/Objects-normal/arm64_32/ToastySnackbar.swiftsourceinfo -emit-objc-header-path /Users/admin/builder/spi-builder-workspace/.derivedData/Build/Intermediates.noindex/ToastySnackbar.build/Debug-watchos/ToastySnackbar.build/Objects-normal/arm64_32/ToastySnackbar-Swift.h -serialize-diagnostics-path /Users/admin/builder/spi-builder-workspace/.derivedData/Build/Intermediates.noindex/ToastySnackbar.build/Debug-watchos/ToastySnackbar.build/Objects-normal/arm64_32/ToastySnackbar-master-emit-module.dia -emit-dependencies-path /Users/admin/builder/spi-builder-workspace/.derivedData/Build/Intermediates.noindex/ToastySnackbar.build/Debug-watchos/ToastySnackbar.build/Objects-normal/arm64_32/ToastySnackbar-master-emit-module.d -o /Users/admin/builder/spi-builder-workspace/.derivedData/Build/Intermediates.noindex/ToastySnackbar.build/Debug-watchos/ToastySnackbar.build/Objects-normal/arm64_32/ToastySnackbar.swiftmodule -emit-abi-descriptor-path /Users/admin/builder/spi-builder-workspace/.derivedData/Build/Intermediates.noindex/ToastySnackbar.build/Debug-watchos/ToastySnackbar.build/Objects-normal/arm64_32/ToastySnackbar.abi.json
EmitSwiftModule normal arm64_32 (in target 'ToastySnackbar' from project 'ToastySnackbar')
    cd /Users/admin/builder/spi-builder-workspace/.swiftpm/xcode

/Users/admin/builder/spi-builder-workspace/Sources/ToastySnackbar/ToastyStyle.swift:55:26: error: cannot find type 'UIBlurEffect' in scope
        blurEffectStyle: UIBlurEffect.Style? = nil
                         ^~~~~~~~~~~~
/Users/admin/builder/spi-builder-workspace/Sources/ToastySnackbar/ToastyStyle.swift:77:27: error: cannot infer contextual base in reference to member 'systemGray'
        backgroundColor: .systemGray,
                         ~^~~~~~~~~~
/Users/admin/builder/spi-builder-workspace/Sources/ToastySnackbar/ToastyStyle.swift:75:60: error: cannot infer contextual base in reference to member 'systemBlue'
    public static let info = ToastyStyle(backgroundColor: .systemBlue)
                                                          ~^~~~~~~~~~
/Users/admin/builder/spi-builder-workspace/Sources/ToastySnackbar/ToastyStyle.swift:74:63: error: cannot infer contextual base in reference to member 'systemOrange'
    public static let warning = ToastyStyle(backgroundColor: .systemOrange)
                                                             ~^~~~~~~~~~~~
/Users/admin/builder/spi-builder-workspace/Sources/ToastySnackbar/ToastyStyle.swift:73:61: error: cannot infer contextual base in reference to member 'systemRed'
    public static let error = ToastyStyle(backgroundColor: .systemRed)
                                                           ~^~~~~~~~~
/Users/admin/builder/spi-builder-workspace/Sources/ToastySnackbar/ToastyStyle.swift:72:63: error: cannot infer contextual base in reference to member 'systemGreen'
    public static let success = ToastyStyle(backgroundColor: .systemGreen)
                                                             ~^~~~~~~~~~~
/Users/admin/builder/spi-builder-workspace/Sources/ToastySnackbar/ToastyPresenter.swift:28:33: error: cannot find type 'UIView' in scope
    var toastyPresentationView: UIView? { get }
                                ^~~~~~
/Applications/Xcode-16.3.0.app/Contents/Developer/Platforms/WatchOS.platform/Developer/SDKs/WatchOS11.4.sdk/System/Library/Frameworks/UIKit.framework/Headers/NSTextAttachment.h:23:1: note: interface 'UIView' forward declared here
@class UIView;
^
/Users/admin/builder/spi-builder-workspace/Sources/ToastySnackbar/ToastyPresenter.swift:31:11: error: cannot find type 'UIView' in scope
extension UIView: ToastyPresenter {
          ^~~~~~
/Applications/Xcode-16.3.0.app/Contents/Developer/Platforms/WatchOS.platform/Developer/SDKs/WatchOS11.4.sdk/System/Library/Frameworks/UIKit.framework/Headers/NSTextAttachment.h:23:1: note: interface 'UIView' forward declared here
@class UIView;
^
/Users/admin/builder/spi-builder-workspace/Sources/ToastySnackbar/ToastyPresenter.swift:35:11: error: cannot find type 'UIViewController' in scope
extension UIViewController: ToastyPresenter {
          ^~~~~~~~~~~~~~~~
/Users/admin/builder/spi-builder-workspace/Sources/ToastySnackbar/ToastySnackbarCenter.swift:195:71: error: cannot find type 'UIView' in scope
    private func applyLayout(for toasts: [ToastyToast], in container: UIView, position: ToastyPosition) {
                                                                      ^~~~~~
/Applications/Xcode-16.3.0.app/Contents/Developer/Platforms/WatchOS.platform/Developer/SDKs/WatchOS11.4.sdk/System/Library/Frameworks/UIKit.framework/Headers/NSTextAttachment.h:23:1: note: interface 'UIView' forward declared here
@class UIView;
^
/Users/admin/builder/spi-builder-workspace/Sources/ToastySnackbar/ToastySnackbarCenter.swift:235:48: error: cannot find type 'UIView' in scope
    private func setVerticalConstraint(_ view: UIView, relation: VerticalRelation, constant: CGFloat, in container: UIView) {
                                               ^~~~~~
/Applications/Xcode-16.3.0.app/Contents/Developer/Platforms/WatchOS.platform/Developer/SDKs/WatchOS11.4.sdk/System/Library/Frameworks/UIKit.framework/Headers/NSTextAttachment.h:23:1: note: interface 'UIView' forward declared here
@class UIView;
^
/Users/admin/builder/spi-builder-workspace/Sources/ToastySnackbar/ToastySnackbarCenter.swift:235:117: error: cannot find type 'UIView' in scope
    private func setVerticalConstraint(_ view: UIView, relation: VerticalRelation, constant: CGFloat, in container: UIView) {
                                                                                                                    ^~~~~~
/Applications/Xcode-16.3.0.app/Contents/Developer/Platforms/WatchOS.platform/Developer/SDKs/WatchOS11.4.sdk/System/Library/Frameworks/UIKit.framework/Headers/NSTextAttachment.h:23:1: note: interface 'UIView' forward declared here
@class UIView;
^
/Users/admin/builder/spi-builder-workspace/Sources/ToastySnackbar/ToastySnackbarCenter.swift:255:56: error: cannot find type 'NSLayoutDimension' in scope
    private func widthAnchor(for container: UIView) -> NSLayoutDimension {
                                                       ^~~~~~~~~~~~~~~~~
/Users/admin/builder/spi-builder-workspace/Sources/ToastySnackbar/ToastySnackbarCenter.swift:255:45: error: cannot find type 'UIView' in scope
    private func widthAnchor(for container: UIView) -> NSLayoutDimension {
                                            ^~~~~~
/Applications/Xcode-16.3.0.app/Contents/Developer/Platforms/WatchOS.platform/Developer/SDKs/WatchOS11.4.sdk/System/Library/Frameworks/UIKit.framework/Headers/NSTextAttachment.h:23:1: note: interface 'UIView' forward declared here
@class UIView;
^
/Users/admin/builder/spi-builder-workspace/Sources/ToastySnackbar/ToastySnackbarCenter.swift:259:58: error: cannot find type 'NSLayoutXAxisAnchor' in scope
    private func leadingAnchor(for container: UIView) -> NSLayoutXAxisAnchor {
                                                         ^~~~~~~~~~~~~~~~~~~
/Users/admin/builder/spi-builder-workspace/Sources/ToastySnackbar/ToastySnackbarCenter.swift:259:47: error: cannot find type 'UIView' in scope
    private func leadingAnchor(for container: UIView) -> NSLayoutXAxisAnchor {
                                              ^~~~~~
/Applications/Xcode-16.3.0.app/Contents/Developer/Platforms/WatchOS.platform/Developer/SDKs/WatchOS11.4.sdk/System/Library/Frameworks/UIKit.framework/Headers/NSTextAttachment.h:23:1: note: interface 'UIView' forward declared here
@class UIView;
^
/Users/admin/builder/spi-builder-workspace/Sources/ToastySnackbar/ToastySnackbarCenter.swift:263:59: error: cannot find type 'NSLayoutXAxisAnchor' in scope
    private func trailingAnchor(for container: UIView) -> NSLayoutXAxisAnchor {
                                                          ^~~~~~~~~~~~~~~~~~~
/Users/admin/builder/spi-builder-workspace/Sources/ToastySnackbar/ToastySnackbarCenter.swift:263:48: error: cannot find type 'UIView' in scope
    private func trailingAnchor(for container: UIView) -> NSLayoutXAxisAnchor {
                                               ^~~~~~
/Applications/Xcode-16.3.0.app/Contents/Developer/Platforms/WatchOS.platform/Developer/SDKs/WatchOS11.4.sdk/System/Library/Frameworks/UIKit.framework/Headers/NSTextAttachment.h:23:1: note: interface 'UIView' forward declared here
@class UIView;
^
/Users/admin/builder/spi-builder-workspace/Sources/ToastySnackbar/ToastySnackbarCenter.swift:267:58: error: cannot find type 'NSLayoutXAxisAnchor' in scope
    private func centerXAnchor(for container: UIView) -> NSLayoutXAxisAnchor {
                                                         ^~~~~~~~~~~~~~~~~~~
/Users/admin/builder/spi-builder-workspace/Sources/ToastySnackbar/ToastySnackbarCenter.swift:267:47: error: cannot find type 'UIView' in scope
    private func centerXAnchor(for container: UIView) -> NSLayoutXAxisAnchor {
                                              ^~~~~~
/Applications/Xcode-16.3.0.app/Contents/Developer/Platforms/WatchOS.platform/Developer/SDKs/WatchOS11.4.sdk/System/Library/Frameworks/UIKit.framework/Headers/NSTextAttachment.h:23:1: note: interface 'UIView' forward declared here
@class UIView;
^
/Users/admin/builder/spi-builder-workspace/Sources/ToastySnackbar/ToastySnackbarCenter.swift:271:54: error: cannot find type 'NSLayoutYAxisAnchor' in scope
    private func topAnchor(for container: UIView) -> NSLayoutYAxisAnchor {
                                                     ^~~~~~~~~~~~~~~~~~~
/Users/admin/builder/spi-builder-workspace/Sources/ToastySnackbar/ToastySnackbarCenter.swift:271:43: error: cannot find type 'UIView' in scope
    private func topAnchor(for container: UIView) -> NSLayoutYAxisAnchor {
                                          ^~~~~~
/Applications/Xcode-16.3.0.app/Contents/Developer/Platforms/WatchOS.platform/Developer/SDKs/WatchOS11.4.sdk/System/Library/Frameworks/UIKit.framework/Headers/NSTextAttachment.h:23:1: note: interface 'UIView' forward declared here
@class UIView;
^
/Users/admin/builder/spi-builder-workspace/Sources/ToastySnackbar/ToastySnackbarCenter.swift:275:58: error: cannot find type 'NSLayoutYAxisAnchor' in scope
    private func centerYAnchor(for container: UIView) -> NSLayoutYAxisAnchor {
                                                         ^~~~~~~~~~~~~~~~~~~
/Users/admin/builder/spi-builder-workspace/Sources/ToastySnackbar/ToastySnackbarCenter.swift:275:47: error: cannot find type 'UIView' in scope
    private func centerYAnchor(for container: UIView) -> NSLayoutYAxisAnchor {
                                              ^~~~~~
/Applications/Xcode-16.3.0.app/Contents/Developer/Platforms/WatchOS.platform/Developer/SDKs/WatchOS11.4.sdk/System/Library/Frameworks/UIKit.framework/Headers/NSTextAttachment.h:23:1: note: interface 'UIView' forward declared here
@class UIView;
^
/Users/admin/builder/spi-builder-workspace/Sources/ToastySnackbar/ToastySnackbarCenter.swift:279:57: error: cannot find type 'NSLayoutYAxisAnchor' in scope
    private func bottomAnchor(for container: UIView) -> NSLayoutYAxisAnchor {
                                                        ^~~~~~~~~~~~~~~~~~~
/Users/admin/builder/spi-builder-workspace/Sources/ToastySnackbar/ToastySnackbarCenter.swift:279:46: error: cannot find type 'UIView' in scope
    private func bottomAnchor(for container: UIView) -> NSLayoutYAxisAnchor {
                                             ^~~~~~
/Applications/Xcode-16.3.0.app/Contents/Developer/Platforms/WatchOS.platform/Developer/SDKs/WatchOS11.4.sdk/System/Library/Frameworks/UIKit.framework/Headers/NSTextAttachment.h:23:1: note: interface 'UIView' forward declared here
@class UIView;
^
/Users/admin/builder/spi-builder-workspace/Sources/ToastySnackbar/ToastySnackbarCenter.swift:299:71: error: cannot find type 'UIView' in scope
    private func entranceOffset(for toast: ToastyToast, in container: UIView) -> CGFloat {
                                                                      ^~~~~~
/Applications/Xcode-16.3.0.app/Contents/Developer/Platforms/WatchOS.platform/Developer/SDKs/WatchOS11.4.sdk/System/Library/Frameworks/UIKit.framework/Headers/NSTextAttachment.h:23:1: note: interface 'UIView' forward declared here
@class UIView;
^
/Users/admin/builder/spi-builder-workspace/Sources/ToastySnackbar/ToastySnackbarCenter.swift:321:48: error: cannot find type 'UITapGestureRecognizer' in scope
    @objc private func handleTap(_ recognizer: UITapGestureRecognizer) {
                                               ^~~~~~~~~~~~~~~~~~~~~~
/Users/admin/builder/spi-builder-workspace/Sources/ToastySnackbar/ToastySnackbarView.swift:27:33: error: cannot find type 'UIView' in scope
final class ToastySnackbarView: UIView {
                                ^~~~~~
/Applications/Xcode-16.3.0.app/Contents/Developer/Platforms/WatchOS.platform/Developer/SDKs/WatchOS11.4.sdk/System/Library/Frameworks/UIKit.framework/Headers/NSTextAttachment.h:23:1: note: interface 'UIView' forward declared here
@class UIView;
^
/Users/admin/builder/spi-builder-workspace/Sources/ToastySnackbar/ToastySnackbarView.swift:29:32: error: cannot find 'UILabel' in scope
    private let messageLabel = UILabel()
                               ^~~~~~~
/Users/admin/builder/spi-builder-workspace/Sources/ToastySnackbar/ToastySnackbarView.swift:30:28: error: cannot find 'UIImageView' in scope
    private let iconView = UIImageView()
                           ^~~~~~~~~~~
/Users/admin/builder/spi-builder-workspace/Sources/ToastySnackbar/ToastySnackbarView.swift:31:27: error: cannot find type 'UIVisualEffectView' in scope
    private var blurView: UIVisualEffectView?
                          ^~~~~~~~~~~~~~~~~~
/Users/admin/builder/spi-builder-workspace/Sources/ToastySnackbar/ToastySnackbarView.swift:43:19: error: method does not override any method from its superclass
    override func layoutSubviews() {
    ~~~~~~~~      ^
/Users/admin/builder/spi-builder-workspace/Sources/ToastySnackbar/ToastyStyle.swift:40:33: error: cannot find type 'UIBlurEffect' in scope
    public var blurEffectStyle: UIBlurEffect.Style?
                                ^~~~~~~~~~~~
/Users/admin/builder/spi-builder-workspace/Sources/ToastySnackbar/ToastyToast.swift:91:27: error: cannot find type 'UIView' in scope
    var presentationView: UIView? {
                          ^~~~~~
/Applications/Xcode-16.3.0.app/Contents/Developer/Platforms/WatchOS.platform/Developer/SDKs/WatchOS11.4.sdk/System/Library/Frameworks/UIKit.framework/Headers/NSTextAttachment.h:23:1: note: interface 'UIView' forward declared here
@class UIView;
^
SwiftEmitModule normal arm64 Emitting\ module\ for\ ToastySnackbar (in target 'ToastySnackbar' from project 'ToastySnackbar')
Failed frontend command:
/Applications/Xcode-16.3.0.app/Contents/Developer/Toolchains/XcodeDefault.xctoolchain/usr/bin/swift-frontend -frontend -emit-module -experimental-skip-non-inlinable-function-bodies-without-types /Users/admin/builder/spi-builder-workspace/.derivedData/Build/Intermediates.noindex/ToastySnackbar.build/Debug-watchos/ToastySnackbar.build/DerivedSources/resource_bundle_accessor.swift /Users/admin/builder/spi-builder-workspace/Sources/ToastySnackbar/ToastyConfiguration.swift /Users/admin/builder/spi-builder-workspace/Sources/ToastySnackbar/ToastyDuration.swift /Users/admin/builder/spi-builder-workspace/Sources/ToastySnackbar/ToastyIcon.swift /Users/admin/builder/spi-builder-workspace/Sources/ToastySnackbar/ToastyKind.swift /Users/admin/builder/spi-builder-workspace/Sources/ToastySnackbar/ToastyPosition.swift /Users/admin/builder/spi-builder-workspace/Sources/ToastySnackbar/ToastyPresenter.swift /Users/admin/builder/spi-builder-workspace/Sources/ToastySnackbar/ToastySnackbar.swift /Users/admin/builder/spi-builder-workspace/Sources/ToastySnackbar/ToastySnackbarCenter.swift /Users/admin/builder/spi-builder-workspace/Sources/ToastySnackbar/ToastySnackbarView.swift /Users/admin/builder/spi-builder-workspace/Sources/ToastySnackbar/ToastyStyle.swift /Users/admin/builder/spi-builder-workspace/Sources/ToastySnackbar/ToastyToast.swift -target arm64-apple-watchos6.0 -Xllvm -aarch64-use-tbi -enable-objc-interop -stack-check -sdk /Applications/Xcode-16.3.0.app/Contents/Developer/Platforms/WatchOS.platform/Developer/SDKs/WatchOS11.4.sdk -I /Users/admin/builder/spi-builder-workspace/.derivedData/Build/Products/Debug-watchos -I /Applications/Xcode-16.3.0.app/Contents/Developer/Platforms/WatchOS.platform/Developer/usr/lib -F /Users/admin/builder/spi-builder-workspace/.derivedData/Build/Products/Debug-watchos -F /Applications/Xcode-16.3.0.app/Contents/Developer/Platforms/WatchOS.platform/Developer/Library/Frameworks -F /Applications/Xcode-16.3.0.app/Contents/Developer/Platforms/WatchOS.platform/Developer/SDKs/WatchOS11.4.sdk/Developer/Library/Frameworks -no-color-diagnostics -enable-testing -g -debug-info-format\=dwarf -dwarf-version\=4 -module-cache-path /Users/admin/builder/spi-builder-workspace/.derivedData/ModuleCache.noindex -profile-generate -profile-coverage-mapping -swift-version 5 -enforce-exclusivity\=checked -Onone -D SWIFT_PACKAGE -D DEBUG -D Xcode -serialize-debugging-options -const-gather-protocols-file /Users/admin/builder/spi-builder-workspace/.derivedData/Build/Intermediates.noindex/ToastySnackbar.build/Debug-watchos/ToastySnackbar.build/Objects-normal/arm64/ToastySnackbar_const_extract_protocols.json -enable-experimental-feature DebugDescriptionMacro -empty-abi-descriptor -plugin-path /Applications/Xcode-16.3.0.app/Contents/Developer/Toolchains/XcodeDefault.xctoolchain/usr/lib/swift/host/plugins/testing -validate-clang-modules-once -clang-build-session-file /Users/admin/builder/spi-builder-workspace/.derivedData/ModuleCache.noindex/Session.modulevalidation -Xcc -working-directory -Xcc /Users/admin/builder/spi-builder-workspace/.swiftpm/xcode -resource-dir /Applications/Xcode-16.3.0.app/Contents/Developer/Toolchains/XcodeDefault.xctoolchain/usr/lib/swift -enable-anonymous-context-mangled-names -file-compilation-dir /Users/admin/builder/spi-builder-workspace/.swiftpm/xcode -Xcc -ivfsstatcache -Xcc /Users/admin/builder/spi-builder-workspace/.derivedData/SDKStatCaches.noindex/watchos11.4-22T246-43efb940ff07ba2497b70ec94253f576.sdkstatcache -Xcc -I/Users/admin/builder/spi-builder-workspace/.derivedData/Build/Intermediates.noindex/ToastySnackbar.build/Debug-watchos/ToastySnackbar.build/swift-overrides.hmap -Xcc -I/Users/admin/builder/spi-builder-workspace/.derivedData/Build/Products/Debug-watchos/include -Xcc -I/Users/admin/builder/spi-builder-workspace/.derivedData/Build/Intermediates.noindex/ToastySnackbar.build/Debug-watchos/ToastySnackbar.build/DerivedSources-normal/arm64 -Xcc -I/Users/admin/builder/spi-builder-workspace/.derivedData/Build/Intermediates.noindex/ToastySnackbar.build/Debug-watchos/ToastySnackbar.build/DerivedSources/arm64 -Xcc -I/Users/admin/builder/spi-builder-workspace/.derivedData/Build/Intermediates.noindex/ToastySnackbar.build/Debug-watchos/ToastySnackbar.build/DerivedSources -Xcc -DSWIFT_PACKAGE -Xcc -DDEBUG\=1 -module-name ToastySnackbar -frontend-parseable-output -disable-clang-spi -target-sdk-version 11.4 -target-sdk-name watchos11.4 -external-plugin-path /Applications/Xcode-16.3.0.app/Contents/Developer/Platforms/WatchOS.platform/Developer/usr/lib/swift/host/plugins\#/Applications/Xcode-16.3.0.app/Contents/Developer/Platforms/WatchOS.platform/Developer/usr/bin/swift-plugin-server -external-plugin-path /Applications/Xcode-16.3.0.app/Contents/Developer/Platforms/WatchOS.platform/Developer/usr/local/lib/swift/host/plugins\#/Applications/Xcode-16.3.0.app/Contents/Developer/Platforms/WatchOS.platform/Developer/usr/bin/swift-plugin-server -in-process-plugin-server-path /Applications/Xcode-16.3.0.app/Contents/Developer/Toolchains/XcodeDefault.xctoolchain/usr/lib/swift/host/libSwiftInProcPluginServer.dylib -plugin-path /Applications/Xcode-16.3.0.app/Contents/Developer/Toolchains/XcodeDefault.xctoolchain/usr/lib/swift/host/plugins -plugin-path /Applications/Xcode-16.3.0.app/Contents/Developer/Toolchains/XcodeDefault.xctoolchain/usr/local/lib/swift/host/plugins -emit-module-doc-path /Users/admin/builder/spi-builder-workspace/.derivedData/Build/Intermediates.noindex/ToastySnackbar.build/Debug-watchos/ToastySnackbar.build/Objects-normal/arm64/ToastySnackbar.swiftdoc -emit-module-source-info-path /Users/admin/builder/spi-builder-workspace/.derivedData/Build/Intermediates.noindex/ToastySnackbar.build/Debug-watchos/ToastySnackbar.build/Objects-normal/arm64/ToastySnackbar.swiftsourceinfo -emit-objc-header-path /Users/admin/builder/spi-builder-workspace/.derivedData/Build/Intermediates.noindex/ToastySnackbar.build/Debug-watchos/ToastySnackbar.build/Objects-normal/arm64/ToastySnackbar-Swift.h -serialize-diagnostics-path /Users/admin/builder/spi-builder-workspace/.derivedData/Build/Intermediates.noindex/ToastySnackbar.build/Debug-watchos/ToastySnackbar.build/Objects-normal/arm64/ToastySnackbar-master-emit-module.dia -emit-dependencies-path /Users/admin/builder/spi-builder-workspace/.derivedData/Build/Intermediates.noindex/ToastySnackbar.build/Debug-watchos/ToastySnackbar.build/Objects-normal/arm64/ToastySnackbar-master-emit-module.d -o /Users/admin/builder/spi-builder-workspace/.derivedData/Build/Intermediates.noindex/ToastySnackbar.build/Debug-watchos/ToastySnackbar.build/Objects-normal/arm64/ToastySnackbar.swiftmodule -emit-abi-descriptor-path /Users/admin/builder/spi-builder-workspace/.derivedData/Build/Intermediates.noindex/ToastySnackbar.build/Debug-watchos/ToastySnackbar.build/Objects-normal/arm64/ToastySnackbar.abi.json
EmitSwiftModule normal arm64 (in target 'ToastySnackbar' from project 'ToastySnackbar')
    cd /Users/admin/builder/spi-builder-workspace/.swiftpm/xcode

/Users/admin/builder/spi-builder-workspace/Sources/ToastySnackbar/ToastyStyle.swift:55:26: error: cannot find type 'UIBlurEffect' in scope
        blurEffectStyle: UIBlurEffect.Style? = nil
                         ^~~~~~~~~~~~
/Users/admin/builder/spi-builder-workspace/Sources/ToastySnackbar/ToastyStyle.swift:77:27: error: cannot infer contextual base in reference to member 'systemGray'
        backgroundColor: .systemGray,
                         ~^~~~~~~~~~
/Users/admin/builder/spi-builder-workspace/Sources/ToastySnackbar/ToastyStyle.swift:75:60: error: cannot infer contextual base in reference to member 'systemBlue'
    public static let info = ToastyStyle(backgroundColor: .systemBlue)
                                                          ~^~~~~~~~~~
/Users/admin/builder/spi-builder-workspace/Sources/ToastySnackbar/ToastyStyle.swift:74:63: error: cannot infer contextual base in reference to member 'systemOrange'
    public static let warning = ToastyStyle(backgroundColor: .systemOrange)
                                                             ~^~~~~~~~~~~~
/Users/admin/builder/spi-builder-workspace/Sources/ToastySnackbar/ToastyStyle.swift:73:61: error: cannot infer contextual base in reference to member 'systemRed'
    public static let error = ToastyStyle(backgroundColor: .systemRed)
                                                           ~^~~~~~~~~
/Users/admin/builder/spi-builder-workspace/Sources/ToastySnackbar/ToastyStyle.swift:72:63: error: cannot infer contextual base in reference to member 'systemGreen'
    public static let success = ToastyStyle(backgroundColor: .systemGreen)
                                                             ~^~~~~~~~~~~
/Users/admin/builder/spi-builder-workspace/Sources/ToastySnackbar/ToastyPresenter.swift:28:33: error: cannot find type 'UIView' in scope
    var toastyPresentationView: UIView? { get }
                                ^~~~~~
/Applications/Xcode-16.3.0.app/Contents/Developer/Platforms/WatchOS.platform/Developer/SDKs/WatchOS11.4.sdk/System/Library/Frameworks/UIKit.framework/Headers/NSTextAttachment.h:23:1: note: interface 'UIView' forward declared here
@class UIView;
^
/Users/admin/builder/spi-builder-workspace/Sources/ToastySnackbar/ToastyPresenter.swift:31:11: error: cannot find type 'UIView' in scope
extension UIView: ToastyPresenter {
          ^~~~~~
/Applications/Xcode-16.3.0.app/Contents/Developer/Platforms/WatchOS.platform/Developer/SDKs/WatchOS11.4.sdk/System/Library/Frameworks/UIKit.framework/Headers/NSTextAttachment.h:23:1: note: interface 'UIView' forward declared here
@class UIView;
^
/Users/admin/builder/spi-builder-workspace/Sources/ToastySnackbar/ToastyPresenter.swift:35:11: error: cannot find type 'UIViewController' in scope
extension UIViewController: ToastyPresenter {
          ^~~~~~~~~~~~~~~~
/Users/admin/builder/spi-builder-workspace/Sources/ToastySnackbar/ToastySnackbarCenter.swift:195:71: error: cannot find type 'UIView' in scope
    private func applyLayout(for toasts: [ToastyToast], in container: UIView, position: ToastyPosition) {
                                                                      ^~~~~~
/Applications/Xcode-16.3.0.app/Contents/Developer/Platforms/WatchOS.platform/Developer/SDKs/WatchOS11.4.sdk/System/Library/Frameworks/UIKit.framework/Headers/NSTextAttachment.h:23:1: note: interface 'UIView' forward declared here
@class UIView;
^
/Users/admin/builder/spi-builder-workspace/Sources/ToastySnackbar/ToastySnackbarCenter.swift:235:48: error: cannot find type 'UIView' in scope
    private func setVerticalConstraint(_ view: UIView, relation: VerticalRelation, constant: CGFloat, in container: UIView) {
                                               ^~~~~~
/Applications/Xcode-16.3.0.app/Contents/Developer/Platforms/WatchOS.platform/Developer/SDKs/WatchOS11.4.sdk/System/Library/Frameworks/UIKit.framework/Headers/NSTextAttachment.h:23:1: note: interface 'UIView' forward declared here
@class UIView;
^
/Users/admin/builder/spi-builder-workspace/Sources/ToastySnackbar/ToastySnackbarCenter.swift:235:117: error: cannot find type 'UIView' in scope
    private func setVerticalConstraint(_ view: UIView, relation: VerticalRelation, constant: CGFloat, in container: UIView) {
                                                                                                                    ^~~~~~
/Applications/Xcode-16.3.0.app/Contents/Developer/Platforms/WatchOS.platform/Developer/SDKs/WatchOS11.4.sdk/System/Library/Frameworks/UIKit.framework/Headers/NSTextAttachment.h:23:1: note: interface 'UIView' forward declared here
@class UIView;
^
/Users/admin/builder/spi-builder-workspace/Sources/ToastySnackbar/ToastySnackbarCenter.swift:255:56: error: cannot find type 'NSLayoutDimension' in scope
    private func widthAnchor(for container: UIView) -> NSLayoutDimension {
                                                       ^~~~~~~~~~~~~~~~~
/Users/admin/builder/spi-builder-workspace/Sources/ToastySnackbar/ToastySnackbarCenter.swift:255:45: error: cannot find type 'UIView' in scope
    private func widthAnchor(for container: UIView) -> NSLayoutDimension {
                                            ^~~~~~
/Applications/Xcode-16.3.0.app/Contents/Developer/Platforms/WatchOS.platform/Developer/SDKs/WatchOS11.4.sdk/System/Library/Frameworks/UIKit.framework/Headers/NSTextAttachment.h:23:1: note: interface 'UIView' forward declared here
@class UIView;
^
/Users/admin/builder/spi-builder-workspace/Sources/ToastySnackbar/ToastySnackbarCenter.swift:259:58: error: cannot find type 'NSLayoutXAxisAnchor' in scope
    private func leadingAnchor(for container: UIView) -> NSLayoutXAxisAnchor {
                                                         ^~~~~~~~~~~~~~~~~~~
/Users/admin/builder/spi-builder-workspace/Sources/ToastySnackbar/ToastySnackbarCenter.swift:259:47: error: cannot find type 'UIView' in scope
    private func leadingAnchor(for container: UIView) -> NSLayoutXAxisAnchor {
                                              ^~~~~~
/Applications/Xcode-16.3.0.app/Contents/Developer/Platforms/WatchOS.platform/Developer/SDKs/WatchOS11.4.sdk/System/Library/Frameworks/UIKit.framework/Headers/NSTextAttachment.h:23:1: note: interface 'UIView' forward declared here
@class UIView;
^
/Users/admin/builder/spi-builder-workspace/Sources/ToastySnackbar/ToastySnackbarCenter.swift:263:59: error: cannot find type 'NSLayoutXAxisAnchor' in scope
    private func trailingAnchor(for container: UIView) -> NSLayoutXAxisAnchor {
                                                          ^~~~~~~~~~~~~~~~~~~
/Users/admin/builder/spi-builder-workspace/Sources/ToastySnackbar/ToastySnackbarCenter.swift:263:48: error: cannot find type 'UIView' in scope
    private func trailingAnchor(for container: UIView) -> NSLayoutXAxisAnchor {
                                               ^~~~~~
/Applications/Xcode-16.3.0.app/Contents/Developer/Platforms/WatchOS.platform/Developer/SDKs/WatchOS11.4.sdk/System/Library/Frameworks/UIKit.framework/Headers/NSTextAttachment.h:23:1: note: interface 'UIView' forward declared here
@class UIView;
^
/Users/admin/builder/spi-builder-workspace/Sources/ToastySnackbar/ToastySnackbarCenter.swift:267:58: error: cannot find type 'NSLayoutXAxisAnchor' in scope
    private func centerXAnchor(for container: UIView) -> NSLayoutXAxisAnchor {
                                                         ^~~~~~~~~~~~~~~~~~~
/Users/admin/builder/spi-builder-workspace/Sources/ToastySnackbar/ToastySnackbarCenter.swift:267:47: error: cannot find type 'UIView' in scope
    private func centerXAnchor(for container: UIView) -> NSLayoutXAxisAnchor {
                                              ^~~~~~
/Applications/Xcode-16.3.0.app/Contents/Developer/Platforms/WatchOS.platform/Developer/SDKs/WatchOS11.4.sdk/System/Library/Frameworks/UIKit.framework/Headers/NSTextAttachment.h:23:1: note: interface 'UIView' forward declared here
@class UIView;
^
/Users/admin/builder/spi-builder-workspace/Sources/ToastySnackbar/ToastySnackbarCenter.swift:271:54: error: cannot find type 'NSLayoutYAxisAnchor' in scope
    private func topAnchor(for container: UIView) -> NSLayoutYAxisAnchor {
                                                     ^~~~~~~~~~~~~~~~~~~
/Users/admin/builder/spi-builder-workspace/Sources/ToastySnackbar/ToastySnackbarCenter.swift:271:43: error: cannot find type 'UIView' in scope
    private func topAnchor(for container: UIView) -> NSLayoutYAxisAnchor {
                                          ^~~~~~
/Applications/Xcode-16.3.0.app/Contents/Developer/Platforms/WatchOS.platform/Developer/SDKs/WatchOS11.4.sdk/System/Library/Frameworks/UIKit.framework/Headers/NSTextAttachment.h:23:1: note: interface 'UIView' forward declared here
@class UIView;
^
/Users/admin/builder/spi-builder-workspace/Sources/ToastySnackbar/ToastySnackbarCenter.swift:275:58: error: cannot find type 'NSLayoutYAxisAnchor' in scope
    private func centerYAnchor(for container: UIView) -> NSLayoutYAxisAnchor {
                                                         ^~~~~~~~~~~~~~~~~~~
/Users/admin/builder/spi-builder-workspace/Sources/ToastySnackbar/ToastySnackbarCenter.swift:275:47: error: cannot find type 'UIView' in scope
    private func centerYAnchor(for container: UIView) -> NSLayoutYAxisAnchor {
                                              ^~~~~~
/Applications/Xcode-16.3.0.app/Contents/Developer/Platforms/WatchOS.platform/Developer/SDKs/WatchOS11.4.sdk/System/Library/Frameworks/UIKit.framework/Headers/NSTextAttachment.h:23:1: note: interface 'UIView' forward declared here
@class UIView;
^
/Users/admin/builder/spi-builder-workspace/Sources/ToastySnackbar/ToastySnackbarCenter.swift:279:57: error: cannot find type 'NSLayoutYAxisAnchor' in scope
    private func bottomAnchor(for container: UIView) -> NSLayoutYAxisAnchor {
                                                        ^~~~~~~~~~~~~~~~~~~
/Users/admin/builder/spi-builder-workspace/Sources/ToastySnackbar/ToastySnackbarCenter.swift:279:46: error: cannot find type 'UIView' in scope
    private func bottomAnchor(for container: UIView) -> NSLayoutYAxisAnchor {
                                             ^~~~~~
/Applications/Xcode-16.3.0.app/Contents/Developer/Platforms/WatchOS.platform/Developer/SDKs/WatchOS11.4.sdk/System/Library/Frameworks/UIKit.framework/Headers/NSTextAttachment.h:23:1: note: interface 'UIView' forward declared here
@class UIView;
^
/Users/admin/builder/spi-builder-workspace/Sources/ToastySnackbar/ToastySnackbarCenter.swift:299:71: error: cannot find type 'UIView' in scope
    private func entranceOffset(for toast: ToastyToast, in container: UIView) -> CGFloat {
                                                                      ^~~~~~
/Applications/Xcode-16.3.0.app/Contents/Developer/Platforms/WatchOS.platform/Developer/SDKs/WatchOS11.4.sdk/System/Library/Frameworks/UIKit.framework/Headers/NSTextAttachment.h:23:1: note: interface 'UIView' forward declared here
@class UIView;
^
/Users/admin/builder/spi-builder-workspace/Sources/ToastySnackbar/ToastySnackbarCenter.swift:321:48: error: cannot find type 'UITapGestureRecognizer' in scope
    @objc private func handleTap(_ recognizer: UITapGestureRecognizer) {
                                               ^~~~~~~~~~~~~~~~~~~~~~
/Users/admin/builder/spi-builder-workspace/Sources/ToastySnackbar/ToastySnackbarView.swift:27:33: error: cannot find type 'UIView' in scope
final class ToastySnackbarView: UIView {
                                ^~~~~~
/Applications/Xcode-16.3.0.app/Contents/Developer/Platforms/WatchOS.platform/Developer/SDKs/WatchOS11.4.sdk/System/Library/Frameworks/UIKit.framework/Headers/NSTextAttachment.h:23:1: note: interface 'UIView' forward declared here
@class UIView;
^
/Users/admin/builder/spi-builder-workspace/Sources/ToastySnackbar/ToastySnackbarView.swift:29:32: error: cannot find 'UILabel' in scope
    private let messageLabel = UILabel()
                               ^~~~~~~
/Users/admin/builder/spi-builder-workspace/Sources/ToastySnackbar/ToastySnackbarView.swift:30:28: error: cannot find 'UIImageView' in scope
    private let iconView = UIImageView()
                           ^~~~~~~~~~~
/Users/admin/builder/spi-builder-workspace/Sources/ToastySnackbar/ToastySnackbarView.swift:31:27: error: cannot find type 'UIVisualEffectView' in scope
    private var blurView: UIVisualEffectView?
                          ^~~~~~~~~~~~~~~~~~
/Users/admin/builder/spi-builder-workspace/Sources/ToastySnackbar/ToastySnackbarView.swift:43:19: error: method does not override any method from its superclass
    override func layoutSubviews() {
    ~~~~~~~~      ^
/Users/admin/builder/spi-builder-workspace/Sources/ToastySnackbar/ToastyStyle.swift:40:33: error: cannot find type 'UIBlurEffect' in scope
    public var blurEffectStyle: UIBlurEffect.Style?
                                ^~~~~~~~~~~~
/Users/admin/builder/spi-builder-workspace/Sources/ToastySnackbar/ToastyToast.swift:91:27: error: cannot find type 'UIView' in scope
    var presentationView: UIView? {
                          ^~~~~~
/Applications/Xcode-16.3.0.app/Contents/Developer/Platforms/WatchOS.platform/Developer/SDKs/WatchOS11.4.sdk/System/Library/Frameworks/UIKit.framework/Headers/NSTextAttachment.h:23:1: note: interface 'UIView' forward declared here
@class UIView;
^
SwiftCompile normal arm64 Compiling\ resource_bundle_accessor.swift,\ ToastyConfiguration.swift /Users/admin/builder/spi-builder-workspace/.derivedData/Build/Intermediates.noindex/ToastySnackbar.build/Debug-watchos/ToastySnackbar.build/DerivedSources/resource_bundle_accessor.swift /Users/admin/builder/spi-builder-workspace/Sources/ToastySnackbar/ToastyConfiguration.swift (in target 'ToastySnackbar' from project 'ToastySnackbar')
SwiftCompile normal arm64 /Users/admin/builder/spi-builder-workspace/.derivedData/Build/Intermediates.noindex/ToastySnackbar.build/Debug-watchos/ToastySnackbar.build/DerivedSources/resource_bundle_accessor.swift (in target 'ToastySnackbar' from project 'ToastySnackbar')
    cd /Users/admin/builder/spi-builder-workspace/.swiftpm/xcode

SwiftCompile normal arm64 /Users/admin/builder/spi-builder-workspace/Sources/ToastySnackbar/ToastyConfiguration.swift (in target 'ToastySnackbar' from project 'ToastySnackbar')
    cd /Users/admin/builder/spi-builder-workspace/.swiftpm/xcode

SwiftCompile normal armv7k Compiling\ ToastyDuration.swift,\ ToastyIcon.swift /Users/admin/builder/spi-builder-workspace/Sources/ToastySnackbar/ToastyDuration.swift /Users/admin/builder/spi-builder-workspace/Sources/ToastySnackbar/ToastyIcon.swift (in target 'ToastySnackbar' from project 'ToastySnackbar')
SwiftCompile normal armv7k /Users/admin/builder/spi-builder-workspace/Sources/ToastySnackbar/ToastyDuration.swift (in target 'ToastySnackbar' from project 'ToastySnackbar')
    cd /Users/admin/builder/spi-builder-workspace/.swiftpm/xcode

SwiftCompile normal armv7k /Users/admin/builder/spi-builder-workspace/Sources/ToastySnackbar/ToastyIcon.swift (in target 'ToastySnackbar' from project 'ToastySnackbar')
    cd /Users/admin/builder/spi-builder-workspace/.swiftpm/xcode

SwiftCompile normal armv7k Compiling\ ToastySnackbarCenter.swift /Users/admin/builder/spi-builder-workspace/Sources/ToastySnackbar/ToastySnackbarCenter.swift (in target 'ToastySnackbar' from project 'ToastySnackbar')
SwiftCompile normal armv7k /Users/admin/builder/spi-builder-workspace/Sources/ToastySnackbar/ToastySnackbarCenter.swift (in target 'ToastySnackbar' from project 'ToastySnackbar')
    cd /Users/admin/builder/spi-builder-workspace/.swiftpm/xcode

SwiftCompile normal arm64 Compiling\ ToastyPresenter.swift /Users/admin/builder/spi-builder-workspace/Sources/ToastySnackbar/ToastyPresenter.swift (in target 'ToastySnackbar' from project 'ToastySnackbar')
SwiftCompile normal arm64 /Users/admin/builder/spi-builder-workspace/Sources/ToastySnackbar/ToastyPresenter.swift (in target 'ToastySnackbar' from project 'ToastySnackbar')
    cd /Users/admin/builder/spi-builder-workspace/.swiftpm/xcode

SwiftCompile normal arm64 Compiling\ ToastySnackbar.swift /Users/admin/builder/spi-builder-workspace/Sources/ToastySnackbar/ToastySnackbar.swift (in target 'ToastySnackbar' from project 'ToastySnackbar')
SwiftCompile normal arm64 /Users/admin/builder/spi-builder-workspace/Sources/ToastySnackbar/ToastySnackbar.swift (in target 'ToastySnackbar' from project 'ToastySnackbar')
    cd /Users/admin/builder/spi-builder-workspace/.swiftpm/xcode

SwiftEmitModule normal armv7k Emitting\ module\ for\ ToastySnackbar (in target 'ToastySnackbar' from project 'ToastySnackbar')
EmitSwiftModule normal armv7k (in target 'ToastySnackbar' from project 'ToastySnackbar')
    cd /Users/admin/builder/spi-builder-workspace/.swiftpm/xcode

SwiftCompile normal armv7k Compiling\ ToastyPosition.swift /Users/admin/builder/spi-builder-workspace/Sources/ToastySnackbar/ToastyPosition.swift (in target 'ToastySnackbar' from project 'ToastySnackbar')
SwiftCompile normal armv7k /Users/admin/builder/spi-builder-workspace/Sources/ToastySnackbar/ToastyPosition.swift (in target 'ToastySnackbar' from project 'ToastySnackbar')
    cd /Users/admin/builder/spi-builder-workspace/.swiftpm/xcode

SwiftCompile normal arm64 Compiling\ ToastyKind.swift /Users/admin/builder/spi-builder-workspace/Sources/ToastySnackbar/ToastyKind.swift (in target 'ToastySnackbar' from project 'ToastySnackbar')
Command SwiftCompile failed with a nonzero exit code
** BUILD FAILED **
The following build commands failed:
	SwiftEmitModule normal arm64_32 Emitting\ module\ for\ ToastySnackbar (in target 'ToastySnackbar' from project 'ToastySnackbar')
	EmitSwiftModule normal arm64_32 (in target 'ToastySnackbar' from project 'ToastySnackbar')
	SwiftEmitModule normal arm64 Emitting\ module\ for\ ToastySnackbar (in target 'ToastySnackbar' from project 'ToastySnackbar')
	EmitSwiftModule normal arm64 (in target 'ToastySnackbar' from project 'ToastySnackbar')
	SwiftCompile normal arm64 Compiling\ ToastyKind.swift /Users/admin/builder/spi-builder-workspace/Sources/ToastySnackbar/ToastyKind.swift (in target 'ToastySnackbar' from project 'ToastySnackbar')
	Building workspace spi-builder-workspace with scheme ToastySnackbar
(6 failures)
BUILD FAILURE 6.1 watchOS