Build Information
Failed to build WWAssistiveTouch, reference 1.2.5 (f5cfc3), with Swift 6.4 for visionOS using Xcode 27.0 on 24 Sep 2026 02:57:03 UTC.
Build Command
env DEVELOPER_DIR=/Applications/Xcode-27.0.0-Release.Candidate.app xcrun xcodebuild -IDEClonedSourcePackagesDirPathOverride=$PWD/.dependencies -skipMacroValidation -skipPackagePluginValidation -derivedDataPath $PWD/.derivedData build -scheme WWAssistiveTouch -destination generic/platform=xrOSBuild Log
========================================
RunAll
========================================
Builder version: 5.1.0
Interrupt handler set up.
========================================
Checkout
========================================
Clone URL: https://github.com/William-Weng/WWAssistiveTouch.git
Reference: 1.2.5
Initialized empty Git repository in /Users/admin/builder/spi-builder-workspace/.git/
From https://github.com/William-Weng/WWAssistiveTouch
* tag 1.2.5 -> FETCH_HEAD
HEAD is now at f5cfc3d - 是dismiss才對
Cloned https://github.com/William-Weng/WWAssistiveTouch.git
Revision (git rev-parse @):
f5cfc3dbb009c309b77b5908f1fc7e9632d36016
SUCCESS checkout https://github.com/William-Weng/WWAssistiveTouch.git at 1.2.5
========================================
Build
========================================
Selected platform: visionOS
Swift version: 6.4
Building package at path: $PWD
https://github.com/William-Weng/WWAssistiveTouch.git
Command line invocation:
/Applications/Xcode-27.0.0-Release.Candidate.app/Contents/Developer/usr/bin/xcodebuild -IDEClonedSourcePackagesDirPathOverride=/Users/admin/builder/spi-builder-workspace/.dependencies -resolvePackageDependencies
Resolve Package Graph
Resolve Package Graph
Resolved source packages:
WWAssistiveTouch: /Users/admin/builder/spi-builder-workspace
resolved source packages: WWAssistiveTouch
2026-09-23 22:56:06.458 xcodebuild[559:3052] [MT] IDERunDestination: Supported platforms for the buildables in the current scheme is empty.
{
"dependencies" : [
],
"manifest_display_name" : "WWAssistiveTouch",
"name" : "WWAssistiveTouch",
"path" : "/Users/admin/builder/spi-builder-workspace",
"platforms" : [
{
"name" : "ios",
"version" : "15.0"
}
],
"products" : [
{
"name" : "WWAssistiveTouch",
"targets" : [
"WWAssistiveTouch"
],
"type" : {
"library" : [
"automatic"
]
}
}
],
"swift_languages_versions" : [
"5"
],
"targets" : [
{
"c99name" : "WWAssistiveTouch",
"module_type" : "SwiftTarget",
"name" : "WWAssistiveTouch",
"path" : "Sources/WWAssistiveTouch",
"product_memberships" : [
"WWAssistiveTouch"
],
"resources" : [
{
"path" : "/Users/admin/builder/spi-builder-workspace/Sources/WWAssistiveTouch/Material/circle.png",
"rule" : {
"process" : {
}
}
},
{
"path" : "/Users/admin/builder/spi-builder-workspace/Sources/WWAssistiveTouch/Privacy",
"rule" : {
"copy" : {
}
}
},
{
"path" : "/Users/admin/builder/spi-builder-workspace/Sources/WWAssistiveTouch/Storyboard/Storyboard.storyboard",
"rule" : {
"process" : {
}
}
}
],
"sources" : [
"Utility/Delegate.swift",
"Utility/Extension.swift",
"ViewController/AssistiveTouchViewController.swift",
"WWAssistiveTouch.swift"
],
"type" : "library"
}
],
"tools_version" : "5.7"
}
{
"workspace" : {
"name" : "WWAssistiveTouch",
"schemes" : [
"WWAssistiveTouch"
]
}
}
2026-09-23 22:56:48.051 xcodebuild[677:4122] [MT] IDERunDestination: Supported platforms for the buildables in the current scheme is empty.
Running build ...
env DEVELOPER_DIR=/Applications/Xcode-27.0.0-Release.Candidate.app xcrun xcodebuild -IDEClonedSourcePackagesDirPathOverride=$PWD/.dependencies -skipMacroValidation -skipPackagePluginValidation -derivedDataPath $PWD/.derivedData build -scheme WWAssistiveTouch -destination generic/platform=xrOS
Command line invocation:
/Applications/Xcode-27.0.0-Release.Candidate.app/Contents/Developer/usr/bin/xcodebuild -IDEClonedSourcePackagesDirPathOverride=/Users/admin/builder/spi-builder-workspace/.dependencies -skipMacroValidation -skipPackagePluginValidation -derivedDataPath /Users/admin/builder/spi-builder-workspace/.derivedData build -scheme WWAssistiveTouch -destination generic/platform=xrOS
Resolve Package Graph
Resolved source packages:
WWAssistiveTouch: /Users/admin/builder/spi-builder-workspace
ComputePackagePrebuildTargetDependencyGraph
Prepare packages
CreateBuildRequest
SendProjectDescription
CreateBuildOperation
ComputeTargetDependencyGraph
note: Building targets in dependency order
note: Target dependency graph (3 targets)
Target 'WWAssistiveTouch-product' in project 'WWAssistiveTouch'
➜ Explicit dependency on target 'WWAssistiveTouch' in project 'WWAssistiveTouch'
➜ Explicit dependency on target 'WWAssistiveTouch_WWAssistiveTouch' in project 'WWAssistiveTouch'
Target 'WWAssistiveTouch' in project 'WWAssistiveTouch'
➜ Explicit dependency on target 'WWAssistiveTouch_WWAssistiveTouch' in project 'WWAssistiveTouch'
Target 'WWAssistiveTouch_WWAssistiveTouch' in project 'WWAssistiveTouch' (no dependencies)
GatherProvisioningInputs
CreateBuildDescription
ExecuteExternalTool /Applications/Xcode-27.0.0-Release.Candidate.app/Contents/Developer/Toolchains/XcodeDefault.xctoolchain/usr/bin/clang -v -E -dM -isysroot /Applications/Xcode-27.0.0-Release.Candidate.app/Contents/Developer/Platforms/XROS.platform/Developer/SDKs/XROS27.0.sdk -x c -c /dev/null
ExecuteExternalTool /Applications/Xcode-27.0.0-Release.Candidate.app/Contents/Developer/Toolchains/XcodeDefault.xctoolchain/usr/bin/swiftc --version
ExecuteExternalTool /Applications/Xcode-27.0.0-Release.Candidate.app/Contents/Developer/usr/bin/ibtool --version --output-format xml1
ExecuteExternalTool /Applications/Xcode-27.0.0-Release.Candidate.app/Contents/Developer/Toolchains/XcodeDefault.xctoolchain/usr/bin/ld -version_details
Build description signature: 96e1956015d69f057b9e3910034e6763
Build description path: /Users/admin/builder/spi-builder-workspace/.derivedData/Build/Intermediates.noindex/XCBuildData/96e1956015d69f057b9e3910034e6763.xcbuilddata
CreateBuildDirectory /Users/admin/builder/spi-builder-workspace/.derivedData/CompilationCache.noindex
cd /Users/admin/builder/spi-builder-workspace/.swiftpm/xcode
builtin-create-build-directory /Users/admin/builder/spi-builder-workspace/.derivedData/CompilationCache.noindex
CreateBuildDirectory /Users/admin/builder/spi-builder-workspace/.derivedData/ModuleCache.noindex
cd /Users/admin/builder/spi-builder-workspace/.swiftpm/xcode
builtin-create-build-directory /Users/admin/builder/spi-builder-workspace/.derivedData/ModuleCache.noindex
CreateBuildDirectory /Users/admin/builder/spi-builder-workspace/.derivedData/SDKExplicitPrecompiledModules
cd /Users/admin/builder/spi-builder-workspace/.swiftpm/xcode
builtin-create-build-directory /Users/admin/builder/spi-builder-workspace/.derivedData/SDKExplicitPrecompiledModules
CreateBuildDirectory /Users/admin/builder/spi-builder-workspace/.derivedData/Build/Intermediates.noindex
cd /Users/admin/builder/spi-builder-workspace/.swiftpm/xcode
builtin-create-build-directory /Users/admin/builder/spi-builder-workspace/.derivedData/Build/Intermediates.noindex
CreateBuildDirectory /Users/admin/builder/spi-builder-workspace/.derivedData/Build/Products
cd /Users/admin/builder/spi-builder-workspace/.swiftpm/xcode
builtin-create-build-directory /Users/admin/builder/spi-builder-workspace/.derivedData/Build/Products
ClangStatCache /Applications/Xcode-27.0.0-Release.Candidate.app/Contents/Developer/Toolchains/XcodeDefault.xctoolchain/usr/bin/clang-stat-cache /Applications/Xcode-27.0.0-Release.Candidate.app/Contents/Developer/Platforms/XROS.platform/Developer/SDKs/XROS27.0.sdk /Users/admin/builder/spi-builder-workspace/.derivedData/SDKStatCaches.noindex/xros27.0-24M361-e829b21a6f8c9b70876ba0858053c044735bd543db762f57723cac368afd1ce4.sdkstatcache
cd /Users/admin/builder/spi-builder-workspace/.swiftpm/xcode
/Applications/Xcode-27.0.0-Release.Candidate.app/Contents/Developer/Toolchains/XcodeDefault.xctoolchain/usr/bin/clang-stat-cache /Applications/Xcode-27.0.0-Release.Candidate.app/Contents/Developer/Platforms/XROS.platform/Developer/SDKs/XROS27.0.sdk -o /Users/admin/builder/spi-builder-workspace/.derivedData/SDKStatCaches.noindex/xros27.0-24M361-e829b21a6f8c9b70876ba0858053c044735bd543db762f57723cac368afd1ce4.sdkstatcache
CreateBuildDirectory /Users/admin/builder/spi-builder-workspace/.derivedData/Build/Intermediates.noindex/SwiftExplicitPrecompiledModules
cd /Users/admin/builder/spi-builder-workspace/.swiftpm/xcode
builtin-create-build-directory /Users/admin/builder/spi-builder-workspace/.derivedData/Build/Intermediates.noindex/SwiftExplicitPrecompiledModules
CreateBuildDirectory /Users/admin/builder/spi-builder-workspace/.derivedData/Build/Intermediates.noindex/PrecompiledHeaders
cd /Users/admin/builder/spi-builder-workspace/.swiftpm/xcode
builtin-create-build-directory /Users/admin/builder/spi-builder-workspace/.derivedData/Build/Intermediates.noindex/PrecompiledHeaders
CreateBuildDirectory /Users/admin/builder/spi-builder-workspace/.derivedData/Build/Intermediates.noindex/ExplicitPrecompiledModules
cd /Users/admin/builder/spi-builder-workspace/.swiftpm/xcode
builtin-create-build-directory /Users/admin/builder/spi-builder-workspace/.derivedData/Build/Intermediates.noindex/ExplicitPrecompiledModules
CreateBuildDirectory /Users/admin/builder/spi-builder-workspace/.derivedData/Build/Products/Debug-xros
cd /Users/admin/builder/spi-builder-workspace/.swiftpm/xcode
builtin-create-build-directory /Users/admin/builder/spi-builder-workspace/.derivedData/Build/Products/Debug-xros
CreateBuildDirectory /Users/admin/builder/spi-builder-workspace/.derivedData/Build/Intermediates.noindex/EagerLinkingTBDs/Debug-xros
cd /Users/admin/builder/spi-builder-workspace/.swiftpm/xcode
builtin-create-build-directory /Users/admin/builder/spi-builder-workspace/.derivedData/Build/Intermediates.noindex/EagerLinkingTBDs/Debug-xros
CreateBuildDirectory /Users/admin/builder/spi-builder-workspace/.derivedData/Build/Products/Debug-xros/PackageFrameworks
cd /Users/admin/builder/spi-builder-workspace/.swiftpm/xcode
builtin-create-build-directory /Users/admin/builder/spi-builder-workspace/.derivedData/Build/Products/Debug-xros/PackageFrameworks
MkDir /Users/admin/builder/spi-builder-workspace/.derivedData/Build/Products/Debug-xros/WWAssistiveTouch_WWAssistiveTouch.bundle (in target 'WWAssistiveTouch_WWAssistiveTouch' from project 'WWAssistiveTouch')
cd /Users/admin/builder/spi-builder-workspace
/bin/mkdir -p /Users/admin/builder/spi-builder-workspace/.derivedData/Build/Products/Debug-xros/WWAssistiveTouch_WWAssistiveTouch.bundle
WriteAuxiliaryFile /Users/admin/builder/spi-builder-workspace/.derivedData/Build/Intermediates.noindex/WWAssistiveTouch.build/Debug-xros/WWAssistiveTouch_WWAssistiveTouch-b.build/WWAssistiveTouch_WWAssistiveTouch.DependencyMetadataFileList (in target 'WWAssistiveTouch_WWAssistiveTouch' from project 'WWAssistiveTouch')
cd /Users/admin/builder/spi-builder-workspace
write-file /Users/admin/builder/spi-builder-workspace/.derivedData/Build/Intermediates.noindex/WWAssistiveTouch.build/Debug-xros/WWAssistiveTouch_WWAssistiveTouch-b.build/WWAssistiveTouch_WWAssistiveTouch.DependencyMetadataFileList
WriteAuxiliaryFile /Users/admin/builder/spi-builder-workspace/.derivedData/Build/Intermediates.noindex/WWAssistiveTouch.build/Debug-xros/WWAssistiveTouch-t.build/WWAssistiveTouch.modulemap (in target 'WWAssistiveTouch' from project 'WWAssistiveTouch')
cd /Users/admin/builder/spi-builder-workspace
write-file /Users/admin/builder/spi-builder-workspace/.derivedData/Build/Intermediates.noindex/WWAssistiveTouch.build/Debug-xros/WWAssistiveTouch-t.build/WWAssistiveTouch.modulemap
WriteAuxiliaryFile /Users/admin/builder/spi-builder-workspace/.derivedData/Build/Intermediates.noindex/WWAssistiveTouch.build/Debug-xros/WWAssistiveTouch-t.build/WWAssistiveTouch.DependencyStaticMetadataFileList (in target 'WWAssistiveTouch' from project 'WWAssistiveTouch')
cd /Users/admin/builder/spi-builder-workspace
write-file /Users/admin/builder/spi-builder-workspace/.derivedData/Build/Intermediates.noindex/WWAssistiveTouch.build/Debug-xros/WWAssistiveTouch-t.build/WWAssistiveTouch.DependencyStaticMetadataFileList
WriteAuxiliaryFile /Users/admin/builder/spi-builder-workspace/.derivedData/Build/Intermediates.noindex/WWAssistiveTouch.build/Debug-xros/WWAssistiveTouch_WWAssistiveTouch-b.build/empty-WWAssistiveTouch_WWAssistiveTouch.plist (in target 'WWAssistiveTouch_WWAssistiveTouch' from project 'WWAssistiveTouch')
cd /Users/admin/builder/spi-builder-workspace
write-file /Users/admin/builder/spi-builder-workspace/.derivedData/Build/Intermediates.noindex/WWAssistiveTouch.build/Debug-xros/WWAssistiveTouch_WWAssistiveTouch-b.build/empty-WWAssistiveTouch_WWAssistiveTouch.plist
WriteAuxiliaryFile /Users/admin/builder/spi-builder-workspace/.derivedData/Build/Intermediates.noindex/WWAssistiveTouch.build/Debug-xros/WWAssistiveTouch_WWAssistiveTouch-b.build/WWAssistiveTouch_WWAssistiveTouch.DependencyStaticMetadataFileList (in target 'WWAssistiveTouch_WWAssistiveTouch' from project 'WWAssistiveTouch')
cd /Users/admin/builder/spi-builder-workspace
write-file /Users/admin/builder/spi-builder-workspace/.derivedData/Build/Intermediates.noindex/WWAssistiveTouch.build/Debug-xros/WWAssistiveTouch_WWAssistiveTouch-b.build/WWAssistiveTouch_WWAssistiveTouch.DependencyStaticMetadataFileList
WriteAuxiliaryFile /Users/admin/builder/spi-builder-workspace/.derivedData/Build/Intermediates.noindex/WWAssistiveTouch.build/Debug-xros/WWAssistiveTouch-t.build/WWAssistiveTouch.DependencyMetadataFileList (in target 'WWAssistiveTouch' from project 'WWAssistiveTouch')
cd /Users/admin/builder/spi-builder-workspace
write-file /Users/admin/builder/spi-builder-workspace/.derivedData/Build/Intermediates.noindex/WWAssistiveTouch.build/Debug-xros/WWAssistiveTouch-t.build/WWAssistiveTouch.DependencyMetadataFileList
WriteAuxiliaryFile /Users/admin/builder/spi-builder-workspace/.derivedData/Build/Intermediates.noindex/WWAssistiveTouch.build/Debug-xros/WWAssistiveTouch-t.build/Objects-normal/arm64/WWAssistiveTouch_const_extract_protocols.json (in target 'WWAssistiveTouch' from project 'WWAssistiveTouch')
cd /Users/admin/builder/spi-builder-workspace
write-file /Users/admin/builder/spi-builder-workspace/.derivedData/Build/Intermediates.noindex/WWAssistiveTouch.build/Debug-xros/WWAssistiveTouch-t.build/Objects-normal/arm64/WWAssistiveTouch_const_extract_protocols.json
WriteAuxiliaryFile /Users/admin/builder/spi-builder-workspace/.derivedData/Build/Intermediates.noindex/WWAssistiveTouch.build/Debug-xros/WWAssistiveTouch-t.build/Objects-normal/arm64/WWAssistiveTouch.SwiftFileList (in target 'WWAssistiveTouch' from project 'WWAssistiveTouch')
cd /Users/admin/builder/spi-builder-workspace
write-file /Users/admin/builder/spi-builder-workspace/.derivedData/Build/Intermediates.noindex/WWAssistiveTouch.build/Debug-xros/WWAssistiveTouch-t.build/Objects-normal/arm64/WWAssistiveTouch.SwiftFileList
WriteAuxiliaryFile /Users/admin/builder/spi-builder-workspace/.derivedData/Build/Intermediates.noindex/WWAssistiveTouch.build/Debug-xros/WWAssistiveTouch-t.build/Objects-normal/arm64/WWAssistiveTouch.SwiftConstValuesFileList (in target 'WWAssistiveTouch' from project 'WWAssistiveTouch')
cd /Users/admin/builder/spi-builder-workspace
write-file /Users/admin/builder/spi-builder-workspace/.derivedData/Build/Intermediates.noindex/WWAssistiveTouch.build/Debug-xros/WWAssistiveTouch-t.build/Objects-normal/arm64/WWAssistiveTouch.SwiftConstValuesFileList
WriteAuxiliaryFile /Users/admin/builder/spi-builder-workspace/.derivedData/Build/Intermediates.noindex/WWAssistiveTouch.build/Debug-xros/WWAssistiveTouch-t.build/Objects-normal/arm64/WWAssistiveTouch-OutputFileMap.json (in target 'WWAssistiveTouch' from project 'WWAssistiveTouch')
cd /Users/admin/builder/spi-builder-workspace
write-file /Users/admin/builder/spi-builder-workspace/.derivedData/Build/Intermediates.noindex/WWAssistiveTouch.build/Debug-xros/WWAssistiveTouch-t.build/Objects-normal/arm64/WWAssistiveTouch-OutputFileMap.json
WriteAuxiliaryFile /Users/admin/builder/spi-builder-workspace/.derivedData/Build/Intermediates.noindex/WWAssistiveTouch.build/Debug-xros/WWAssistiveTouch-t.build/Objects-normal/arm64/WWAssistiveTouch.LinkFileList (in target 'WWAssistiveTouch' from project 'WWAssistiveTouch')
cd /Users/admin/builder/spi-builder-workspace
write-file /Users/admin/builder/spi-builder-workspace/.derivedData/Build/Intermediates.noindex/WWAssistiveTouch.build/Debug-xros/WWAssistiveTouch-t.build/Objects-normal/arm64/WWAssistiveTouch.LinkFileList
WriteAuxiliaryFile /Users/admin/builder/spi-builder-workspace/.derivedData/Build/Intermediates.noindex/WWAssistiveTouch.build/Debug-xros/WWAssistiveTouch-t.build/DerivedSources/resource_bundle_accessor.swift (in target 'WWAssistiveTouch' from project 'WWAssistiveTouch')
cd /Users/admin/builder/spi-builder-workspace
write-file /Users/admin/builder/spi-builder-workspace/.derivedData/Build/Intermediates.noindex/WWAssistiveTouch.build/Debug-xros/WWAssistiveTouch-t.build/DerivedSources/resource_bundle_accessor.swift
Copy /Users/admin/builder/spi-builder-workspace/.derivedData/Build/Intermediates.noindex/GeneratedModuleMaps-xros/WWAssistiveTouch.modulemap /Users/admin/builder/spi-builder-workspace/.derivedData/Build/Intermediates.noindex/WWAssistiveTouch.build/Debug-xros/WWAssistiveTouch-t.build/WWAssistiveTouch.modulemap (in target 'WWAssistiveTouch' from project 'WWAssistiveTouch')
cd /Users/admin/builder/spi-builder-workspace
builtin-copy -exclude .DS_Store -exclude CVS -exclude .svn -exclude .git -exclude .hg -resolve-src-symlinks /Users/admin/builder/spi-builder-workspace/.derivedData/Build/Intermediates.noindex/WWAssistiveTouch.build/Debug-xros/WWAssistiveTouch-t.build/WWAssistiveTouch.modulemap /Users/admin/builder/spi-builder-workspace/.derivedData/Build/Intermediates.noindex/GeneratedModuleMaps-xros
CpResource /Users/admin/builder/spi-builder-workspace/.derivedData/Build/Products/Debug-xros/WWAssistiveTouch_WWAssistiveTouch.bundle/circle.png /Users/admin/builder/spi-builder-workspace/Sources/WWAssistiveTouch/Material/circle.png (in target 'WWAssistiveTouch_WWAssistiveTouch' from project 'WWAssistiveTouch')
cd /Users/admin/builder/spi-builder-workspace
builtin-copy -exclude .DS_Store -exclude CVS -exclude .svn -exclude .git -exclude .hg -resolve-src-symlinks /Users/admin/builder/spi-builder-workspace/Sources/WWAssistiveTouch/Material/circle.png /Users/admin/builder/spi-builder-workspace/.derivedData/Build/Products/Debug-xros/WWAssistiveTouch_WWAssistiveTouch.bundle
CpResource /Users/admin/builder/spi-builder-workspace/.derivedData/Build/Products/Debug-xros/WWAssistiveTouch_WWAssistiveTouch.bundle/Privacy /Users/admin/builder/spi-builder-workspace/Sources/WWAssistiveTouch/Privacy (in target 'WWAssistiveTouch_WWAssistiveTouch' from project 'WWAssistiveTouch')
cd /Users/admin/builder/spi-builder-workspace
builtin-copy -exclude .DS_Store -exclude CVS -exclude .svn -exclude .git -exclude .hg -resolve-src-symlinks /Users/admin/builder/spi-builder-workspace/Sources/WWAssistiveTouch/Privacy /Users/admin/builder/spi-builder-workspace/.derivedData/Build/Products/Debug-xros/WWAssistiveTouch_WWAssistiveTouch.bundle
CompileStoryboard /Users/admin/builder/spi-builder-workspace/Sources/WWAssistiveTouch/Storyboard/Storyboard.storyboard (in target 'WWAssistiveTouch_WWAssistiveTouch' from project 'WWAssistiveTouch')
cd /Users/admin/builder/spi-builder-workspace
/Applications/Xcode-27.0.0-Release.Candidate.app/Contents/Developer/usr/bin/ibtool --errors --warnings --notices --platform xros --module WWAssistiveTouch_WWAssistiveTouch --output-partial-info-plist /Users/admin/builder/spi-builder-workspace/.derivedData/Build/Intermediates.noindex/WWAssistiveTouch.build/Debug-xros/WWAssistiveTouch_WWAssistiveTouch-b.build/Storyboard-SBPartialInfo.plist --auto-activate-custom-fonts --target-device vision --minimum-deployment-target 1.0 --output-format human-readable-text /Users/admin/builder/spi-builder-workspace/Sources/WWAssistiveTouch/Storyboard/Storyboard.storyboard --compilation-directory /Users/admin/builder/spi-builder-workspace/.derivedData/Build/Intermediates.noindex/WWAssistiveTouch.build/Debug-xros/WWAssistiveTouch_WWAssistiveTouch-b.build
/* com.apple.ibtool.document.warnings */
/Users/admin/builder/spi-builder-workspace/Sources/WWAssistiveTouch/Storyboard/Storyboard.storyboard:global: warning: Compiling Interface Builder products for visionOS will not be supported in a future version of Xcode. [9]
ProcessInfoPlistFile /Users/admin/builder/spi-builder-workspace/.derivedData/Build/Products/Debug-xros/WWAssistiveTouch_WWAssistiveTouch.bundle/Info.plist /Users/admin/builder/spi-builder-workspace/.derivedData/Build/Intermediates.noindex/WWAssistiveTouch.build/Debug-xros/WWAssistiveTouch_WWAssistiveTouch-b.build/empty-WWAssistiveTouch_WWAssistiveTouch.plist (in target 'WWAssistiveTouch_WWAssistiveTouch' from project 'WWAssistiveTouch')
cd /Users/admin/builder/spi-builder-workspace
builtin-infoPlistUtility /Users/admin/builder/spi-builder-workspace/.derivedData/Build/Intermediates.noindex/WWAssistiveTouch.build/Debug-xros/WWAssistiveTouch_WWAssistiveTouch-b.build/empty-WWAssistiveTouch_WWAssistiveTouch.plist -producttype com.apple.product-type.bundle -expandbuildsettings -format binary -platform xros -additionalcontentfile /Users/admin/builder/spi-builder-workspace/.derivedData/Build/Intermediates.noindex/WWAssistiveTouch.build/Debug-xros/WWAssistiveTouch_WWAssistiveTouch-b.build/Storyboard-SBPartialInfo.plist -o /Users/admin/builder/spi-builder-workspace/.derivedData/Build/Products/Debug-xros/WWAssistiveTouch_WWAssistiveTouch.bundle/Info.plist
LinkStoryboards (in target 'WWAssistiveTouch_WWAssistiveTouch' from project 'WWAssistiveTouch')
cd /Users/admin/builder/spi-builder-workspace
/Applications/Xcode-27.0.0-Release.Candidate.app/Contents/Developer/usr/bin/ibtool --errors --warnings --notices --platform xros --module WWAssistiveTouch_WWAssistiveTouch --target-device vision --minimum-deployment-target 1.0 --output-format human-readable-text --link /Users/admin/builder/spi-builder-workspace/.derivedData/Build/Products/Debug-xros/WWAssistiveTouch_WWAssistiveTouch.bundle /Users/admin/builder/spi-builder-workspace/.derivedData/Build/Intermediates.noindex/WWAssistiveTouch.build/Debug-xros/WWAssistiveTouch_WWAssistiveTouch-b.build/Storyboard.storyboardc
RegisterExecutionPolicyException /Users/admin/builder/spi-builder-workspace/.derivedData/Build/Products/Debug-xros/WWAssistiveTouch_WWAssistiveTouch.bundle (in target 'WWAssistiveTouch_WWAssistiveTouch' from project 'WWAssistiveTouch')
cd /Users/admin/builder/spi-builder-workspace
builtin-RegisterExecutionPolicyException /Users/admin/builder/spi-builder-workspace/.derivedData/Build/Products/Debug-xros/WWAssistiveTouch_WWAssistiveTouch.bundle
Touch /Users/admin/builder/spi-builder-workspace/.derivedData/Build/Products/Debug-xros/WWAssistiveTouch_WWAssistiveTouch.bundle (in target 'WWAssistiveTouch_WWAssistiveTouch' from project 'WWAssistiveTouch')
cd /Users/admin/builder/spi-builder-workspace
/usr/bin/touch -c /Users/admin/builder/spi-builder-workspace/.derivedData/Build/Products/Debug-xros/WWAssistiveTouch_WWAssistiveTouch.bundle
SwiftDriver WWAssistiveTouch normal arm64 com.apple.xcode.tools.swift.compiler (in target 'WWAssistiveTouch' from project 'WWAssistiveTouch')
cd /Users/admin/builder/spi-builder-workspace/.swiftpm/xcode
builtin-SwiftDriver -- /Applications/Xcode-27.0.0-Release.Candidate.app/Contents/Developer/Toolchains/XcodeDefault.xctoolchain/usr/bin/swiftc -parse-as-library -module-name WWAssistiveTouch -Onone @/Users/admin/builder/spi-builder-workspace/.derivedData/Build/Intermediates.noindex/WWAssistiveTouch.build/Debug-xros/WWAssistiveTouch-t.build/Objects-normal/arm64/WWAssistiveTouch.SwiftFileList -DSWIFT_PACKAGE -DDEBUG -DSWIFT_MODULE_RESOURCE_BUNDLE_AVAILABLE -DXcode -plugin-path /Applications/Xcode-27.0.0-Release.Candidate.app/Contents/Developer/Toolchains/XcodeDefault.xctoolchain/usr/lib/swift/host/plugins/testing -enable-experimental-feature DebugDescriptionMacro -sdk /Applications/Xcode-27.0.0-Release.Candidate.app/Contents/Developer/Platforms/XROS.platform/Developer/SDKs/XROS27.0.sdk -target arm64-apple-xros1.0 -g -module-cache-path /Users/admin/builder/spi-builder-workspace/.derivedData/ModuleCache.noindex -Xfrontend -serialize-debugging-options -enable-testing -index-store-path /Users/admin/builder/spi-builder-workspace/.derivedData/Index.noindex/DataStore -Xcc -D_LIBCPP_HARDENING_MODE\=_LIBCPP_HARDENING_MODE_DEBUG -swift-version 5 -I /Users/admin/builder/spi-builder-workspace/.derivedData/Build/Products/Debug-xros -Isystem /Applications/Xcode-27.0.0-Release.Candidate.app/Contents/Developer/Platforms/XROS.platform/Developer/usr/lib -F /Users/admin/builder/spi-builder-workspace/.derivedData/Build/Products/Debug-xros -F /Applications/Xcode-27.0.0-Release.Candidate.app/Contents/Developer/Platforms/XROS.platform/Developer/Library/Frameworks -F /Applications/Xcode-27.0.0-Release.Candidate.app/Contents/Developer/Platforms/XROS.platform/Developer/SDKs/XROS27.0.sdk/Developer/Library/Frameworks -c -j10 -enable-batch-mode -incremental -Xcc -ivfsstatcache -Xcc /Users/admin/builder/spi-builder-workspace/.derivedData/SDKStatCaches.noindex/xros27.0-24M361-e829b21a6f8c9b70876ba0858053c044735bd543db762f57723cac368afd1ce4.sdkstatcache -output-file-map /Users/admin/builder/spi-builder-workspace/.derivedData/Build/Intermediates.noindex/WWAssistiveTouch.build/Debug-xros/WWAssistiveTouch-t.build/Objects-normal/arm64/WWAssistiveTouch-OutputFileMap.json -save-temps -no-color-diagnostics -explicit-module-build -module-cache-path /Users/admin/builder/spi-builder-workspace/.derivedData/Build/Intermediates.noindex/SwiftExplicitPrecompiledModules -clang-scanner-module-cache-path /Users/admin/builder/spi-builder-workspace/.derivedData/ModuleCache.noindex -sdk-module-cache-path /Users/admin/builder/spi-builder-workspace/.derivedData/SDKExplicitPrecompiledModules -emit-dependencies -emit-module -emit-module-path /Users/admin/builder/spi-builder-workspace/.derivedData/Build/Intermediates.noindex/WWAssistiveTouch.build/Debug-xros/WWAssistiveTouch-t.build/Objects-normal/arm64/WWAssistiveTouch.swiftmodule -serialize-diagnostics -dependency-scan-serialize-diagnostics-path /Users/admin/builder/spi-builder-workspace/.derivedData/Build/Intermediates.noindex/WWAssistiveTouch.build/Debug-xros/WWAssistiveTouch-t.build/Objects-normal/arm64/WWAssistiveTouch-dependency-scan.dia -validate-clang-modules-once -clang-build-session-file /Users/admin/builder/spi-builder-workspace/.derivedData/ModuleCache.noindex/Session.modulevalidation -Xcc -fmodules-prune-interval\=86400 -Xcc -fmodules-prune-after\=345600 -emit-const-values -const-gather-protocols-list /Users/admin/builder/spi-builder-workspace/.derivedData/Build/Intermediates.noindex/WWAssistiveTouch.build/Debug-xros/WWAssistiveTouch-t.build/Objects-normal/arm64/WWAssistiveTouch_const_extract_protocols.json -Xcc -I/Users/admin/builder/spi-builder-workspace/.derivedData/Build/Products/Debug-xros/include -Xcc -I/Users/admin/builder/spi-builder-workspace/.derivedData/Build/Intermediates.noindex/WWAssistiveTouch.build/Debug-xros/WWAssistiveTouch-t.build/DerivedSources-normal/arm64 -Xcc -I/Users/admin/builder/spi-builder-workspace/.derivedData/Build/Intermediates.noindex/WWAssistiveTouch.build/Debug-xros/WWAssistiveTouch-t.build/DerivedSources/arm64 -Xcc -I/Users/admin/builder/spi-builder-workspace/.derivedData/Build/Intermediates.noindex/WWAssistiveTouch.build/Debug-xros/WWAssistiveTouch-t.build/DerivedSources -Xcc -DSWIFT_PACKAGE -Xcc -DDEBUG\=1 -emit-objc-header -emit-objc-header-path /Users/admin/builder/spi-builder-workspace/.derivedData/Build/Intermediates.noindex/WWAssistiveTouch.build/Debug-xros/WWAssistiveTouch-t.build/Objects-normal/arm64/WWAssistiveTouch-Swift.h -working-directory /Users/admin/builder/spi-builder-workspace/.swiftpm/xcode -experimental-emit-module-separately -disable-cmo
SwiftExplicitDependencyGeneratePcm arm64 /Users/admin/builder/spi-builder-workspace/.derivedData/SDKExplicitPrecompiledModules/_Builtin_stdbool-5BU2ADS7JXQMYENKQHW9X8XOU.pcm
SwiftExplicitDependencyGeneratePcm arm64 /Users/admin/builder/spi-builder-workspace/.derivedData/SDKExplicitPrecompiledModules/_SwiftConcurrencyShims-C8XHKSHX96D5YYALNM4W70Z0O.pcm
SwiftExplicitDependencyGeneratePcm arm64 /Users/admin/builder/spi-builder-workspace/.derivedData/SDKExplicitPrecompiledModules/_Builtin_stddef-5NQ9Z1GV07GBSRQGAQCGXGVRI.pcm
SwiftExplicitDependencyGeneratePcm arm64 /Users/admin/builder/spi-builder-workspace/.derivedData/SDKExplicitPrecompiledModules/_Builtin_float-6WKHNW5S40U2QGHXXGETUDIRA.pcm
SwiftExplicitDependencyGeneratePcm arm64 /Users/admin/builder/spi-builder-workspace/.derivedData/SDKExplicitPrecompiledModules/_AvailabilityInternal-1Q8IQP6M38UWSGZ95UCEY2M44.pcm
SwiftExplicitDependencyGeneratePcm arm64 /Users/admin/builder/spi-builder-workspace/.derivedData/SDKExplicitPrecompiledModules/_Builtin_stdarg-CDA349K2K4US766844K8E0PVA.pcm
SwiftExplicitDependencyGeneratePcm arm64 /Users/admin/builder/spi-builder-workspace/.derivedData/SDKExplicitPrecompiledModules/ptrcheck-BXA97MNLI4BB0HF5I8MJE403D.pcm
SwiftExplicitDependencyGeneratePcm arm64 /Users/admin/builder/spi-builder-workspace/.derivedData/SDKExplicitPrecompiledModules/DeveloperToolsSupport-46GOQP8J1QTHLYQSJW81T8UZ3.pcm
SwiftExplicitDependencyGeneratePcm arm64 /Users/admin/builder/spi-builder-workspace/.derivedData/SDKExplicitPrecompiledModules/SwiftShims-CI4H5RO9IYFFWQ2COB512Q2S9.pcm
SwiftExplicitDependencyGeneratePcm arm64 /Users/admin/builder/spi-builder-workspace/.derivedData/SDKExplicitPrecompiledModules/ptrauth-1WBA714DZSVUL5JQDJ08CLKZ.pcm
SwiftExplicitDependencyGeneratePcm arm64 /Users/admin/builder/spi-builder-workspace/.derivedData/SDKExplicitPrecompiledModules/_DarwinFoundation1-5RGRVV2TZ6WC4WZW5IXF8NQ04.pcm
SwiftExplicitDependencyGeneratePcm arm64 /Users/admin/builder/spi-builder-workspace/.derivedData/SDKExplicitPrecompiledModules/_DarwinFoundation2-ENTECK156YEWITZRRBTOCE4KR.pcm
SwiftExplicitDependencyGeneratePcm arm64 /Users/admin/builder/spi-builder-workspace/.derivedData/SDKExplicitPrecompiledModules/_Builtin_limits-425JDMN5HPM3D0UEI8LEHP6NM.pcm
SwiftExplicitDependencyGeneratePcm arm64 /Users/admin/builder/spi-builder-workspace/.derivedData/SDKExplicitPrecompiledModules/_Builtin_tgmath-BPYSMHWI520EQRL2HW519ZY7Z.pcm
SwiftExplicitDependencyGeneratePcm arm64 /Users/admin/builder/spi-builder-workspace/.derivedData/SDKExplicitPrecompiledModules/sys_types-AYM0BHR77VKMWZCO2T0XGV2HF.pcm
SwiftExplicitDependencyGeneratePcm arm64 /Users/admin/builder/spi-builder-workspace/.derivedData/SDKExplicitPrecompiledModules/string_h-2GT67HHHHK5CF1V1S31LH0PU2.pcm
SwiftExplicitDependencyGeneratePcm arm64 /Users/admin/builder/spi-builder-workspace/.derivedData/SDKExplicitPrecompiledModules/_Builtin_stdint-8OR6T47OOYJA90ZBO3N1USDE.pcm
SwiftExplicitDependencyGeneratePcm arm64 /Users/admin/builder/spi-builder-workspace/.derivedData/SDKExplicitPrecompiledModules/_Builtin_intrinsics-BC5IJI3YI34RQ61ZNVDRDZ6RN.pcm
SwiftExplicitDependencyGeneratePcm arm64 /Users/admin/builder/spi-builder-workspace/.derivedData/SDKExplicitPrecompiledModules/_Builtin_stdatomic-1VUZPM79PNCAHXVBERD53WRSF.pcm
SwiftExplicitDependencyGeneratePcm arm64 /Users/admin/builder/spi-builder-workspace/.derivedData/SDKExplicitPrecompiledModules/_DarwinFoundation3-9ZHN6JKBS40BBA81RQMV8H0IC.pcm
SwiftExplicitDependencyGeneratePcm arm64 /Users/admin/builder/spi-builder-workspace/.derivedData/SDKExplicitPrecompiledModules/_Builtin_inttypes-11B64KJD36B3YOHBR1BBXBJY8.pcm
SwiftExplicitDependencyGeneratePcm arm64 /Users/admin/builder/spi-builder-workspace/.derivedData/SDKExplicitPrecompiledModules/Darwin-60P5LVNQO3ESRRM5DCJ05PFNK.pcm
SwiftExplicitDependencyGeneratePcm arm64 /Users/admin/builder/spi-builder-workspace/.derivedData/SDKExplicitPrecompiledModules/simd-9XXAB17Y6E4BBPQADD61NZ23.pcm
SwiftExplicitDependencyGeneratePcm arm64 /Users/admin/builder/spi-builder-workspace/.derivedData/SDKExplicitPrecompiledModules/ObjectiveC-26TIBFYCEJZVP216ZZAU1X8KN.pcm
SwiftExplicitDependencyGeneratePcm arm64 /Users/admin/builder/spi-builder-workspace/.derivedData/SDKExplicitPrecompiledModules/MachO-3XTHY7HWV6RF3KXKYQVHUBUXK.pcm
SwiftExplicitDependencyGeneratePcm arm64 /Users/admin/builder/spi-builder-workspace/.derivedData/SDKExplicitPrecompiledModules/os_object-692CJ8BG6RE5H04487EJJOVXW.pcm
SwiftExplicitDependencyGeneratePcm arm64 /Users/admin/builder/spi-builder-workspace/.derivedData/SDKExplicitPrecompiledModules/os_workgroup-4U1VXMWIZD80E7PRUQF2G7P9X.pcm
SwiftExplicitDependencyGeneratePcm arm64 /Users/admin/builder/spi-builder-workspace/.derivedData/SDKExplicitPrecompiledModules/Dispatch-CLT3466HKC22GCKAWSCNG0H7T.pcm
SwiftExplicitDependencyGeneratePcm arm64 /Users/admin/builder/spi-builder-workspace/.derivedData/SDKExplicitPrecompiledModules/Spatial-5E0I2846LO3ZE24CSVR2O57TI.pcm
SwiftExplicitDependencyGeneratePcm arm64 /Users/admin/builder/spi-builder-workspace/.derivedData/SDKExplicitPrecompiledModules/XPC-EP5EU7FNGP4VOA3EDM18P1KHO.pcm
SwiftExplicitDependencyGeneratePcm arm64 /Users/admin/builder/spi-builder-workspace/.derivedData/SDKExplicitPrecompiledModules/CoreFoundation-AVLTZVCXBU2TO75JCN4AGU8XJ.pcm
SwiftExplicitDependencyGeneratePcm arm64 /Users/admin/builder/spi-builder-workspace/.derivedData/SDKExplicitPrecompiledModules/os-1004XEJ3IXOOAU0KL58SM3D0K.pcm
SwiftExplicitDependencyGeneratePcm arm64 /Users/admin/builder/spi-builder-workspace/.derivedData/SDKExplicitPrecompiledModules/CoreGraphics-BFUJ177R223UT2ZI327ZTZY91.pcm
SwiftExplicitDependencyGeneratePcm arm64 /Users/admin/builder/spi-builder-workspace/.derivedData/SDKExplicitPrecompiledModules/Security-8TH2M8WJIQMET4SADWX0N8372.pcm
SwiftExplicitDependencyGeneratePcm arm64 /Users/admin/builder/spi-builder-workspace/.derivedData/SDKExplicitPrecompiledModules/CFNetwork-5MI70N1VLDQSWTX4COWLMSIRO.pcm
SwiftExplicitDependencyGeneratePcm arm64 /Users/admin/builder/spi-builder-workspace/.derivedData/SDKExplicitPrecompiledModules/Foundation-8GON1KVEKRN3NOQI8RETBRWJP.pcm
SwiftExplicitDependencyGeneratePcm arm64 /Users/admin/builder/spi-builder-workspace/.derivedData/SDKExplicitPrecompiledModules/CoreText-6F9TY5TEPCCZ1K2KYM4GMEGHD.pcm
SwiftExplicitDependencyGeneratePcm arm64 /Users/admin/builder/spi-builder-workspace/.derivedData/SDKExplicitPrecompiledModules/ImageIO-5CC6COR9KJYI1UBL7CSHLU2OG.pcm
SwiftExplicitDependencyGeneratePcm arm64 /Users/admin/builder/spi-builder-workspace/.derivedData/SDKExplicitPrecompiledModules/_LocationEssentials-8GQGFVARUE99D8VJX3TINY0VP.pcm
SwiftExplicitDependencyGeneratePcm arm64 /Users/admin/builder/spi-builder-workspace/.derivedData/SDKExplicitPrecompiledModules/UserNotifications-8IIV1V1FPNAPA4LY1Y23LOM2N.pcm
SwiftExplicitDependencyGeneratePcm arm64 /Users/admin/builder/spi-builder-workspace/.derivedData/SDKExplicitPrecompiledModules/FileProvider-C9I28SI56F2SEVH1BCWTKGODO.pcm
SwiftExplicitDependencyGeneratePcm arm64 /Users/admin/builder/spi-builder-workspace/.derivedData/SDKExplicitPrecompiledModules/OSLog-BNGT87TS0GMBFF7TY70HHB69.pcm
SwiftExplicitDependencyGeneratePcm arm64 /Users/admin/builder/spi-builder-workspace/.derivedData/SDKExplicitPrecompiledModules/DataDetection-BANTQ3WXXGKZJYC0LLB3MD9K0.pcm
SwiftExplicitDependencyGeneratePcm arm64 /Users/admin/builder/spi-builder-workspace/.derivedData/SDKExplicitPrecompiledModules/UIUtilities-AOVGLUWEAN6CG2UZFNESGSP6C.pcm
SwiftExplicitDependencyGeneratePcm arm64 /Users/admin/builder/spi-builder-workspace/.derivedData/SDKExplicitPrecompiledModules/Accessibility-1DR4J4YDVDGAYQTZ0FKZ1PU09.pcm
SwiftExplicitDependencyGeneratePcm arm64 /Users/admin/builder/spi-builder-workspace/.derivedData/SDKExplicitPrecompiledModules/UniformTypeIdentifiers-E5KMWDZEKS4QW9RO1KBRDEXV6.pcm
SwiftExplicitDependencyGeneratePcm arm64 /Users/admin/builder/spi-builder-workspace/.derivedData/SDKExplicitPrecompiledModules/IOSurface-5FE9U89GVFF9A7X7AGO2R8ENI.pcm
SwiftExplicitDependencyGeneratePcm arm64 /Users/admin/builder/spi-builder-workspace/.derivedData/SDKExplicitPrecompiledModules/CoreTransferable-8TBYAKHCX6UC8QQSS7BD8GQK5.pcm
SwiftExplicitDependencyGeneratePcm arm64 /Users/admin/builder/spi-builder-workspace/.derivedData/SDKExplicitPrecompiledModules/Symbols-8G2XC01RPQ5HYIZE6JNUT864I.pcm
SwiftExplicitDependencyGeneratePcm arm64 /Users/admin/builder/spi-builder-workspace/.derivedData/SDKExplicitPrecompiledModules/CoreLocation-1SN37095DAPVJ068LLP9TBDQX.pcm
SwiftExplicitDependencyGeneratePcm arm64 /Users/admin/builder/spi-builder-workspace/.derivedData/SDKExplicitPrecompiledModules/OpenGLES-56BKSYXNVAP91BYZRWAKQZKGI.pcm
SwiftExplicitDependencyGeneratePcm arm64 /Users/admin/builder/spi-builder-workspace/.derivedData/SDKExplicitPrecompiledModules/Metal-EKNUM9P3PRIBHZK1ZBD6BA2T7.pcm
SwiftExplicitDependencyGeneratePcm arm64 /Users/admin/builder/spi-builder-workspace/.derivedData/SDKExplicitPrecompiledModules/CoreMotion-10LV922UPGE28QX2SOIO7ALIZ.pcm
SwiftExplicitDependencyGeneratePcm arm64 /Users/admin/builder/spi-builder-workspace/.derivedData/SDKExplicitPrecompiledModules/CoreVideo-E12HJSJSLO0YKWYBES11UKJ02.pcm
SwiftExplicitDependencyGeneratePcm arm64 /Users/admin/builder/spi-builder-workspace/.derivedData/SDKExplicitPrecompiledModules/CoreImage-8WF1P230U10QM666EQMNV7OF1.pcm
SwiftExplicitDependencyGeneratePcm arm64 /Users/admin/builder/spi-builder-workspace/.derivedData/SDKExplicitPrecompiledModules/QuartzCore-12T8WVKUNCL1N7VXH87MM4YOB.pcm
SwiftExplicitDependencyGeneratePcm arm64 /Users/admin/builder/spi-builder-workspace/.derivedData/SDKExplicitPrecompiledModules/SwiftUICore-6OBBMA39VFD4CB6SG2PE41FAP.pcm
SwiftExplicitDependencyGeneratePcm arm64 /Users/admin/builder/spi-builder-workspace/.derivedData/SDKExplicitPrecompiledModules/UIKit-2D2PMAAE45TMO6S28UCGCO5BR.pcm
SwiftEmitModule normal arm64 Emitting\ module\ for\ WWAssistiveTouch (in target 'WWAssistiveTouch' from project 'WWAssistiveTouch')
SwiftCompile normal arm64 (in target 'WWAssistiveTouch' from project 'WWAssistiveTouch')
cd /Users/admin/builder/spi-builder-workspace/.swiftpm/xcode
/Users/admin/builder/spi-builder-workspace/Sources/WWAssistiveTouch/Utility/Delegate.swift:13:5: warning: 'public' modifier is redundant for protocol declared in a public extension
11 | public extension WWAssistiveTouch {
12 |
13 | public protocol Delegate: AnyObject {
| `- warning: 'public' modifier is redundant for protocol declared in a public extension
14 |
15 | /// AssistiveTouch是否被按下
/Users/admin/builder/spi-builder-workspace/Sources/WWAssistiveTouch/ViewController/AssistiveTouchViewController.swift:43:38: warning: 'UIStoryboardSegue' was deprecated in visionOS 1.0: Loading Interface Builder products will not be supported in a future version of visionOS. [#DeprecatedDeclaration]
41 | }
42 |
43 | override func prepare(for segue: UIStoryboardSegue, sender: Any?) {
| `- warning: 'UIStoryboardSegue' was deprecated in visionOS 1.0: Loading Interface Builder products will not be supported in a future version of visionOS. [#DeprecatedDeclaration]
44 | self.effectViewController = segue.destination
45 | }
/Users/admin/builder/spi-builder-workspace/Sources/WWAssistiveTouch/WWAssistiveTouch.swift:20:39: warning: 'UIStoryboard' was deprecated in visionOS 1.0: Loading Interface Builder products will not be supported in a future version of visionOS. [#DeprecatedDeclaration]
18 | }
19 |
20 | private lazy var assistiveTouch = UIStoryboard(name: "Storyboard", bundle: .module).instantiateViewController(withIdentifier: "AssistiveTouch") as? AssistiveTouchViewController
| `- warning: 'UIStoryboard' was deprecated in visionOS 1.0: Loading Interface Builder products will not be supported in a future version of visionOS. [#DeprecatedDeclaration]
21 |
22 | public convenience init(touchViewController: UIViewController, frame: CGRect = .init(origin: .init(x: 256, y: 256), size: .init(width: 64, height: 64)), gap: CGFloat = 8, icon: UIImage? = nil, isAutoAdjust: Bool = false, delegate: WWAssistiveTouch.Delegate? = nil) {
[#DeprecatedDeclaration]: <https://docs.swift.org/compiler/documentation/diagnostics/deprecated-declaration>
SwiftCompile normal arm64 Compiling\ AssistiveTouchViewController.swift /Users/admin/builder/spi-builder-workspace/Sources/WWAssistiveTouch/ViewController/AssistiveTouchViewController.swift (in target 'WWAssistiveTouch' from project 'WWAssistiveTouch')
/Users/admin/builder/spi-builder-workspace/Sources/WWAssistiveTouch/ViewController/AssistiveTouchViewController.swift:43:38: warning: 'UIStoryboardSegue' was deprecated in visionOS 1.0: Loading Interface Builder products will not be supported in a future version of visionOS. [#DeprecatedDeclaration]
41 | }
42 |
43 | override func prepare(for segue: UIStoryboardSegue, sender: Any?) {
| `- warning: 'UIStoryboardSegue' was deprecated in visionOS 1.0: Loading Interface Builder products will not be supported in a future version of visionOS. [#DeprecatedDeclaration]
44 | self.effectViewController = segue.destination
45 | }
/Users/admin/builder/spi-builder-workspace/Sources/WWAssistiveTouch/ViewController/AssistiveTouchViewController.swift:100:69: error: 'UIScreen' is unavailable in visionOS
98 |
99 | !isDisplay ? delegate?.assistiveTouch(window, status: .display) : delegate?.assistiveTouch(window, status: .dismiss)
100 | if isDisplay { touchViewFrame = window.frame; windowFrame = UIScreen.main.bounds }
| `- error: 'UIScreen' is unavailable in visionOS
101 |
102 | displayTouchContainerView(!isDisplay)
/Applications/Xcode-27.0.0-Release.Candidate.app/Contents/Developer/Platforms/XROS.platform/Developer/SDKs/XROS27.0.sdk/System/Library/Frameworks/UIKit.framework/Headers/UIScreen.h:54:12: note: 'UIScreen' has been explicitly marked unavailable here
52 |
53 | UIKIT_EXTERN API_AVAILABLE(ios(2.0)) API_UNAVAILABLE(visionos, watchos) NS_SWIFT_UI_ACTOR
54 | @interface UIScreen : NSObject <UITraitEnvironment>
| `- note: 'UIScreen' has been explicitly marked unavailable here
55 |
56 | @property(class, nonatomic, readonly) NSArray<UIScreen *> *screens API_DEPRECATED("Use UIApplication.shared.openSessions to find open sessions with scenes from other screens", ios(3.2, 16.0), visionos(1.0, 1.0)) API_UNAVAILABLE(watchos); // all screens currently attached to the device
/Users/admin/builder/spi-builder-workspace/Sources/WWAssistiveTouch/ViewController/AssistiveTouchViewController.swift:220:28: error: 'UIScreen' is unavailable in visionOS
218 | func moveCenter(_ window: UIWindow, pan: UIPanGestureRecognizer) -> CGPoint {
219 |
220 | let screenBounds = UIScreen.main.bounds
| `- error: 'UIScreen' is unavailable in visionOS
221 | let touchImageCenter = touchImageView.center
222 | let panLocation = pan.translation(in: pan.view)
/Applications/Xcode-27.0.0-Release.Candidate.app/Contents/Developer/Platforms/XROS.platform/Developer/SDKs/XROS27.0.sdk/System/Library/Frameworks/UIKit.framework/Headers/UIScreen.h:54:12: note: 'UIScreen' has been explicitly marked unavailable here
52 |
53 | UIKIT_EXTERN API_AVAILABLE(ios(2.0)) API_UNAVAILABLE(visionos, watchos) NS_SWIFT_UI_ACTOR
54 | @interface UIScreen : NSObject <UITraitEnvironment>
| `- note: 'UIScreen' has been explicitly marked unavailable here
55 |
56 | @property(class, nonatomic, readonly) NSArray<UIScreen *> *screens API_DEPRECATED("Use UIApplication.shared.openSessions to find open sessions with scenes from other screens", ios(3.2, 16.0), visionos(1.0, 1.0)) API_UNAVAILABLE(watchos); // all screens currently attached to the device
/Users/admin/builder/spi-builder-workspace/Sources/WWAssistiveTouch/ViewController/AssistiveTouchViewController.swift:242:28: error: 'UIScreen' is unavailable in visionOS
240 |
241 | let windowCenter = window.center
242 | let screenBounds = UIScreen.main.bounds
| `- error: 'UIScreen' is unavailable in visionOS
243 | let screenCenter = CGPoint(x: screenBounds.width * 0.5, y: screenBounds.height * 0.5)
244 | let touchImageCenter = touchImageView.center
/Applications/Xcode-27.0.0-Release.Candidate.app/Contents/Developer/Platforms/XROS.platform/Developer/SDKs/XROS27.0.sdk/System/Library/Frameworks/UIKit.framework/Headers/UIScreen.h:54:12: note: 'UIScreen' has been explicitly marked unavailable here
52 |
53 | UIKIT_EXTERN API_AVAILABLE(ios(2.0)) API_UNAVAILABLE(visionos, watchos) NS_SWIFT_UI_ACTOR
54 | @interface UIScreen : NSObject <UITraitEnvironment>
| `- note: 'UIScreen' has been explicitly marked unavailable here
55 |
56 | @property(class, nonatomic, readonly) NSArray<UIScreen *> *screens API_DEPRECATED("Use UIApplication.shared.openSessions to find open sessions with scenes from other screens", ios(3.2, 16.0), visionos(1.0, 1.0)) API_UNAVAILABLE(watchos); // all screens currently attached to the device
[#DeprecatedDeclaration]: <https://docs.swift.org/compiler/documentation/diagnostics/deprecated-declaration>
Failed frontend command:
SwiftCompile normal arm64 /Users/admin/builder/spi-builder-workspace/Sources/WWAssistiveTouch/ViewController/AssistiveTouchViewController.swift (in target 'WWAssistiveTouch' from project 'WWAssistiveTouch')
cd /Users/admin/builder/spi-builder-workspace/.swiftpm/xcode
builtin-SwiftPerFileCompile AssistiveTouchViewController.swift
/Applications/Xcode-27.0.0-Release.Candidate.app/Contents/Developer/Toolchains/XcodeDefault.xctoolchain/usr/bin/swift-frontend -frontend -c /Users/admin/builder/spi-builder-workspace/.derivedData/Build/Intermediates.noindex/WWAssistiveTouch.build/Debug-xros/WWAssistiveTouch-t.build/DerivedSources/resource_bundle_accessor.swift /Users/admin/builder/spi-builder-workspace/Sources/WWAssistiveTouch/Utility/Delegate.swift /Users/admin/builder/spi-builder-workspace/Sources/WWAssistiveTouch/Utility/Extension.swift -primary-file /Users/admin/builder/spi-builder-workspace/Sources/WWAssistiveTouch/ViewController/AssistiveTouchViewController.swift /Users/admin/builder/spi-builder-workspace/Sources/WWAssistiveTouch/WWAssistiveTouch.swift -emit-dependencies-path /Users/admin/builder/spi-builder-workspace/.derivedData/Build/Intermediates.noindex/WWAssistiveTouch.build/Debug-xros/WWAssistiveTouch-t.build/Objects-normal/arm64/AssistiveTouchViewController.d -emit-const-values-path /Users/admin/builder/spi-builder-workspace/.derivedData/Build/Intermediates.noindex/WWAssistiveTouch.build/Debug-xros/WWAssistiveTouch-t.build/Objects-normal/arm64/AssistiveTouchViewController.swiftconstvalues -emit-reference-dependencies-path /Users/admin/builder/spi-builder-workspace/.derivedData/Build/Intermediates.noindex/WWAssistiveTouch.build/Debug-xros/WWAssistiveTouch-t.build/Objects-normal/arm64/AssistiveTouchViewController.swiftdeps -serialize-diagnostics-path /Users/admin/builder/spi-builder-workspace/.derivedData/Build/Intermediates.noindex/WWAssistiveTouch.build/Debug-xros/WWAssistiveTouch-t.build/Objects-normal/arm64/AssistiveTouchViewController.dia -target arm64-apple-xros1.0 -disable-cross-import-overlay-search -load-resolved-plugin /Applications/Xcode-27.0.0-Release.Candidate.app/Contents/Developer/Platforms/XROS.platform/Developer/usr/lib/swift/host/plugins/libFoundationMacros.dylib\#/Applications/Xcode-27.0.0-Release.Candidate.app/Contents/Developer/Platforms/XROS.platform/Developer/usr/bin/swift-plugin-server\#FoundationMacros -load-resolved-plugin /Applications/Xcode-27.0.0-Release.Candidate.app/Contents/Developer/Platforms/XROS.platform/Developer/usr/lib/swift/host/plugins/libObservationMacros.dylib\#/Applications/Xcode-27.0.0-Release.Candidate.app/Contents/Developer/Platforms/XROS.platform/Developer/usr/bin/swift-plugin-server\#ObservationMacros -load-resolved-plugin /Applications/Xcode-27.0.0-Release.Candidate.app/Contents/Developer/Platforms/XROS.platform/Developer/usr/lib/swift/host/plugins/libPreviewsMacros.dylib\#/Applications/Xcode-27.0.0-Release.Candidate.app/Contents/Developer/Platforms/XROS.platform/Developer/usr/bin/swift-plugin-server\#PreviewsMacros -load-resolved-plugin /Applications/Xcode-27.0.0-Release.Candidate.app/Contents/Developer/Platforms/XROS.platform/Developer/usr/lib/swift/host/plugins/libSwiftMacros.dylib\#/Applications/Xcode-27.0.0-Release.Candidate.app/Contents/Developer/Platforms/XROS.platform/Developer/usr/bin/swift-plugin-server\#SwiftMacros -load-resolved-plugin /Applications/Xcode-27.0.0-Release.Candidate.app/Contents/Developer/Platforms/XROS.platform/Developer/usr/lib/swift/host/plugins/libSwiftUIMacros.dylib\#/Applications/Xcode-27.0.0-Release.Candidate.app/Contents/Developer/Platforms/XROS.platform/Developer/usr/bin/swift-plugin-server\#SwiftUIMacros -disable-implicit-swift-modules -Xcc -fno-implicit-modules -Xcc -fno-implicit-module-maps -explicit-swift-module-map-file /Users/admin/builder/spi-builder-workspace/.derivedData/Build/Intermediates.noindex/WWAssistiveTouch.build/Debug-xros/WWAssistiveTouch-t.build/Objects-normal/arm64/WWAssistiveTouch-dependencies-1.json -Xllvm -aarch64-use-tbi -enable-objc-interop -stack-check -sdk /Applications/Xcode-27.0.0-Release.Candidate.app/Contents/Developer/Platforms/XROS.platform/Developer/SDKs/XROS27.0.sdk -I /Users/admin/builder/spi-builder-workspace/.derivedData/Build/Products/Debug-xros -Isystem /Applications/Xcode-27.0.0-Release.Candidate.app/Contents/Developer/Platforms/XROS.platform/Developer/usr/lib -F /Users/admin/builder/spi-builder-workspace/.derivedData/Build/Products/Debug-xros -F /Applications/Xcode-27.0.0-Release.Candidate.app/Contents/Developer/Platforms/XROS.platform/Developer/Library/Frameworks -F /Applications/Xcode-27.0.0-Release.Candidate.app/Contents/Developer/Platforms/XROS.platform/Developer/SDKs/XROS27.0.sdk/Developer/Library/Frameworks -module-cache-path /Users/admin/builder/spi-builder-workspace/.derivedData/Build/Intermediates.noindex/SwiftExplicitPrecompiledModules -no-color-diagnostics -Xcc -fno-color-diagnostics -enable-testing -g -debug-info-format\=dwarf -dwarf-version\=4 -swift-version 5 -Onone -D SWIFT_PACKAGE -D DEBUG -D SWIFT_MODULE_RESOURCE_BUNDLE_AVAILABLE -D Xcode -serialize-debugging-options -enable-experimental-feature DebugDescriptionMacro -empty-abi-descriptor -validate-clang-modules-once -clang-build-session-file /Users/admin/builder/spi-builder-workspace/.derivedData/ModuleCache.noindex/Session.modulevalidation -Xcc -working-directory -Xcc /Users/admin/builder/spi-builder-workspace/.swiftpm/xcode -enable-anonymous-context-mangled-names -file-compilation-dir /Users/admin/builder/spi-builder-workspace/.swiftpm/xcode -Xcc -D_LIBCPP_HARDENING_MODE\=_LIBCPP_HARDENING_MODE_DEBUG -Xcc -ivfsstatcache -Xcc /Users/admin/builder/spi-builder-workspace/.derivedData/SDKStatCaches.noindex/xros27.0-24M361-e829b21a6f8c9b70876ba0858053c044735bd543db762f57723cac368afd1ce4.sdkstatcache -Xcc -fmodules-prune-interval\=86400 -Xcc -fmodules-prune-after\=345600 -Xcc -I/Users/admin/builder/spi-builder-workspace/.derivedData/Build/Products/Debug-xros/include -Xcc -I/Users/admin/builder/spi-builder-workspace/.derivedData/Build/Intermediates.noindex/WWAssistiveTouch.build/Debug-xros/WWAssistiveTouch-t.build/DerivedSources-normal/arm64 -Xcc -I/Users/admin/builder/spi-builder-workspace/.derivedData/Build/Intermediates.noindex/WWAssistiveTouch.build/Debug-xros/WWAssistiveTouch-t.build/DerivedSources/arm64 -Xcc -I/Users/admin/builder/spi-builder-workspace/.derivedData/Build/Intermediates.noindex/WWAssistiveTouch.build/Debug-xros/WWAssistiveTouch-t.build/DerivedSources -Xcc -DSWIFT_PACKAGE -Xcc -DDEBUG\=1 -no-auto-bridging-header-chaining -module-name WWAssistiveTouch -const-gather-protocols-file /Users/admin/builder/spi-builder-workspace/.derivedData/Build/Intermediates.noindex/WWAssistiveTouch.build/Debug-xros/WWAssistiveTouch-t.build/Objects-normal/arm64/WWAssistiveTouch_const_extract_protocols.json -disable-clang-spi -clang-target arm64-apple-xros27.0 -target-sdk-version 27.0 -target-sdk-name xros27.0 -in-process-plugin-server-path /Applications/Xcode-27.0.0-Release.Candidate.app/Contents/Developer/Toolchains/XcodeDefault.xctoolchain/usr/lib/swift/host/libSwiftInProcPluginServer.dylib -parse-as-library -o /Users/admin/builder/spi-builder-workspace/.derivedData/Build/Intermediates.noindex/WWAssistiveTouch.build/Debug-xros/WWAssistiveTouch-t.build/Objects-normal/arm64/AssistiveTouchViewController.o -debug-module-path /Users/admin/builder/spi-builder-workspace/.derivedData/Build/Intermediates.noindex/WWAssistiveTouch.build/Debug-xros/WWAssistiveTouch-t.build/Objects-normal/arm64/WWAssistiveTouch.swiftmodule -index-unit-output-path /WWAssistiveTouch.build/Debug-xros/WWAssistiveTouch-t.build/Objects-normal/arm64/AssistiveTouchViewController.o -index-store-path /Users/admin/builder/spi-builder-workspace/.derivedData/Index.noindex/DataStore -index-system-modules
SwiftCompile normal arm64 Compiling\ WWAssistiveTouch.swift /Users/admin/builder/spi-builder-workspace/Sources/WWAssistiveTouch/WWAssistiveTouch.swift (in target 'WWAssistiveTouch' from project 'WWAssistiveTouch')
SwiftCompile normal arm64 /Users/admin/builder/spi-builder-workspace/Sources/WWAssistiveTouch/WWAssistiveTouch.swift (in target 'WWAssistiveTouch' from project 'WWAssistiveTouch')
cd /Users/admin/builder/spi-builder-workspace/.swiftpm/xcode
builtin-SwiftPerFileCompile WWAssistiveTouch.swift
SwiftCompile normal arm64 Compiling\ Extension.swift /Users/admin/builder/spi-builder-workspace/Sources/WWAssistiveTouch/Utility/Extension.swift (in target 'WWAssistiveTouch' from project 'WWAssistiveTouch')
SwiftCompile normal arm64 /Users/admin/builder/spi-builder-workspace/Sources/WWAssistiveTouch/Utility/Extension.swift (in target 'WWAssistiveTouch' from project 'WWAssistiveTouch')
cd /Users/admin/builder/spi-builder-workspace/.swiftpm/xcode
builtin-SwiftPerFileCompile Extension.swift
SwiftCompile normal arm64 Compiling\ resource_bundle_accessor.swift /Users/admin/builder/spi-builder-workspace/.derivedData/Build/Intermediates.noindex/WWAssistiveTouch.build/Debug-xros/WWAssistiveTouch-t.build/DerivedSources/resource_bundle_accessor.swift (in target 'WWAssistiveTouch' from project 'WWAssistiveTouch')
SwiftCompile normal arm64 /Users/admin/builder/spi-builder-workspace/.derivedData/Build/Intermediates.noindex/WWAssistiveTouch.build/Debug-xros/WWAssistiveTouch-t.build/DerivedSources/resource_bundle_accessor.swift (in target 'WWAssistiveTouch' from project 'WWAssistiveTouch')
cd /Users/admin/builder/spi-builder-workspace/.swiftpm/xcode
builtin-SwiftPerFileCompile resource_bundle_accessor.swift
SwiftCompile normal arm64 Compiling\ Delegate.swift /Users/admin/builder/spi-builder-workspace/Sources/WWAssistiveTouch/Utility/Delegate.swift (in target 'WWAssistiveTouch' from project 'WWAssistiveTouch')
/Users/admin/builder/spi-builder-workspace/Sources/WWAssistiveTouch/Utility/Delegate.swift:13:5: warning: 'public' modifier is redundant for protocol declared in a public extension
11 | public extension WWAssistiveTouch {
12 |
13 | public protocol Delegate: AnyObject {
| `- warning: 'public' modifier is redundant for protocol declared in a public extension
14 |
15 | /// AssistiveTouch是否被按下
SwiftCompile normal arm64 /Users/admin/builder/spi-builder-workspace/Sources/WWAssistiveTouch/Utility/Delegate.swift (in target 'WWAssistiveTouch' from project 'WWAssistiveTouch')
cd /Users/admin/builder/spi-builder-workspace/.swiftpm/xcode
builtin-SwiftPerFileCompile Delegate.swift
SwiftDriverJobDiscovery normal arm64 Emitting module for WWAssistiveTouch (in target 'WWAssistiveTouch' from project 'WWAssistiveTouch')
SwiftDriver\ Compilation\ Requirements WWAssistiveTouch normal arm64 com.apple.xcode.tools.swift.compiler (in target 'WWAssistiveTouch' from project 'WWAssistiveTouch')
cd /Users/admin/builder/spi-builder-workspace/.swiftpm/xcode
builtin-Swift-Compilation-Requirements -- /Applications/Xcode-27.0.0-Release.Candidate.app/Contents/Developer/Toolchains/XcodeDefault.xctoolchain/usr/bin/swiftc -parse-as-library -module-name WWAssistiveTouch -Onone @/Users/admin/builder/spi-builder-workspace/.derivedData/Build/Intermediates.noindex/WWAssistiveTouch.build/Debug-xros/WWAssistiveTouch-t.build/Objects-normal/arm64/WWAssistiveTouch.SwiftFileList -DSWIFT_PACKAGE -DDEBUG -DSWIFT_MODULE_RESOURCE_BUNDLE_AVAILABLE -DXcode -plugin-path /Applications/Xcode-27.0.0-Release.Candidate.app/Contents/Developer/Toolchains/XcodeDefault.xctoolchain/usr/lib/swift/host/plugins/testing -enable-experimental-feature DebugDescriptionMacro -sdk /Applications/Xcode-27.0.0-Release.Candidate.app/Contents/Developer/Platforms/XROS.platform/Developer/SDKs/XROS27.0.sdk -target arm64-apple-xros1.0 -g -module-cache-path /Users/admin/builder/spi-builder-workspace/.derivedData/ModuleCache.noindex -Xfrontend -serialize-debugging-options -enable-testing -index-store-path /Users/admin/builder/spi-builder-workspace/.derivedData/Index.noindex/DataStore -Xcc -D_LIBCPP_HARDENING_MODE\=_LIBCPP_HARDENING_MODE_DEBUG -swift-version 5 -I /Users/admin/builder/spi-builder-workspace/.derivedData/Build/Products/Debug-xros -Isystem /Applications/Xcode-27.0.0-Release.Candidate.app/Contents/Developer/Platforms/XROS.platform/Developer/usr/lib -F /Users/admin/builder/spi-builder-workspace/.derivedData/Build/Products/Debug-xros -F /Applications/Xcode-27.0.0-Release.Candidate.app/Contents/Developer/Platforms/XROS.platform/Developer/Library/Frameworks -F /Applications/Xcode-27.0.0-Release.Candidate.app/Contents/Developer/Platforms/XROS.platform/Developer/SDKs/XROS27.0.sdk/Developer/Library/Frameworks -c -j10 -enable-batch-mode -incremental -Xcc -ivfsstatcache -Xcc /Users/admin/builder/spi-builder-workspace/.derivedData/SDKStatCaches.noindex/xros27.0-24M361-e829b21a6f8c9b70876ba0858053c044735bd543db762f57723cac368afd1ce4.sdkstatcache -output-file-map /Users/admin/builder/spi-builder-workspace/.derivedData/Build/Intermediates.noindex/WWAssistiveTouch.build/Debug-xros/WWAssistiveTouch-t.build/Objects-normal/arm64/WWAssistiveTouch-OutputFileMap.json -save-temps -no-color-diagnostics -explicit-module-build -module-cache-path /Users/admin/builder/spi-builder-workspace/.derivedData/Build/Intermediates.noindex/SwiftExplicitPrecompiledModules -clang-scanner-module-cache-path /Users/admin/builder/spi-builder-workspace/.derivedData/ModuleCache.noindex -sdk-module-cache-path /Users/admin/builder/spi-builder-workspace/.derivedData/SDKExplicitPrecompiledModules -emit-dependencies -emit-module -emit-module-path /Users/admin/builder/spi-builder-workspace/.derivedData/Build/Intermediates.noindex/WWAssistiveTouch.build/Debug-xros/WWAssistiveTouch-t.build/Objects-normal/arm64/WWAssistiveTouch.swiftmodule -serialize-diagnostics -dependency-scan-serialize-diagnostics-path /Users/admin/builder/spi-builder-workspace/.derivedData/Build/Intermediates.noindex/WWAssistiveTouch.build/Debug-xros/WWAssistiveTouch-t.build/Objects-normal/arm64/WWAssistiveTouch-dependency-scan.dia -validate-clang-modules-once -clang-build-session-file /Users/admin/builder/spi-builder-workspace/.derivedData/ModuleCache.noindex/Session.modulevalidation -Xcc -fmodules-prune-interval\=86400 -Xcc -fmodules-prune-after\=345600 -emit-const-values -const-gather-protocols-list /Users/admin/builder/spi-builder-workspace/.derivedData/Build/Intermediates.noindex/WWAssistiveTouch.build/Debug-xros/WWAssistiveTouch-t.build/Objects-normal/arm64/WWAssistiveTouch_const_extract_protocols.json -Xcc -I/Users/admin/builder/spi-builder-workspace/.derivedData/Build/Products/Debug-xros/include -Xcc -I/Users/admin/builder/spi-builder-workspace/.derivedData/Build/Intermediates.noindex/WWAssistiveTouch.build/Debug-xros/WWAssistiveTouch-t.build/DerivedSources-normal/arm64 -Xcc -I/Users/admin/builder/spi-builder-workspace/.derivedData/Build/Intermediates.noindex/WWAssistiveTouch.build/Debug-xros/WWAssistiveTouch-t.build/DerivedSources/arm64 -Xcc -I/Users/admin/builder/spi-builder-workspace/.derivedData/Build/Intermediates.noindex/WWAssistiveTouch.build/Debug-xros/WWAssistiveTouch-t.build/DerivedSources -Xcc -DSWIFT_PACKAGE -Xcc -DDEBUG\=1 -emit-objc-header -emit-objc-header-path /Users/admin/builder/spi-builder-workspace/.derivedData/Build/Intermediates.noindex/WWAssistiveTouch.build/Debug-xros/WWAssistiveTouch-t.build/Objects-normal/arm64/WWAssistiveTouch-Swift.h -working-directory /Users/admin/builder/spi-builder-workspace/.swiftpm/xcode -experimental-emit-module-separately -disable-cmo
SwiftMergeGeneratedHeaders /Users/admin/builder/spi-builder-workspace/.derivedData/Build/Intermediates.noindex/GeneratedModuleMaps-xros/WWAssistiveTouch-Swift.h /Users/admin/builder/spi-builder-workspace/.derivedData/Build/Intermediates.noindex/WWAssistiveTouch.build/Debug-xros/WWAssistiveTouch-t.build/Objects-normal/arm64/WWAssistiveTouch-Swift.h (in target 'WWAssistiveTouch' from project 'WWAssistiveTouch')
cd /Users/admin/builder/spi-builder-workspace
builtin-swiftHeaderTool -arch arm64 /Users/admin/builder/spi-builder-workspace/.derivedData/Build/Intermediates.noindex/WWAssistiveTouch.build/Debug-xros/WWAssistiveTouch-t.build/Objects-normal/arm64/WWAssistiveTouch-Swift.h -o /Users/admin/builder/spi-builder-workspace/.derivedData/Build/Intermediates.noindex/GeneratedModuleMaps-xros/WWAssistiveTouch-Swift.h
Copy /Users/admin/builder/spi-builder-workspace/.derivedData/Build/Products/Debug-xros/WWAssistiveTouch.swiftmodule/arm64-apple-xros.swiftdoc /Users/admin/builder/spi-builder-workspace/.derivedData/Build/Intermediates.noindex/WWAssistiveTouch.build/Debug-xros/WWAssistiveTouch-t.build/Objects-normal/arm64/WWAssistiveTouch.swiftdoc (in target 'WWAssistiveTouch' from project 'WWAssistiveTouch')
cd /Users/admin/builder/spi-builder-workspace
builtin-copy -exclude .DS_Store -exclude CVS -exclude .svn -exclude .git -exclude .hg -resolve-src-symlinks -rename /Users/admin/builder/spi-builder-workspace/.derivedData/Build/Intermediates.noindex/WWAssistiveTouch.build/Debug-xros/WWAssistiveTouch-t.build/Objects-normal/arm64/WWAssistiveTouch.swiftdoc /Users/admin/builder/spi-builder-workspace/.derivedData/Build/Products/Debug-xros/WWAssistiveTouch.swiftmodule/arm64-apple-xros.swiftdoc
Copy /Users/admin/builder/spi-builder-workspace/.derivedData/Build/Products/Debug-xros/WWAssistiveTouch.swiftmodule/arm64-apple-xros.abi.json /Users/admin/builder/spi-builder-workspace/.derivedData/Build/Intermediates.noindex/WWAssistiveTouch.build/Debug-xros/WWAssistiveTouch-t.build/Objects-normal/arm64/WWAssistiveTouch.abi.json (in target 'WWAssistiveTouch' from project 'WWAssistiveTouch')
cd /Users/admin/builder/spi-builder-workspace
builtin-copy -exclude .DS_Store -exclude CVS -exclude .svn -exclude .git -exclude .hg -resolve-src-symlinks -rename /Users/admin/builder/spi-builder-workspace/.derivedData/Build/Intermediates.noindex/WWAssistiveTouch.build/Debug-xros/WWAssistiveTouch-t.build/Objects-normal/arm64/WWAssistiveTouch.abi.json /Users/admin/builder/spi-builder-workspace/.derivedData/Build/Products/Debug-xros/WWAssistiveTouch.swiftmodule/arm64-apple-xros.abi.json
Copy /Users/admin/builder/spi-builder-workspace/.derivedData/Build/Products/Debug-xros/WWAssistiveTouch.swiftmodule/Project/arm64-apple-xros.swiftsourceinfo /Users/admin/builder/spi-builder-workspace/.derivedData/Build/Intermediates.noindex/WWAssistiveTouch.build/Debug-xros/WWAssistiveTouch-t.build/Objects-normal/arm64/WWAssistiveTouch.swiftsourceinfo (in target 'WWAssistiveTouch' from project 'WWAssistiveTouch')
cd /Users/admin/builder/spi-builder-workspace
builtin-copy -exclude .DS_Store -exclude CVS -exclude .svn -exclude .git -exclude .hg -resolve-src-symlinks -rename /Users/admin/builder/spi-builder-workspace/.derivedData/Build/Intermediates.noindex/WWAssistiveTouch.build/Debug-xros/WWAssistiveTouch-t.build/Objects-normal/arm64/WWAssistiveTouch.swiftsourceinfo /Users/admin/builder/spi-builder-workspace/.derivedData/Build/Products/Debug-xros/WWAssistiveTouch.swiftmodule/Project/arm64-apple-xros.swiftsourceinfo
Copy /Users/admin/builder/spi-builder-workspace/.derivedData/Build/Products/Debug-xros/WWAssistiveTouch.swiftmodule/arm64-apple-xros.swiftmodule /Users/admin/builder/spi-builder-workspace/.derivedData/Build/Intermediates.noindex/WWAssistiveTouch.build/Debug-xros/WWAssistiveTouch-t.build/Objects-normal/arm64/WWAssistiveTouch.swiftmodule (in target 'WWAssistiveTouch' from project 'WWAssistiveTouch')
cd /Users/admin/builder/spi-builder-workspace
builtin-copy -exclude .DS_Store -exclude CVS -exclude .svn -exclude .git -exclude .hg -resolve-src-symlinks -rename /Users/admin/builder/spi-builder-workspace/.derivedData/Build/Intermediates.noindex/WWAssistiveTouch.build/Debug-xros/WWAssistiveTouch-t.build/Objects-normal/arm64/WWAssistiveTouch.swiftmodule /Users/admin/builder/spi-builder-workspace/.derivedData/Build/Products/Debug-xros/WWAssistiveTouch.swiftmodule/arm64-apple-xros.swiftmodule
SwiftDriverJobDiscovery normal arm64 Compiling Delegate.swift (in target 'WWAssistiveTouch' from project 'WWAssistiveTouch')
SwiftDriverJobDiscovery normal arm64 Compiling resource_bundle_accessor.swift (in target 'WWAssistiveTouch' from project 'WWAssistiveTouch')
PruneExplicitPrecompiledModules /Users/admin/builder/spi-builder-workspace/.derivedData/SDKExplicitPrecompiledModules
PruneExplicitPrecompiledModules /Users/admin/builder/spi-builder-workspace/.derivedData/Build/Intermediates.noindex/SwiftExplicitPrecompiledModules
PruneExplicitPrecompiledModules /Users/admin/builder/spi-builder-workspace/.derivedData/Build/Intermediates.noindex/ExplicitPrecompiledModules
2026-09-23 22:56:49.609 xcodebuild[693:4273] [MT] IDERunDestination: Supported platforms for the buildables in the current scheme is empty.
** BUILD FAILED **
The following build commands failed:
SwiftCompile normal arm64 /Users/admin/builder/spi-builder-workspace/Sources/WWAssistiveTouch/ViewController/AssistiveTouchViewController.swift (in target 'WWAssistiveTouch' from project 'WWAssistiveTouch')
SwiftCompile normal arm64 Compiling\ AssistiveTouchViewController.swift /Users/admin/builder/spi-builder-workspace/Sources/WWAssistiveTouch/ViewController/AssistiveTouchViewController.swift (in target 'WWAssistiveTouch' from project 'WWAssistiveTouch')
Building workspace WWAssistiveTouch with scheme WWAssistiveTouch
(3 failures)
Command line invocation:
/Applications/Xcode-27.0.0-Release.Candidate.app/Contents/Developer/usr/bin/xcodebuild -IDEClonedSourcePackagesDirPathOverride=/Users/admin/builder/spi-builder-workspace/.dependencies -resolvePackageDependencies
Resolve Package Graph
Resolved source packages:
WWAssistiveTouch: /Users/admin/builder/spi-builder-workspace
resolved source packages: WWAssistiveTouch
2026-09-23 22:57:00.483 xcodebuild[787:4683] [MT] IDERunDestination: Supported platforms for the buildables in the current scheme is empty.
{
"dependencies" : [
],
"manifest_display_name" : "WWAssistiveTouch",
"name" : "WWAssistiveTouch",
"path" : "/Users/admin/builder/spi-builder-workspace",
"platforms" : [
{
"name" : "ios",
"version" : "15.0"
}
],
"products" : [
{
"name" : "WWAssistiveTouch",
"targets" : [
"WWAssistiveTouch"
],
"type" : {
"library" : [
"automatic"
]
}
}
],
"swift_languages_versions" : [
"5"
],
"targets" : [
{
"c99name" : "WWAssistiveTouch",
"module_type" : "SwiftTarget",
"name" : "WWAssistiveTouch",
"path" : "Sources/WWAssistiveTouch",
"product_memberships" : [
"WWAssistiveTouch"
],
"resources" : [
{
"path" : "/Users/admin/builder/spi-builder-workspace/Sources/WWAssistiveTouch/Material/circle.png",
"rule" : {
"process" : {
}
}
},
{
"path" : "/Users/admin/builder/spi-builder-workspace/Sources/WWAssistiveTouch/Privacy",
"rule" : {
"copy" : {
}
}
},
{
"path" : "/Users/admin/builder/spi-builder-workspace/Sources/WWAssistiveTouch/Storyboard/Storyboard.storyboard",
"rule" : {
"process" : {
}
}
}
],
"sources" : [
"Utility/Delegate.swift",
"Utility/Extension.swift",
"ViewController/AssistiveTouchViewController.swift",
"WWAssistiveTouch.swift"
],
"type" : "library"
}
],
"tools_version" : "5.7"
}
{
"workspace" : {
"name" : "WWAssistiveTouch",
"schemes" : [
"WWAssistiveTouch"
]
}
}
2026-09-23 22:57:01.757 xcodebuild[795:4749] [MT] IDERunDestination: Supported platforms for the buildables in the current scheme is empty.
Running build ...
env DEVELOPER_DIR=/Applications/Xcode-27.0.0-Release.Candidate.app xcrun xcodebuild -IDEClonedSourcePackagesDirPathOverride=$PWD/.dependencies -skipMacroValidation -skipPackagePluginValidation -derivedDataPath $PWD/.derivedData build -scheme WWAssistiveTouch -destination generic/platform=xrOS
Command line invocation:
/Applications/Xcode-27.0.0-Release.Candidate.app/Contents/Developer/usr/bin/xcodebuild -IDEClonedSourcePackagesDirPathOverride=/Users/admin/builder/spi-builder-workspace/.dependencies -skipMacroValidation -skipPackagePluginValidation -derivedDataPath /Users/admin/builder/spi-builder-workspace/.derivedData build -scheme WWAssistiveTouch -destination generic/platform=xrOS
Resolve Package Graph
Resolved source packages:
WWAssistiveTouch: /Users/admin/builder/spi-builder-workspace
ComputePackagePrebuildTargetDependencyGraph
Prepare packages
CreateBuildRequest
SendProjectDescription
CreateBuildOperation
ComputeTargetDependencyGraph
note: Building targets in dependency order
note: Target dependency graph (3 targets)
Target 'WWAssistiveTouch-product' in project 'WWAssistiveTouch'
➜ Explicit dependency on target 'WWAssistiveTouch' in project 'WWAssistiveTouch'
➜ Explicit dependency on target 'WWAssistiveTouch_WWAssistiveTouch' in project 'WWAssistiveTouch'
Target 'WWAssistiveTouch' in project 'WWAssistiveTouch'
➜ Explicit dependency on target 'WWAssistiveTouch_WWAssistiveTouch' in project 'WWAssistiveTouch'
Target 'WWAssistiveTouch_WWAssistiveTouch' in project 'WWAssistiveTouch' (no dependencies)
GatherProvisioningInputs
CreateBuildDescription
ClangStatCache /Applications/Xcode-27.0.0-Release.Candidate.app/Contents/Developer/Toolchains/XcodeDefault.xctoolchain/usr/bin/clang-stat-cache /Applications/Xcode-27.0.0-Release.Candidate.app/Contents/Developer/Platforms/XROS.platform/Developer/SDKs/XROS27.0.sdk /Users/admin/builder/spi-builder-workspace/.derivedData/SDKStatCaches.noindex/xros27.0-24M361-e829b21a6f8c9b70876ba0858053c044735bd543db762f57723cac368afd1ce4.sdkstatcache
cd /Users/admin/builder/spi-builder-workspace/.swiftpm/xcode
/Applications/Xcode-27.0.0-Release.Candidate.app/Contents/Developer/Toolchains/XcodeDefault.xctoolchain/usr/bin/clang-stat-cache /Applications/Xcode-27.0.0-Release.Candidate.app/Contents/Developer/Platforms/XROS.platform/Developer/SDKs/XROS27.0.sdk -o /Users/admin/builder/spi-builder-workspace/.derivedData/SDKStatCaches.noindex/xros27.0-24M361-e829b21a6f8c9b70876ba0858053c044735bd543db762f57723cac368afd1ce4.sdkstatcache
SwiftDriver WWAssistiveTouch normal arm64 com.apple.xcode.tools.swift.compiler (in target 'WWAssistiveTouch' from project 'WWAssistiveTouch')
cd /Users/admin/builder/spi-builder-workspace/.swiftpm/xcode
builtin-SwiftDriver -- /Applications/Xcode-27.0.0-Release.Candidate.app/Contents/Developer/Toolchains/XcodeDefault.xctoolchain/usr/bin/swiftc -parse-as-library -module-name WWAssistiveTouch -Onone @/Users/admin/builder/spi-builder-workspace/.derivedData/Build/Intermediates.noindex/WWAssistiveTouch.build/Debug-xros/WWAssistiveTouch-t.build/Objects-normal/arm64/WWAssistiveTouch.SwiftFileList -DSWIFT_PACKAGE -DDEBUG -DSWIFT_MODULE_RESOURCE_BUNDLE_AVAILABLE -DXcode -plugin-path /Applications/Xcode-27.0.0-Release.Candidate.app/Contents/Developer/Toolchains/XcodeDefault.xctoolchain/usr/lib/swift/host/plugins/testing -enable-experimental-feature DebugDescriptionMacro -sdk /Applications/Xcode-27.0.0-Release.Candidate.app/Contents/Developer/Platforms/XROS.platform/Developer/SDKs/XROS27.0.sdk -target arm64-apple-xros1.0 -g -module-cache-path /Users/admin/builder/spi-builder-workspace/.derivedData/ModuleCache.noindex -Xfrontend -serialize-debugging-options -enable-testing -index-store-path /Users/admin/builder/spi-builder-workspace/.derivedData/Index.noindex/DataStore -Xcc -D_LIBCPP_HARDENING_MODE\=_LIBCPP_HARDENING_MODE_DEBUG -swift-version 5 -I /Users/admin/builder/spi-builder-workspace/.derivedData/Build/Products/Debug-xros -Isystem /Applications/Xcode-27.0.0-Release.Candidate.app/Contents/Developer/Platforms/XROS.platform/Developer/usr/lib -F /Users/admin/builder/spi-builder-workspace/.derivedData/Build/Products/Debug-xros -F /Applications/Xcode-27.0.0-Release.Candidate.app/Contents/Developer/Platforms/XROS.platform/Developer/Library/Frameworks -F /Applications/Xcode-27.0.0-Release.Candidate.app/Contents/Developer/Platforms/XROS.platform/Developer/SDKs/XROS27.0.sdk/Developer/Library/Frameworks -c -j10 -enable-batch-mode -incremental -Xcc -ivfsstatcache -Xcc /Users/admin/builder/spi-builder-workspace/.derivedData/SDKStatCaches.noindex/xros27.0-24M361-e829b21a6f8c9b70876ba0858053c044735bd543db762f57723cac368afd1ce4.sdkstatcache -output-file-map /Users/admin/builder/spi-builder-workspace/.derivedData/Build/Intermediates.noindex/WWAssistiveTouch.build/Debug-xros/WWAssistiveTouch-t.build/Objects-normal/arm64/WWAssistiveTouch-OutputFileMap.json -save-temps -no-color-diagnostics -explicit-module-build -module-cache-path /Users/admin/builder/spi-builder-workspace/.derivedData/Build/Intermediates.noindex/SwiftExplicitPrecompiledModules -clang-scanner-module-cache-path /Users/admin/builder/spi-builder-workspace/.derivedData/ModuleCache.noindex -sdk-module-cache-path /Users/admin/builder/spi-builder-workspace/.derivedData/SDKExplicitPrecompiledModules -emit-dependencies -emit-module -emit-module-path /Users/admin/builder/spi-builder-workspace/.derivedData/Build/Intermediates.noindex/WWAssistiveTouch.build/Debug-xros/WWAssistiveTouch-t.build/Objects-normal/arm64/WWAssistiveTouch.swiftmodule -serialize-diagnostics -dependency-scan-serialize-diagnostics-path /Users/admin/builder/spi-builder-workspace/.derivedData/Build/Intermediates.noindex/WWAssistiveTouch.build/Debug-xros/WWAssistiveTouch-t.build/Objects-normal/arm64/WWAssistiveTouch-dependency-scan.dia -validate-clang-modules-once -clang-build-session-file /Users/admin/builder/spi-builder-workspace/.derivedData/ModuleCache.noindex/Session.modulevalidation -Xcc -fmodules-prune-interval\=86400 -Xcc -fmodules-prune-after\=345600 -emit-const-values -const-gather-protocols-list /Users/admin/builder/spi-builder-workspace/.derivedData/Build/Intermediates.noindex/WWAssistiveTouch.build/Debug-xros/WWAssistiveTouch-t.build/Objects-normal/arm64/WWAssistiveTouch_const_extract_protocols.json -Xcc -I/Users/admin/builder/spi-builder-workspace/.derivedData/Build/Products/Debug-xros/include -Xcc -I/Users/admin/builder/spi-builder-workspace/.derivedData/Build/Intermediates.noindex/WWAssistiveTouch.build/Debug-xros/WWAssistiveTouch-t.build/DerivedSources-normal/arm64 -Xcc -I/Users/admin/builder/spi-builder-workspace/.derivedData/Build/Intermediates.noindex/WWAssistiveTouch.build/Debug-xros/WWAssistiveTouch-t.build/DerivedSources/arm64 -Xcc -I/Users/admin/builder/spi-builder-workspace/.derivedData/Build/Intermediates.noindex/WWAssistiveTouch.build/Debug-xros/WWAssistiveTouch-t.build/DerivedSources -Xcc -DSWIFT_PACKAGE -Xcc -DDEBUG\=1 -emit-objc-header -emit-objc-header-path /Users/admin/builder/spi-builder-workspace/.derivedData/Build/Intermediates.noindex/WWAssistiveTouch.build/Debug-xros/WWAssistiveTouch-t.build/Objects-normal/arm64/WWAssistiveTouch-Swift.h -working-directory /Users/admin/builder/spi-builder-workspace/.swiftpm/xcode -experimental-emit-module-separately -disable-cmo
SwiftCompile normal arm64 Compiling\ Extension.swift /Users/admin/builder/spi-builder-workspace/Sources/WWAssistiveTouch/Utility/Extension.swift (in target 'WWAssistiveTouch' from project 'WWAssistiveTouch')
SwiftCompile normal arm64 /Users/admin/builder/spi-builder-workspace/Sources/WWAssistiveTouch/Utility/Extension.swift (in target 'WWAssistiveTouch' from project 'WWAssistiveTouch')
cd /Users/admin/builder/spi-builder-workspace/.swiftpm/xcode
builtin-SwiftPerFileCompile Extension.swift
SwiftEmitModule normal arm64 Emitting\ module\ for\ WWAssistiveTouch (in target 'WWAssistiveTouch' from project 'WWAssistiveTouch')
SwiftCompile normal arm64 (in target 'WWAssistiveTouch' from project 'WWAssistiveTouch')
cd /Users/admin/builder/spi-builder-workspace/.swiftpm/xcode
/Users/admin/builder/spi-builder-workspace/Sources/WWAssistiveTouch/Utility/Delegate.swift:13:5: warning: 'public' modifier is redundant for protocol declared in a public extension
11 | public extension WWAssistiveTouch {
12 |
13 | public protocol Delegate: AnyObject {
| `- warning: 'public' modifier is redundant for protocol declared in a public extension
14 |
15 | /// AssistiveTouch是否被按下
/Users/admin/builder/spi-builder-workspace/Sources/WWAssistiveTouch/ViewController/AssistiveTouchViewController.swift:43:38: warning: 'UIStoryboardSegue' was deprecated in visionOS 1.0: Loading Interface Builder products will not be supported in a future version of visionOS. [#DeprecatedDeclaration]
41 | }
42 |
43 | override func prepare(for segue: UIStoryboardSegue, sender: Any?) {
| `- warning: 'UIStoryboardSegue' was deprecated in visionOS 1.0: Loading Interface Builder products will not be supported in a future version of visionOS. [#DeprecatedDeclaration]
44 | self.effectViewController = segue.destination
45 | }
/Users/admin/builder/spi-builder-workspace/Sources/WWAssistiveTouch/WWAssistiveTouch.swift:20:39: warning: 'UIStoryboard' was deprecated in visionOS 1.0: Loading Interface Builder products will not be supported in a future version of visionOS. [#DeprecatedDeclaration]
18 | }
19 |
20 | private lazy var assistiveTouch = UIStoryboard(name: "Storyboard", bundle: .module).instantiateViewController(withIdentifier: "AssistiveTouch") as? AssistiveTouchViewController
| `- warning: 'UIStoryboard' was deprecated in visionOS 1.0: Loading Interface Builder products will not be supported in a future version of visionOS. [#DeprecatedDeclaration]
21 |
22 | public convenience init(touchViewController: UIViewController, frame: CGRect = .init(origin: .init(x: 256, y: 256), size: .init(width: 64, height: 64)), gap: CGFloat = 8, icon: UIImage? = nil, isAutoAdjust: Bool = false, delegate: WWAssistiveTouch.Delegate? = nil) {
[#DeprecatedDeclaration]: <https://docs.swift.org/compiler/documentation/diagnostics/deprecated-declaration>
SwiftCompile normal arm64 Compiling\ AssistiveTouchViewController.swift /Users/admin/builder/spi-builder-workspace/Sources/WWAssistiveTouch/ViewController/AssistiveTouchViewController.swift (in target 'WWAssistiveTouch' from project 'WWAssistiveTouch')
/Users/admin/builder/spi-builder-workspace/Sources/WWAssistiveTouch/ViewController/AssistiveTouchViewController.swift:43:38: warning: 'UIStoryboardSegue' was deprecated in visionOS 1.0: Loading Interface Builder products will not be supported in a future version of visionOS. [#DeprecatedDeclaration]
41 | }
42 |
43 | override func prepare(for segue: UIStoryboardSegue, sender: Any?) {
| `- warning: 'UIStoryboardSegue' was deprecated in visionOS 1.0: Loading Interface Builder products will not be supported in a future version of visionOS. [#DeprecatedDeclaration]
44 | self.effectViewController = segue.destination
45 | }
/Users/admin/builder/spi-builder-workspace/Sources/WWAssistiveTouch/ViewController/AssistiveTouchViewController.swift:100:69: error: 'UIScreen' is unavailable in visionOS
98 |
99 | !isDisplay ? delegate?.assistiveTouch(window, status: .display) : delegate?.assistiveTouch(window, status: .dismiss)
100 | if isDisplay { touchViewFrame = window.frame; windowFrame = UIScreen.main.bounds }
| `- error: 'UIScreen' is unavailable in visionOS
101 |
102 | displayTouchContainerView(!isDisplay)
/Applications/Xcode-27.0.0-Release.Candidate.app/Contents/Developer/Platforms/XROS.platform/Developer/SDKs/XROS27.0.sdk/System/Library/Frameworks/UIKit.framework/Headers/UIScreen.h:54:12: note: 'UIScreen' has been explicitly marked unavailable here
52 |
53 | UIKIT_EXTERN API_AVAILABLE(ios(2.0)) API_UNAVAILABLE(visionos, watchos) NS_SWIFT_UI_ACTOR
54 | @interface UIScreen : NSObject <UITraitEnvironment>
| `- note: 'UIScreen' has been explicitly marked unavailable here
55 |
56 | @property(class, nonatomic, readonly) NSArray<UIScreen *> *screens API_DEPRECATED("Use UIApplication.shared.openSessions to find open sessions with scenes from other screens", ios(3.2, 16.0), visionos(1.0, 1.0)) API_UNAVAILABLE(watchos); // all screens currently attached to the device
/Users/admin/builder/spi-builder-workspace/Sources/WWAssistiveTouch/ViewController/AssistiveTouchViewController.swift:220:28: error: 'UIScreen' is unavailable in visionOS
218 | func moveCenter(_ window: UIWindow, pan: UIPanGestureRecognizer) -> CGPoint {
219 |
220 | let screenBounds = UIScreen.main.bounds
| `- error: 'UIScreen' is unavailable in visionOS
221 | let touchImageCenter = touchImageView.center
222 | let panLocation = pan.translation(in: pan.view)
/Applications/Xcode-27.0.0-Release.Candidate.app/Contents/Developer/Platforms/XROS.platform/Developer/SDKs/XROS27.0.sdk/System/Library/Frameworks/UIKit.framework/Headers/UIScreen.h:54:12: note: 'UIScreen' has been explicitly marked unavailable here
52 |
53 | UIKIT_EXTERN API_AVAILABLE(ios(2.0)) API_UNAVAILABLE(visionos, watchos) NS_SWIFT_UI_ACTOR
54 | @interface UIScreen : NSObject <UITraitEnvironment>
| `- note: 'UIScreen' has been explicitly marked unavailable here
55 |
56 | @property(class, nonatomic, readonly) NSArray<UIScreen *> *screens API_DEPRECATED("Use UIApplication.shared.openSessions to find open sessions with scenes from other screens", ios(3.2, 16.0), visionos(1.0, 1.0)) API_UNAVAILABLE(watchos); // all screens currently attached to the device
/Users/admin/builder/spi-builder-workspace/Sources/WWAssistiveTouch/ViewController/AssistiveTouchViewController.swift:242:28: error: 'UIScreen' is unavailable in visionOS
240 |
241 | let windowCenter = window.center
242 | let screenBounds = UIScreen.main.bounds
| `- error: 'UIScreen' is unavailable in visionOS
243 | let screenCenter = CGPoint(x: screenBounds.width * 0.5, y: screenBounds.height * 0.5)
244 | let touchImageCenter = touchImageView.center
/Applications/Xcode-27.0.0-Release.Candidate.app/Contents/Developer/Platforms/XROS.platform/Developer/SDKs/XROS27.0.sdk/System/Library/Frameworks/UIKit.framework/Headers/UIScreen.h:54:12: note: 'UIScreen' has been explicitly marked unavailable here
52 |
53 | UIKIT_EXTERN API_AVAILABLE(ios(2.0)) API_UNAVAILABLE(visionos, watchos) NS_SWIFT_UI_ACTOR
54 | @interface UIScreen : NSObject <UITraitEnvironment>
| `- note: 'UIScreen' has been explicitly marked unavailable here
55 |
56 | @property(class, nonatomic, readonly) NSArray<UIScreen *> *screens API_DEPRECATED("Use UIApplication.shared.openSessions to find open sessions with scenes from other screens", ios(3.2, 16.0), visionos(1.0, 1.0)) API_UNAVAILABLE(watchos); // all screens currently attached to the device
[#DeprecatedDeclaration]: <https://docs.swift.org/compiler/documentation/diagnostics/deprecated-declaration>
Failed frontend command:
SwiftCompile normal arm64 /Users/admin/builder/spi-builder-workspace/Sources/WWAssistiveTouch/ViewController/AssistiveTouchViewController.swift (in target 'WWAssistiveTouch' from project 'WWAssistiveTouch')
cd /Users/admin/builder/spi-builder-workspace/.swiftpm/xcode
builtin-SwiftPerFileCompile AssistiveTouchViewController.swift
/Applications/Xcode-27.0.0-Release.Candidate.app/Contents/Developer/Toolchains/XcodeDefault.xctoolchain/usr/bin/swift-frontend -frontend -c /Users/admin/builder/spi-builder-workspace/.derivedData/Build/Intermediates.noindex/WWAssistiveTouch.build/Debug-xros/WWAssistiveTouch-t.build/DerivedSources/resource_bundle_accessor.swift /Users/admin/builder/spi-builder-workspace/Sources/WWAssistiveTouch/Utility/Delegate.swift /Users/admin/builder/spi-builder-workspace/Sources/WWAssistiveTouch/Utility/Extension.swift -primary-file /Users/admin/builder/spi-builder-workspace/Sources/WWAssistiveTouch/ViewController/AssistiveTouchViewController.swift /Users/admin/builder/spi-builder-workspace/Sources/WWAssistiveTouch/WWAssistiveTouch.swift -emit-dependencies-path /Users/admin/builder/spi-builder-workspace/.derivedData/Build/Intermediates.noindex/WWAssistiveTouch.build/Debug-xros/WWAssistiveTouch-t.build/Objects-normal/arm64/AssistiveTouchViewController.d -emit-const-values-path /Users/admin/builder/spi-builder-workspace/.derivedData/Build/Intermediates.noindex/WWAssistiveTouch.build/Debug-xros/WWAssistiveTouch-t.build/Objects-normal/arm64/AssistiveTouchViewController.swiftconstvalues -emit-reference-dependencies-path /Users/admin/builder/spi-builder-workspace/.derivedData/Build/Intermediates.noindex/WWAssistiveTouch.build/Debug-xros/WWAssistiveTouch-t.build/Objects-normal/arm64/AssistiveTouchViewController.swiftdeps -serialize-diagnostics-path /Users/admin/builder/spi-builder-workspace/.derivedData/Build/Intermediates.noindex/WWAssistiveTouch.build/Debug-xros/WWAssistiveTouch-t.build/Objects-normal/arm64/AssistiveTouchViewController.dia -target arm64-apple-xros1.0 -disable-cross-import-overlay-search -load-resolved-plugin /Applications/Xcode-27.0.0-Release.Candidate.app/Contents/Developer/Platforms/XROS.platform/Developer/usr/lib/swift/host/plugins/libFoundationMacros.dylib\#/Applications/Xcode-27.0.0-Release.Candidate.app/Contents/Developer/Platforms/XROS.platform/Developer/usr/bin/swift-plugin-server\#FoundationMacros -load-resolved-plugin /Applications/Xcode-27.0.0-Release.Candidate.app/Contents/Developer/Platforms/XROS.platform/Developer/usr/lib/swift/host/plugins/libObservationMacros.dylib\#/Applications/Xcode-27.0.0-Release.Candidate.app/Contents/Developer/Platforms/XROS.platform/Developer/usr/bin/swift-plugin-server\#ObservationMacros -load-resolved-plugin /Applications/Xcode-27.0.0-Release.Candidate.app/Contents/Developer/Platforms/XROS.platform/Developer/usr/lib/swift/host/plugins/libPreviewsMacros.dylib\#/Applications/Xcode-27.0.0-Release.Candidate.app/Contents/Developer/Platforms/XROS.platform/Developer/usr/bin/swift-plugin-server\#PreviewsMacros -load-resolved-plugin /Applications/Xcode-27.0.0-Release.Candidate.app/Contents/Developer/Platforms/XROS.platform/Developer/usr/lib/swift/host/plugins/libSwiftMacros.dylib\#/Applications/Xcode-27.0.0-Release.Candidate.app/Contents/Developer/Platforms/XROS.platform/Developer/usr/bin/swift-plugin-server\#SwiftMacros -load-resolved-plugin /Applications/Xcode-27.0.0-Release.Candidate.app/Contents/Developer/Platforms/XROS.platform/Developer/usr/lib/swift/host/plugins/libSwiftUIMacros.dylib\#/Applications/Xcode-27.0.0-Release.Candidate.app/Contents/Developer/Platforms/XROS.platform/Developer/usr/bin/swift-plugin-server\#SwiftUIMacros -disable-implicit-swift-modules -Xcc -fno-implicit-modules -Xcc -fno-implicit-module-maps -explicit-swift-module-map-file /Users/admin/builder/spi-builder-workspace/.derivedData/Build/Intermediates.noindex/WWAssistiveTouch.build/Debug-xros/WWAssistiveTouch-t.build/Objects-normal/arm64/WWAssistiveTouch-dependencies-1.json -Xllvm -aarch64-use-tbi -enable-objc-interop -stack-check -sdk /Applications/Xcode-27.0.0-Release.Candidate.app/Contents/Developer/Platforms/XROS.platform/Developer/SDKs/XROS27.0.sdk -I /Users/admin/builder/spi-builder-workspace/.derivedData/Build/Products/Debug-xros -Isystem /Applications/Xcode-27.0.0-Release.Candidate.app/Contents/Developer/Platforms/XROS.platform/Developer/usr/lib -F /Users/admin/builder/spi-builder-workspace/.derivedData/Build/Products/Debug-xros -F /Applications/Xcode-27.0.0-Release.Candidate.app/Contents/Developer/Platforms/XROS.platform/Developer/Library/Frameworks -F /Applications/Xcode-27.0.0-Release.Candidate.app/Contents/Developer/Platforms/XROS.platform/Developer/SDKs/XROS27.0.sdk/Developer/Library/Frameworks -module-cache-path /Users/admin/builder/spi-builder-workspace/.derivedData/Build/Intermediates.noindex/SwiftExplicitPrecompiledModules -no-color-diagnostics -Xcc -fno-color-diagnostics -enable-testing -g -debug-info-format\=dwarf -dwarf-version\=4 -swift-version 5 -Onone -D SWIFT_PACKAGE -D DEBUG -D SWIFT_MODULE_RESOURCE_BUNDLE_AVAILABLE -D Xcode -serialize-debugging-options -enable-experimental-feature DebugDescriptionMacro -empty-abi-descriptor -validate-clang-modules-once -clang-build-session-file /Users/admin/builder/spi-builder-workspace/.derivedData/ModuleCache.noindex/Session.modulevalidation -Xcc -working-directory -Xcc /Users/admin/builder/spi-builder-workspace/.swiftpm/xcode -enable-anonymous-context-mangled-names -file-compilation-dir /Users/admin/builder/spi-builder-workspace/.swiftpm/xcode -Xcc -D_LIBCPP_HARDENING_MODE\=_LIBCPP_HARDENING_MODE_DEBUG -Xcc -ivfsstatcache -Xcc /Users/admin/builder/spi-builder-workspace/.derivedData/SDKStatCaches.noindex/xros27.0-24M361-e829b21a6f8c9b70876ba0858053c044735bd543db762f57723cac368afd1ce4.sdkstatcache -Xcc -fmodules-prune-interval\=86400 -Xcc -fmodules-prune-after\=345600 -Xcc -I/Users/admin/builder/spi-builder-workspace/.derivedData/Build/Products/Debug-xros/include -Xcc -I/Users/admin/builder/spi-builder-workspace/.derivedData/Build/Intermediates.noindex/WWAssistiveTouch.build/Debug-xros/WWAssistiveTouch-t.build/DerivedSources-normal/arm64 -Xcc -I/Users/admin/builder/spi-builder-workspace/.derivedData/Build/Intermediates.noindex/WWAssistiveTouch.build/Debug-xros/WWAssistiveTouch-t.build/DerivedSources/arm64 -Xcc -I/Users/admin/builder/spi-builder-workspace/.derivedData/Build/Intermediates.noindex/WWAssistiveTouch.build/Debug-xros/WWAssistiveTouch-t.build/DerivedSources -Xcc -DSWIFT_PACKAGE -Xcc -DDEBUG\=1 -no-auto-bridging-header-chaining -module-name WWAssistiveTouch -const-gather-protocols-file /Users/admin/builder/spi-builder-workspace/.derivedData/Build/Intermediates.noindex/WWAssistiveTouch.build/Debug-xros/WWAssistiveTouch-t.build/Objects-normal/arm64/WWAssistiveTouch_const_extract_protocols.json -disable-clang-spi -clang-target arm64-apple-xros27.0 -target-sdk-version 27.0 -target-sdk-name xros27.0 -in-process-plugin-server-path /Applications/Xcode-27.0.0-Release.Candidate.app/Contents/Developer/Toolchains/XcodeDefault.xctoolchain/usr/lib/swift/host/libSwiftInProcPluginServer.dylib -parse-as-library -o /Users/admin/builder/spi-builder-workspace/.derivedData/Build/Intermediates.noindex/WWAssistiveTouch.build/Debug-xros/WWAssistiveTouch-t.build/Objects-normal/arm64/AssistiveTouchViewController.o -debug-module-path /Users/admin/builder/spi-builder-workspace/.derivedData/Build/Intermediates.noindex/WWAssistiveTouch.build/Debug-xros/WWAssistiveTouch-t.build/Objects-normal/arm64/WWAssistiveTouch.swiftmodule -index-unit-output-path /WWAssistiveTouch.build/Debug-xros/WWAssistiveTouch-t.build/Objects-normal/arm64/AssistiveTouchViewController.o -index-store-path /Users/admin/builder/spi-builder-workspace/.derivedData/Index.noindex/DataStore -index-system-modules
SwiftCompile normal arm64 Compiling\ WWAssistiveTouch.swift /Users/admin/builder/spi-builder-workspace/Sources/WWAssistiveTouch/WWAssistiveTouch.swift (in target 'WWAssistiveTouch' from project 'WWAssistiveTouch')
SwiftCompile normal arm64 /Users/admin/builder/spi-builder-workspace/Sources/WWAssistiveTouch/WWAssistiveTouch.swift (in target 'WWAssistiveTouch' from project 'WWAssistiveTouch')
cd /Users/admin/builder/spi-builder-workspace/.swiftpm/xcode
builtin-SwiftPerFileCompile WWAssistiveTouch.swift
SwiftDriverJobDiscovery normal arm64 Compiling Extension.swift (in target 'WWAssistiveTouch' from project 'WWAssistiveTouch')
SwiftCompile normal arm64 Compiling\ Delegate.swift /Users/admin/builder/spi-builder-workspace/Sources/WWAssistiveTouch/Utility/Delegate.swift (in target 'WWAssistiveTouch' from project 'WWAssistiveTouch')
SwiftCompile normal arm64 /Users/admin/builder/spi-builder-workspace/Sources/WWAssistiveTouch/Utility/Delegate.swift (in target 'WWAssistiveTouch' from project 'WWAssistiveTouch')
cd /Users/admin/builder/spi-builder-workspace/.swiftpm/xcode
builtin-SwiftPerFileCompile Delegate.swift
PruneExplicitPrecompiledModules /Users/admin/builder/spi-builder-workspace/.derivedData/Build/Intermediates.noindex/SwiftExplicitPrecompiledModules
PruneExplicitPrecompiledModules /Users/admin/builder/spi-builder-workspace/.derivedData/SDKExplicitPrecompiledModules
PruneExplicitPrecompiledModules /Users/admin/builder/spi-builder-workspace/.derivedData/Build/Intermediates.noindex/ExplicitPrecompiledModules
2026-09-23 22:57:02.705 xcodebuild[796:4777] [MT] IDERunDestination: Supported platforms for the buildables in the current scheme is empty.
** BUILD FAILED **
The following build commands failed:
SwiftCompile normal arm64 /Users/admin/builder/spi-builder-workspace/Sources/WWAssistiveTouch/ViewController/AssistiveTouchViewController.swift (in target 'WWAssistiveTouch' from project 'WWAssistiveTouch')
SwiftCompile normal arm64 Compiling\ AssistiveTouchViewController.swift /Users/admin/builder/spi-builder-workspace/Sources/WWAssistiveTouch/ViewController/AssistiveTouchViewController.swift (in target 'WWAssistiveTouch' from project 'WWAssistiveTouch')
Building workspace WWAssistiveTouch with scheme WWAssistiveTouch
(3 failures)
BUILD FAILURE 6.4 visionOS