Build Information
Failed to build Slider, reference 0.4.0 (6d7475), with Swift 6.4 for visionOS using Xcode 27.0 on 18 Sep 2026 18:12:27 UTC.
Build Command
env DEVELOPER_DIR=/Applications/Xcode-27.0.0-Release.Candidate.app xcrun xcodebuild -IDEClonedSourcePackagesDirPathOverride=$PWD/.dependencies -skipMacroValidation -skipPackagePluginValidation -derivedDataPath $PWD/.derivedData build -scheme Slider -destination generic/platform=xrOSBuild Log
========================================
RunAll
========================================
Builder version: 5.1.0
Interrupt handler set up.
========================================
Checkout
========================================
Clone URL: https://github.com/Ramiz69/Slider.git
Reference: 0.4.0
Initialized empty Git repository in /Users/admin/builder/spi-builder-workspace/.git/
From https://github.com/Ramiz69/Slider
* tag 0.4.0 -> FETCH_HEAD
HEAD is now at 6d7475b Prepare the 0.4.0 release (#18)
Cloned https://github.com/Ramiz69/Slider.git
Revision (git rev-parse @):
6d7475bce9342cfea77dd8e4d956b550406a5ac3
SUCCESS checkout https://github.com/Ramiz69/Slider.git at 0.4.0
========================================
Build
========================================
Selected platform: visionOS
Swift version: 6.4
Building package at path: $PWD
https://github.com/Ramiz69/Slider.git
Command line invocation:
/Applications/Xcode-27.0.0-Release.Candidate.app/Contents/Developer/usr/bin/xcodebuild -IDEClonedSourcePackagesDirPathOverride=/Users/admin/builder/spi-builder-workspace/.dependencies -resolvePackageDependencies
resolved source packages:
{
"dependencies" : [
],
"manifest_display_name" : "Slider",
"name" : "Slider",
"path" : "/Users/admin/builder/spi-builder-workspace",
"platforms" : [
{
"name" : "ios",
"version" : "18.0"
}
],
"products" : [
{
"name" : "Slider",
"targets" : [
"Slider"
],
"type" : {
"library" : [
"automatic"
]
}
}
],
"swift_languages_versions" : [
"6"
],
"targets" : [
{
"c99name" : "SliderTests",
"module_type" : "SwiftTarget",
"name" : "SliderTests",
"path" : "Tests/SliderTests",
"sources" : [
"SliderTests.swift"
],
"target_dependencies" : [
"Slider"
],
"type" : "test"
},
{
"c99name" : "Slider",
"module_type" : "SwiftTarget",
"name" : "Slider",
"path" : "Sources",
"product_memberships" : [
"Slider"
],
"sources" : [
"Configurations/GlassConfiguration.swift",
"Configurations/HapticConfiguration.swift",
"Configurations/RangeEndpointsConfiguration.swift",
"Configurations/ThumbConfiguration.swift",
"Configurations/TrackConfiguration.swift",
"Extensions/Slider+UITouch.swift",
"Extensions/String.swift",
"Extensions/UIColor.swift",
"Managers/HapticManager.swift",
"Managers/LoggerManager.swift",
"Protocols/SliderDelegate.swift",
"Slider.swift",
"SliderTrackLayer.swift",
"TextLayer.swift",
"ThumbLayer.swift",
"Views/SliderGlassSurface.swift"
],
"type" : "library"
}
],
"tools_version" : "6.4"
}
{
"project" : {
"configurations" : [
"Debug",
"Release"
],
"name" : "Slider",
"schemes" : [
"Slider",
"Slider_Example"
],
"targets" : [
"Slider",
"Slider_Example",
"SliderTests"
]
}
}
{
"workspace" : {
"name" : "Slider",
"schemes" : [
"Slider"
]
}
}
2026-09-18 14:12:15.705 xcodebuild[617:3724] [MT] IDERunDestination: Supported platforms for the buildables in the current scheme is empty.
Running build ...
env DEVELOPER_DIR=/Applications/Xcode-27.0.0-Release.Candidate.app xcrun xcodebuild -IDEClonedSourcePackagesDirPathOverride=$PWD/.dependencies -skipMacroValidation -skipPackagePluginValidation -derivedDataPath $PWD/.derivedData build -scheme Slider -destination generic/platform=xrOS
Command line invocation:
/Applications/Xcode-27.0.0-Release.Candidate.app/Contents/Developer/usr/bin/xcodebuild -IDEClonedSourcePackagesDirPathOverride=/Users/admin/builder/spi-builder-workspace/.dependencies -skipMacroValidation -skipPackagePluginValidation -derivedDataPath /Users/admin/builder/spi-builder-workspace/.derivedData build -scheme Slider -destination generic/platform=xrOS
Resolve Package Graph
Resolved source packages:
Slider: /Users/admin/builder/spi-builder-workspace
ComputePackagePrebuildTargetDependencyGraph
Prepare packages
CreateBuildRequest
SendProjectDescription
CreateBuildOperation
ComputeTargetDependencyGraph
note: Building targets in dependency order
note: Target dependency graph (2 targets)
Target 'Slider-product' in project 'Slider'
➜ Explicit dependency on target 'Slider' in project 'Slider'
Target 'Slider' in project 'Slider' (no dependencies)
GatherProvisioningInputs
CreateBuildDescription
ExecuteExternalTool /Applications/Xcode-27.0.0-Release.Candidate.app/Contents/Developer/Toolchains/XcodeDefault.xctoolchain/usr/bin/clang -v -E -dM -isysroot /Applications/Xcode-27.0.0-Release.Candidate.app/Contents/Developer/Platforms/XROS.platform/Developer/SDKs/XROS27.0.sdk -x c -c /dev/null
ExecuteExternalTool /Applications/Xcode-27.0.0-Release.Candidate.app/Contents/Developer/Toolchains/XcodeDefault.xctoolchain/usr/bin/swiftc --version
ExecuteExternalTool /Applications/Xcode-27.0.0-Release.Candidate.app/Contents/Developer/Toolchains/XcodeDefault.xctoolchain/usr/bin/ld -version_details
ReadFileContents /Applications/Xcode-27.0.0-Release.Candidate.app/Contents/Developer/Toolchains/XcodeDefault.xctoolchain/usr/share/docc/features.json
Build description signature: ddd0b32cdc121598a7c4b0289fcb6a3a
Build description path: /Users/admin/builder/spi-builder-workspace/.derivedData/Build/Intermediates.noindex/XCBuildData/ddd0b32cdc121598a7c4b0289fcb6a3a.xcbuilddata
CreateBuildDirectory /Users/admin/builder/spi-builder-workspace/.derivedData/SDKExplicitPrecompiledModules
cd /Users/admin/builder/spi-builder-workspace/.swiftpm/xcode
builtin-create-build-directory /Users/admin/builder/spi-builder-workspace/.derivedData/SDKExplicitPrecompiledModules
CreateBuildDirectory /Users/admin/builder/spi-builder-workspace/.derivedData/ModuleCache.noindex
cd /Users/admin/builder/spi-builder-workspace/.swiftpm/xcode
builtin-create-build-directory /Users/admin/builder/spi-builder-workspace/.derivedData/ModuleCache.noindex
CreateBuildDirectory /Users/admin/builder/spi-builder-workspace/.derivedData/CompilationCache.noindex
cd /Users/admin/builder/spi-builder-workspace/.swiftpm/xcode
builtin-create-build-directory /Users/admin/builder/spi-builder-workspace/.derivedData/CompilationCache.noindex
CreateBuildDirectory /Users/admin/builder/spi-builder-workspace/.derivedData/Build/Intermediates.noindex
cd /Users/admin/builder/spi-builder-workspace/.swiftpm/xcode
builtin-create-build-directory /Users/admin/builder/spi-builder-workspace/.derivedData/Build/Intermediates.noindex
CreateBuildDirectory /Users/admin/builder/spi-builder-workspace/.derivedData/Build/Products
cd /Users/admin/builder/spi-builder-workspace/.swiftpm/xcode
builtin-create-build-directory /Users/admin/builder/spi-builder-workspace/.derivedData/Build/Products
ClangStatCache /Applications/Xcode-27.0.0-Release.Candidate.app/Contents/Developer/Toolchains/XcodeDefault.xctoolchain/usr/bin/clang-stat-cache /Applications/Xcode-27.0.0-Release.Candidate.app/Contents/Developer/Platforms/XROS.platform/Developer/SDKs/XROS27.0.sdk /Users/admin/builder/spi-builder-workspace/.derivedData/SDKStatCaches.noindex/xros27.0-24M361-e829b21a6f8c9b70876ba0858053c044735bd543db762f57723cac368afd1ce4.sdkstatcache
cd /Users/admin/builder/spi-builder-workspace/.swiftpm/xcode
/Applications/Xcode-27.0.0-Release.Candidate.app/Contents/Developer/Toolchains/XcodeDefault.xctoolchain/usr/bin/clang-stat-cache /Applications/Xcode-27.0.0-Release.Candidate.app/Contents/Developer/Platforms/XROS.platform/Developer/SDKs/XROS27.0.sdk -o /Users/admin/builder/spi-builder-workspace/.derivedData/SDKStatCaches.noindex/xros27.0-24M361-e829b21a6f8c9b70876ba0858053c044735bd543db762f57723cac368afd1ce4.sdkstatcache
CreateBuildDirectory /Users/admin/builder/spi-builder-workspace/.derivedData/Build/Intermediates.noindex/SwiftExplicitPrecompiledModules
cd /Users/admin/builder/spi-builder-workspace/.swiftpm/xcode
builtin-create-build-directory /Users/admin/builder/spi-builder-workspace/.derivedData/Build/Intermediates.noindex/SwiftExplicitPrecompiledModules
CreateBuildDirectory /Users/admin/builder/spi-builder-workspace/.derivedData/Build/Intermediates.noindex/ExplicitPrecompiledModules
cd /Users/admin/builder/spi-builder-workspace/.swiftpm/xcode
builtin-create-build-directory /Users/admin/builder/spi-builder-workspace/.derivedData/Build/Intermediates.noindex/ExplicitPrecompiledModules
CreateBuildDirectory /Users/admin/builder/spi-builder-workspace/.derivedData/Build/Intermediates.noindex/PrecompiledHeaders
cd /Users/admin/builder/spi-builder-workspace/.swiftpm/xcode
builtin-create-build-directory /Users/admin/builder/spi-builder-workspace/.derivedData/Build/Intermediates.noindex/PrecompiledHeaders
CreateBuildDirectory /Users/admin/builder/spi-builder-workspace/.derivedData/Build/Products/Debug-xros
cd /Users/admin/builder/spi-builder-workspace/.swiftpm/xcode
builtin-create-build-directory /Users/admin/builder/spi-builder-workspace/.derivedData/Build/Products/Debug-xros
CreateBuildDirectory /Users/admin/builder/spi-builder-workspace/.derivedData/Build/Intermediates.noindex/EagerLinkingTBDs/Debug-xros
cd /Users/admin/builder/spi-builder-workspace/.swiftpm/xcode
builtin-create-build-directory /Users/admin/builder/spi-builder-workspace/.derivedData/Build/Intermediates.noindex/EagerLinkingTBDs/Debug-xros
CreateBuildDirectory /Users/admin/builder/spi-builder-workspace/.derivedData/Build/Products/Debug-xros/PackageFrameworks
cd /Users/admin/builder/spi-builder-workspace/.swiftpm/xcode
builtin-create-build-directory /Users/admin/builder/spi-builder-workspace/.derivedData/Build/Products/Debug-xros/PackageFrameworks
WriteAuxiliaryFile /Users/admin/builder/spi-builder-workspace/.derivedData/Build/Intermediates.noindex/Slider.build/Debug-xros/Slider-t.build/Slider.modulemap (in target 'Slider' from project 'Slider')
cd /Users/admin/builder/spi-builder-workspace
write-file /Users/admin/builder/spi-builder-workspace/.derivedData/Build/Intermediates.noindex/Slider.build/Debug-xros/Slider-t.build/Slider.modulemap
WriteAuxiliaryFile /Users/admin/builder/spi-builder-workspace/.derivedData/Build/Intermediates.noindex/Slider.build/Debug-xros/Slider-t.build/Slider.DependencyStaticMetadataFileList (in target 'Slider' from project 'Slider')
cd /Users/admin/builder/spi-builder-workspace
write-file /Users/admin/builder/spi-builder-workspace/.derivedData/Build/Intermediates.noindex/Slider.build/Debug-xros/Slider-t.build/Slider.DependencyStaticMetadataFileList
WriteAuxiliaryFile /Users/admin/builder/spi-builder-workspace/.derivedData/Build/Intermediates.noindex/Slider.build/Debug-xros/Slider-t.build/Slider.DependencyMetadataFileList (in target 'Slider' from project 'Slider')
cd /Users/admin/builder/spi-builder-workspace
write-file /Users/admin/builder/spi-builder-workspace/.derivedData/Build/Intermediates.noindex/Slider.build/Debug-xros/Slider-t.build/Slider.DependencyMetadataFileList
WriteAuxiliaryFile /Users/admin/builder/spi-builder-workspace/.derivedData/Build/Intermediates.noindex/Slider.build/Debug-xros/Slider-t.build/Objects-normal/arm64/Slider-OutputFileMap.json (in target 'Slider' from project 'Slider')
cd /Users/admin/builder/spi-builder-workspace
write-file /Users/admin/builder/spi-builder-workspace/.derivedData/Build/Intermediates.noindex/Slider.build/Debug-xros/Slider-t.build/Objects-normal/arm64/Slider-OutputFileMap.json
WriteAuxiliaryFile /Users/admin/builder/spi-builder-workspace/.derivedData/Build/Intermediates.noindex/Slider.build/Debug-xros/Slider-t.build/Objects-normal/arm64/Slider_const_extract_protocols.json (in target 'Slider' from project 'Slider')
cd /Users/admin/builder/spi-builder-workspace
write-file /Users/admin/builder/spi-builder-workspace/.derivedData/Build/Intermediates.noindex/Slider.build/Debug-xros/Slider-t.build/Objects-normal/arm64/Slider_const_extract_protocols.json
WriteAuxiliaryFile /Users/admin/builder/spi-builder-workspace/.derivedData/Build/Intermediates.noindex/Slider.build/Debug-xros/Slider-t.build/Objects-normal/arm64/Slider.SwiftFileList (in target 'Slider' from project 'Slider')
cd /Users/admin/builder/spi-builder-workspace
write-file /Users/admin/builder/spi-builder-workspace/.derivedData/Build/Intermediates.noindex/Slider.build/Debug-xros/Slider-t.build/Objects-normal/arm64/Slider.SwiftFileList
WriteAuxiliaryFile /Users/admin/builder/spi-builder-workspace/.derivedData/Build/Intermediates.noindex/Slider.build/Debug-xros/Slider-t.build/Objects-normal/arm64/Slider.SwiftConstValuesFileList (in target 'Slider' from project 'Slider')
cd /Users/admin/builder/spi-builder-workspace
write-file /Users/admin/builder/spi-builder-workspace/.derivedData/Build/Intermediates.noindex/Slider.build/Debug-xros/Slider-t.build/Objects-normal/arm64/Slider.SwiftConstValuesFileList
WriteAuxiliaryFile /Users/admin/builder/spi-builder-workspace/.derivedData/Build/Intermediates.noindex/Slider.build/Debug-xros/Slider-t.build/Objects-normal/arm64/Slider.LinkFileList (in target 'Slider' from project 'Slider')
cd /Users/admin/builder/spi-builder-workspace
write-file /Users/admin/builder/spi-builder-workspace/.derivedData/Build/Intermediates.noindex/Slider.build/Debug-xros/Slider-t.build/Objects-normal/arm64/Slider.LinkFileList
Copy /Users/admin/builder/spi-builder-workspace/.derivedData/Build/Intermediates.noindex/GeneratedModuleMaps-xros/Slider.modulemap /Users/admin/builder/spi-builder-workspace/.derivedData/Build/Intermediates.noindex/Slider.build/Debug-xros/Slider-t.build/Slider.modulemap (in target 'Slider' from project 'Slider')
cd /Users/admin/builder/spi-builder-workspace
builtin-copy -exclude .DS_Store -exclude CVS -exclude .svn -exclude .git -exclude .hg -resolve-src-symlinks /Users/admin/builder/spi-builder-workspace/.derivedData/Build/Intermediates.noindex/Slider.build/Debug-xros/Slider-t.build/Slider.modulemap /Users/admin/builder/spi-builder-workspace/.derivedData/Build/Intermediates.noindex/GeneratedModuleMaps-xros
SwiftDriver Slider normal arm64 com.apple.xcode.tools.swift.compiler (in target 'Slider' from project 'Slider')
cd /Users/admin/builder/spi-builder-workspace/.swiftpm/xcode
builtin-SwiftDriver -- /Applications/Xcode-27.0.0-Release.Candidate.app/Contents/Developer/Toolchains/XcodeDefault.xctoolchain/usr/bin/swiftc -parse-as-library -module-name Slider -Onone @/Users/admin/builder/spi-builder-workspace/.derivedData/Build/Intermediates.noindex/Slider.build/Debug-xros/Slider-t.build/Objects-normal/arm64/Slider.SwiftFileList -DSWIFT_PACKAGE -DDEBUG -DSWIFT_MODULE_RESOURCE_BUNDLE_UNAVAILABLE -DXcode -enable-upcoming-feature ExistentialAny -enable-upcoming-feature InternalImportsByDefault -enable-upcoming-feature MemberImportVisibility -enable-upcoming-feature InferIsolatedConformances -enable-upcoming-feature NonisolatedNonsendingByDefault -enable-upcoming-feature ImmutableWeakCaptures -plugin-path /Applications/Xcode-27.0.0-Release.Candidate.app/Contents/Developer/Toolchains/XcodeDefault.xctoolchain/usr/lib/swift/host/plugins/testing -enable-experimental-feature DebugDescriptionMacro -sdk /Applications/Xcode-27.0.0-Release.Candidate.app/Contents/Developer/Platforms/XROS.platform/Developer/SDKs/XROS27.0.sdk -target arm64-apple-xros2.0 -g -module-cache-path /Users/admin/builder/spi-builder-workspace/.derivedData/ModuleCache.noindex -Xfrontend -serialize-debugging-options -profile-coverage-mapping -profile-generate -enable-testing -index-store-path /Users/admin/builder/spi-builder-workspace/.derivedData/Index.noindex/DataStore -Xcc -D_LIBCPP_HARDENING_MODE\=_LIBCPP_HARDENING_MODE_DEBUG -swift-version 6 -I /Users/admin/builder/spi-builder-workspace/.derivedData/Build/Products/Debug-xros -Isystem /Applications/Xcode-27.0.0-Release.Candidate.app/Contents/Developer/Platforms/XROS.platform/Developer/usr/lib -F /Users/admin/builder/spi-builder-workspace/.derivedData/Build/Products/Debug-xros -F /Applications/Xcode-27.0.0-Release.Candidate.app/Contents/Developer/Platforms/XROS.platform/Developer/Library/Frameworks -F /Applications/Xcode-27.0.0-Release.Candidate.app/Contents/Developer/Platforms/XROS.platform/Developer/SDKs/XROS27.0.sdk/Developer/Library/Frameworks -c -j10 -enable-batch-mode -incremental -Xcc -ivfsstatcache -Xcc /Users/admin/builder/spi-builder-workspace/.derivedData/SDKStatCaches.noindex/xros27.0-24M361-e829b21a6f8c9b70876ba0858053c044735bd543db762f57723cac368afd1ce4.sdkstatcache -output-file-map /Users/admin/builder/spi-builder-workspace/.derivedData/Build/Intermediates.noindex/Slider.build/Debug-xros/Slider-t.build/Objects-normal/arm64/Slider-OutputFileMap.json -save-temps -no-color-diagnostics -explicit-module-build -module-cache-path /Users/admin/builder/spi-builder-workspace/.derivedData/Build/Intermediates.noindex/SwiftExplicitPrecompiledModules -clang-scanner-module-cache-path /Users/admin/builder/spi-builder-workspace/.derivedData/ModuleCache.noindex -sdk-module-cache-path /Users/admin/builder/spi-builder-workspace/.derivedData/SDKExplicitPrecompiledModules -emit-dependencies -emit-module -emit-module-path /Users/admin/builder/spi-builder-workspace/.derivedData/Build/Intermediates.noindex/Slider.build/Debug-xros/Slider-t.build/Objects-normal/arm64/Slider.swiftmodule -serialize-diagnostics -dependency-scan-serialize-diagnostics-path /Users/admin/builder/spi-builder-workspace/.derivedData/Build/Intermediates.noindex/Slider.build/Debug-xros/Slider-t.build/Objects-normal/arm64/Slider-dependency-scan.dia -validate-clang-modules-once -clang-build-session-file /Users/admin/builder/spi-builder-workspace/.derivedData/ModuleCache.noindex/Session.modulevalidation -Xcc -fmodules-prune-interval\=86400 -Xcc -fmodules-prune-after\=345600 -package-name spi_builder_workspace -emit-const-values -const-gather-protocols-list /Users/admin/builder/spi-builder-workspace/.derivedData/Build/Intermediates.noindex/Slider.build/Debug-xros/Slider-t.build/Objects-normal/arm64/Slider_const_extract_protocols.json -Xcc -I/Users/admin/builder/spi-builder-workspace/.derivedData/Build/Products/Debug-xros/include -Xcc -I/Users/admin/builder/spi-builder-workspace/.derivedData/Build/Intermediates.noindex/Slider.build/Debug-xros/Slider-t.build/DerivedSources-normal/arm64 -Xcc -I/Users/admin/builder/spi-builder-workspace/.derivedData/Build/Intermediates.noindex/Slider.build/Debug-xros/Slider-t.build/DerivedSources/arm64 -Xcc -I/Users/admin/builder/spi-builder-workspace/.derivedData/Build/Intermediates.noindex/Slider.build/Debug-xros/Slider-t.build/DerivedSources -Xcc -DSWIFT_PACKAGE -Xcc -DDEBUG\=1 -emit-objc-header -emit-objc-header-path /Users/admin/builder/spi-builder-workspace/.derivedData/Build/Intermediates.noindex/Slider.build/Debug-xros/Slider-t.build/Objects-normal/arm64/Slider-Swift.h -working-directory /Users/admin/builder/spi-builder-workspace/.swiftpm/xcode -experimental-emit-module-separately -disable-cmo
SwiftExplicitDependencyGeneratePcm arm64 /Users/admin/builder/spi-builder-workspace/.derivedData/SDKExplicitPrecompiledModules/_Builtin_stdbool-1Q6BTYNEVHC9M74WL5O5GJ1ZM.pcm
SwiftExplicitDependencyGeneratePcm arm64 /Users/admin/builder/spi-builder-workspace/.derivedData/SDKExplicitPrecompiledModules/_SwiftConcurrencyShims-9H7TQT237JM0VTD7TXCR6CNM9.pcm
SwiftExplicitDependencyGeneratePcm arm64 /Users/admin/builder/spi-builder-workspace/.derivedData/SDKExplicitPrecompiledModules/_Builtin_stddef-2IE0R9M96I5XG0WY72N2UIQ8V.pcm
SwiftExplicitDependencyGeneratePcm arm64 /Users/admin/builder/spi-builder-workspace/.derivedData/SDKExplicitPrecompiledModules/ptrauth-9Q1PN7OTQZN7B0Z9D7V7Q8UB1.pcm
SwiftExplicitDependencyGeneratePcm arm64 /Users/admin/builder/spi-builder-workspace/.derivedData/SDKExplicitPrecompiledModules/_AvailabilityInternal-6BH9T8OE123ARKKFOJFR111NS.pcm
SwiftExplicitDependencyGeneratePcm arm64 /Users/admin/builder/spi-builder-workspace/.derivedData/SDKExplicitPrecompiledModules/_Builtin_stdarg-62NPPE4D8O3BNLU35D74TGLVQ.pcm
SwiftExplicitDependencyGeneratePcm arm64 /Users/admin/builder/spi-builder-workspace/.derivedData/SDKExplicitPrecompiledModules/DeveloperToolsSupport-194HZPFNNCEHRVXIO6O8L9S0O.pcm
SwiftExplicitDependencyGeneratePcm arm64 /Users/admin/builder/spi-builder-workspace/.derivedData/SDKExplicitPrecompiledModules/_Builtin_float-1J8SO31WACP82RKV0LOTRKG39.pcm
SwiftExplicitDependencyGeneratePcm arm64 /Users/admin/builder/spi-builder-workspace/.derivedData/SDKExplicitPrecompiledModules/ptrcheck-98Y8DWD0HPCMRMDFKAEZCA81O.pcm
SwiftExplicitDependencyGeneratePcm arm64 /Users/admin/builder/spi-builder-workspace/.derivedData/SDKExplicitPrecompiledModules/SwiftShims-2HAZ94YF1BA79JLFTAIV7APMW.pcm
SwiftExplicitDependencyGeneratePcm arm64 /Users/admin/builder/spi-builder-workspace/.derivedData/SDKExplicitPrecompiledModules/_DarwinFoundation1-AVZIQZ8HOAUXTT5CXVE5TNG7E.pcm
SwiftExplicitDependencyGeneratePcm arm64 /Users/admin/builder/spi-builder-workspace/.derivedData/SDKExplicitPrecompiledModules/_DarwinFoundation2-E0NXA4K8N3W3XTJG0EDH15WR2.pcm
SwiftExplicitDependencyGeneratePcm arm64 /Users/admin/builder/spi-builder-workspace/.derivedData/SDKExplicitPrecompiledModules/_Builtin_limits-599EXAY0E7DPK78D1JASUXYCQ.pcm
SwiftExplicitDependencyGeneratePcm arm64 /Users/admin/builder/spi-builder-workspace/.derivedData/SDKExplicitPrecompiledModules/sys_types-A3BBS6FJZK4C974FRQ5ZCTND7.pcm
SwiftExplicitDependencyGeneratePcm arm64 /Users/admin/builder/spi-builder-workspace/.derivedData/SDKExplicitPrecompiledModules/_Builtin_stdint-F1DLW8WMMSOC414RWOQWK8OS8.pcm
SwiftExplicitDependencyGeneratePcm arm64 /Users/admin/builder/spi-builder-workspace/.derivedData/SDKExplicitPrecompiledModules/string_h-BGPLTZ4H9HACR813QKF6VS72D.pcm
SwiftExplicitDependencyGeneratePcm arm64 /Users/admin/builder/spi-builder-workspace/.derivedData/SDKExplicitPrecompiledModules/_Builtin_tgmath-6A504NZTD9420A66PPDYUHISN.pcm
SwiftExplicitDependencyGeneratePcm arm64 /Users/admin/builder/spi-builder-workspace/.derivedData/SDKExplicitPrecompiledModules/_Builtin_stdatomic-158FFQF46AB7DZCSEC3RCRTFC.pcm
SwiftExplicitDependencyGeneratePcm arm64 /Users/admin/builder/spi-builder-workspace/.derivedData/SDKExplicitPrecompiledModules/_Builtin_intrinsics-3111M8ALPD4YFW0NUUUBCM0JD.pcm
SwiftExplicitDependencyGeneratePcm arm64 /Users/admin/builder/spi-builder-workspace/.derivedData/SDKExplicitPrecompiledModules/_DarwinFoundation3-C1P0SZMW1CBYZ1956G2WPAGVQ.pcm
SwiftExplicitDependencyGeneratePcm arm64 /Users/admin/builder/spi-builder-workspace/.derivedData/SDKExplicitPrecompiledModules/_Builtin_inttypes-9DU9NJC5HKVLIXJ97CZROETBU.pcm
SwiftExplicitDependencyGeneratePcm arm64 /Users/admin/builder/spi-builder-workspace/.derivedData/SDKExplicitPrecompiledModules/Darwin-ET1KOXI5QIB2QZ81K0LJ5SCNP.pcm
SwiftExplicitDependencyGeneratePcm arm64 /Users/admin/builder/spi-builder-workspace/.derivedData/SDKExplicitPrecompiledModules/simd-7J2M7D2SOHYQ7IO8MYH2RXTKH.pcm
SwiftExplicitDependencyGeneratePcm arm64 /Users/admin/builder/spi-builder-workspace/.derivedData/SDKExplicitPrecompiledModules/ObjectiveC-7UYOWV2RO2CMEGURP3Y7WLPAT.pcm
SwiftExplicitDependencyGeneratePcm arm64 /Users/admin/builder/spi-builder-workspace/.derivedData/SDKExplicitPrecompiledModules/MachO-6F2CAO15JWU9TP0S5ZC6PL9IB.pcm
SwiftExplicitDependencyGeneratePcm arm64 /Users/admin/builder/spi-builder-workspace/.derivedData/SDKExplicitPrecompiledModules/os_object-A49MUZWNB60JKCX0NMFXESEZD.pcm
SwiftExplicitDependencyGeneratePcm arm64 /Users/admin/builder/spi-builder-workspace/.derivedData/SDKExplicitPrecompiledModules/os_workgroup-1J3Q9ELSMX5271913GPIT75QV.pcm
SwiftExplicitDependencyGeneratePcm arm64 /Users/admin/builder/spi-builder-workspace/.derivedData/SDKExplicitPrecompiledModules/Dispatch-7TDXDXPVVCZ0IQLPT2W4Z1AW3.pcm
SwiftExplicitDependencyGeneratePcm arm64 /Users/admin/builder/spi-builder-workspace/.derivedData/SDKExplicitPrecompiledModules/Spatial-92H2FIVGSGXGN6Z0PM4QAD9U8.pcm
SwiftExplicitDependencyGeneratePcm arm64 /Users/admin/builder/spi-builder-workspace/.derivedData/SDKExplicitPrecompiledModules/CoreFoundation-5D49BF05JAG3T79HLXZS0QOEB.pcm
SwiftExplicitDependencyGeneratePcm arm64 /Users/admin/builder/spi-builder-workspace/.derivedData/SDKExplicitPrecompiledModules/XPC-1U8J3QOEPI1JREQTBJYCK4Z2Z.pcm
SwiftExplicitDependencyGeneratePcm arm64 /Users/admin/builder/spi-builder-workspace/.derivedData/SDKExplicitPrecompiledModules/os-7D3ZMGEZW9BBPJG5AFYWTJQLV.pcm
SwiftExplicitDependencyGeneratePcm arm64 /Users/admin/builder/spi-builder-workspace/.derivedData/SDKExplicitPrecompiledModules/CoreGraphics-AY8OPKLJIGMHZ9MYROUT854WA.pcm
SwiftExplicitDependencyGeneratePcm arm64 /Users/admin/builder/spi-builder-workspace/.derivedData/SDKExplicitPrecompiledModules/Security-4BDO3J0PXFNR7ZRKSDSXCO6IM.pcm
SwiftExplicitDependencyGeneratePcm arm64 /Users/admin/builder/spi-builder-workspace/.derivedData/SDKExplicitPrecompiledModules/CFNetwork-8XNJAT23SK5D0OET9NV9X387I.pcm
SwiftExplicitDependencyGeneratePcm arm64 /Users/admin/builder/spi-builder-workspace/.derivedData/SDKExplicitPrecompiledModules/Foundation-48S9SVOOX01R4NP8KF0LJG57Z.pcm
SwiftExplicitDependencyGeneratePcm arm64 /Users/admin/builder/spi-builder-workspace/.derivedData/SDKExplicitPrecompiledModules/CoreText-3Q9AYRR8Y0RMYX4VGST56EDCZ.pcm
SwiftExplicitDependencyGeneratePcm arm64 /Users/admin/builder/spi-builder-workspace/.derivedData/SDKExplicitPrecompiledModules/ImageIO-IAKQMD68GVR7DW77YOHGK8X7.pcm
SwiftExplicitDependencyGeneratePcm arm64 /Users/admin/builder/spi-builder-workspace/.derivedData/SDKExplicitPrecompiledModules/UserNotifications-6JIY9EEYAYYTJITYYQZF42LAH.pcm
SwiftExplicitDependencyGeneratePcm arm64 /Users/admin/builder/spi-builder-workspace/.derivedData/SDKExplicitPrecompiledModules/CoreTransferable-EFMTSDPFE8WPPM5HOZ47P0KQO.pcm
SwiftExplicitDependencyGeneratePcm arm64 /Users/admin/builder/spi-builder-workspace/.derivedData/SDKExplicitPrecompiledModules/_LocationEssentials-32JNDL0Y7WK6X17R1HPKJCQEE.pcm
SwiftExplicitDependencyGeneratePcm arm64 /Users/admin/builder/spi-builder-workspace/.derivedData/SDKExplicitPrecompiledModules/FileProvider-C1CJK6EJC5IUBTWZU8FS47OM3.pcm
SwiftExplicitDependencyGeneratePcm arm64 /Users/admin/builder/spi-builder-workspace/.derivedData/SDKExplicitPrecompiledModules/UIUtilities-F3U0HSZMZSXCP772P753OT1G5.pcm
SwiftExplicitDependencyGeneratePcm arm64 /Users/admin/builder/spi-builder-workspace/.derivedData/SDKExplicitPrecompiledModules/Symbols-ECOU17NNJUYRSDVSZI1SX0DNL.pcm
SwiftExplicitDependencyGeneratePcm arm64 /Users/admin/builder/spi-builder-workspace/.derivedData/SDKExplicitPrecompiledModules/UniformTypeIdentifiers-9BPZRHV9PRGRSU35W243D89CW.pcm
SwiftExplicitDependencyGeneratePcm arm64 /Users/admin/builder/spi-builder-workspace/.derivedData/SDKExplicitPrecompiledModules/IOSurface-2D5KLETWRIPRMLT8HCRTTINH3.pcm
SwiftExplicitDependencyGeneratePcm arm64 /Users/admin/builder/spi-builder-workspace/.derivedData/SDKExplicitPrecompiledModules/DataDetection-7LQD8Z3LW2FUEO4CR6TGECXW0.pcm
SwiftExplicitDependencyGeneratePcm arm64 /Users/admin/builder/spi-builder-workspace/.derivedData/SDKExplicitPrecompiledModules/Accessibility-8QB8DU95K5GFNCPAUIMZLHBIU.pcm
SwiftExplicitDependencyGeneratePcm arm64 /Users/admin/builder/spi-builder-workspace/.derivedData/SDKExplicitPrecompiledModules/OSLog-3CTW8AFBZNTJNTYU2CNXR306R.pcm
SwiftExplicitDependencyGeneratePcm arm64 /Users/admin/builder/spi-builder-workspace/.derivedData/SDKExplicitPrecompiledModules/CoreHaptics-B0Z0QVUDWE6KIJ8XDEM7IDFDO.pcm
SwiftExplicitDependencyGeneratePcm arm64 /Users/admin/builder/spi-builder-workspace/.derivedData/SDKExplicitPrecompiledModules/CoreLocation-E62WUNIY48I4BO5WNB3SVVIP8.pcm
SwiftExplicitDependencyGeneratePcm arm64 /Users/admin/builder/spi-builder-workspace/.derivedData/SDKExplicitPrecompiledModules/Metal-CAKGHYH5ACDACD017V00QOQC9.pcm
SwiftExplicitDependencyGeneratePcm arm64 /Users/admin/builder/spi-builder-workspace/.derivedData/SDKExplicitPrecompiledModules/OpenGLES-CKJ9EEPIRPNP44Q12R6YOKS1E.pcm
SwiftExplicitDependencyGeneratePcm arm64 /Users/admin/builder/spi-builder-workspace/.derivedData/SDKExplicitPrecompiledModules/CoreMotion-DCVNRIJ2COFK7QG37YNW48EGV.pcm
SwiftExplicitDependencyGeneratePcm arm64 /Users/admin/builder/spi-builder-workspace/.derivedData/SDKExplicitPrecompiledModules/CoreVideo-4PK3Q849TG28PPFW9ON3UC1O9.pcm
SwiftExplicitDependencyGeneratePcm arm64 /Users/admin/builder/spi-builder-workspace/.derivedData/SDKExplicitPrecompiledModules/CoreImage-9GN6OPXIJ356C54K347I7T417.pcm
SwiftExplicitDependencyGeneratePcm arm64 /Users/admin/builder/spi-builder-workspace/.derivedData/SDKExplicitPrecompiledModules/QuartzCore-6ZHUATRF8P4D51R22KZF8F6EG.pcm
SwiftExplicitDependencyGeneratePcm arm64 /Users/admin/builder/spi-builder-workspace/.derivedData/SDKExplicitPrecompiledModules/SwiftUICore-374BUSM2QWS9MQO694AHOADDT.pcm
SwiftExplicitDependencyGeneratePcm arm64 /Users/admin/builder/spi-builder-workspace/.derivedData/SDKExplicitPrecompiledModules/UIKit-1PV3XTOUQPUVY5I4MLPUAXR9J.pcm
SwiftCompile normal arm64 Compiling\ ThumbLayer.swift /Users/admin/builder/spi-builder-workspace/Sources/ThumbLayer.swift (in target 'Slider' from project 'Slider')
SwiftCompile normal arm64 /Users/admin/builder/spi-builder-workspace/Sources/ThumbLayer.swift (in target 'Slider' from project 'Slider')
cd /Users/admin/builder/spi-builder-workspace/.swiftpm/xcode
builtin-SwiftPerFileCompile ThumbLayer.swift
SwiftEmitModule normal arm64 Emitting\ module\ for\ Slider (in target 'Slider' from project 'Slider')
/Users/admin/builder/spi-builder-workspace/Sources/Configurations/GlassConfiguration.swift:99:23: error: 'UIGlassEffect' is unavailable in visionOS
97 | @available(iOS 26.0, *)
98 | extension GlassConfiguration.Style {
99 | var uiGlassStyle: UIGlassEffect.Style {
| `- error: 'UIGlassEffect' is unavailable in visionOS
100 | switch self {
101 | case .regular: .regular
/Applications/Xcode-27.0.0-Release.Candidate.app/Contents/Developer/Platforms/XROS.platform/Developer/SDKs/XROS27.0.sdk/System/Library/Frameworks/UIKit.framework/Headers/UIGlassEffect.h:26:12: note: 'UIGlassEffect' has been explicitly marked unavailable here
24 | API_AVAILABLE(ios(26.0))
25 | API_UNAVAILABLE(visionos, watchos)
26 | @interface UIGlassEffect : UIVisualEffect
| `- note: 'UIGlassEffect' has been explicitly marked unavailable here
27 |
28 | /// Enables interactive behavior for the glass effect.
Failed frontend command:
/Applications/Xcode-27.0.0-Release.Candidate.app/Contents/Developer/Toolchains/XcodeDefault.xctoolchain/usr/bin/swift-frontend -frontend -emit-module -experimental-skip-non-inlinable-function-bodies-without-types /Users/admin/builder/spi-builder-workspace/Sources/Configurations/GlassConfiguration.swift /Users/admin/builder/spi-builder-workspace/Sources/Configurations/HapticConfiguration.swift /Users/admin/builder/spi-builder-workspace/Sources/Configurations/RangeEndpointsConfiguration.swift /Users/admin/builder/spi-builder-workspace/Sources/Configurations/ThumbConfiguration.swift /Users/admin/builder/spi-builder-workspace/Sources/Configurations/TrackConfiguration.swift /Users/admin/builder/spi-builder-workspace/Sources/Extensions/Slider+UITouch.swift /Users/admin/builder/spi-builder-workspace/Sources/Extensions/String.swift /Users/admin/builder/spi-builder-workspace/Sources/Extensions/UIColor.swift /Users/admin/builder/spi-builder-workspace/Sources/Managers/HapticManager.swift /Users/admin/builder/spi-builder-workspace/Sources/Managers/LoggerManager.swift /Users/admin/builder/spi-builder-workspace/Sources/Protocols/SliderDelegate.swift /Users/admin/builder/spi-builder-workspace/Sources/Slider.swift /Users/admin/builder/spi-builder-workspace/Sources/SliderTrackLayer.swift /Users/admin/builder/spi-builder-workspace/Sources/TextLayer.swift /Users/admin/builder/spi-builder-workspace/Sources/ThumbLayer.swift /Users/admin/builder/spi-builder-workspace/Sources/Views/SliderGlassSurface.swift -target arm64-apple-xros2.0 -disable-cross-import-overlay-search -swift-module-cross-import CoreHaptics /Applications/Xcode-27.0.0-Release.Candidate.app/Contents/Developer/Platforms/XROS.platform/Developer/SDKs/XROS.sdk/System/Library/Frameworks/CoreHaptics.framework/Modules/CoreHaptics.swiftcrossimport/AudioToolbox.swiftoverlay -load-resolved-plugin /Applications/Xcode-27.0.0-Release.Candidate.app/Contents/Developer/Platforms/XROS.platform/Developer/usr/lib/swift/host/plugins/libFoundationMacros.dylib\#/Applications/Xcode-27.0.0-Release.Candidate.app/Contents/Developer/Platforms/XROS.platform/Developer/usr/bin/swift-plugin-server\#FoundationMacros -load-resolved-plugin /Applications/Xcode-27.0.0-Release.Candidate.app/Contents/Developer/Platforms/XROS.platform/Developer/usr/lib/swift/host/plugins/libObservationMacros.dylib\#/Applications/Xcode-27.0.0-Release.Candidate.app/Contents/Developer/Platforms/XROS.platform/Developer/usr/bin/swift-plugin-server\#ObservationMacros -load-resolved-plugin /Applications/Xcode-27.0.0-Release.Candidate.app/Contents/Developer/Platforms/XROS.platform/Developer/usr/lib/swift/host/plugins/libPreviewsMacros.dylib\#/Applications/Xcode-27.0.0-Release.Candidate.app/Contents/Developer/Platforms/XROS.platform/Developer/usr/bin/swift-plugin-server\#PreviewsMacros -load-resolved-plugin /Applications/Xcode-27.0.0-Release.Candidate.app/Contents/Developer/Platforms/XROS.platform/Developer/usr/lib/swift/host/plugins/libSwiftMacros.dylib\#/Applications/Xcode-27.0.0-Release.Candidate.app/Contents/Developer/Platforms/XROS.platform/Developer/usr/bin/swift-plugin-server\#SwiftMacros -load-resolved-plugin /Applications/Xcode-27.0.0-Release.Candidate.app/Contents/Developer/Platforms/XROS.platform/Developer/usr/lib/swift/host/plugins/libSwiftUIMacros.dylib\#/Applications/Xcode-27.0.0-Release.Candidate.app/Contents/Developer/Platforms/XROS.platform/Developer/usr/bin/swift-plugin-server\#SwiftUIMacros -disable-implicit-swift-modules -Xcc -fno-implicit-modules -Xcc -fno-implicit-module-maps -explicit-swift-module-map-file /Users/admin/builder/spi-builder-workspace/.derivedData/Build/Intermediates.noindex/Slider.build/Debug-xros/Slider-t.build/Objects-normal/arm64/Slider-dependencies-1.json -Xllvm -aarch64-use-tbi -enable-objc-interop -stack-check -sdk /Applications/Xcode-27.0.0-Release.Candidate.app/Contents/Developer/Platforms/XROS.platform/Developer/SDKs/XROS27.0.sdk -I /Users/admin/builder/spi-builder-workspace/.derivedData/Build/Products/Debug-xros -Isystem /Applications/Xcode-27.0.0-Release.Candidate.app/Contents/Developer/Platforms/XROS.platform/Developer/usr/lib -F /Users/admin/builder/spi-builder-workspace/.derivedData/Build/Products/Debug-xros -F /Applications/Xcode-27.0.0-Release.Candidate.app/Contents/Developer/Platforms/XROS.platform/Developer/Library/Frameworks -F /Applications/Xcode-27.0.0-Release.Candidate.app/Contents/Developer/Platforms/XROS.platform/Developer/SDKs/XROS27.0.sdk/Developer/Library/Frameworks -module-cache-path /Users/admin/builder/spi-builder-workspace/.derivedData/Build/Intermediates.noindex/SwiftExplicitPrecompiledModules -no-color-diagnostics -Xcc -fno-color-diagnostics -enable-testing -g -debug-info-format\=dwarf -dwarf-version\=5 -profile-generate -profile-coverage-mapping -swift-version 6 -Onone -D SWIFT_PACKAGE -D DEBUG -D SWIFT_MODULE_RESOURCE_BUNDLE_UNAVAILABLE -D Xcode -serialize-debugging-options -enable-upcoming-feature ExistentialAny -enable-upcoming-feature InternalImportsByDefault -enable-upcoming-feature MemberImportVisibility -enable-upcoming-feature InferIsolatedConformances -enable-upcoming-feature NonisolatedNonsendingByDefault -enable-upcoming-feature ImmutableWeakCaptures -enable-experimental-feature DebugDescriptionMacro -empty-abi-descriptor -validate-clang-modules-once -clang-build-session-file /Users/admin/builder/spi-builder-workspace/.derivedData/ModuleCache.noindex/Session.modulevalidation -Xcc -working-directory -Xcc /Users/admin/builder/spi-builder-workspace/.swiftpm/xcode -enable-anonymous-context-mangled-names -file-compilation-dir /Users/admin/builder/spi-builder-workspace/.swiftpm/xcode -Xcc -D_LIBCPP_HARDENING_MODE\=_LIBCPP_HARDENING_MODE_DEBUG -Xcc -ivfsstatcache -Xcc /Users/admin/builder/spi-builder-workspace/.derivedData/SDKStatCaches.noindex/xros27.0-24M361-e829b21a6f8c9b70876ba0858053c044735bd543db762f57723cac368afd1ce4.sdkstatcache -Xcc -fmodules-prune-interval\=86400 -Xcc -fmodules-prune-after\=345600 -Xcc -I/Users/admin/builder/spi-builder-workspace/.derivedData/Build/Products/Debug-xros/include -Xcc -I/Users/admin/builder/spi-builder-workspace/.derivedData/Build/Intermediates.noindex/Slider.build/Debug-xros/Slider-t.build/DerivedSources-normal/arm64 -Xcc -I/Users/admin/builder/spi-builder-workspace/.derivedData/Build/Intermediates.noindex/Slider.build/Debug-xros/Slider-t.build/DerivedSources/arm64 -Xcc -I/Users/admin/builder/spi-builder-workspace/.derivedData/Build/Intermediates.noindex/Slider.build/Debug-xros/Slider-t.build/DerivedSources -Xcc -DSWIFT_PACKAGE -Xcc -DDEBUG\=1 -no-auto-bridging-header-chaining -module-name Slider -package-name spi_builder_workspace -const-gather-protocols-file /Users/admin/builder/spi-builder-workspace/.derivedData/Build/Intermediates.noindex/Slider.build/Debug-xros/Slider-t.build/Objects-normal/arm64/Slider_const_extract_protocols.json -disable-clang-spi -clang-target arm64-apple-xros27.0 -target-sdk-version 27.0 -target-sdk-name xros27.0 -in-process-plugin-server-path /Applications/Xcode-27.0.0-Release.Candidate.app/Contents/Developer/Toolchains/XcodeDefault.xctoolchain/usr/lib/swift/host/libSwiftInProcPluginServer.dylib -emit-module-doc-path /Users/admin/builder/spi-builder-workspace/.derivedData/Build/Intermediates.noindex/Slider.build/Debug-xros/Slider-t.build/Objects-normal/arm64/Slider.swiftdoc -emit-module-source-info-path /Users/admin/builder/spi-builder-workspace/.derivedData/Build/Intermediates.noindex/Slider.build/Debug-xros/Slider-t.build/Objects-normal/arm64/Slider.swiftsourceinfo -emit-objc-header-path /Users/admin/builder/spi-builder-workspace/.derivedData/Build/Intermediates.noindex/Slider.build/Debug-xros/Slider-t.build/Objects-normal/arm64/Slider-Swift.h -serialize-diagnostics-path /Users/admin/builder/spi-builder-workspace/.derivedData/Build/Intermediates.noindex/Slider.build/Debug-xros/Slider-t.build/Objects-normal/arm64/Slider-primary-emit-module.dia -emit-dependencies-path /Users/admin/builder/spi-builder-workspace/.derivedData/Build/Intermediates.noindex/Slider.build/Debug-xros/Slider-t.build/Objects-normal/arm64/Slider-primary-emit-module.d -parse-as-library -o /Users/admin/builder/spi-builder-workspace/.derivedData/Build/Intermediates.noindex/Slider.build/Debug-xros/Slider-t.build/Objects-normal/arm64/Slider.swiftmodule -emit-abi-descriptor-path /Users/admin/builder/spi-builder-workspace/.derivedData/Build/Intermediates.noindex/Slider.build/Debug-xros/Slider-t.build/Objects-normal/arm64/Slider.abi.json
SwiftCompile normal arm64 (in target 'Slider' from project 'Slider')
cd /Users/admin/builder/spi-builder-workspace/.swiftpm/xcode
SwiftCompile normal arm64 Compiling\ SliderGlassSurface.swift /Users/admin/builder/spi-builder-workspace/Sources/Views/SliderGlassSurface.swift (in target 'Slider' from project 'Slider')
/Users/admin/builder/spi-builder-workspace/Sources/Views/SliderGlassSurface.swift:86:66: error: 'UIGlassContainerEffect' is unavailable in visionOS
84 | guard #available(iOS 26.0, *), isActive else { return }
85 |
86 | if let containerEffect = containerEffectView?.effect as? UIGlassContainerEffect {
| `- error: 'UIGlassContainerEffect' is unavailable in visionOS
87 | containerEffect.spacing = configuration.containerSpacing
88 | containerEffectView?.effect = containerEffect
/Applications/Xcode-27.0.0-Release.Candidate.app/Contents/Developer/Platforms/XROS.platform/Developer/SDKs/XROS27.0.sdk/System/Library/Frameworks/UIKit.framework/Headers/UIGlassEffect.h:48:12: note: 'UIGlassContainerEffect' has been explicitly marked unavailable here
46 | API_AVAILABLE(ios(26.0))
47 | API_UNAVAILABLE(visionos, watchos)
48 | @interface UIGlassContainerEffect : UIVisualEffect
| `- note: 'UIGlassContainerEffect' has been explicitly marked unavailable here
49 |
50 | /// The spacing specifies the distance between elements at which they begin to merge.
/Users/admin/builder/spi-builder-workspace/Sources/Views/SliderGlassSurface.swift:91:26: error: 'UIGlassEffect' is unavailable in visionOS
89 | }
90 | if let thumbEffectView {
91 | let effect = UIGlassEffect(style: configuration.style.uiGlassStyle)
| `- error: 'UIGlassEffect' is unavailable in visionOS
92 | effect.isInteractive = configuration.isInteractive
93 | effect.tintColor = configuration.tintColor
/Applications/Xcode-27.0.0-Release.Candidate.app/Contents/Developer/Platforms/XROS.platform/Developer/SDKs/XROS27.0.sdk/System/Library/Frameworks/UIKit.framework/Headers/UIGlassEffect.h:26:12: note: 'UIGlassEffect' has been explicitly marked unavailable here
24 | API_AVAILABLE(ios(26.0))
25 | API_UNAVAILABLE(visionos, watchos)
26 | @interface UIGlassEffect : UIVisualEffect
| `- note: 'UIGlassEffect' has been explicitly marked unavailable here
27 |
28 | /// Enables interactive behavior for the glass effect.
/Users/admin/builder/spi-builder-workspace/Sources/Views/SliderGlassSurface.swift:91:67: error: 'uiGlassStyle' is only available in visionOS 26.0 or newer
14 | /// Hit testing is disabled so the surface never intercepts touches meant for the control.
15 | @MainActor
16 | final class SliderGlassSurface: UIView {
| `- note: add '@available' attribute to enclosing class
17 |
18 | // MARK: Properties
:
81 |
82 | /// Re-applies style, tint and interactivity without rebuilding the views.
83 | func refreshEffects() {
| `- note: add '@available' attribute to enclosing instance method
84 | guard #available(iOS 26.0, *), isActive else { return }
85 |
:
89 | }
90 | if let thumbEffectView {
91 | let effect = UIGlassEffect(style: configuration.style.uiGlassStyle)
| |- error: 'uiGlassStyle' is only available in visionOS 26.0 or newer
| `- note: add 'if #available' version check
92 | effect.isInteractive = configuration.isInteractive
93 | effect.tintColor = configuration.tintColor
/Users/admin/builder/spi-builder-workspace/Sources/Views/SliderGlassSurface.swift:103:22: error: 'UIGlassEffect' is unavailable in visionOS
101 | guard #available(iOS 26.0, *), isActive, let thumbEffectView else { return }
102 |
103 | let effect = UIGlassEffect(style: configuration.style.uiGlassStyle)
| `- error: 'UIGlassEffect' is unavailable in visionOS
104 | effect.isInteractive = configuration.isInteractive
105 | effect.tintColor = configuration.tintColor ?? color
/Applications/Xcode-27.0.0-Release.Candidate.app/Contents/Developer/Platforms/XROS.platform/Developer/SDKs/XROS27.0.sdk/System/Library/Frameworks/UIKit.framework/Headers/UIGlassEffect.h:26:12: note: 'UIGlassEffect' has been explicitly marked unavailable here
24 | API_AVAILABLE(ios(26.0))
25 | API_UNAVAILABLE(visionos, watchos)
26 | @interface UIGlassEffect : UIVisualEffect
| `- note: 'UIGlassEffect' has been explicitly marked unavailable here
27 |
28 | /// Enables interactive behavior for the glass effect.
/Users/admin/builder/spi-builder-workspace/Sources/Views/SliderGlassSurface.swift:103:63: error: 'uiGlassStyle' is only available in visionOS 26.0 or newer
14 | /// Hit testing is disabled so the surface never intercepts touches meant for the control.
15 | @MainActor
16 | final class SliderGlassSurface: UIView {
| `- note: add '@available' attribute to enclosing class
17 |
18 | // MARK: Properties
:
98 |
99 | /// Applies the resolved tint for the thumb material.
100 | func updateThumbTint(_ color: UIColor?) {
| `- note: add '@available' attribute to enclosing instance method
101 | guard #available(iOS 26.0, *), isActive, let thumbEffectView else { return }
102 |
103 | let effect = UIGlassEffect(style: configuration.style.uiGlassStyle)
| |- error: 'uiGlassStyle' is only available in visionOS 26.0 or newer
| `- note: add 'if #available' version check
104 | effect.isInteractive = configuration.isInteractive
105 | effect.tintColor = configuration.tintColor ?? color
/Users/admin/builder/spi-builder-workspace/Sources/Views/SliderGlassSurface.swift:146:31: error: 'UIGlassContainerEffect' is unavailable in visionOS
144 | guard #available(iOS 26.0, *) else { return }
145 |
146 | let containerEffect = UIGlassContainerEffect()
| `- error: 'UIGlassContainerEffect' is unavailable in visionOS
147 | containerEffect.spacing = configuration.containerSpacing
148 | let container = UIVisualEffectView(effect: containerEffect)
/Applications/Xcode-27.0.0-Release.Candidate.app/Contents/Developer/Platforms/XROS.platform/Developer/SDKs/XROS27.0.sdk/System/Library/Frameworks/UIKit.framework/Headers/UIGlassEffect.h:48:12: note: 'UIGlassContainerEffect' has been explicitly marked unavailable here
46 | API_AVAILABLE(ios(26.0))
47 | API_UNAVAILABLE(visionos, watchos)
48 | @interface UIGlassContainerEffect : UIVisualEffect
| `- note: 'UIGlassContainerEffect' has been explicitly marked unavailable here
49 |
50 | /// The spacing specifies the distance between elements at which they begin to merge.
/Users/admin/builder/spi-builder-workspace/Sources/Views/SliderGlassSurface.swift:154:27: error: 'UIGlassEffect' is unavailable in visionOS
152 | containerEffectView = container
153 |
154 | let thumbEffect = UIGlassEffect(style: configuration.style.uiGlassStyle)
| `- error: 'UIGlassEffect' is unavailable in visionOS
155 | thumbEffect.isInteractive = configuration.isInteractive
156 | thumbEffect.tintColor = configuration.tintColor
/Applications/Xcode-27.0.0-Release.Candidate.app/Contents/Developer/Platforms/XROS.platform/Developer/SDKs/XROS27.0.sdk/System/Library/Frameworks/UIKit.framework/Headers/UIGlassEffect.h:26:12: note: 'UIGlassEffect' has been explicitly marked unavailable here
24 | API_AVAILABLE(ios(26.0))
25 | API_UNAVAILABLE(visionos, watchos)
26 | @interface UIGlassEffect : UIVisualEffect
| `- note: 'UIGlassEffect' has been explicitly marked unavailable here
27 |
28 | /// Enables interactive behavior for the glass effect.
/Users/admin/builder/spi-builder-workspace/Sources/Views/SliderGlassSurface.swift:154:68: error: 'uiGlassStyle' is only available in visionOS 26.0 or newer
14 | /// Hit testing is disabled so the surface never intercepts touches meant for the control.
15 | @MainActor
16 | final class SliderGlassSurface: UIView {
| `- note: add '@available' attribute to enclosing class
17 |
18 | // MARK: Properties
:
141 | // MARK: Private methods
142 |
143 | private func installEffects() {
| `- note: add '@available' attribute to enclosing instance method
144 | guard #available(iOS 26.0, *) else { return }
145 |
:
152 | containerEffectView = container
153 |
154 | let thumbEffect = UIGlassEffect(style: configuration.style.uiGlassStyle)
| |- error: 'uiGlassStyle' is only available in visionOS 26.0 or newer
| `- note: add 'if #available' version check
155 | thumbEffect.isInteractive = configuration.isInteractive
156 | thumbEffect.tintColor = configuration.tintColor
/Users/admin/builder/spi-builder-workspace/Sources/Views/SliderGlassSurface.swift:170:26: error: 'UIGlassEffect' is unavailable in visionOS
168 | guard trackEffectView == nil else { return }
169 |
170 | let effect = UIGlassEffect(style: .clear)
| `- error: 'UIGlassEffect' is unavailable in visionOS
171 | effect.isInteractive = false
172 | let track = UIVisualEffectView(effect: effect)
/Applications/Xcode-27.0.0-Release.Candidate.app/Contents/Developer/Platforms/XROS.platform/Developer/SDKs/XROS27.0.sdk/System/Library/Frameworks/UIKit.framework/Headers/UIGlassEffect.h:26:12: note: 'UIGlassEffect' has been explicitly marked unavailable here
24 | API_AVAILABLE(ios(26.0))
25 | API_UNAVAILABLE(visionos, watchos)
26 | @interface UIGlassEffect : UIVisualEffect
| `- note: 'UIGlassEffect' has been explicitly marked unavailable here
27 |
28 | /// Enables interactive behavior for the glass effect.
/Users/admin/builder/spi-builder-workspace/Sources/Views/SliderGlassSurface.swift:196:18: error: 'cornerConfiguration' is only available in visionOS 26.0 or newer
14 | /// Hit testing is disabled so the surface never intercepts touches meant for the control.
15 | @MainActor
16 | final class SliderGlassSurface: UIView {
| `- note: add '@available' attribute to enclosing class
17 |
18 | // MARK: Properties
:
189 | }
190 |
191 | private func applyCornerRadius(_ radius: CGFloat, to view: UIView, size: CGSize) {
| `- note: add '@available' attribute to enclosing instance method
192 | guard #available(iOS 26.0, *) else { return }
193 |
194 | // A capsule keeps the material concentric with the track while the thumb resizes.
195 | if radius >= min(size.width, size.height) / 2 {
196 | view.cornerConfiguration = .capsule()
| |- error: 'cornerConfiguration' is only available in visionOS 26.0 or newer
| `- note: add 'if #available' version check
197 | } else {
198 | view.cornerConfiguration = .corners(radius: .fixed(radius))
SwiftCompile normal arm64 /Users/admin/builder/spi-builder-workspace/Sources/Views/SliderGlassSurface.swift (in target 'Slider' from project 'Slider')
cd /Users/admin/builder/spi-builder-workspace/.swiftpm/xcode
builtin-SwiftPerFileCompile SliderGlassSurface.swift
SwiftCompile normal arm64 Compiling\ SliderTrackLayer.swift /Users/admin/builder/spi-builder-workspace/Sources/SliderTrackLayer.swift (in target 'Slider' from project 'Slider')
SwiftCompile normal arm64 /Users/admin/builder/spi-builder-workspace/Sources/SliderTrackLayer.swift (in target 'Slider' from project 'Slider')
cd /Users/admin/builder/spi-builder-workspace/.swiftpm/xcode
builtin-SwiftPerFileCompile SliderTrackLayer.swift
SwiftCompile normal arm64 Compiling\ SliderDelegate.swift,\ Slider.swift /Users/admin/builder/spi-builder-workspace/Sources/Protocols/SliderDelegate.swift /Users/admin/builder/spi-builder-workspace/Sources/Slider.swift (in target 'Slider' from project 'Slider')
SwiftCompile normal arm64 /Users/admin/builder/spi-builder-workspace/Sources/Protocols/SliderDelegate.swift (in target 'Slider' from project 'Slider')
cd /Users/admin/builder/spi-builder-workspace/.swiftpm/xcode
builtin-SwiftPerFileCompile SliderDelegate.swift
SwiftCompile normal arm64 /Users/admin/builder/spi-builder-workspace/Sources/Slider.swift (in target 'Slider' from project 'Slider')
cd /Users/admin/builder/spi-builder-workspace/.swiftpm/xcode
builtin-SwiftPerFileCompile Slider.swift
SwiftCompile normal arm64 Compiling\ TextLayer.swift /Users/admin/builder/spi-builder-workspace/Sources/TextLayer.swift (in target 'Slider' from project 'Slider')
SwiftCompile normal arm64 /Users/admin/builder/spi-builder-workspace/Sources/TextLayer.swift (in target 'Slider' from project 'Slider')
cd /Users/admin/builder/spi-builder-workspace/.swiftpm/xcode
builtin-SwiftPerFileCompile TextLayer.swift
SwiftCompile normal arm64 Compiling\ TrackConfiguration.swift,\ Slider+UITouch.swift /Users/admin/builder/spi-builder-workspace/Sources/Configurations/TrackConfiguration.swift /Users/admin/builder/spi-builder-workspace/Sources/Extensions/Slider+UITouch.swift (in target 'Slider' from project 'Slider')
SwiftCompile normal arm64 /Users/admin/builder/spi-builder-workspace/Sources/Configurations/TrackConfiguration.swift (in target 'Slider' from project 'Slider')
cd /Users/admin/builder/spi-builder-workspace/.swiftpm/xcode
builtin-SwiftPerFileCompile TrackConfiguration.swift
SwiftCompile normal arm64 /Users/admin/builder/spi-builder-workspace/Sources/Extensions/Slider+UITouch.swift (in target 'Slider' from project 'Slider')
cd /Users/admin/builder/spi-builder-workspace/.swiftpm/xcode
builtin-SwiftPerFileCompile Slider+UITouch.swift
SwiftCompile normal arm64 Compiling\ HapticManager.swift,\ LoggerManager.swift /Users/admin/builder/spi-builder-workspace/Sources/Managers/HapticManager.swift /Users/admin/builder/spi-builder-workspace/Sources/Managers/LoggerManager.swift (in target 'Slider' from project 'Slider')
SwiftCompile normal arm64 /Users/admin/builder/spi-builder-workspace/Sources/Managers/HapticManager.swift (in target 'Slider' from project 'Slider')
cd /Users/admin/builder/spi-builder-workspace/.swiftpm/xcode
builtin-SwiftPerFileCompile HapticManager.swift
SwiftCompile normal arm64 /Users/admin/builder/spi-builder-workspace/Sources/Managers/LoggerManager.swift (in target 'Slider' from project 'Slider')
cd /Users/admin/builder/spi-builder-workspace/.swiftpm/xcode
builtin-SwiftPerFileCompile LoggerManager.swift
SwiftCompile normal arm64 Compiling\ String.swift,\ UIColor.swift /Users/admin/builder/spi-builder-workspace/Sources/Extensions/String.swift /Users/admin/builder/spi-builder-workspace/Sources/Extensions/UIColor.swift (in target 'Slider' from project 'Slider')
SwiftCompile normal arm64 /Users/admin/builder/spi-builder-workspace/Sources/Extensions/String.swift (in target 'Slider' from project 'Slider')
cd /Users/admin/builder/spi-builder-workspace/.swiftpm/xcode
builtin-SwiftPerFileCompile String.swift
SwiftCompile normal arm64 /Users/admin/builder/spi-builder-workspace/Sources/Extensions/UIColor.swift (in target 'Slider' from project 'Slider')
cd /Users/admin/builder/spi-builder-workspace/.swiftpm/xcode
builtin-SwiftPerFileCompile UIColor.swift
SwiftCompile normal arm64 Compiling\ RangeEndpointsConfiguration.swift,\ ThumbConfiguration.swift /Users/admin/builder/spi-builder-workspace/Sources/Configurations/RangeEndpointsConfiguration.swift /Users/admin/builder/spi-builder-workspace/Sources/Configurations/ThumbConfiguration.swift (in target 'Slider' from project 'Slider')
SwiftCompile normal arm64 /Users/admin/builder/spi-builder-workspace/Sources/Configurations/RangeEndpointsConfiguration.swift (in target 'Slider' from project 'Slider')
cd /Users/admin/builder/spi-builder-workspace/.swiftpm/xcode
builtin-SwiftPerFileCompile RangeEndpointsConfiguration.swift
SwiftCompile normal arm64 /Users/admin/builder/spi-builder-workspace/Sources/Configurations/ThumbConfiguration.swift (in target 'Slider' from project 'Slider')
cd /Users/admin/builder/spi-builder-workspace/.swiftpm/xcode
builtin-SwiftPerFileCompile ThumbConfiguration.swift
SwiftCompile normal arm64 Compiling\ GlassConfiguration.swift,\ HapticConfiguration.swift /Users/admin/builder/spi-builder-workspace/Sources/Configurations/GlassConfiguration.swift /Users/admin/builder/spi-builder-workspace/Sources/Configurations/HapticConfiguration.swift (in target 'Slider' from project 'Slider')
SwiftCompile normal arm64 /Users/admin/builder/spi-builder-workspace/Sources/Configurations/GlassConfiguration.swift (in target 'Slider' from project 'Slider')
cd /Users/admin/builder/spi-builder-workspace/.swiftpm/xcode
builtin-SwiftPerFileCompile GlassConfiguration.swift
SwiftCompile normal arm64 /Users/admin/builder/spi-builder-workspace/Sources/Configurations/HapticConfiguration.swift (in target 'Slider' from project 'Slider')
cd /Users/admin/builder/spi-builder-workspace/.swiftpm/xcode
builtin-SwiftPerFileCompile HapticConfiguration.swift
PruneExplicitPrecompiledModules /Users/admin/builder/spi-builder-workspace/.derivedData/Build/Intermediates.noindex/SwiftExplicitPrecompiledModules
PruneExplicitPrecompiledModules /Users/admin/builder/spi-builder-workspace/.derivedData/Build/Intermediates.noindex/ExplicitPrecompiledModules
PruneExplicitPrecompiledModules /Users/admin/builder/spi-builder-workspace/.derivedData/SDKExplicitPrecompiledModules
2026-09-18 14:12:17.306 xcodebuild[626:3895] [MT] IDERunDestination: Supported platforms for the buildables in the current scheme is empty.
** BUILD FAILED **
The following build commands failed:
SwiftEmitModule normal arm64 Emitting\ module\ for\ Slider (in target 'Slider' from project 'Slider')
SwiftCompile normal arm64 (in target 'Slider' from project 'Slider')
Building workspace Slider with scheme Slider
(3 failures)
Command line invocation:
/Applications/Xcode-27.0.0-Release.Candidate.app/Contents/Developer/usr/bin/xcodebuild -IDEClonedSourcePackagesDirPathOverride=/Users/admin/builder/spi-builder-workspace/.dependencies -resolvePackageDependencies
Resolve Package Graph
Resolved source packages:
Slider: /Users/admin/builder/spi-builder-workspace
resolved source packages: Slider
2026-09-18 14:12:24.538 xcodebuild[720:4302] [MT] IDERunDestination: Supported platforms for the buildables in the current scheme is empty.
{
"dependencies" : [
],
"manifest_display_name" : "Slider",
"name" : "Slider",
"path" : "/Users/admin/builder/spi-builder-workspace",
"platforms" : [
{
"name" : "ios",
"version" : "18.0"
}
],
"products" : [
{
"name" : "Slider",
"targets" : [
"Slider"
],
"type" : {
"library" : [
"automatic"
]
}
}
],
"swift_languages_versions" : [
"6"
],
"targets" : [
{
"c99name" : "SliderTests",
"module_type" : "SwiftTarget",
"name" : "SliderTests",
"path" : "Tests/SliderTests",
"sources" : [
"SliderTests.swift"
],
"target_dependencies" : [
"Slider"
],
"type" : "test"
},
{
"c99name" : "Slider",
"module_type" : "SwiftTarget",
"name" : "Slider",
"path" : "Sources",
"product_memberships" : [
"Slider"
],
"sources" : [
"Configurations/GlassConfiguration.swift",
"Configurations/HapticConfiguration.swift",
"Configurations/RangeEndpointsConfiguration.swift",
"Configurations/ThumbConfiguration.swift",
"Configurations/TrackConfiguration.swift",
"Extensions/Slider+UITouch.swift",
"Extensions/String.swift",
"Extensions/UIColor.swift",
"Managers/HapticManager.swift",
"Managers/LoggerManager.swift",
"Protocols/SliderDelegate.swift",
"Slider.swift",
"SliderTrackLayer.swift",
"TextLayer.swift",
"ThumbLayer.swift",
"Views/SliderGlassSurface.swift"
],
"type" : "library"
}
],
"tools_version" : "6.4"
}
{
"workspace" : {
"name" : "Slider",
"schemes" : [
"Slider"
]
}
}
2026-09-18 14:12:25.786 xcodebuild[754:4569] [MT] IDERunDestination: Supported platforms for the buildables in the current scheme is empty.
Running build ...
env DEVELOPER_DIR=/Applications/Xcode-27.0.0-Release.Candidate.app xcrun xcodebuild -IDEClonedSourcePackagesDirPathOverride=$PWD/.dependencies -skipMacroValidation -skipPackagePluginValidation -derivedDataPath $PWD/.derivedData build -scheme Slider -destination generic/platform=xrOS
Command line invocation:
/Applications/Xcode-27.0.0-Release.Candidate.app/Contents/Developer/usr/bin/xcodebuild -IDEClonedSourcePackagesDirPathOverride=/Users/admin/builder/spi-builder-workspace/.dependencies -skipMacroValidation -skipPackagePluginValidation -derivedDataPath /Users/admin/builder/spi-builder-workspace/.derivedData build -scheme Slider -destination generic/platform=xrOS
Resolve Package Graph
Resolved source packages:
Slider: /Users/admin/builder/spi-builder-workspace
ComputePackagePrebuildTargetDependencyGraph
Prepare packages
CreateBuildRequest
SendProjectDescription
CreateBuildOperation
ComputeTargetDependencyGraph
note: Building targets in dependency order
note: Target dependency graph (2 targets)
Target 'Slider-product' in project 'Slider'
➜ Explicit dependency on target 'Slider' in project 'Slider'
Target 'Slider' in project 'Slider' (no dependencies)
GatherProvisioningInputs
CreateBuildDescription
ClangStatCache /Applications/Xcode-27.0.0-Release.Candidate.app/Contents/Developer/Toolchains/XcodeDefault.xctoolchain/usr/bin/clang-stat-cache /Applications/Xcode-27.0.0-Release.Candidate.app/Contents/Developer/Platforms/XROS.platform/Developer/SDKs/XROS27.0.sdk /Users/admin/builder/spi-builder-workspace/.derivedData/SDKStatCaches.noindex/xros27.0-24M361-e829b21a6f8c9b70876ba0858053c044735bd543db762f57723cac368afd1ce4.sdkstatcache
cd /Users/admin/builder/spi-builder-workspace/.swiftpm/xcode
/Applications/Xcode-27.0.0-Release.Candidate.app/Contents/Developer/Toolchains/XcodeDefault.xctoolchain/usr/bin/clang-stat-cache /Applications/Xcode-27.0.0-Release.Candidate.app/Contents/Developer/Platforms/XROS.platform/Developer/SDKs/XROS27.0.sdk -o /Users/admin/builder/spi-builder-workspace/.derivedData/SDKStatCaches.noindex/xros27.0-24M361-e829b21a6f8c9b70876ba0858053c044735bd543db762f57723cac368afd1ce4.sdkstatcache
SwiftDriver Slider normal arm64 com.apple.xcode.tools.swift.compiler (in target 'Slider' from project 'Slider')
cd /Users/admin/builder/spi-builder-workspace/.swiftpm/xcode
builtin-SwiftDriver -- /Applications/Xcode-27.0.0-Release.Candidate.app/Contents/Developer/Toolchains/XcodeDefault.xctoolchain/usr/bin/swiftc -parse-as-library -module-name Slider -Onone @/Users/admin/builder/spi-builder-workspace/.derivedData/Build/Intermediates.noindex/Slider.build/Debug-xros/Slider-t.build/Objects-normal/arm64/Slider.SwiftFileList -DSWIFT_PACKAGE -DDEBUG -DSWIFT_MODULE_RESOURCE_BUNDLE_UNAVAILABLE -DXcode -enable-upcoming-feature ExistentialAny -enable-upcoming-feature InternalImportsByDefault -enable-upcoming-feature MemberImportVisibility -enable-upcoming-feature InferIsolatedConformances -enable-upcoming-feature NonisolatedNonsendingByDefault -enable-upcoming-feature ImmutableWeakCaptures -plugin-path /Applications/Xcode-27.0.0-Release.Candidate.app/Contents/Developer/Toolchains/XcodeDefault.xctoolchain/usr/lib/swift/host/plugins/testing -enable-experimental-feature DebugDescriptionMacro -sdk /Applications/Xcode-27.0.0-Release.Candidate.app/Contents/Developer/Platforms/XROS.platform/Developer/SDKs/XROS27.0.sdk -target arm64-apple-xros2.0 -g -module-cache-path /Users/admin/builder/spi-builder-workspace/.derivedData/ModuleCache.noindex -Xfrontend -serialize-debugging-options -profile-coverage-mapping -profile-generate -enable-testing -index-store-path /Users/admin/builder/spi-builder-workspace/.derivedData/Index.noindex/DataStore -Xcc -D_LIBCPP_HARDENING_MODE\=_LIBCPP_HARDENING_MODE_DEBUG -swift-version 6 -I /Users/admin/builder/spi-builder-workspace/.derivedData/Build/Products/Debug-xros -Isystem /Applications/Xcode-27.0.0-Release.Candidate.app/Contents/Developer/Platforms/XROS.platform/Developer/usr/lib -F /Users/admin/builder/spi-builder-workspace/.derivedData/Build/Products/Debug-xros -F /Applications/Xcode-27.0.0-Release.Candidate.app/Contents/Developer/Platforms/XROS.platform/Developer/Library/Frameworks -F /Applications/Xcode-27.0.0-Release.Candidate.app/Contents/Developer/Platforms/XROS.platform/Developer/SDKs/XROS27.0.sdk/Developer/Library/Frameworks -c -j10 -enable-batch-mode -incremental -Xcc -ivfsstatcache -Xcc /Users/admin/builder/spi-builder-workspace/.derivedData/SDKStatCaches.noindex/xros27.0-24M361-e829b21a6f8c9b70876ba0858053c044735bd543db762f57723cac368afd1ce4.sdkstatcache -output-file-map /Users/admin/builder/spi-builder-workspace/.derivedData/Build/Intermediates.noindex/Slider.build/Debug-xros/Slider-t.build/Objects-normal/arm64/Slider-OutputFileMap.json -save-temps -no-color-diagnostics -explicit-module-build -module-cache-path /Users/admin/builder/spi-builder-workspace/.derivedData/Build/Intermediates.noindex/SwiftExplicitPrecompiledModules -clang-scanner-module-cache-path /Users/admin/builder/spi-builder-workspace/.derivedData/ModuleCache.noindex -sdk-module-cache-path /Users/admin/builder/spi-builder-workspace/.derivedData/SDKExplicitPrecompiledModules -emit-dependencies -emit-module -emit-module-path /Users/admin/builder/spi-builder-workspace/.derivedData/Build/Intermediates.noindex/Slider.build/Debug-xros/Slider-t.build/Objects-normal/arm64/Slider.swiftmodule -serialize-diagnostics -dependency-scan-serialize-diagnostics-path /Users/admin/builder/spi-builder-workspace/.derivedData/Build/Intermediates.noindex/Slider.build/Debug-xros/Slider-t.build/Objects-normal/arm64/Slider-dependency-scan.dia -validate-clang-modules-once -clang-build-session-file /Users/admin/builder/spi-builder-workspace/.derivedData/ModuleCache.noindex/Session.modulevalidation -Xcc -fmodules-prune-interval\=86400 -Xcc -fmodules-prune-after\=345600 -package-name spi_builder_workspace -emit-const-values -const-gather-protocols-list /Users/admin/builder/spi-builder-workspace/.derivedData/Build/Intermediates.noindex/Slider.build/Debug-xros/Slider-t.build/Objects-normal/arm64/Slider_const_extract_protocols.json -Xcc -I/Users/admin/builder/spi-builder-workspace/.derivedData/Build/Products/Debug-xros/include -Xcc -I/Users/admin/builder/spi-builder-workspace/.derivedData/Build/Intermediates.noindex/Slider.build/Debug-xros/Slider-t.build/DerivedSources-normal/arm64 -Xcc -I/Users/admin/builder/spi-builder-workspace/.derivedData/Build/Intermediates.noindex/Slider.build/Debug-xros/Slider-t.build/DerivedSources/arm64 -Xcc -I/Users/admin/builder/spi-builder-workspace/.derivedData/Build/Intermediates.noindex/Slider.build/Debug-xros/Slider-t.build/DerivedSources -Xcc -DSWIFT_PACKAGE -Xcc -DDEBUG\=1 -emit-objc-header -emit-objc-header-path /Users/admin/builder/spi-builder-workspace/.derivedData/Build/Intermediates.noindex/Slider.build/Debug-xros/Slider-t.build/Objects-normal/arm64/Slider-Swift.h -working-directory /Users/admin/builder/spi-builder-workspace/.swiftpm/xcode -experimental-emit-module-separately -disable-cmo
SwiftCompile normal arm64 Compiling\ GlassConfiguration.swift,\ HapticConfiguration.swift /Users/admin/builder/spi-builder-workspace/Sources/Configurations/GlassConfiguration.swift /Users/admin/builder/spi-builder-workspace/Sources/Configurations/HapticConfiguration.swift (in target 'Slider' from project 'Slider')
SwiftCompile normal arm64 /Users/admin/builder/spi-builder-workspace/Sources/Configurations/GlassConfiguration.swift (in target 'Slider' from project 'Slider')
cd /Users/admin/builder/spi-builder-workspace/.swiftpm/xcode
builtin-SwiftPerFileCompile GlassConfiguration.swift
SwiftCompile normal arm64 /Users/admin/builder/spi-builder-workspace/Sources/Configurations/HapticConfiguration.swift (in target 'Slider' from project 'Slider')
cd /Users/admin/builder/spi-builder-workspace/.swiftpm/xcode
builtin-SwiftPerFileCompile HapticConfiguration.swift
SwiftCompile normal arm64 Compiling\ HapticManager.swift,\ LoggerManager.swift /Users/admin/builder/spi-builder-workspace/Sources/Managers/HapticManager.swift /Users/admin/builder/spi-builder-workspace/Sources/Managers/LoggerManager.swift (in target 'Slider' from project 'Slider')
SwiftCompile normal arm64 /Users/admin/builder/spi-builder-workspace/Sources/Managers/HapticManager.swift (in target 'Slider' from project 'Slider')
cd /Users/admin/builder/spi-builder-workspace/.swiftpm/xcode
builtin-SwiftPerFileCompile HapticManager.swift
SwiftCompile normal arm64 /Users/admin/builder/spi-builder-workspace/Sources/Managers/LoggerManager.swift (in target 'Slider' from project 'Slider')
cd /Users/admin/builder/spi-builder-workspace/.swiftpm/xcode
builtin-SwiftPerFileCompile LoggerManager.swift
SwiftCompile normal arm64 Compiling\ TrackConfiguration.swift,\ Slider+UITouch.swift /Users/admin/builder/spi-builder-workspace/Sources/Configurations/TrackConfiguration.swift /Users/admin/builder/spi-builder-workspace/Sources/Extensions/Slider+UITouch.swift (in target 'Slider' from project 'Slider')
SwiftCompile normal arm64 /Users/admin/builder/spi-builder-workspace/Sources/Configurations/TrackConfiguration.swift (in target 'Slider' from project 'Slider')
cd /Users/admin/builder/spi-builder-workspace/.swiftpm/xcode
builtin-SwiftPerFileCompile TrackConfiguration.swift
SwiftCompile normal arm64 /Users/admin/builder/spi-builder-workspace/Sources/Extensions/Slider+UITouch.swift (in target 'Slider' from project 'Slider')
cd /Users/admin/builder/spi-builder-workspace/.swiftpm/xcode
builtin-SwiftPerFileCompile Slider+UITouch.swift
SwiftCompile normal arm64 Compiling\ RangeEndpointsConfiguration.swift,\ ThumbConfiguration.swift /Users/admin/builder/spi-builder-workspace/Sources/Configurations/RangeEndpointsConfiguration.swift /Users/admin/builder/spi-builder-workspace/Sources/Configurations/ThumbConfiguration.swift (in target 'Slider' from project 'Slider')
SwiftCompile normal arm64 /Users/admin/builder/spi-builder-workspace/Sources/Configurations/RangeEndpointsConfiguration.swift (in target 'Slider' from project 'Slider')
cd /Users/admin/builder/spi-builder-workspace/.swiftpm/xcode
builtin-SwiftPerFileCompile RangeEndpointsConfiguration.swift
SwiftCompile normal arm64 /Users/admin/builder/spi-builder-workspace/Sources/Configurations/ThumbConfiguration.swift (in target 'Slider' from project 'Slider')
cd /Users/admin/builder/spi-builder-workspace/.swiftpm/xcode
builtin-SwiftPerFileCompile ThumbConfiguration.swift
SwiftCompile normal arm64 Compiling\ SliderDelegate.swift,\ Slider.swift /Users/admin/builder/spi-builder-workspace/Sources/Protocols/SliderDelegate.swift /Users/admin/builder/spi-builder-workspace/Sources/Slider.swift (in target 'Slider' from project 'Slider')
SwiftCompile normal arm64 /Users/admin/builder/spi-builder-workspace/Sources/Protocols/SliderDelegate.swift (in target 'Slider' from project 'Slider')
cd /Users/admin/builder/spi-builder-workspace/.swiftpm/xcode
builtin-SwiftPerFileCompile SliderDelegate.swift
SwiftCompile normal arm64 /Users/admin/builder/spi-builder-workspace/Sources/Slider.swift (in target 'Slider' from project 'Slider')
cd /Users/admin/builder/spi-builder-workspace/.swiftpm/xcode
builtin-SwiftPerFileCompile Slider.swift
SwiftCompile normal arm64 Compiling\ TextLayer.swift /Users/admin/builder/spi-builder-workspace/Sources/TextLayer.swift (in target 'Slider' from project 'Slider')
SwiftCompile normal arm64 /Users/admin/builder/spi-builder-workspace/Sources/TextLayer.swift (in target 'Slider' from project 'Slider')
cd /Users/admin/builder/spi-builder-workspace/.swiftpm/xcode
builtin-SwiftPerFileCompile TextLayer.swift
SwiftCompile normal arm64 Compiling\ ThumbLayer.swift /Users/admin/builder/spi-builder-workspace/Sources/ThumbLayer.swift (in target 'Slider' from project 'Slider')
SwiftCompile normal arm64 /Users/admin/builder/spi-builder-workspace/Sources/ThumbLayer.swift (in target 'Slider' from project 'Slider')
cd /Users/admin/builder/spi-builder-workspace/.swiftpm/xcode
builtin-SwiftPerFileCompile ThumbLayer.swift
SwiftCompile normal arm64 Compiling\ String.swift,\ UIColor.swift /Users/admin/builder/spi-builder-workspace/Sources/Extensions/String.swift /Users/admin/builder/spi-builder-workspace/Sources/Extensions/UIColor.swift (in target 'Slider' from project 'Slider')
SwiftCompile normal arm64 /Users/admin/builder/spi-builder-workspace/Sources/Extensions/String.swift (in target 'Slider' from project 'Slider')
cd /Users/admin/builder/spi-builder-workspace/.swiftpm/xcode
builtin-SwiftPerFileCompile String.swift
SwiftCompile normal arm64 /Users/admin/builder/spi-builder-workspace/Sources/Extensions/UIColor.swift (in target 'Slider' from project 'Slider')
cd /Users/admin/builder/spi-builder-workspace/.swiftpm/xcode
builtin-SwiftPerFileCompile UIColor.swift
SwiftCompile normal arm64 Compiling\ SliderTrackLayer.swift /Users/admin/builder/spi-builder-workspace/Sources/SliderTrackLayer.swift (in target 'Slider' from project 'Slider')
SwiftCompile normal arm64 /Users/admin/builder/spi-builder-workspace/Sources/SliderTrackLayer.swift (in target 'Slider' from project 'Slider')
cd /Users/admin/builder/spi-builder-workspace/.swiftpm/xcode
builtin-SwiftPerFileCompile SliderTrackLayer.swift
SwiftEmitModule normal arm64 Emitting\ module\ for\ Slider (in target 'Slider' from project 'Slider')
/Users/admin/builder/spi-builder-workspace/Sources/Configurations/GlassConfiguration.swift:99:23: error: 'UIGlassEffect' is unavailable in visionOS
97 | @available(iOS 26.0, *)
98 | extension GlassConfiguration.Style {
99 | var uiGlassStyle: UIGlassEffect.Style {
| `- error: 'UIGlassEffect' is unavailable in visionOS
100 | switch self {
101 | case .regular: .regular
/Applications/Xcode-27.0.0-Release.Candidate.app/Contents/Developer/Platforms/XROS.platform/Developer/SDKs/XROS27.0.sdk/System/Library/Frameworks/UIKit.framework/Headers/UIGlassEffect.h:26:12: note: 'UIGlassEffect' has been explicitly marked unavailable here
24 | API_AVAILABLE(ios(26.0))
25 | API_UNAVAILABLE(visionos, watchos)
26 | @interface UIGlassEffect : UIVisualEffect
| `- note: 'UIGlassEffect' has been explicitly marked unavailable here
27 |
28 | /// Enables interactive behavior for the glass effect.
Failed frontend command:
/Applications/Xcode-27.0.0-Release.Candidate.app/Contents/Developer/Toolchains/XcodeDefault.xctoolchain/usr/bin/swift-frontend -frontend -emit-module -experimental-skip-non-inlinable-function-bodies-without-types /Users/admin/builder/spi-builder-workspace/Sources/Configurations/GlassConfiguration.swift /Users/admin/builder/spi-builder-workspace/Sources/Configurations/HapticConfiguration.swift /Users/admin/builder/spi-builder-workspace/Sources/Configurations/RangeEndpointsConfiguration.swift /Users/admin/builder/spi-builder-workspace/Sources/Configurations/ThumbConfiguration.swift /Users/admin/builder/spi-builder-workspace/Sources/Configurations/TrackConfiguration.swift /Users/admin/builder/spi-builder-workspace/Sources/Extensions/Slider+UITouch.swift /Users/admin/builder/spi-builder-workspace/Sources/Extensions/String.swift /Users/admin/builder/spi-builder-workspace/Sources/Extensions/UIColor.swift /Users/admin/builder/spi-builder-workspace/Sources/Managers/HapticManager.swift /Users/admin/builder/spi-builder-workspace/Sources/Managers/LoggerManager.swift /Users/admin/builder/spi-builder-workspace/Sources/Protocols/SliderDelegate.swift /Users/admin/builder/spi-builder-workspace/Sources/Slider.swift /Users/admin/builder/spi-builder-workspace/Sources/SliderTrackLayer.swift /Users/admin/builder/spi-builder-workspace/Sources/TextLayer.swift /Users/admin/builder/spi-builder-workspace/Sources/ThumbLayer.swift /Users/admin/builder/spi-builder-workspace/Sources/Views/SliderGlassSurface.swift -target arm64-apple-xros2.0 -disable-cross-import-overlay-search -swift-module-cross-import CoreHaptics /Applications/Xcode-27.0.0-Release.Candidate.app/Contents/Developer/Platforms/XROS.platform/Developer/SDKs/XROS.sdk/System/Library/Frameworks/CoreHaptics.framework/Modules/CoreHaptics.swiftcrossimport/AudioToolbox.swiftoverlay -load-resolved-plugin /Applications/Xcode-27.0.0-Release.Candidate.app/Contents/Developer/Platforms/XROS.platform/Developer/usr/lib/swift/host/plugins/libFoundationMacros.dylib\#/Applications/Xcode-27.0.0-Release.Candidate.app/Contents/Developer/Platforms/XROS.platform/Developer/usr/bin/swift-plugin-server\#FoundationMacros -load-resolved-plugin /Applications/Xcode-27.0.0-Release.Candidate.app/Contents/Developer/Platforms/XROS.platform/Developer/usr/lib/swift/host/plugins/libObservationMacros.dylib\#/Applications/Xcode-27.0.0-Release.Candidate.app/Contents/Developer/Platforms/XROS.platform/Developer/usr/bin/swift-plugin-server\#ObservationMacros -load-resolved-plugin /Applications/Xcode-27.0.0-Release.Candidate.app/Contents/Developer/Platforms/XROS.platform/Developer/usr/lib/swift/host/plugins/libPreviewsMacros.dylib\#/Applications/Xcode-27.0.0-Release.Candidate.app/Contents/Developer/Platforms/XROS.platform/Developer/usr/bin/swift-plugin-server\#PreviewsMacros -load-resolved-plugin /Applications/Xcode-27.0.0-Release.Candidate.app/Contents/Developer/Platforms/XROS.platform/Developer/usr/lib/swift/host/plugins/libSwiftMacros.dylib\#/Applications/Xcode-27.0.0-Release.Candidate.app/Contents/Developer/Platforms/XROS.platform/Developer/usr/bin/swift-plugin-server\#SwiftMacros -load-resolved-plugin /Applications/Xcode-27.0.0-Release.Candidate.app/Contents/Developer/Platforms/XROS.platform/Developer/usr/lib/swift/host/plugins/libSwiftUIMacros.dylib\#/Applications/Xcode-27.0.0-Release.Candidate.app/Contents/Developer/Platforms/XROS.platform/Developer/usr/bin/swift-plugin-server\#SwiftUIMacros -disable-implicit-swift-modules -Xcc -fno-implicit-modules -Xcc -fno-implicit-module-maps -explicit-swift-module-map-file /Users/admin/builder/spi-builder-workspace/.derivedData/Build/Intermediates.noindex/Slider.build/Debug-xros/Slider-t.build/Objects-normal/arm64/Slider-dependencies-1.json -Xllvm -aarch64-use-tbi -enable-objc-interop -stack-check -sdk /Applications/Xcode-27.0.0-Release.Candidate.app/Contents/Developer/Platforms/XROS.platform/Developer/SDKs/XROS27.0.sdk -I /Users/admin/builder/spi-builder-workspace/.derivedData/Build/Products/Debug-xros -Isystem /Applications/Xcode-27.0.0-Release.Candidate.app/Contents/Developer/Platforms/XROS.platform/Developer/usr/lib -F /Users/admin/builder/spi-builder-workspace/.derivedData/Build/Products/Debug-xros -F /Applications/Xcode-27.0.0-Release.Candidate.app/Contents/Developer/Platforms/XROS.platform/Developer/Library/Frameworks -F /Applications/Xcode-27.0.0-Release.Candidate.app/Contents/Developer/Platforms/XROS.platform/Developer/SDKs/XROS27.0.sdk/Developer/Library/Frameworks -module-cache-path /Users/admin/builder/spi-builder-workspace/.derivedData/Build/Intermediates.noindex/SwiftExplicitPrecompiledModules -no-color-diagnostics -Xcc -fno-color-diagnostics -enable-testing -g -debug-info-format\=dwarf -dwarf-version\=5 -profile-generate -profile-coverage-mapping -swift-version 6 -Onone -D SWIFT_PACKAGE -D DEBUG -D SWIFT_MODULE_RESOURCE_BUNDLE_UNAVAILABLE -D Xcode -serialize-debugging-options -enable-upcoming-feature ExistentialAny -enable-upcoming-feature InternalImportsByDefault -enable-upcoming-feature MemberImportVisibility -enable-upcoming-feature InferIsolatedConformances -enable-upcoming-feature NonisolatedNonsendingByDefault -enable-upcoming-feature ImmutableWeakCaptures -enable-experimental-feature DebugDescriptionMacro -empty-abi-descriptor -validate-clang-modules-once -clang-build-session-file /Users/admin/builder/spi-builder-workspace/.derivedData/ModuleCache.noindex/Session.modulevalidation -Xcc -working-directory -Xcc /Users/admin/builder/spi-builder-workspace/.swiftpm/xcode -enable-anonymous-context-mangled-names -file-compilation-dir /Users/admin/builder/spi-builder-workspace/.swiftpm/xcode -Xcc -D_LIBCPP_HARDENING_MODE\=_LIBCPP_HARDENING_MODE_DEBUG -Xcc -ivfsstatcache -Xcc /Users/admin/builder/spi-builder-workspace/.derivedData/SDKStatCaches.noindex/xros27.0-24M361-e829b21a6f8c9b70876ba0858053c044735bd543db762f57723cac368afd1ce4.sdkstatcache -Xcc -fmodules-prune-interval\=86400 -Xcc -fmodules-prune-after\=345600 -Xcc -I/Users/admin/builder/spi-builder-workspace/.derivedData/Build/Products/Debug-xros/include -Xcc -I/Users/admin/builder/spi-builder-workspace/.derivedData/Build/Intermediates.noindex/Slider.build/Debug-xros/Slider-t.build/DerivedSources-normal/arm64 -Xcc -I/Users/admin/builder/spi-builder-workspace/.derivedData/Build/Intermediates.noindex/Slider.build/Debug-xros/Slider-t.build/DerivedSources/arm64 -Xcc -I/Users/admin/builder/spi-builder-workspace/.derivedData/Build/Intermediates.noindex/Slider.build/Debug-xros/Slider-t.build/DerivedSources -Xcc -DSWIFT_PACKAGE -Xcc -DDEBUG\=1 -no-auto-bridging-header-chaining -module-name Slider -package-name spi_builder_workspace -const-gather-protocols-file /Users/admin/builder/spi-builder-workspace/.derivedData/Build/Intermediates.noindex/Slider.build/Debug-xros/Slider-t.build/Objects-normal/arm64/Slider_const_extract_protocols.json -disable-clang-spi -clang-target arm64-apple-xros27.0 -target-sdk-version 27.0 -target-sdk-name xros27.0 -in-process-plugin-server-path /Applications/Xcode-27.0.0-Release.Candidate.app/Contents/Developer/Toolchains/XcodeDefault.xctoolchain/usr/lib/swift/host/libSwiftInProcPluginServer.dylib -emit-module-doc-path /Users/admin/builder/spi-builder-workspace/.derivedData/Build/Intermediates.noindex/Slider.build/Debug-xros/Slider-t.build/Objects-normal/arm64/Slider.swiftdoc -emit-module-source-info-path /Users/admin/builder/spi-builder-workspace/.derivedData/Build/Intermediates.noindex/Slider.build/Debug-xros/Slider-t.build/Objects-normal/arm64/Slider.swiftsourceinfo -emit-objc-header-path /Users/admin/builder/spi-builder-workspace/.derivedData/Build/Intermediates.noindex/Slider.build/Debug-xros/Slider-t.build/Objects-normal/arm64/Slider-Swift.h -serialize-diagnostics-path /Users/admin/builder/spi-builder-workspace/.derivedData/Build/Intermediates.noindex/Slider.build/Debug-xros/Slider-t.build/Objects-normal/arm64/Slider-primary-emit-module.dia -emit-dependencies-path /Users/admin/builder/spi-builder-workspace/.derivedData/Build/Intermediates.noindex/Slider.build/Debug-xros/Slider-t.build/Objects-normal/arm64/Slider-primary-emit-module.d -parse-as-library -o /Users/admin/builder/spi-builder-workspace/.derivedData/Build/Intermediates.noindex/Slider.build/Debug-xros/Slider-t.build/Objects-normal/arm64/Slider.swiftmodule -emit-abi-descriptor-path /Users/admin/builder/spi-builder-workspace/.derivedData/Build/Intermediates.noindex/Slider.build/Debug-xros/Slider-t.build/Objects-normal/arm64/Slider.abi.json
SwiftCompile normal arm64 (in target 'Slider' from project 'Slider')
cd /Users/admin/builder/spi-builder-workspace/.swiftpm/xcode
SwiftCompile normal arm64 Compiling\ SliderGlassSurface.swift /Users/admin/builder/spi-builder-workspace/Sources/Views/SliderGlassSurface.swift (in target 'Slider' from project 'Slider')
SwiftCompile normal arm64 /Users/admin/builder/spi-builder-workspace/Sources/Views/SliderGlassSurface.swift (in target 'Slider' from project 'Slider')
cd /Users/admin/builder/spi-builder-workspace/.swiftpm/xcode
builtin-SwiftPerFileCompile SliderGlassSurface.swift
PruneExplicitPrecompiledModules /Users/admin/builder/spi-builder-workspace/.derivedData/SDKExplicitPrecompiledModules
PruneExplicitPrecompiledModules /Users/admin/builder/spi-builder-workspace/.derivedData/Build/Intermediates.noindex/SwiftExplicitPrecompiledModules
PruneExplicitPrecompiledModules /Users/admin/builder/spi-builder-workspace/.derivedData/Build/Intermediates.noindex/ExplicitPrecompiledModules
2026-09-18 14:12:26.769 xcodebuild[755:4592] [MT] IDERunDestination: Supported platforms for the buildables in the current scheme is empty.
** BUILD FAILED **
The following build commands failed:
SwiftEmitModule normal arm64 Emitting\ module\ for\ Slider (in target 'Slider' from project 'Slider')
SwiftCompile normal arm64 (in target 'Slider' from project 'Slider')
Building workspace Slider with scheme Slider
(3 failures)
BUILD FAILURE 6.4 visionOS