The Swift Package Index logo.Swift Package Index

Build Information

Failed to build Diagnostics, reference 7.0.3 (e3b6ff), with Swift 6.4 for watchOS using Xcode 27.0 on 29 Sep 2026 13:54:33 UTC.

Build Command

env DEVELOPER_DIR=/Applications/Xcode-27.0.0-Release.Candidate.app xcrun xcodebuild -IDEClonedSourcePackagesDirPathOverride=$PWD/.dependencies -skipMacroValidation -skipPackagePluginValidation -derivedDataPath $PWD/.derivedData build -scheme Diagnostics -destination generic/platform=watchOS

Build Log

========================================
RunAll
========================================
Builder version: 5.1.0
Interrupt handler set up.
========================================
Checkout
========================================
Clone URL: https://github.com/AvdLee/Diagnostics.git
Reference: 7.0.3
Initialized empty Git repository in /Users/admin/builder/spi-builder-workspace/.git/
From https://github.com/AvdLee/Diagnostics
 * tag               7.0.3      -> FETCH_HEAD
HEAD is now at e3b6ffc Merge pull request #216 from AvdLee/fix/log-trim-hysteresis
Cloned https://github.com/AvdLee/Diagnostics.git
Revision (git rev-parse @):
e3b6ffc95ab07ac3cb31e99103fc64cfb13efaeb
SUCCESS checkout https://github.com/AvdLee/Diagnostics.git at 7.0.3
========================================
Build
========================================
Selected platform:         watchOS
Swift version:             6.4
Building package at path:  $PWD
https://github.com/AvdLee/Diagnostics.git
Command line invocation:
    /Applications/Xcode-27.0.0-Release.Candidate.app/Contents/Developer/usr/bin/xcodebuild -IDEClonedSourcePackagesDirPathOverride=/Users/admin/builder/spi-builder-workspace/.dependencies -resolvePackageDependencies
Resolve Package Graph
Fetching from https://github.com/sindresorhus/ExceptionCatcher
Creating working copy of package ‘ExceptionCatcher’
Checking out 2.2.1 of package ‘ExceptionCatcher’
Resolve Package Graph
Resolved source packages:
  ExceptionCatcher: https://github.com/sindresorhus/ExceptionCatcher @ 2.2.1
  Diagnostics: /Users/admin/builder/spi-builder-workspace
resolved source packages: ExceptionCatcher, Diagnostics
2026-09-29 09:53:41.664 xcodebuild[529:3036] [MT] IDERunDestination: Supported platforms for the buildables in the current scheme is empty.
2026-09-29 09:53:41.815 xcodebuild[529:3036] [MT] IDERunDestination: Supported platforms for the buildables in the current scheme is empty.
2026-09-29 09:53:43.405 xcodebuild[529:3036] [MT] IDERunDestination: Supported platforms for the buildables in the current scheme is empty.
{
  "dependencies" : [
    {
      "identity" : "exceptioncatcher",
      "requirement" : {
        "range" : [
          {
            "lower_bound" : "2.0.0",
            "upper_bound" : "3.0.0"
          }
        ]
      },
      "type" : "sourceControl",
      "url" : "https://github.com/sindresorhus/ExceptionCatcher"
    }
  ],
  "manifest_display_name" : "Diagnostics",
  "name" : "Diagnostics",
  "path" : "/Users/admin/builder/spi-builder-workspace",
  "platforms" : [
    {
      "name" : "macos",
      "version" : "13.0"
    },
    {
      "name" : "ios",
      "version" : "16.0"
    },
    {
      "name" : "tvos",
      "version" : "14.0"
    },
    {
      "name" : "watchos",
      "version" : "6.0"
    },
    {
      "name" : "visionos",
      "version" : "1.0"
    }
  ],
  "products" : [
    {
      "name" : "Diagnostics",
      "targets" : [
        "Diagnostics"
      ],
      "type" : {
        "library" : [
          "automatic"
        ]
      }
    }
  ],
  "targets" : [
    {
      "c99name" : "DiagnosticsTests",
      "module_type" : "SwiftTarget",
      "name" : "DiagnosticsTests",
      "path" : "DiagnosticsTests",
      "sources" : [
        "DiagnosticsReporterTests.swift",
        "Extensions/MFMailComposeViewControllerTests.swift",
        "HTMLEncodingTests.swift",
        "HTMLGeneratingTests.swift",
        "Logging/DiagnosticsLoggerStandardOutputTests.swift",
        "Logging/DiagnosticsLoggerTests.swift",
        "Logging/LogFixture.swift",
        "Logging/LogsWriterTests.swift",
        "Logging/LogsWriterTrimmingTests.swift",
        "Mocks.swift",
        "Reporters/AppSystemMetadataReporterTests.swift",
        "Reporters/DirectoryTree/DirectoryTreeFactoryTests.swift",
        "Reporters/GeneralInfoReporterTests.swift",
        "Reporters/LogsReporterTests.swift",
        "Reporters/LogsTrimmerTests.swift",
        "Reporters/SmartInsights/DeviceStorageInsightTests.swift",
        "Reporters/SmartInsights/SmartInsightsReporterTests.swift",
        "Reporters/SmartInsights/UpdateAvailableInsightTests.swift",
        "Reporters/UserDefaultsReporterTests.swift"
      ],
      "target_dependencies" : [
        "Diagnostics"
      ],
      "type" : "test"
    },
    {
      "c99name" : "Diagnostics",
      "module_type" : "SwiftTarget",
      "name" : "Diagnostics",
      "path" : "Sources",
      "product_dependencies" : [
        "ExceptionCatcher"
      ],
      "product_memberships" : [
        "Diagnostics"
      ],
      "resources" : [
        {
          "path" : "/Users/admin/builder/spi-builder-workspace/Sources/PrivacyInfo.xcprivacy",
          "rule" : {
            "process" : {
            }
          }
        },
        {
          "path" : "/Users/admin/builder/spi-builder-workspace/Sources/functions.js",
          "rule" : {
            "process" : {
            }
          }
        },
        {
          "path" : "/Users/admin/builder/spi-builder-workspace/Sources/style.css",
          "rule" : {
            "process" : {
            }
          }
        }
      ],
      "sources" : [
        "Device.swift",
        "Diagnostics.swift",
        "DiagnosticsChapter.swift",
        "DiagnosticsReport.swift",
        "DiagnosticsReportDocument.swift",
        "DiagnosticsReportFilter.swift",
        "DiagnosticsReporter.swift",
        "Extensions/BundleExtensions.swift",
        "Extensions/ByteCountFormatter.swift",
        "Extensions/DateFormatterExtensions.swift",
        "HTMLEncoding.swift",
        "HTMLGenerating.swift",
        "Logging/DiagnosticsLogReport.swift",
        "Logging/DiagnosticsLogger.swift",
        "Logging/HTML+LoggableCSSClass.swift",
        "Logging/Loggable.swift",
        "Logging/LogsTrimmer.swift",
        "Logging/LogsWriter.swift",
        "MFMailExtensions/MFMailComposeVCExtensions.swift",
        "MetricKit/MetricsMonitor.swift",
        "Reporters/AppSystemMetadataReporter.swift",
        "Reporters/DirectoryTree/DirectoryTreeFactory.swift",
        "Reporters/DirectoryTree/DirectoryTreeNode.swift",
        "Reporters/DirectoryTree/DirectoryTreeReporter.swift",
        "Reporters/DirectoryTree/DirectoryTreeStringFactory.swift",
        "Reporters/GeneralInfoReporter.swift",
        "Reporters/LogsReporter.swift",
        "Reporters/SmartInsightsReporter.swift",
        "Reporters/UserDefaultsReporter.swift",
        "SmartInsights/CellularAllowedInsight.swift",
        "SmartInsights/DeviceStorageInsight.swift",
        "SmartInsights/SmartInsight.swift",
        "SmartInsights/SmartInsightsProviding.swift",
        "SmartInsights/UpdateAvailableInsight.swift"
      ],
      "type" : "library"
    }
  ],
  "tools_version" : "6.0"
}
{
  "workspace" : {
    "name" : "Diagnostics",
    "schemes" : [
      "Diagnostics"
    ]
  }
}
2026-09-29 09:54:22.058 xcodebuild[663:4010] [MT] IDERunDestination: Supported platforms for the buildables in the current scheme is empty.
2026-09-29 09:54:22.200 xcodebuild[663:4010] [MT] IDERunDestination: Supported platforms for the buildables in the current scheme is empty.
Running build ...
env DEVELOPER_DIR=/Applications/Xcode-27.0.0-Release.Candidate.app xcrun xcodebuild -IDEClonedSourcePackagesDirPathOverride=$PWD/.dependencies -skipMacroValidation -skipPackagePluginValidation -derivedDataPath $PWD/.derivedData build -scheme Diagnostics -destination generic/platform=watchOS
Command line invocation:
    /Applications/Xcode-27.0.0-Release.Candidate.app/Contents/Developer/usr/bin/xcodebuild -IDEClonedSourcePackagesDirPathOverride=/Users/admin/builder/spi-builder-workspace/.dependencies -skipMacroValidation -skipPackagePluginValidation -derivedDataPath /Users/admin/builder/spi-builder-workspace/.derivedData build -scheme Diagnostics -destination generic/platform=watchOS
Resolve Package Graph
Resolve Package Graph
Resolved source packages:
  ExceptionCatcher: https://github.com/sindresorhus/ExceptionCatcher @ 2.2.1
  Diagnostics: /Users/admin/builder/spi-builder-workspace
ComputePackagePrebuildTargetDependencyGraph
Prepare packages
CreateBuildRequest
SendProjectDescription
CreateBuildOperation
ComputeTargetDependencyGraph
note: Building targets in dependency order
note: Target dependency graph (7 targets)
    Target 'DiagnosticsTests-product' in project 'Diagnostics'
        ➜ Explicit dependency on target 'Diagnostics' in project 'Diagnostics'
        ➜ Explicit dependency on target 'ExceptionCatcher-product' in project 'ExceptionCatcher'
    Target 'Diagnostics-product' in project 'Diagnostics'
        ➜ Explicit dependency on target 'Diagnostics' in project 'Diagnostics'
        ➜ Explicit dependency on target 'Diagnostics_Diagnostics' in project 'Diagnostics'
        ➜ Explicit dependency on target 'ExceptionCatcher-product' in project 'ExceptionCatcher'
    Target 'Diagnostics' in project 'Diagnostics'
        ➜ Explicit dependency on target 'Diagnostics_Diagnostics' in project 'Diagnostics'
        ➜ Explicit dependency on target 'ExceptionCatcher-product' in project 'ExceptionCatcher'
    Target 'ExceptionCatcher-product' in project 'ExceptionCatcher'
        ➜ Explicit dependency on target 'ExceptionCatcher' in project 'ExceptionCatcher'
        ➜ Explicit dependency on target 'ExceptionCatcherInternal' in project 'ExceptionCatcher'
    Target 'ExceptionCatcher' in project 'ExceptionCatcher'
        ➜ Explicit dependency on target 'ExceptionCatcherInternal' in project 'ExceptionCatcher'
    Target 'ExceptionCatcherInternal' in project 'ExceptionCatcher' (no dependencies)
    Target 'Diagnostics_Diagnostics' in project 'Diagnostics' (no dependencies)
GatherProvisioningInputs
CreateBuildDescription
ExecuteExternalTool /Applications/Xcode-27.0.0-Release.Candidate.app/Contents/Developer/Toolchains/XcodeDefault.xctoolchain/usr/bin/swiftc --version
ExecuteExternalTool /Applications/Xcode-27.0.0-Release.Candidate.app/Contents/Developer/Toolchains/XcodeDefault.xctoolchain/usr/bin/clang -v -E -dM -arch arm64 -isysroot /Applications/Xcode-27.0.0-Release.Candidate.app/Contents/Developer/Platforms/WatchOS.platform/Developer/SDKs/WatchOS27.0.sdk -x objective-c -c /dev/null
ExecuteExternalTool /Applications/Xcode-27.0.0-Release.Candidate.app/Contents/Developer/Toolchains/XcodeDefault.xctoolchain/usr/bin/clang -v -E -dM -isysroot /Applications/Xcode-27.0.0-Release.Candidate.app/Contents/Developer/Platforms/WatchOS.platform/Developer/SDKs/WatchOS27.0.sdk -x c -c /dev/null
ExecuteExternalTool /Applications/Xcode-27.0.0-Release.Candidate.app/Contents/Developer/Toolchains/XcodeDefault.xctoolchain/usr/bin/clang -v -E -dM -arch arm64 -isysroot /Applications/Xcode-27.0.0-Release.Candidate.app/Contents/Developer/Platforms/WatchOS.platform/Developer/SDKs/WatchOS27.0.sdk -x c -c /dev/null
ExecuteExternalTool /Applications/Xcode-27.0.0-Release.Candidate.app/Contents/Developer/Toolchains/XcodeDefault.xctoolchain/usr/bin/ld -version_details
ExecuteExternalTool /Applications/Xcode-27.0.0-Release.Candidate.app/Contents/Developer/Toolchains/XcodeDefault.xctoolchain/usr/bin/clang -v -E -dM -arch arm64_32 -isysroot /Applications/Xcode-27.0.0-Release.Candidate.app/Contents/Developer/Platforms/WatchOS.platform/Developer/SDKs/WatchOS27.0.sdk -x objective-c -c /dev/null
ExecuteExternalTool /Applications/Xcode-27.0.0-Release.Candidate.app/Contents/Developer/Toolchains/XcodeDefault.xctoolchain/usr/bin/clang -v -E -dM -arch arm64_32 -isysroot /Applications/Xcode-27.0.0-Release.Candidate.app/Contents/Developer/Platforms/WatchOS.platform/Developer/SDKs/WatchOS27.0.sdk -x c -c /dev/null
Build description signature: ad459e305e74f60f0a42c30f84cd368a
Build description path: /Users/admin/builder/spi-builder-workspace/.derivedData/Build/Intermediates.noindex/XCBuildData/ad459e305e74f60f0a42c30f84cd368a.xcbuilddata
CreateBuildDirectory /Users/admin/builder/spi-builder-workspace/.derivedData/CompilationCache.noindex
    cd /Users/admin/builder/spi-builder-workspace/.swiftpm/xcode
    builtin-create-build-directory /Users/admin/builder/spi-builder-workspace/.derivedData/CompilationCache.noindex
CreateBuildDirectory /Users/admin/builder/spi-builder-workspace/.derivedData/SDKExplicitPrecompiledModules
    cd /Users/admin/builder/spi-builder-workspace/.swiftpm/xcode
    builtin-create-build-directory /Users/admin/builder/spi-builder-workspace/.derivedData/SDKExplicitPrecompiledModules
CreateBuildDirectory /Users/admin/builder/spi-builder-workspace/.derivedData/ModuleCache.noindex
    cd /Users/admin/builder/spi-builder-workspace/.swiftpm/xcode
    builtin-create-build-directory /Users/admin/builder/spi-builder-workspace/.derivedData/ModuleCache.noindex
ClangStatCache /Applications/Xcode-27.0.0-Release.Candidate.app/Contents/Developer/Toolchains/XcodeDefault.xctoolchain/usr/bin/clang-stat-cache /Applications/Xcode-27.0.0-Release.Candidate.app/Contents/Developer/Platforms/WatchOS.platform/Developer/SDKs/WatchOS27.0.sdk /Users/admin/builder/spi-builder-workspace/.derivedData/SDKStatCaches.noindex/watchos27.0-24R360-e829b21a6f8c9b70876ba0858053c04477534ef55a1706bf4c1112bbb242f0a2.sdkstatcache
    cd /Users/admin/builder/spi-builder-workspace/.swiftpm/xcode
    /Applications/Xcode-27.0.0-Release.Candidate.app/Contents/Developer/Toolchains/XcodeDefault.xctoolchain/usr/bin/clang-stat-cache /Applications/Xcode-27.0.0-Release.Candidate.app/Contents/Developer/Platforms/WatchOS.platform/Developer/SDKs/WatchOS27.0.sdk -o /Users/admin/builder/spi-builder-workspace/.derivedData/SDKStatCaches.noindex/watchos27.0-24R360-e829b21a6f8c9b70876ba0858053c04477534ef55a1706bf4c1112bbb242f0a2.sdkstatcache
CreateBuildDirectory /Users/admin/builder/spi-builder-workspace/.derivedData/Build/Products
    cd /Users/admin/builder/spi-builder-workspace/.swiftpm/xcode
    builtin-create-build-directory /Users/admin/builder/spi-builder-workspace/.derivedData/Build/Products
CreateBuildDirectory /Users/admin/builder/spi-builder-workspace/.derivedData/Build/Intermediates.noindex
    cd /Users/admin/builder/spi-builder-workspace/.swiftpm/xcode
    builtin-create-build-directory /Users/admin/builder/spi-builder-workspace/.derivedData/Build/Intermediates.noindex
CreateBuildDirectory /Users/admin/builder/spi-builder-workspace/.derivedData/Build/Intermediates.noindex/SwiftExplicitPrecompiledModules
    cd /Users/admin/builder/spi-builder-workspace/.swiftpm/xcode
    builtin-create-build-directory /Users/admin/builder/spi-builder-workspace/.derivedData/Build/Intermediates.noindex/SwiftExplicitPrecompiledModules
CreateBuildDirectory /Users/admin/builder/spi-builder-workspace/.derivedData/Build/Intermediates.noindex/PrecompiledHeaders
    cd /Users/admin/builder/spi-builder-workspace/.swiftpm/xcode
    builtin-create-build-directory /Users/admin/builder/spi-builder-workspace/.derivedData/Build/Intermediates.noindex/PrecompiledHeaders
CreateBuildDirectory /Users/admin/builder/spi-builder-workspace/.derivedData/Build/Intermediates.noindex/ExplicitPrecompiledModules
    cd /Users/admin/builder/spi-builder-workspace/.swiftpm/xcode
    builtin-create-build-directory /Users/admin/builder/spi-builder-workspace/.derivedData/Build/Intermediates.noindex/ExplicitPrecompiledModules
CreateBuildDirectory /Users/admin/builder/spi-builder-workspace/.derivedData/Build/Intermediates.noindex/EagerLinkingTBDs/Debug-watchos
    cd /Users/admin/builder/spi-builder-workspace/.swiftpm/xcode
    builtin-create-build-directory /Users/admin/builder/spi-builder-workspace/.derivedData/Build/Intermediates.noindex/EagerLinkingTBDs/Debug-watchos
CreateBuildDirectory /Users/admin/builder/spi-builder-workspace/.derivedData/Build/Products/Debug-watchos
    cd /Users/admin/builder/spi-builder-workspace/.swiftpm/xcode
    builtin-create-build-directory /Users/admin/builder/spi-builder-workspace/.derivedData/Build/Products/Debug-watchos
CreateBuildDirectory /Users/admin/builder/spi-builder-workspace/.derivedData/Build/Products/Debug-watchos/PackageFrameworks
    cd /Users/admin/builder/spi-builder-workspace/.swiftpm/xcode
    builtin-create-build-directory /Users/admin/builder/spi-builder-workspace/.derivedData/Build/Products/Debug-watchos/PackageFrameworks
WriteAuxiliaryFile /Users/admin/builder/spi-builder-workspace/.derivedData/Build/Intermediates.noindex/ExceptionCatcher.build/Debug-watchos/ExceptionCatcherInternal-t.build/ExceptionCatcherInternal.modulemap (in target 'ExceptionCatcherInternal' from project 'ExceptionCatcher')
    cd /Users/admin/builder/spi-builder-workspace/.dependencies/checkouts/ExceptionCatcher
    write-file /Users/admin/builder/spi-builder-workspace/.derivedData/Build/Intermediates.noindex/ExceptionCatcher.build/Debug-watchos/ExceptionCatcherInternal-t.build/ExceptionCatcherInternal.modulemap
WriteAuxiliaryFile /Users/admin/builder/spi-builder-workspace/.derivedData/Build/Intermediates.noindex/ExceptionCatcher.build/Debug-watchos/ExceptionCatcherInternal-t.build/ExceptionCatcherInternal.DependencyMetadataFileList (in target 'ExceptionCatcherInternal' from project 'ExceptionCatcher')
    cd /Users/admin/builder/spi-builder-workspace/.dependencies/checkouts/ExceptionCatcher
    write-file /Users/admin/builder/spi-builder-workspace/.derivedData/Build/Intermediates.noindex/ExceptionCatcher.build/Debug-watchos/ExceptionCatcherInternal-t.build/ExceptionCatcherInternal.DependencyMetadataFileList
WriteAuxiliaryFile /Users/admin/builder/spi-builder-workspace/.derivedData/Build/Intermediates.noindex/ExceptionCatcher.build/Debug-watchos/ExceptionCatcherInternal-t.build/ExceptionCatcherInternal.DependencyStaticMetadataFileList (in target 'ExceptionCatcherInternal' from project 'ExceptionCatcher')
    cd /Users/admin/builder/spi-builder-workspace/.dependencies/checkouts/ExceptionCatcher
    write-file /Users/admin/builder/spi-builder-workspace/.derivedData/Build/Intermediates.noindex/ExceptionCatcher.build/Debug-watchos/ExceptionCatcherInternal-t.build/ExceptionCatcherInternal.DependencyStaticMetadataFileList
WriteAuxiliaryFile /Users/admin/builder/spi-builder-workspace/.derivedData/Build/Intermediates.noindex/ExceptionCatcher.build/Debug-watchos/ExceptionCatcherInternal-t.build/Objects-normal/arm64_32/ExceptionCatcherInternal.LinkFileList (in target 'ExceptionCatcherInternal' from project 'ExceptionCatcher')
    cd /Users/admin/builder/spi-builder-workspace/.dependencies/checkouts/ExceptionCatcher
    write-file /Users/admin/builder/spi-builder-workspace/.derivedData/Build/Intermediates.noindex/ExceptionCatcher.build/Debug-watchos/ExceptionCatcherInternal-t.build/Objects-normal/arm64_32/ExceptionCatcherInternal.LinkFileList
WriteAuxiliaryFile /Users/admin/builder/spi-builder-workspace/.derivedData/Build/Intermediates.noindex/ExceptionCatcher.build/Debug-watchos/ExceptionCatcherInternal-t.build/Objects-normal/arm64_32/e6072d4f65d7061329687fe24e3d63a7-common-args.resp (in target 'ExceptionCatcherInternal' from project 'ExceptionCatcher')
    cd /Users/admin/builder/spi-builder-workspace/.dependencies/checkouts/ExceptionCatcher
    write-file /Users/admin/builder/spi-builder-workspace/.derivedData/Build/Intermediates.noindex/ExceptionCatcher.build/Debug-watchos/ExceptionCatcherInternal-t.build/Objects-normal/arm64_32/e6072d4f65d7061329687fe24e3d63a7-common-args.resp
-fobjc-arc -fmodules -gmodules '-fmodules-cache-path=/Users/admin/builder/spi-builder-workspace/.derivedData/ModuleCache.noindex' '-fmodule-name=ExceptionCatcherInternal' -fpascal-strings -O0 -DSWIFT_PACKAGE '-DDEBUG=1' '-DOBJC_OLD_DISPATCH_PROTOTYPES=1' -g -fprofile-instr-generate -fcoverage-mapping -I/Users/admin/builder/spi-builder-workspace/.derivedData/Build/Products/Debug-watchos/include -I/Users/admin/builder/spi-builder-workspace/.dependencies/checkouts/ExceptionCatcher/Sources/ExceptionCatcherInternal/include -I/Users/admin/builder/spi-builder-workspace/.derivedData/Build/Intermediates.noindex/ExceptionCatcher.build/Debug-watchos/ExceptionCatcherInternal-t.build/DerivedSources-normal/arm64_32 -I/Users/admin/builder/spi-builder-workspace/.derivedData/Build/Intermediates.noindex/ExceptionCatcher.build/Debug-watchos/ExceptionCatcherInternal-t.build/DerivedSources/arm64_32 -I/Users/admin/builder/spi-builder-workspace/.derivedData/Build/Intermediates.noindex/ExceptionCatcher.build/Debug-watchos/ExceptionCatcherInternal-t.build/DerivedSources -F/Users/admin/builder/spi-builder-workspace/.derivedData/Build/Products/Debug-watchos -iframework /Applications/Xcode-27.0.0-Release.Candidate.app/Contents/Developer/Platforms/WatchOS.platform/Developer/Library/Frameworks -iframework /Applications/Xcode-27.0.0-Release.Candidate.app/Contents/Developer/Platforms/WatchOS.platform/Developer/SDKs/WatchOS27.0.sdk/Developer/Library/Frameworks -DXcode
WriteAuxiliaryFile /Users/admin/builder/spi-builder-workspace/.derivedData/Build/Intermediates.noindex/ExceptionCatcher.build/Debug-watchos/ExceptionCatcherInternal-t.build/Objects-normal/arm64/e6072d4f65d7061329687fe24e3d63a7-common-args.resp (in target 'ExceptionCatcherInternal' from project 'ExceptionCatcher')
    cd /Users/admin/builder/spi-builder-workspace/.dependencies/checkouts/ExceptionCatcher
    write-file /Users/admin/builder/spi-builder-workspace/.derivedData/Build/Intermediates.noindex/ExceptionCatcher.build/Debug-watchos/ExceptionCatcherInternal-t.build/Objects-normal/arm64/e6072d4f65d7061329687fe24e3d63a7-common-args.resp
-fobjc-arc -fmodules -gmodules '-fmodules-cache-path=/Users/admin/builder/spi-builder-workspace/.derivedData/ModuleCache.noindex' '-fmodule-name=ExceptionCatcherInternal' -fpascal-strings -O0 -DSWIFT_PACKAGE '-DDEBUG=1' '-DOBJC_OLD_DISPATCH_PROTOTYPES=1' -g -fprofile-instr-generate -fcoverage-mapping -I/Users/admin/builder/spi-builder-workspace/.derivedData/Build/Products/Debug-watchos/include -I/Users/admin/builder/spi-builder-workspace/.dependencies/checkouts/ExceptionCatcher/Sources/ExceptionCatcherInternal/include -I/Users/admin/builder/spi-builder-workspace/.derivedData/Build/Intermediates.noindex/ExceptionCatcher.build/Debug-watchos/ExceptionCatcherInternal-t.build/DerivedSources-normal/arm64 -I/Users/admin/builder/spi-builder-workspace/.derivedData/Build/Intermediates.noindex/ExceptionCatcher.build/Debug-watchos/ExceptionCatcherInternal-t.build/DerivedSources/arm64 -I/Users/admin/builder/spi-builder-workspace/.derivedData/Build/Intermediates.noindex/ExceptionCatcher.build/Debug-watchos/ExceptionCatcherInternal-t.build/DerivedSources -F/Users/admin/builder/spi-builder-workspace/.derivedData/Build/Products/Debug-watchos -iframework /Applications/Xcode-27.0.0-Release.Candidate.app/Contents/Developer/Platforms/WatchOS.platform/Developer/Library/Frameworks -iframework /Applications/Xcode-27.0.0-Release.Candidate.app/Contents/Developer/Platforms/WatchOS.platform/Developer/SDKs/WatchOS27.0.sdk/Developer/Library/Frameworks -DXcode
WriteAuxiliaryFile /Users/admin/builder/spi-builder-workspace/.derivedData/Build/Intermediates.noindex/ExceptionCatcher.build/Debug-watchos/ExceptionCatcherInternal-t.build/Objects-normal/arm64/ExceptionCatcherInternal.LinkFileList (in target 'ExceptionCatcherInternal' from project 'ExceptionCatcher')
    cd /Users/admin/builder/spi-builder-workspace/.dependencies/checkouts/ExceptionCatcher
    write-file /Users/admin/builder/spi-builder-workspace/.derivedData/Build/Intermediates.noindex/ExceptionCatcher.build/Debug-watchos/ExceptionCatcherInternal-t.build/Objects-normal/arm64/ExceptionCatcherInternal.LinkFileList
WriteAuxiliaryFile /Users/admin/builder/spi-builder-workspace/.derivedData/Build/Intermediates.noindex/ExceptionCatcher.build/Debug-watchos/ExceptionCatcher-t.build/Objects-normal/arm64_32/ExceptionCatcher_const_extract_protocols.json (in target 'ExceptionCatcher' from project 'ExceptionCatcher')
    cd /Users/admin/builder/spi-builder-workspace/.dependencies/checkouts/ExceptionCatcher
    write-file /Users/admin/builder/spi-builder-workspace/.derivedData/Build/Intermediates.noindex/ExceptionCatcher.build/Debug-watchos/ExceptionCatcher-t.build/Objects-normal/arm64_32/ExceptionCatcher_const_extract_protocols.json
WriteAuxiliaryFile /Users/admin/builder/spi-builder-workspace/.derivedData/Build/Intermediates.noindex/ExceptionCatcher.build/Debug-watchos/ExceptionCatcher-t.build/Objects-normal/arm64_32/ExceptionCatcher.SwiftFileList (in target 'ExceptionCatcher' from project 'ExceptionCatcher')
    cd /Users/admin/builder/spi-builder-workspace/.dependencies/checkouts/ExceptionCatcher
    write-file /Users/admin/builder/spi-builder-workspace/.derivedData/Build/Intermediates.noindex/ExceptionCatcher.build/Debug-watchos/ExceptionCatcher-t.build/Objects-normal/arm64_32/ExceptionCatcher.SwiftFileList
WriteAuxiliaryFile /Users/admin/builder/spi-builder-workspace/.derivedData/Build/Intermediates.noindex/ExceptionCatcher.build/Debug-watchos/ExceptionCatcher-t.build/Objects-normal/arm64_32/ExceptionCatcher.SwiftConstValuesFileList (in target 'ExceptionCatcher' from project 'ExceptionCatcher')
    cd /Users/admin/builder/spi-builder-workspace/.dependencies/checkouts/ExceptionCatcher
    write-file /Users/admin/builder/spi-builder-workspace/.derivedData/Build/Intermediates.noindex/ExceptionCatcher.build/Debug-watchos/ExceptionCatcher-t.build/Objects-normal/arm64_32/ExceptionCatcher.SwiftConstValuesFileList
WriteAuxiliaryFile /Users/admin/builder/spi-builder-workspace/.derivedData/Build/Intermediates.noindex/ExceptionCatcher.build/Debug-watchos/ExceptionCatcher-t.build/Objects-normal/arm64_32/ExceptionCatcher.LinkFileList (in target 'ExceptionCatcher' from project 'ExceptionCatcher')
    cd /Users/admin/builder/spi-builder-workspace/.dependencies/checkouts/ExceptionCatcher
    write-file /Users/admin/builder/spi-builder-workspace/.derivedData/Build/Intermediates.noindex/ExceptionCatcher.build/Debug-watchos/ExceptionCatcher-t.build/Objects-normal/arm64_32/ExceptionCatcher.LinkFileList
WriteAuxiliaryFile /Users/admin/builder/spi-builder-workspace/.derivedData/Build/Intermediates.noindex/ExceptionCatcher.build/Debug-watchos/ExceptionCatcher-t.build/Objects-normal/arm64_32/ExceptionCatcher-OutputFileMap.json (in target 'ExceptionCatcher' from project 'ExceptionCatcher')
    cd /Users/admin/builder/spi-builder-workspace/.dependencies/checkouts/ExceptionCatcher
    write-file /Users/admin/builder/spi-builder-workspace/.derivedData/Build/Intermediates.noindex/ExceptionCatcher.build/Debug-watchos/ExceptionCatcher-t.build/Objects-normal/arm64_32/ExceptionCatcher-OutputFileMap.json
Copy /Users/admin/builder/spi-builder-workspace/.derivedData/Build/Intermediates.noindex/GeneratedModuleMaps-watchos/ExceptionCatcherInternal.modulemap /Users/admin/builder/spi-builder-workspace/.derivedData/Build/Intermediates.noindex/ExceptionCatcher.build/Debug-watchos/ExceptionCatcherInternal-t.build/ExceptionCatcherInternal.modulemap (in target 'ExceptionCatcherInternal' from project 'ExceptionCatcher')
    cd /Users/admin/builder/spi-builder-workspace/.dependencies/checkouts/ExceptionCatcher
    builtin-copy -exclude .DS_Store -exclude CVS -exclude .svn -exclude .git -exclude .hg -resolve-src-symlinks /Users/admin/builder/spi-builder-workspace/.derivedData/Build/Intermediates.noindex/ExceptionCatcher.build/Debug-watchos/ExceptionCatcherInternal-t.build/ExceptionCatcherInternal.modulemap /Users/admin/builder/spi-builder-workspace/.derivedData/Build/Intermediates.noindex/GeneratedModuleMaps-watchos
WriteAuxiliaryFile /Users/admin/builder/spi-builder-workspace/.derivedData/Build/Intermediates.noindex/ExceptionCatcher.build/Debug-watchos/ExceptionCatcher-t.build/Objects-normal/arm64/ExceptionCatcher.LinkFileList (in target 'ExceptionCatcher' from project 'ExceptionCatcher')
    cd /Users/admin/builder/spi-builder-workspace/.dependencies/checkouts/ExceptionCatcher
    write-file /Users/admin/builder/spi-builder-workspace/.derivedData/Build/Intermediates.noindex/ExceptionCatcher.build/Debug-watchos/ExceptionCatcher-t.build/Objects-normal/arm64/ExceptionCatcher.LinkFileList
WriteAuxiliaryFile /Users/admin/builder/spi-builder-workspace/.derivedData/Build/Intermediates.noindex/ExceptionCatcher.build/Debug-watchos/ExceptionCatcher-t.build/Objects-normal/arm64/ExceptionCatcher_const_extract_protocols.json (in target 'ExceptionCatcher' from project 'ExceptionCatcher')
    cd /Users/admin/builder/spi-builder-workspace/.dependencies/checkouts/ExceptionCatcher
    write-file /Users/admin/builder/spi-builder-workspace/.derivedData/Build/Intermediates.noindex/ExceptionCatcher.build/Debug-watchos/ExceptionCatcher-t.build/Objects-normal/arm64/ExceptionCatcher_const_extract_protocols.json
WriteAuxiliaryFile /Users/admin/builder/spi-builder-workspace/.derivedData/Build/Intermediates.noindex/ExceptionCatcher.build/Debug-watchos/ExceptionCatcher-t.build/Objects-normal/arm64/ExceptionCatcher.SwiftConstValuesFileList (in target 'ExceptionCatcher' from project 'ExceptionCatcher')
    cd /Users/admin/builder/spi-builder-workspace/.dependencies/checkouts/ExceptionCatcher
    write-file /Users/admin/builder/spi-builder-workspace/.derivedData/Build/Intermediates.noindex/ExceptionCatcher.build/Debug-watchos/ExceptionCatcher-t.build/Objects-normal/arm64/ExceptionCatcher.SwiftConstValuesFileList
WriteAuxiliaryFile /Users/admin/builder/spi-builder-workspace/.derivedData/Build/Intermediates.noindex/ExceptionCatcher.build/Debug-watchos/ExceptionCatcher-t.build/Objects-normal/arm64/ExceptionCatcher.SwiftFileList (in target 'ExceptionCatcher' from project 'ExceptionCatcher')
    cd /Users/admin/builder/spi-builder-workspace/.dependencies/checkouts/ExceptionCatcher
    write-file /Users/admin/builder/spi-builder-workspace/.derivedData/Build/Intermediates.noindex/ExceptionCatcher.build/Debug-watchos/ExceptionCatcher-t.build/Objects-normal/arm64/ExceptionCatcher.SwiftFileList
WriteAuxiliaryFile /Users/admin/builder/spi-builder-workspace/.derivedData/Build/Intermediates.noindex/ExceptionCatcher.build/Debug-watchos/ExceptionCatcher-t.build/Objects-normal/arm64/ExceptionCatcher-OutputFileMap.json (in target 'ExceptionCatcher' from project 'ExceptionCatcher')
    cd /Users/admin/builder/spi-builder-workspace/.dependencies/checkouts/ExceptionCatcher
    write-file /Users/admin/builder/spi-builder-workspace/.derivedData/Build/Intermediates.noindex/ExceptionCatcher.build/Debug-watchos/ExceptionCatcher-t.build/Objects-normal/arm64/ExceptionCatcher-OutputFileMap.json
WriteAuxiliaryFile /Users/admin/builder/spi-builder-workspace/.derivedData/Build/Intermediates.noindex/ExceptionCatcher.build/Debug-watchos/ExceptionCatcher-t.build/ExceptionCatcher.modulemap (in target 'ExceptionCatcher' from project 'ExceptionCatcher')
    cd /Users/admin/builder/spi-builder-workspace/.dependencies/checkouts/ExceptionCatcher
    write-file /Users/admin/builder/spi-builder-workspace/.derivedData/Build/Intermediates.noindex/ExceptionCatcher.build/Debug-watchos/ExceptionCatcher-t.build/ExceptionCatcher.modulemap
WriteAuxiliaryFile /Users/admin/builder/spi-builder-workspace/.derivedData/Build/Intermediates.noindex/ExceptionCatcher.build/Debug-watchos/ExceptionCatcher-t.build/ExceptionCatcher.DependencyStaticMetadataFileList (in target 'ExceptionCatcher' from project 'ExceptionCatcher')
    cd /Users/admin/builder/spi-builder-workspace/.dependencies/checkouts/ExceptionCatcher
    write-file /Users/admin/builder/spi-builder-workspace/.derivedData/Build/Intermediates.noindex/ExceptionCatcher.build/Debug-watchos/ExceptionCatcher-t.build/ExceptionCatcher.DependencyStaticMetadataFileList
WriteAuxiliaryFile /Users/admin/builder/spi-builder-workspace/.derivedData/Build/Intermediates.noindex/ExceptionCatcher.build/Debug-watchos/ExceptionCatcher-t.build/ExceptionCatcher.DependencyMetadataFileList (in target 'ExceptionCatcher' from project 'ExceptionCatcher')
    cd /Users/admin/builder/spi-builder-workspace/.dependencies/checkouts/ExceptionCatcher
    write-file /Users/admin/builder/spi-builder-workspace/.derivedData/Build/Intermediates.noindex/ExceptionCatcher.build/Debug-watchos/ExceptionCatcher-t.build/ExceptionCatcher.DependencyMetadataFileList
WriteAuxiliaryFile /Users/admin/builder/spi-builder-workspace/.derivedData/Build/Intermediates.noindex/Diagnostics.build/Debug-watchos/Diagnostics_Diagnostics-b.build/empty-Diagnostics_Diagnostics.plist (in target 'Diagnostics_Diagnostics' from project 'Diagnostics')
    cd /Users/admin/builder/spi-builder-workspace
    write-file /Users/admin/builder/spi-builder-workspace/.derivedData/Build/Intermediates.noindex/Diagnostics.build/Debug-watchos/Diagnostics_Diagnostics-b.build/empty-Diagnostics_Diagnostics.plist
WriteAuxiliaryFile /Users/admin/builder/spi-builder-workspace/.derivedData/Build/Intermediates.noindex/Diagnostics.build/Debug-watchos/Diagnostics_Diagnostics-b.build/Diagnostics_Diagnostics.DependencyStaticMetadataFileList (in target 'Diagnostics_Diagnostics' from project 'Diagnostics')
    cd /Users/admin/builder/spi-builder-workspace
    write-file /Users/admin/builder/spi-builder-workspace/.derivedData/Build/Intermediates.noindex/Diagnostics.build/Debug-watchos/Diagnostics_Diagnostics-b.build/Diagnostics_Diagnostics.DependencyStaticMetadataFileList
WriteAuxiliaryFile /Users/admin/builder/spi-builder-workspace/.derivedData/Build/Intermediates.noindex/Diagnostics.build/Debug-watchos/Diagnostics_Diagnostics-b.build/Diagnostics_Diagnostics.DependencyMetadataFileList (in target 'Diagnostics_Diagnostics' from project 'Diagnostics')
    cd /Users/admin/builder/spi-builder-workspace
    write-file /Users/admin/builder/spi-builder-workspace/.derivedData/Build/Intermediates.noindex/Diagnostics.build/Debug-watchos/Diagnostics_Diagnostics-b.build/Diagnostics_Diagnostics.DependencyMetadataFileList
WriteAuxiliaryFile /Users/admin/builder/spi-builder-workspace/.derivedData/Build/Intermediates.noindex/Diagnostics.build/Debug-watchos/DiagnosticsTests-p.build/empty-DiagnosticsTests.plist (in target 'DiagnosticsTests-product' from project 'Diagnostics')
    cd /Users/admin/builder/spi-builder-workspace
    write-file /Users/admin/builder/spi-builder-workspace/.derivedData/Build/Intermediates.noindex/Diagnostics.build/Debug-watchos/DiagnosticsTests-p.build/empty-DiagnosticsTests.plist
WriteAuxiliaryFile /Users/admin/builder/spi-builder-workspace/.derivedData/Build/Intermediates.noindex/Diagnostics.build/Debug-watchos/DiagnosticsTests-p.build/Objects-normal/arm64_32/DiagnosticsTests_const_extract_protocols.json (in target 'DiagnosticsTests-product' from project 'Diagnostics')
    cd /Users/admin/builder/spi-builder-workspace
    write-file /Users/admin/builder/spi-builder-workspace/.derivedData/Build/Intermediates.noindex/Diagnostics.build/Debug-watchos/DiagnosticsTests-p.build/Objects-normal/arm64_32/DiagnosticsTests_const_extract_protocols.json
WriteAuxiliaryFile /Users/admin/builder/spi-builder-workspace/.derivedData/Build/Intermediates.noindex/Diagnostics.build/Debug-watchos/DiagnosticsTests-p.build/Objects-normal/arm64_32/DiagnosticsTests.SwiftFileList (in target 'DiagnosticsTests-product' from project 'Diagnostics')
    cd /Users/admin/builder/spi-builder-workspace
    write-file /Users/admin/builder/spi-builder-workspace/.derivedData/Build/Intermediates.noindex/Diagnostics.build/Debug-watchos/DiagnosticsTests-p.build/Objects-normal/arm64_32/DiagnosticsTests.SwiftFileList
Copy /Users/admin/builder/spi-builder-workspace/.derivedData/Build/Intermediates.noindex/GeneratedModuleMaps-watchos/ExceptionCatcher.modulemap /Users/admin/builder/spi-builder-workspace/.derivedData/Build/Intermediates.noindex/ExceptionCatcher.build/Debug-watchos/ExceptionCatcher-t.build/ExceptionCatcher.modulemap (in target 'ExceptionCatcher' from project 'ExceptionCatcher')
    cd /Users/admin/builder/spi-builder-workspace/.dependencies/checkouts/ExceptionCatcher
    builtin-copy -exclude .DS_Store -exclude CVS -exclude .svn -exclude .git -exclude .hg -resolve-src-symlinks /Users/admin/builder/spi-builder-workspace/.derivedData/Build/Intermediates.noindex/ExceptionCatcher.build/Debug-watchos/ExceptionCatcher-t.build/ExceptionCatcher.modulemap /Users/admin/builder/spi-builder-workspace/.derivedData/Build/Intermediates.noindex/GeneratedModuleMaps-watchos
WriteAuxiliaryFile /Users/admin/builder/spi-builder-workspace/.derivedData/Build/Intermediates.noindex/Diagnostics.build/Debug-watchos/DiagnosticsTests-p.build/Objects-normal/arm64_32/DiagnosticsTests.SwiftConstValuesFileList (in target 'DiagnosticsTests-product' from project 'Diagnostics')
    cd /Users/admin/builder/spi-builder-workspace
    write-file /Users/admin/builder/spi-builder-workspace/.derivedData/Build/Intermediates.noindex/Diagnostics.build/Debug-watchos/DiagnosticsTests-p.build/Objects-normal/arm64_32/DiagnosticsTests.SwiftConstValuesFileList
WriteAuxiliaryFile /Users/admin/builder/spi-builder-workspace/.derivedData/Build/Intermediates.noindex/Diagnostics.build/Debug-watchos/DiagnosticsTests-p.build/Objects-normal/arm64_32/DiagnosticsTests.LinkFileList (in target 'DiagnosticsTests-product' from project 'Diagnostics')
    cd /Users/admin/builder/spi-builder-workspace
    write-file /Users/admin/builder/spi-builder-workspace/.derivedData/Build/Intermediates.noindex/Diagnostics.build/Debug-watchos/DiagnosticsTests-p.build/Objects-normal/arm64_32/DiagnosticsTests.LinkFileList
WriteAuxiliaryFile /Users/admin/builder/spi-builder-workspace/.derivedData/Build/Intermediates.noindex/Diagnostics.build/Debug-watchos/DiagnosticsTests-p.build/Objects-normal/arm64_32/DiagnosticsTests-OutputFileMap.json (in target 'DiagnosticsTests-product' from project 'Diagnostics')
    cd /Users/admin/builder/spi-builder-workspace
    write-file /Users/admin/builder/spi-builder-workspace/.derivedData/Build/Intermediates.noindex/Diagnostics.build/Debug-watchos/DiagnosticsTests-p.build/Objects-normal/arm64_32/DiagnosticsTests-OutputFileMap.json
WriteAuxiliaryFile /Users/admin/builder/spi-builder-workspace/.derivedData/Build/Intermediates.noindex/Diagnostics.build/Debug-watchos/DiagnosticsTests-p.build/Objects-normal/arm64/DiagnosticsTests_const_extract_protocols.json (in target 'DiagnosticsTests-product' from project 'Diagnostics')
    cd /Users/admin/builder/spi-builder-workspace
    write-file /Users/admin/builder/spi-builder-workspace/.derivedData/Build/Intermediates.noindex/Diagnostics.build/Debug-watchos/DiagnosticsTests-p.build/Objects-normal/arm64/DiagnosticsTests_const_extract_protocols.json
WriteAuxiliaryFile /Users/admin/builder/spi-builder-workspace/.derivedData/Build/Intermediates.noindex/Diagnostics.build/Debug-watchos/DiagnosticsTests-p.build/Objects-normal/arm64/DiagnosticsTests.SwiftFileList (in target 'DiagnosticsTests-product' from project 'Diagnostics')
    cd /Users/admin/builder/spi-builder-workspace
    write-file /Users/admin/builder/spi-builder-workspace/.derivedData/Build/Intermediates.noindex/Diagnostics.build/Debug-watchos/DiagnosticsTests-p.build/Objects-normal/arm64/DiagnosticsTests.SwiftFileList
WriteAuxiliaryFile /Users/admin/builder/spi-builder-workspace/.derivedData/Build/Intermediates.noindex/Diagnostics.build/Debug-watchos/DiagnosticsTests-p.build/Objects-normal/arm64/DiagnosticsTests.SwiftConstValuesFileList (in target 'DiagnosticsTests-product' from project 'Diagnostics')
    cd /Users/admin/builder/spi-builder-workspace
    write-file /Users/admin/builder/spi-builder-workspace/.derivedData/Build/Intermediates.noindex/Diagnostics.build/Debug-watchos/DiagnosticsTests-p.build/Objects-normal/arm64/DiagnosticsTests.SwiftConstValuesFileList
WriteAuxiliaryFile /Users/admin/builder/spi-builder-workspace/.derivedData/Build/Intermediates.noindex/Diagnostics.build/Debug-watchos/DiagnosticsTests-p.build/Objects-normal/arm64/DiagnosticsTests.LinkFileList (in target 'DiagnosticsTests-product' from project 'Diagnostics')
    cd /Users/admin/builder/spi-builder-workspace
    write-file /Users/admin/builder/spi-builder-workspace/.derivedData/Build/Intermediates.noindex/Diagnostics.build/Debug-watchos/DiagnosticsTests-p.build/Objects-normal/arm64/DiagnosticsTests.LinkFileList
WriteAuxiliaryFile /Users/admin/builder/spi-builder-workspace/.derivedData/Build/Intermediates.noindex/Diagnostics.build/Debug-watchos/DiagnosticsTests-p.build/Objects-normal/arm64/DiagnosticsTests-OutputFileMap.json (in target 'DiagnosticsTests-product' from project 'Diagnostics')
    cd /Users/admin/builder/spi-builder-workspace
    write-file /Users/admin/builder/spi-builder-workspace/.derivedData/Build/Intermediates.noindex/Diagnostics.build/Debug-watchos/DiagnosticsTests-p.build/Objects-normal/arm64/DiagnosticsTests-OutputFileMap.json
WriteAuxiliaryFile /Users/admin/builder/spi-builder-workspace/.derivedData/Build/Intermediates.noindex/Diagnostics.build/Debug-watchos/DiagnosticsTests-p.build/DiagnosticsTests.DependencyStaticMetadataFileList (in target 'DiagnosticsTests-product' from project 'Diagnostics')
    cd /Users/admin/builder/spi-builder-workspace
    write-file /Users/admin/builder/spi-builder-workspace/.derivedData/Build/Intermediates.noindex/Diagnostics.build/Debug-watchos/DiagnosticsTests-p.build/DiagnosticsTests.DependencyStaticMetadataFileList
WriteAuxiliaryFile /Users/admin/builder/spi-builder-workspace/.derivedData/Build/Intermediates.noindex/Diagnostics.build/Debug-watchos/DiagnosticsTests-p.build/DiagnosticsTests.DependencyMetadataFileList (in target 'DiagnosticsTests-product' from project 'Diagnostics')
    cd /Users/admin/builder/spi-builder-workspace
    write-file /Users/admin/builder/spi-builder-workspace/.derivedData/Build/Intermediates.noindex/Diagnostics.build/Debug-watchos/DiagnosticsTests-p.build/DiagnosticsTests.DependencyMetadataFileList
WriteAuxiliaryFile /Users/admin/builder/spi-builder-workspace/.derivedData/Build/Intermediates.noindex/Diagnostics.build/Debug-watchos/Diagnostics-t.build/Objects-normal/arm64_32/Diagnostics.SwiftFileList (in target 'Diagnostics' from project 'Diagnostics')
    cd /Users/admin/builder/spi-builder-workspace
    write-file /Users/admin/builder/spi-builder-workspace/.derivedData/Build/Intermediates.noindex/Diagnostics.build/Debug-watchos/Diagnostics-t.build/Objects-normal/arm64_32/Diagnostics.SwiftFileList
WriteAuxiliaryFile /Users/admin/builder/spi-builder-workspace/.derivedData/Build/Intermediates.noindex/Diagnostics.build/Debug-watchos/Diagnostics-t.build/Objects-normal/arm64_32/Diagnostics.LinkFileList (in target 'Diagnostics' from project 'Diagnostics')
    cd /Users/admin/builder/spi-builder-workspace
    write-file /Users/admin/builder/spi-builder-workspace/.derivedData/Build/Intermediates.noindex/Diagnostics.build/Debug-watchos/Diagnostics-t.build/Objects-normal/arm64_32/Diagnostics.LinkFileList
WriteAuxiliaryFile /Users/admin/builder/spi-builder-workspace/.derivedData/Build/Intermediates.noindex/Diagnostics.build/Debug-watchos/Diagnostics-t.build/Objects-normal/arm64_32/Diagnostics_const_extract_protocols.json (in target 'Diagnostics' from project 'Diagnostics')
    cd /Users/admin/builder/spi-builder-workspace
    write-file /Users/admin/builder/spi-builder-workspace/.derivedData/Build/Intermediates.noindex/Diagnostics.build/Debug-watchos/Diagnostics-t.build/Objects-normal/arm64_32/Diagnostics_const_extract_protocols.json
WriteAuxiliaryFile /Users/admin/builder/spi-builder-workspace/.derivedData/Build/Intermediates.noindex/Diagnostics.build/Debug-watchos/Diagnostics-t.build/Objects-normal/arm64_32/Diagnostics-OutputFileMap.json (in target 'Diagnostics' from project 'Diagnostics')
    cd /Users/admin/builder/spi-builder-workspace
    write-file /Users/admin/builder/spi-builder-workspace/.derivedData/Build/Intermediates.noindex/Diagnostics.build/Debug-watchos/Diagnostics-t.build/Objects-normal/arm64_32/Diagnostics-OutputFileMap.json
WriteAuxiliaryFile /Users/admin/builder/spi-builder-workspace/.derivedData/Build/Intermediates.noindex/Diagnostics.build/Debug-watchos/Diagnostics-t.build/Objects-normal/arm64_32/Diagnostics.SwiftConstValuesFileList (in target 'Diagnostics' from project 'Diagnostics')
    cd /Users/admin/builder/spi-builder-workspace
    write-file /Users/admin/builder/spi-builder-workspace/.derivedData/Build/Intermediates.noindex/Diagnostics.build/Debug-watchos/Diagnostics-t.build/Objects-normal/arm64_32/Diagnostics.SwiftConstValuesFileList
WriteAuxiliaryFile /Users/admin/builder/spi-builder-workspace/.derivedData/Build/Intermediates.noindex/Diagnostics.build/Debug-watchos/Diagnostics-t.build/Objects-normal/arm64/Diagnostics_const_extract_protocols.json (in target 'Diagnostics' from project 'Diagnostics')
    cd /Users/admin/builder/spi-builder-workspace
    write-file /Users/admin/builder/spi-builder-workspace/.derivedData/Build/Intermediates.noindex/Diagnostics.build/Debug-watchos/Diagnostics-t.build/Objects-normal/arm64/Diagnostics_const_extract_protocols.json
WriteAuxiliaryFile /Users/admin/builder/spi-builder-workspace/.derivedData/Build/Intermediates.noindex/Diagnostics.build/Debug-watchos/Diagnostics-t.build/Objects-normal/arm64/Diagnostics.SwiftFileList (in target 'Diagnostics' from project 'Diagnostics')
    cd /Users/admin/builder/spi-builder-workspace
    write-file /Users/admin/builder/spi-builder-workspace/.derivedData/Build/Intermediates.noindex/Diagnostics.build/Debug-watchos/Diagnostics-t.build/Objects-normal/arm64/Diagnostics.SwiftFileList
WriteAuxiliaryFile /Users/admin/builder/spi-builder-workspace/.derivedData/Build/Intermediates.noindex/Diagnostics.build/Debug-watchos/Diagnostics-t.build/Objects-normal/arm64/Diagnostics.SwiftConstValuesFileList (in target 'Diagnostics' from project 'Diagnostics')
    cd /Users/admin/builder/spi-builder-workspace
    write-file /Users/admin/builder/spi-builder-workspace/.derivedData/Build/Intermediates.noindex/Diagnostics.build/Debug-watchos/Diagnostics-t.build/Objects-normal/arm64/Diagnostics.SwiftConstValuesFileList
WriteAuxiliaryFile /Users/admin/builder/spi-builder-workspace/.derivedData/Build/Intermediates.noindex/Diagnostics.build/Debug-watchos/Diagnostics-t.build/Objects-normal/arm64/Diagnostics.LinkFileList (in target 'Diagnostics' from project 'Diagnostics')
    cd /Users/admin/builder/spi-builder-workspace
    write-file /Users/admin/builder/spi-builder-workspace/.derivedData/Build/Intermediates.noindex/Diagnostics.build/Debug-watchos/Diagnostics-t.build/Objects-normal/arm64/Diagnostics.LinkFileList
WriteAuxiliaryFile /Users/admin/builder/spi-builder-workspace/.derivedData/Build/Intermediates.noindex/Diagnostics.build/Debug-watchos/Diagnostics-t.build/Objects-normal/arm64/Diagnostics-OutputFileMap.json (in target 'Diagnostics' from project 'Diagnostics')
    cd /Users/admin/builder/spi-builder-workspace
    write-file /Users/admin/builder/spi-builder-workspace/.derivedData/Build/Intermediates.noindex/Diagnostics.build/Debug-watchos/Diagnostics-t.build/Objects-normal/arm64/Diagnostics-OutputFileMap.json
WriteAuxiliaryFile /Users/admin/builder/spi-builder-workspace/.derivedData/Build/Intermediates.noindex/Diagnostics.build/Debug-watchos/Diagnostics-t.build/Diagnostics.modulemap (in target 'Diagnostics' from project 'Diagnostics')
    cd /Users/admin/builder/spi-builder-workspace
    write-file /Users/admin/builder/spi-builder-workspace/.derivedData/Build/Intermediates.noindex/Diagnostics.build/Debug-watchos/Diagnostics-t.build/Diagnostics.modulemap
WriteAuxiliaryFile /Users/admin/builder/spi-builder-workspace/.derivedData/Build/Intermediates.noindex/Diagnostics.build/Debug-watchos/Diagnostics-t.build/Diagnostics.DependencyStaticMetadataFileList (in target 'Diagnostics' from project 'Diagnostics')
    cd /Users/admin/builder/spi-builder-workspace
    write-file /Users/admin/builder/spi-builder-workspace/.derivedData/Build/Intermediates.noindex/Diagnostics.build/Debug-watchos/Diagnostics-t.build/Diagnostics.DependencyStaticMetadataFileList
WriteAuxiliaryFile /Users/admin/builder/spi-builder-workspace/.derivedData/Build/Intermediates.noindex/Diagnostics.build/Debug-watchos/Diagnostics-t.build/Diagnostics.DependencyMetadataFileList (in target 'Diagnostics' from project 'Diagnostics')
    cd /Users/admin/builder/spi-builder-workspace
    write-file /Users/admin/builder/spi-builder-workspace/.derivedData/Build/Intermediates.noindex/Diagnostics.build/Debug-watchos/Diagnostics-t.build/Diagnostics.DependencyMetadataFileList
WriteAuxiliaryFile /Users/admin/builder/spi-builder-workspace/.derivedData/Build/Intermediates.noindex/Diagnostics.build/Debug-watchos/Diagnostics-t.build/DerivedSources/resource_bundle_accessor.swift (in target 'Diagnostics' from project 'Diagnostics')
    cd /Users/admin/builder/spi-builder-workspace
    write-file /Users/admin/builder/spi-builder-workspace/.derivedData/Build/Intermediates.noindex/Diagnostics.build/Debug-watchos/Diagnostics-t.build/DerivedSources/resource_bundle_accessor.swift
MkDir /Users/admin/builder/spi-builder-workspace/.derivedData/Build/Products/Debug-watchos/Diagnostics_Diagnostics.bundle (in target 'Diagnostics_Diagnostics' from project 'Diagnostics')
    cd /Users/admin/builder/spi-builder-workspace
    /bin/mkdir -p /Users/admin/builder/spi-builder-workspace/.derivedData/Build/Products/Debug-watchos/Diagnostics_Diagnostics.bundle
MkDir /Users/admin/builder/spi-builder-workspace/.derivedData/Build/Products/Debug-watchos/DiagnosticsTests.xctest (in target 'DiagnosticsTests-product' from project 'Diagnostics')
    cd /Users/admin/builder/spi-builder-workspace
    /bin/mkdir -p /Users/admin/builder/spi-builder-workspace/.derivedData/Build/Products/Debug-watchos/DiagnosticsTests.xctest
Copy /Users/admin/builder/spi-builder-workspace/.derivedData/Build/Intermediates.noindex/GeneratedModuleMaps-watchos/Diagnostics.modulemap /Users/admin/builder/spi-builder-workspace/.derivedData/Build/Intermediates.noindex/Diagnostics.build/Debug-watchos/Diagnostics-t.build/Diagnostics.modulemap (in target 'Diagnostics' from project 'Diagnostics')
    cd /Users/admin/builder/spi-builder-workspace
    builtin-copy -exclude .DS_Store -exclude CVS -exclude .svn -exclude .git -exclude .hg -resolve-src-symlinks /Users/admin/builder/spi-builder-workspace/.derivedData/Build/Intermediates.noindex/Diagnostics.build/Debug-watchos/Diagnostics-t.build/Diagnostics.modulemap /Users/admin/builder/spi-builder-workspace/.derivedData/Build/Intermediates.noindex/GeneratedModuleMaps-watchos
ProcessInfoPlistFile /Users/admin/builder/spi-builder-workspace/.derivedData/Build/Products/Debug-watchos/Diagnostics_Diagnostics.bundle/Info.plist /Users/admin/builder/spi-builder-workspace/.derivedData/Build/Intermediates.noindex/Diagnostics.build/Debug-watchos/Diagnostics_Diagnostics-b.build/empty-Diagnostics_Diagnostics.plist (in target 'Diagnostics_Diagnostics' from project 'Diagnostics')
    cd /Users/admin/builder/spi-builder-workspace
    builtin-infoPlistUtility /Users/admin/builder/spi-builder-workspace/.derivedData/Build/Intermediates.noindex/Diagnostics.build/Debug-watchos/Diagnostics_Diagnostics-b.build/empty-Diagnostics_Diagnostics.plist -producttype com.apple.product-type.bundle -expandbuildsettings -format binary -platform watchos -o /Users/admin/builder/spi-builder-workspace/.derivedData/Build/Products/Debug-watchos/Diagnostics_Diagnostics.bundle/Info.plist
CpResource /Users/admin/builder/spi-builder-workspace/.derivedData/Build/Products/Debug-watchos/Diagnostics_Diagnostics.bundle/style.css /Users/admin/builder/spi-builder-workspace/Sources/style.css (in target 'Diagnostics_Diagnostics' from project 'Diagnostics')
    cd /Users/admin/builder/spi-builder-workspace
    builtin-copy -exclude .DS_Store -exclude CVS -exclude .svn -exclude .git -exclude .hg -resolve-src-symlinks /Users/admin/builder/spi-builder-workspace/Sources/style.css /Users/admin/builder/spi-builder-workspace/.derivedData/Build/Products/Debug-watchos/Diagnostics_Diagnostics.bundle
CpResource /Users/admin/builder/spi-builder-workspace/.derivedData/Build/Products/Debug-watchos/Diagnostics_Diagnostics.bundle/functions.js /Users/admin/builder/spi-builder-workspace/Sources/functions.js (in target 'Diagnostics_Diagnostics' from project 'Diagnostics')
    cd /Users/admin/builder/spi-builder-workspace
    builtin-copy -exclude .DS_Store -exclude CVS -exclude .svn -exclude .git -exclude .hg -resolve-src-symlinks /Users/admin/builder/spi-builder-workspace/Sources/functions.js /Users/admin/builder/spi-builder-workspace/.derivedData/Build/Products/Debug-watchos/Diagnostics_Diagnostics.bundle
CpResource /Users/admin/builder/spi-builder-workspace/.derivedData/Build/Products/Debug-watchos/Diagnostics_Diagnostics.bundle/PrivacyInfo.xcprivacy /Users/admin/builder/spi-builder-workspace/Sources/PrivacyInfo.xcprivacy (in target 'Diagnostics_Diagnostics' from project 'Diagnostics')
    cd /Users/admin/builder/spi-builder-workspace
    builtin-copy -exclude .DS_Store -exclude CVS -exclude .svn -exclude .git -exclude .hg -resolve-src-symlinks /Users/admin/builder/spi-builder-workspace/Sources/PrivacyInfo.xcprivacy /Users/admin/builder/spi-builder-workspace/.derivedData/Build/Products/Debug-watchos/Diagnostics_Diagnostics.bundle
RegisterExecutionPolicyException /Users/admin/builder/spi-builder-workspace/.derivedData/Build/Products/Debug-watchos/Diagnostics_Diagnostics.bundle (in target 'Diagnostics_Diagnostics' from project 'Diagnostics')
    cd /Users/admin/builder/spi-builder-workspace
    builtin-RegisterExecutionPolicyException /Users/admin/builder/spi-builder-workspace/.derivedData/Build/Products/Debug-watchos/Diagnostics_Diagnostics.bundle
Touch /Users/admin/builder/spi-builder-workspace/.derivedData/Build/Products/Debug-watchos/Diagnostics_Diagnostics.bundle (in target 'Diagnostics_Diagnostics' from project 'Diagnostics')
    cd /Users/admin/builder/spi-builder-workspace
    /usr/bin/touch -c /Users/admin/builder/spi-builder-workspace/.derivedData/Build/Products/Debug-watchos/Diagnostics_Diagnostics.bundle
ScanDependencies /Users/admin/builder/spi-builder-workspace/.derivedData/Build/Intermediates.noindex/ExceptionCatcher.build/Debug-watchos/ExceptionCatcherInternal-t.build/Objects-normal/arm64_32/ExceptionCatcher.o /Users/admin/builder/spi-builder-workspace/.dependencies/checkouts/ExceptionCatcher/Sources/ExceptionCatcherInternal/ExceptionCatcher.m normal arm64_32 objective-c com.apple.compilers.llvm.clang.1_0.compiler (in target 'ExceptionCatcherInternal' from project 'ExceptionCatcher')
    cd /Users/admin/builder/spi-builder-workspace/.swiftpm/xcode

    Using response file: /Users/admin/builder/spi-builder-workspace/.derivedData/Build/Intermediates.noindex/ExceptionCatcher.build/Debug-watchos/ExceptionCatcherInternal-t.build/Objects-normal/arm64_32/e6072d4f65d7061329687fe24e3d63a7-common-args.resp

    builtin-ScanDependencies -o /Users/admin/builder/spi-builder-workspace/.derivedData/Build/Intermediates.noindex/ExceptionCatcher.build/Debug-watchos/ExceptionCatcherInternal-t.build/Objects-normal/arm64_32/ExceptionCatcher.o.scan -- /Applications/Xcode-27.0.0-Release.Candidate.app/Contents/Developer/Toolchains/XcodeDefault.xctoolchain/usr/bin/clang -x objective-c -ivfsstatcache /Users/admin/builder/spi-builder-workspace/.derivedData/SDKStatCaches.noindex/watchos27.0-24R360-e829b21a6f8c9b70876ba0858053c04477534ef55a1706bf4c1112bbb242f0a2.sdkstatcache -target arm64_32-apple-watchos9.0 -fmessage-length\=0 -fdiagnostics-show-note-include-stack -fmacro-backtrace-limit\=0 -fno-color-diagnostics -fmodules-prune-interval\=86400 -fmodules-prune-after\=345600 -fbuild-session-file\=/Users/admin/builder/spi-builder-workspace/.derivedData/ModuleCache.noindex/Session.modulevalidation -fmodules-validate-once-per-build-session -Wnon-modular-include-in-framework-module -Werror\=non-modular-include-in-framework-module -Wno-trigraphs -Wno-missing-field-initializers -Wno-missing-prototypes -Wno-return-type -Wno-implicit-atomic-properties -Wno-objc-interface-ivars -Wno-arc-repeated-use-of-weak -Wno-missing-braces -Wparentheses -Wswitch -Wno-unused-function -Wno-unused-label -Wno-unused-parameter -Wno-unused-variable -Wunused-value -Wno-empty-body -Wno-uninitialized -Wno-unknown-pragmas -w -Wno-shadow -Wno-four-char-constants -Wno-conversion -Wno-constant-conversion -Wno-int-conversion -Wno-bool-conversion -Wno-enum-conversion -Wno-float-conversion -Wno-non-literal-null-conversion -Wno-objc-literal-conversion -Wno-shorten-64-to-32 -Wpointer-sign -Wno-newline-eof -Wno-selector -Wno-strict-selector-match -Wno-undeclared-selector -Wno-deprecated-implementations -Wno-implicit-fallthrough -isysroot /Applications/Xcode-27.0.0-Release.Candidate.app/Contents/Developer/Platforms/WatchOS.platform/Developer/SDKs/WatchOS27.0.sdk -fstrict-aliasing -Wprotocol -Wdeprecated-declarations -Wno-sign-conversion -Wno-infinite-recursion -Wno-comma -Wno-block-capture-autoreleasing -Wno-strict-prototypes -Wno-semicolon-before-method-body -index-store-path /Users/admin/builder/spi-builder-workspace/.derivedData/Index.noindex/DataStore @/Users/admin/builder/spi-builder-workspace/.derivedData/Build/Intermediates.noindex/ExceptionCatcher.build/Debug-watchos/ExceptionCatcherInternal-t.build/Objects-normal/arm64_32/e6072d4f65d7061329687fe24e3d63a7-common-args.resp -MMD -MT dependencies -MF /Users/admin/builder/spi-builder-workspace/.derivedData/Build/Intermediates.noindex/ExceptionCatcher.build/Debug-watchos/ExceptionCatcherInternal-t.build/Objects-normal/arm64_32/ExceptionCatcher.d --serialize-diagnostics /Users/admin/builder/spi-builder-workspace/.derivedData/Build/Intermediates.noindex/ExceptionCatcher.build/Debug-watchos/ExceptionCatcherInternal-t.build/Objects-normal/arm64_32/ExceptionCatcher.dia -c /Users/admin/builder/spi-builder-workspace/.dependencies/checkouts/ExceptionCatcher/Sources/ExceptionCatcherInternal/ExceptionCatcher.m -o /Users/admin/builder/spi-builder-workspace/.derivedData/Build/Intermediates.noindex/ExceptionCatcher.build/Debug-watchos/ExceptionCatcherInternal-t.build/Objects-normal/arm64_32/ExceptionCatcher.o -index-unit-output-path /ExceptionCatcher.build/Debug-watchos/ExceptionCatcherInternal-t.build/Objects-normal/arm64_32/ExceptionCatcher.o
ScanDependencies /Users/admin/builder/spi-builder-workspace/.derivedData/Build/Intermediates.noindex/ExceptionCatcher.build/Debug-watchos/ExceptionCatcherInternal-t.build/Objects-normal/arm64/ExceptionCatcher.o /Users/admin/builder/spi-builder-workspace/.dependencies/checkouts/ExceptionCatcher/Sources/ExceptionCatcherInternal/ExceptionCatcher.m normal arm64 objective-c com.apple.compilers.llvm.clang.1_0.compiler (in target 'ExceptionCatcherInternal' from project 'ExceptionCatcher')
    cd /Users/admin/builder/spi-builder-workspace/.swiftpm/xcode

    Using response file: /Users/admin/builder/spi-builder-workspace/.derivedData/Build/Intermediates.noindex/ExceptionCatcher.build/Debug-watchos/ExceptionCatcherInternal-t.build/Objects-normal/arm64/e6072d4f65d7061329687fe24e3d63a7-common-args.resp

    builtin-ScanDependencies -o /Users/admin/builder/spi-builder-workspace/.derivedData/Build/Intermediates.noindex/ExceptionCatcher.build/Debug-watchos/ExceptionCatcherInternal-t.build/Objects-normal/arm64/ExceptionCatcher.o.scan -- /Applications/Xcode-27.0.0-Release.Candidate.app/Contents/Developer/Toolchains/XcodeDefault.xctoolchain/usr/bin/clang -x objective-c -ivfsstatcache /Users/admin/builder/spi-builder-workspace/.derivedData/SDKStatCaches.noindex/watchos27.0-24R360-e829b21a6f8c9b70876ba0858053c04477534ef55a1706bf4c1112bbb242f0a2.sdkstatcache -target arm64-apple-watchos9.0 -fmessage-length\=0 -fdiagnostics-show-note-include-stack -fmacro-backtrace-limit\=0 -fno-color-diagnostics -fmodules-prune-interval\=86400 -fmodules-prune-after\=345600 -fbuild-session-file\=/Users/admin/builder/spi-builder-workspace/.derivedData/ModuleCache.noindex/Session.modulevalidation -fmodules-validate-once-per-build-session -Wnon-modular-include-in-framework-module -Werror\=non-modular-include-in-framework-module -Wno-trigraphs -Wno-missing-field-initializers -Wno-missing-prototypes -Wno-return-type -Wno-implicit-atomic-properties -Wno-objc-interface-ivars -Wno-arc-repeated-use-of-weak -Wno-missing-braces -Wparentheses -Wswitch -Wno-unused-function -Wno-unused-label -Wno-unused-parameter -Wno-unused-variable -Wunused-value -Wno-empty-body -Wno-uninitialized -Wno-unknown-pragmas -w -Wno-shadow -Wno-four-char-constants -Wno-conversion -Wno-constant-conversion -Wno-int-conversion -Wno-bool-conversion -Wno-enum-conversion -Wno-float-conversion -Wno-non-literal-null-conversion -Wno-objc-literal-conversion -Wshorten-64-to-32 -Wpointer-sign -Wno-newline-eof -Wno-selector -Wno-strict-selector-match -Wno-undeclared-selector -Wno-deprecated-implementations -Wno-implicit-fallthrough -isysroot /Applications/Xcode-27.0.0-Release.Candidate.app/Contents/Developer/Platforms/WatchOS.platform/Developer/SDKs/WatchOS27.0.sdk -fstrict-aliasing -Wprotocol -Wdeprecated-declarations -Wno-sign-conversion -Wno-infinite-recursion -Wno-comma -Wno-block-capture-autoreleasing -Wno-strict-prototypes -Wno-semicolon-before-method-body -index-store-path /Users/admin/builder/spi-builder-workspace/.derivedData/Index.noindex/DataStore @/Users/admin/builder/spi-builder-workspace/.derivedData/Build/Intermediates.noindex/ExceptionCatcher.build/Debug-watchos/ExceptionCatcherInternal-t.build/Objects-normal/arm64/e6072d4f65d7061329687fe24e3d63a7-common-args.resp -MMD -MT dependencies -MF /Users/admin/builder/spi-builder-workspace/.derivedData/Build/Intermediates.noindex/ExceptionCatcher.build/Debug-watchos/ExceptionCatcherInternal-t.build/Objects-normal/arm64/ExceptionCatcher.d --serialize-diagnostics /Users/admin/builder/spi-builder-workspace/.derivedData/Build/Intermediates.noindex/ExceptionCatcher.build/Debug-watchos/ExceptionCatcherInternal-t.build/Objects-normal/arm64/ExceptionCatcher.dia -c /Users/admin/builder/spi-builder-workspace/.dependencies/checkouts/ExceptionCatcher/Sources/ExceptionCatcherInternal/ExceptionCatcher.m -o /Users/admin/builder/spi-builder-workspace/.derivedData/Build/Intermediates.noindex/ExceptionCatcher.build/Debug-watchos/ExceptionCatcherInternal-t.build/Objects-normal/arm64/ExceptionCatcher.o -index-unit-output-path /ExceptionCatcher.build/Debug-watchos/ExceptionCatcherInternal-t.build/Objects-normal/arm64/ExceptionCatcher.o
SwiftDriver ExceptionCatcher normal arm64 com.apple.xcode.tools.swift.compiler (in target 'ExceptionCatcher' from project 'ExceptionCatcher')
    cd /Users/admin/builder/spi-builder-workspace/.swiftpm/xcode
    builtin-SwiftDriver -- /Applications/Xcode-27.0.0-Release.Candidate.app/Contents/Developer/Toolchains/XcodeDefault.xctoolchain/usr/bin/swiftc -parse-as-library -module-name ExceptionCatcher -Onone @/Users/admin/builder/spi-builder-workspace/.derivedData/Build/Intermediates.noindex/ExceptionCatcher.build/Debug-watchos/ExceptionCatcher-t.build/Objects-normal/arm64/ExceptionCatcher.SwiftFileList -DSWIFT_PACKAGE -DDEBUG -DSWIFT_MODULE_RESOURCE_BUNDLE_UNAVAILABLE -Xcc -fmodule-map-file\=/Users/admin/builder/spi-builder-workspace/.derivedData/Build/Intermediates.noindex/GeneratedModuleMaps-watchos/ExceptionCatcherInternal.modulemap -DXcode -plugin-path /Applications/Xcode-27.0.0-Release.Candidate.app/Contents/Developer/Toolchains/XcodeDefault.xctoolchain/usr/lib/swift/host/plugins/testing -enable-experimental-feature DebugDescriptionMacro -sdk /Applications/Xcode-27.0.0-Release.Candidate.app/Contents/Developer/Platforms/WatchOS.platform/Developer/SDKs/WatchOS27.0.sdk -target arm64-apple-watchos9.0 -g -module-cache-path /Users/admin/builder/spi-builder-workspace/.derivedData/ModuleCache.noindex -Xfrontend -serialize-debugging-options -profile-coverage-mapping -profile-generate -enable-testing -suppress-warnings -index-store-path /Users/admin/builder/spi-builder-workspace/.derivedData/Index.noindex/DataStore -Xcc -D_LIBCPP_HARDENING_MODE\=_LIBCPP_HARDENING_MODE_DEBUG -swift-version 6 -I /Users/admin/builder/spi-builder-workspace/.derivedData/Build/Products/Debug-watchos -Isystem /Applications/Xcode-27.0.0-Release.Candidate.app/Contents/Developer/Platforms/WatchOS.platform/Developer/usr/lib -F /Users/admin/builder/spi-builder-workspace/.derivedData/Build/Products/Debug-watchos/PackageFrameworks -F /Users/admin/builder/spi-builder-workspace/.derivedData/Build/Products/Debug-watchos -F /Applications/Xcode-27.0.0-Release.Candidate.app/Contents/Developer/Platforms/WatchOS.platform/Developer/Library/Frameworks -F /Applications/Xcode-27.0.0-Release.Candidate.app/Contents/Developer/Platforms/WatchOS.platform/Developer/SDKs/WatchOS27.0.sdk/Developer/Library/Frameworks -c -j10 -enable-batch-mode -incremental -Xcc -ivfsstatcache -Xcc /Users/admin/builder/spi-builder-workspace/.derivedData/SDKStatCaches.noindex/watchos27.0-24R360-e829b21a6f8c9b70876ba0858053c04477534ef55a1706bf4c1112bbb242f0a2.sdkstatcache -output-file-map /Users/admin/builder/spi-builder-workspace/.derivedData/Build/Intermediates.noindex/ExceptionCatcher.build/Debug-watchos/ExceptionCatcher-t.build/Objects-normal/arm64/ExceptionCatcher-OutputFileMap.json -save-temps -no-color-diagnostics -explicit-module-build -module-cache-path /Users/admin/builder/spi-builder-workspace/.derivedData/Build/Intermediates.noindex/SwiftExplicitPrecompiledModules -clang-scanner-module-cache-path /Users/admin/builder/spi-builder-workspace/.derivedData/ModuleCache.noindex -sdk-module-cache-path /Users/admin/builder/spi-builder-workspace/.derivedData/SDKExplicitPrecompiledModules -emit-dependencies -emit-module -emit-module-path /Users/admin/builder/spi-builder-workspace/.derivedData/Build/Intermediates.noindex/ExceptionCatcher.build/Debug-watchos/ExceptionCatcher-t.build/Objects-normal/arm64/ExceptionCatcher.swiftmodule -serialize-diagnostics -dependency-scan-serialize-diagnostics-path /Users/admin/builder/spi-builder-workspace/.derivedData/Build/Intermediates.noindex/ExceptionCatcher.build/Debug-watchos/ExceptionCatcher-t.build/Objects-normal/arm64/ExceptionCatcher-dependency-scan.dia -user-module-version 2.2.1 -validate-clang-modules-once -clang-build-session-file /Users/admin/builder/spi-builder-workspace/.derivedData/ModuleCache.noindex/Session.modulevalidation -Xcc -fmodules-prune-interval\=86400 -Xcc -fmodules-prune-after\=345600 -package-name exceptioncatcher -emit-const-values -const-gather-protocols-list /Users/admin/builder/spi-builder-workspace/.derivedData/Build/Intermediates.noindex/ExceptionCatcher.build/Debug-watchos/ExceptionCatcher-t.build/Objects-normal/arm64/ExceptionCatcher_const_extract_protocols.json -Xcc -I/Users/admin/builder/spi-builder-workspace/.dependencies/checkouts/ExceptionCatcher/Sources/ExceptionCatcherInternal/include -Xcc -I/Users/admin/builder/spi-builder-workspace/.derivedData/Build/Products/Debug-watchos/include -Xcc -I/Users/admin/builder/spi-builder-workspace/.derivedData/Build/Intermediates.noindex/ExceptionCatcher.build/Debug-watchos/ExceptionCatcher-t.build/DerivedSources-normal/arm64 -Xcc -I/Users/admin/builder/spi-builder-workspace/.derivedData/Build/Intermediates.noindex/ExceptionCatcher.build/Debug-watchos/ExceptionCatcher-t.build/DerivedSources/arm64 -Xcc -I/Users/admin/builder/spi-builder-workspace/.derivedData/Build/Intermediates.noindex/ExceptionCatcher.build/Debug-watchos/ExceptionCatcher-t.build/DerivedSources -Xcc -DSWIFT_PACKAGE -Xcc -DDEBUG\=1 -emit-objc-header -emit-objc-header-path /Users/admin/builder/spi-builder-workspace/.derivedData/Build/Intermediates.noindex/ExceptionCatcher.build/Debug-watchos/ExceptionCatcher-t.build/Objects-normal/arm64/ExceptionCatcher-Swift.h -working-directory /Users/admin/builder/spi-builder-workspace/.swiftpm/xcode -experimental-emit-module-separately -disable-cmo
SwiftDriver ExceptionCatcher normal arm64_32 com.apple.xcode.tools.swift.compiler (in target 'ExceptionCatcher' from project 'ExceptionCatcher')
    cd /Users/admin/builder/spi-builder-workspace/.swiftpm/xcode
    builtin-SwiftDriver -- /Applications/Xcode-27.0.0-Release.Candidate.app/Contents/Developer/Toolchains/XcodeDefault.xctoolchain/usr/bin/swiftc -parse-as-library -module-name ExceptionCatcher -Onone @/Users/admin/builder/spi-builder-workspace/.derivedData/Build/Intermediates.noindex/ExceptionCatcher.build/Debug-watchos/ExceptionCatcher-t.build/Objects-normal/arm64_32/ExceptionCatcher.SwiftFileList -DSWIFT_PACKAGE -DDEBUG -DSWIFT_MODULE_RESOURCE_BUNDLE_UNAVAILABLE -Xcc -fmodule-map-file\=/Users/admin/builder/spi-builder-workspace/.derivedData/Build/Intermediates.noindex/GeneratedModuleMaps-watchos/ExceptionCatcherInternal.modulemap -DXcode -plugin-path /Applications/Xcode-27.0.0-Release.Candidate.app/Contents/Developer/Toolchains/XcodeDefault.xctoolchain/usr/lib/swift/host/plugins/testing -enable-experimental-feature DebugDescriptionMacro -sdk /Applications/Xcode-27.0.0-Release.Candidate.app/Contents/Developer/Platforms/WatchOS.platform/Developer/SDKs/WatchOS27.0.sdk -target arm64_32-apple-watchos9.0 -g -module-cache-path /Users/admin/builder/spi-builder-workspace/.derivedData/ModuleCache.noindex -Xfrontend -serialize-debugging-options -profile-coverage-mapping -profile-generate -enable-testing -suppress-warnings -index-store-path /Users/admin/builder/spi-builder-workspace/.derivedData/Index.noindex/DataStore -Xcc -D_LIBCPP_HARDENING_MODE\=_LIBCPP_HARDENING_MODE_DEBUG -swift-version 6 -I /Users/admin/builder/spi-builder-workspace/.derivedData/Build/Products/Debug-watchos -Isystem /Applications/Xcode-27.0.0-Release.Candidate.app/Contents/Developer/Platforms/WatchOS.platform/Developer/usr/lib -F /Users/admin/builder/spi-builder-workspace/.derivedData/Build/Products/Debug-watchos/PackageFrameworks -F /Users/admin/builder/spi-builder-workspace/.derivedData/Build/Products/Debug-watchos -F /Applications/Xcode-27.0.0-Release.Candidate.app/Contents/Developer/Platforms/WatchOS.platform/Developer/Library/Frameworks -F /Applications/Xcode-27.0.0-Release.Candidate.app/Contents/Developer/Platforms/WatchOS.platform/Developer/SDKs/WatchOS27.0.sdk/Developer/Library/Frameworks -c -j10 -enable-batch-mode -incremental -Xcc -ivfsstatcache -Xcc /Users/admin/builder/spi-builder-workspace/.derivedData/SDKStatCaches.noindex/watchos27.0-24R360-e829b21a6f8c9b70876ba0858053c04477534ef55a1706bf4c1112bbb242f0a2.sdkstatcache -output-file-map /Users/admin/builder/spi-builder-workspace/.derivedData/Build/Intermediates.noindex/ExceptionCatcher.build/Debug-watchos/ExceptionCatcher-t.build/Objects-normal/arm64_32/ExceptionCatcher-OutputFileMap.json -save-temps -no-color-diagnostics -explicit-module-build -module-cache-path /Users/admin/builder/spi-builder-workspace/.derivedData/Build/Intermediates.noindex/SwiftExplicitPrecompiledModules -clang-scanner-module-cache-path /Users/admin/builder/spi-builder-workspace/.derivedData/ModuleCache.noindex -sdk-module-cache-path /Users/admin/builder/spi-builder-workspace/.derivedData/SDKExplicitPrecompiledModules -emit-dependencies -emit-module -emit-module-path /Users/admin/builder/spi-builder-workspace/.derivedData/Build/Intermediates.noindex/ExceptionCatcher.build/Debug-watchos/ExceptionCatcher-t.build/Objects-normal/arm64_32/ExceptionCatcher.swiftmodule -serialize-diagnostics -dependency-scan-serialize-diagnostics-path /Users/admin/builder/spi-builder-workspace/.derivedData/Build/Intermediates.noindex/ExceptionCatcher.build/Debug-watchos/ExceptionCatcher-t.build/Objects-normal/arm64_32/ExceptionCatcher-dependency-scan.dia -user-module-version 2.2.1 -validate-clang-modules-once -clang-build-session-file /Users/admin/builder/spi-builder-workspace/.derivedData/ModuleCache.noindex/Session.modulevalidation -Xcc -fmodules-prune-interval\=86400 -Xcc -fmodules-prune-after\=345600 -package-name exceptioncatcher -emit-const-values -const-gather-protocols-list /Users/admin/builder/spi-builder-workspace/.derivedData/Build/Intermediates.noindex/ExceptionCatcher.build/Debug-watchos/ExceptionCatcher-t.build/Objects-normal/arm64_32/ExceptionCatcher_const_extract_protocols.json -Xcc -I/Users/admin/builder/spi-builder-workspace/.dependencies/checkouts/ExceptionCatcher/Sources/ExceptionCatcherInternal/include -Xcc -I/Users/admin/builder/spi-builder-workspace/.derivedData/Build/Products/Debug-watchos/include -Xcc -I/Users/admin/builder/spi-builder-workspace/.derivedData/Build/Intermediates.noindex/ExceptionCatcher.build/Debug-watchos/ExceptionCatcher-t.build/DerivedSources-normal/arm64_32 -Xcc -I/Users/admin/builder/spi-builder-workspace/.derivedData/Build/Intermediates.noindex/ExceptionCatcher.build/Debug-watchos/ExceptionCatcher-t.build/DerivedSources/arm64_32 -Xcc -I/Users/admin/builder/spi-builder-workspace/.derivedData/Build/Intermediates.noindex/ExceptionCatcher.build/Debug-watchos/ExceptionCatcher-t.build/DerivedSources -Xcc -DSWIFT_PACKAGE -Xcc -DDEBUG\=1 -emit-objc-header -emit-objc-header-path /Users/admin/builder/spi-builder-workspace/.derivedData/Build/Intermediates.noindex/ExceptionCatcher.build/Debug-watchos/ExceptionCatcher-t.build/Objects-normal/arm64_32/ExceptionCatcher-Swift.h -working-directory /Users/admin/builder/spi-builder-workspace/.swiftpm/xcode -experimental-emit-module-separately -disable-cmo
PrecompileModule /Users/admin/builder/spi-builder-workspace/.derivedData/Build/Intermediates.noindex/ExplicitPrecompiledModules/_Builtin_stddef-3PTFC0TI8ST8RQ327R0ES200M.scan
    cd /
    builtin-precompileModule /Users/admin/builder/spi-builder-workspace/.derivedData/Build/Intermediates.noindex/ExplicitPrecompiledModules/_Builtin_stddef-3PTFC0TI8ST8RQ327R0ES200M.scan
PrecompileModule /Users/admin/builder/spi-builder-workspace/.derivedData/Build/Intermediates.noindex/ExplicitPrecompiledModules/ptrauth-BKO8BMM8EMA0CLEKAZP13VXWS.scan
    cd /
    builtin-precompileModule /Users/admin/builder/spi-builder-workspace/.derivedData/Build/Intermediates.noindex/ExplicitPrecompiledModules/ptrauth-BKO8BMM8EMA0CLEKAZP13VXWS.scan
PrecompileModule /Users/admin/builder/spi-builder-workspace/.derivedData/Build/Intermediates.noindex/ExplicitPrecompiledModules/_Builtin_stdarg-2SWSTXEVT17GJOVBI1YJW9RDK.scan
    cd /
    builtin-precompileModule /Users/admin/builder/spi-builder-workspace/.derivedData/Build/Intermediates.noindex/ExplicitPrecompiledModules/_Builtin_stdarg-2SWSTXEVT17GJOVBI1YJW9RDK.scan
PrecompileModule /Users/admin/builder/spi-builder-workspace/.derivedData/Build/Intermediates.noindex/ExplicitPrecompiledModules/ptrcheck-AG7POCMG9CLBF0ZSF80OK7JD1.scan
    cd /
    builtin-precompileModule /Users/admin/builder/spi-builder-workspace/.derivedData/Build/Intermediates.noindex/ExplicitPrecompiledModules/ptrcheck-AG7POCMG9CLBF0ZSF80OK7JD1.scan
PrecompileModule /Users/admin/builder/spi-builder-workspace/.derivedData/Build/Intermediates.noindex/ExplicitPrecompiledModules/_Builtin_stdbool-4FRMTPV81H51QCAVL92ATFHY2.scan
    cd /
    builtin-precompileModule /Users/admin/builder/spi-builder-workspace/.derivedData/Build/Intermediates.noindex/ExplicitPrecompiledModules/_Builtin_stdbool-4FRMTPV81H51QCAVL92ATFHY2.scan
PrecompileModule /Users/admin/builder/spi-builder-workspace/.derivedData/Build/Intermediates.noindex/ExplicitPrecompiledModules/_AvailabilityInternal-DGWS1AKVM7ZT0APMUPL00BO97.scan
    cd /
    builtin-precompileModule /Users/admin/builder/spi-builder-workspace/.derivedData/Build/Intermediates.noindex/ExplicitPrecompiledModules/_AvailabilityInternal-DGWS1AKVM7ZT0APMUPL00BO97.scan
PrecompileModule /Users/admin/builder/spi-builder-workspace/.derivedData/Build/Intermediates.noindex/ExplicitPrecompiledModules/_Builtin_float-8FQTUSWX0EIXIHN62LPGVPUGD.scan
    cd /
    builtin-precompileModule /Users/admin/builder/spi-builder-workspace/.derivedData/Build/Intermediates.noindex/ExplicitPrecompiledModules/_Builtin_float-8FQTUSWX0EIXIHN62LPGVPUGD.scan
PrecompileModule /Users/admin/builder/spi-builder-workspace/.derivedData/Build/Intermediates.noindex/ExplicitPrecompiledModules/ptrauth-4D8Q4TMKE8JOXSMYG487BR03K.scan
    cd /
    builtin-precompileModule /Users/admin/builder/spi-builder-workspace/.derivedData/Build/Intermediates.noindex/ExplicitPrecompiledModules/ptrauth-4D8Q4TMKE8JOXSMYG487BR03K.scan
PrecompileModule /Users/admin/builder/spi-builder-workspace/.derivedData/Build/Intermediates.noindex/ExplicitPrecompiledModules/_Builtin_stdbool-OJ6VF5UK3AGWA2IVVCVL1MUW.scan
    cd /
    builtin-precompileModule /Users/admin/builder/spi-builder-workspace/.derivedData/Build/Intermediates.noindex/ExplicitPrecompiledModules/_Builtin_stdbool-OJ6VF5UK3AGWA2IVVCVL1MUW.scan
PrecompileModule /Users/admin/builder/spi-builder-workspace/.derivedData/Build/Intermediates.noindex/ExplicitPrecompiledModules/_Builtin_float-5123OC4JVG7RSACJF4W0918K.scan
    cd /
    builtin-precompileModule /Users/admin/builder/spi-builder-workspace/.derivedData/Build/Intermediates.noindex/ExplicitPrecompiledModules/_Builtin_float-5123OC4JVG7RSACJF4W0918K.scan
SwiftExplicitDependencyGeneratePcm arm64_32 /Users/admin/builder/spi-builder-workspace/.derivedData/SDKExplicitPrecompiledModules/ptrauth-EW7YZZ7LEZE1QZF2T8148IPSA.pcm
SwiftExplicitDependencyGeneratePcm arm64_32 /Users/admin/builder/spi-builder-workspace/.derivedData/SDKExplicitPrecompiledModules/_SwiftConcurrencyShims-58G4ISYSYDV3AT1DDGEE0QCUF.pcm
SwiftExplicitDependencyGeneratePcm arm64 /Users/admin/builder/spi-builder-workspace/.derivedData/SDKExplicitPrecompiledModules/_Builtin_stddef-5OH846KKUPSJJT7GCX9XU1TKG.pcm
SwiftExplicitDependencyGeneratePcm arm64 /Users/admin/builder/spi-builder-workspace/.derivedData/SDKExplicitPrecompiledModules/_AvailabilityInternal-42EVAC8Q6P1ZT6G3A168N97G4.pcm
SwiftExplicitDependencyGeneratePcm arm64 /Users/admin/builder/spi-builder-workspace/.derivedData/SDKExplicitPrecompiledModules/_Builtin_stdbool-B692L2PMR118794VVYBG37897.pcm
SwiftExplicitDependencyGeneratePcm arm64 /Users/admin/builder/spi-builder-workspace/.derivedData/SDKExplicitPrecompiledModules/ptrcheck-8K07997SIHO7YGY7UQ3LOQ3TJ.pcm
SwiftExplicitDependencyGeneratePcm arm64_32 /Users/admin/builder/spi-builder-workspace/.derivedData/SDKExplicitPrecompiledModules/_Builtin_stddef-2F9BFIPBQ5EWNSK5G7G7V4EKL.pcm
SwiftExplicitDependencyGeneratePcm arm64_32 /Users/admin/builder/spi-builder-workspace/.derivedData/SDKExplicitPrecompiledModules/_Builtin_float-372PLGDQ1U3B6Z5EA5DJMDORJ.pcm
SwiftExplicitDependencyGeneratePcm arm64_32 /Users/admin/builder/spi-builder-workspace/.derivedData/SDKExplicitPrecompiledModules/_AvailabilityInternal-22ZP1ILSQW16KHXZS5GBZHOCS.pcm
SwiftExplicitDependencyGeneratePcm arm64_32 /Users/admin/builder/spi-builder-workspace/.derivedData/SDKExplicitPrecompiledModules/ptrcheck-EAZ3I917ZFA9H6ZCL6PGLG4TR.pcm
SwiftExplicitDependencyGeneratePcm arm64_32 /Users/admin/builder/spi-builder-workspace/.derivedData/SDKExplicitPrecompiledModules/_Builtin_stdarg-EYJP6DFYQL9GJLH1TJ84A8MHV.pcm
SwiftExplicitDependencyGeneratePcm arm64_32 /Users/admin/builder/spi-builder-workspace/.derivedData/SDKExplicitPrecompiledModules/_Builtin_stdbool-84ZA1VDW90AGWZ2LF5KOCM8DZ.pcm
SwiftExplicitDependencyGeneratePcm arm64_32 /Users/admin/builder/spi-builder-workspace/.derivedData/SDKExplicitPrecompiledModules/SwiftShims-D9VBB138U50XYYGW2C2V21N3L.pcm
SwiftExplicitDependencyGeneratePcm arm64 /Users/admin/builder/spi-builder-workspace/.derivedData/SDKExplicitPrecompiledModules/_Builtin_stdarg-3X4KLXUYEI0UGBILP4X7D0CYW.pcm
SwiftExplicitDependencyGeneratePcm arm64 /Users/admin/builder/spi-builder-workspace/.derivedData/SDKExplicitPrecompiledModules/_Builtin_float-E4M4A8689VXF1T7P7BV56IKBT.pcm
SwiftExplicitDependencyGeneratePcm arm64 /Users/admin/builder/spi-builder-workspace/.derivedData/SDKExplicitPrecompiledModules/ptrauth-C7VQASAJ967Q4Q6SRD4I3CFWZ.pcm
SwiftExplicitDependencyGeneratePcm arm64 /Users/admin/builder/spi-builder-workspace/.derivedData/SDKExplicitPrecompiledModules/_SwiftConcurrencyShims-CTPSFSTDCBVSSQFHL6I305U72.pcm
SwiftExplicitDependencyGeneratePcm arm64 /Users/admin/builder/spi-builder-workspace/.derivedData/SDKExplicitPrecompiledModules/SwiftShims-AJ4AZYHQNC33R5RLN7AGEIOMP.pcm
PrecompileModule /Users/admin/builder/spi-builder-workspace/.derivedData/Build/Intermediates.noindex/ExplicitPrecompiledModules/_DarwinFoundation1-BSFTAH7FLKWQ3UY3PT7EWIGBW.scan
    cd /
    builtin-precompileModule /Users/admin/builder/spi-builder-workspace/.derivedData/Build/Intermediates.noindex/ExplicitPrecompiledModules/_DarwinFoundation1-BSFTAH7FLKWQ3UY3PT7EWIGBW.scan
PrecompileModule /Users/admin/builder/spi-builder-workspace/.derivedData/Build/Intermediates.noindex/ExplicitPrecompiledModules/_Builtin_stddef-32J0TCP5HN4NIVMG7XHGJZ64T.scan
    cd /
    builtin-precompileModule /Users/admin/builder/spi-builder-workspace/.derivedData/Build/Intermediates.noindex/ExplicitPrecompiledModules/_Builtin_stddef-32J0TCP5HN4NIVMG7XHGJZ64T.scan
SwiftExplicitDependencyGeneratePcm arm64_32 /Users/admin/builder/spi-builder-workspace/.derivedData/SDKExplicitPrecompiledModules/_DarwinFoundation1-5SNIO0SFHX9KJZTLQGIPAPXUZ.pcm
PrecompileModule /Users/admin/builder/spi-builder-workspace/.derivedData/Build/Intermediates.noindex/ExplicitPrecompiledModules/_AvailabilityInternal-5KHWJAEPIAF4VLDF9WCW8MI6R.scan
    cd /
    builtin-precompileModule /Users/admin/builder/spi-builder-workspace/.derivedData/Build/Intermediates.noindex/ExplicitPrecompiledModules/_AvailabilityInternal-5KHWJAEPIAF4VLDF9WCW8MI6R.scan
PrecompileModule /Users/admin/builder/spi-builder-workspace/.derivedData/Build/Intermediates.noindex/ExplicitPrecompiledModules/ptrcheck-5ZD62F9H2SV76Z4J23TUIOQSP.scan
    cd /
    builtin-precompileModule /Users/admin/builder/spi-builder-workspace/.derivedData/Build/Intermediates.noindex/ExplicitPrecompiledModules/ptrcheck-5ZD62F9H2SV76Z4J23TUIOQSP.scan
PrecompileModule /Users/admin/builder/spi-builder-workspace/.derivedData/Build/Intermediates.noindex/ExplicitPrecompiledModules/_Builtin_stdarg-D5AX20Z9XO3QDRMDRRLUBP87P.scan
    cd /
    builtin-precompileModule /Users/admin/builder/spi-builder-workspace/.derivedData/Build/Intermediates.noindex/ExplicitPrecompiledModules/_Builtin_stdarg-D5AX20Z9XO3QDRMDRRLUBP87P.scan
SwiftExplicitDependencyGeneratePcm arm64 /Users/admin/builder/spi-builder-workspace/.derivedData/SDKExplicitPrecompiledModules/_DarwinFoundation1-7YQ9TVI7XTOGQU9OADRXP33D1.pcm
PrecompileModule /Users/admin/builder/spi-builder-workspace/.derivedData/Build/Intermediates.noindex/ExplicitPrecompiledModules/_DarwinFoundation1-CB5CLVQHNLSW4CWC91U6XKBZC.scan
    cd /
    builtin-precompileModule /Users/admin/builder/spi-builder-workspace/.derivedData/Build/Intermediates.noindex/ExplicitPrecompiledModules/_DarwinFoundation1-CB5CLVQHNLSW4CWC91U6XKBZC.scan
PrecompileModule /Users/admin/builder/spi-builder-workspace/.derivedData/Build/Intermediates.noindex/ExplicitPrecompiledModules/_Builtin_limits-10OBQ90G83LQBBTN4Q2S7QXC.scan
    cd /
    builtin-precompileModule /Users/admin/builder/spi-builder-workspace/.derivedData/Build/Intermediates.noindex/ExplicitPrecompiledModules/_Builtin_limits-10OBQ90G83LQBBTN4Q2S7QXC.scan
PrecompileModule /Users/admin/builder/spi-builder-workspace/.derivedData/Build/Intermediates.noindex/ExplicitPrecompiledModules/_DarwinFoundation2-AK040SVJDDOV6L5TPPQRW12S9.scan
    cd /
    builtin-precompileModule /Users/admin/builder/spi-builder-workspace/.derivedData/Build/Intermediates.noindex/ExplicitPrecompiledModules/_DarwinFoundation2-AK040SVJDDOV6L5TPPQRW12S9.scan
SwiftExplicitDependencyGeneratePcm arm64_32 /Users/admin/builder/spi-builder-workspace/.derivedData/SDKExplicitPrecompiledModules/_DarwinFoundation2-FP2Q8F1Q2HR151SBYKTU6Q8B.pcm
SwiftExplicitDependencyGeneratePcm arm64_32 /Users/admin/builder/spi-builder-workspace/.derivedData/SDKExplicitPrecompiledModules/_Builtin_limits-AQMEC9CLG0FZQN6TLGDQ6WF78.pcm
PrecompileModule /Users/admin/builder/spi-builder-workspace/.derivedData/Build/Intermediates.noindex/ExplicitPrecompiledModules/_DarwinFoundation2-DV29VFFMWW4YXVD6R34COO3X6.scan
    cd /
    builtin-precompileModule /Users/admin/builder/spi-builder-workspace/.derivedData/Build/Intermediates.noindex/ExplicitPrecompiledModules/_DarwinFoundation2-DV29VFFMWW4YXVD6R34COO3X6.scan
PrecompileModule /Users/admin/builder/spi-builder-workspace/.derivedData/Build/Intermediates.noindex/ExplicitPrecompiledModules/_Builtin_limits-7J1YEYEHS7W2EL1SNW7TGO5KY.scan
    cd /
    builtin-precompileModule /Users/admin/builder/spi-builder-workspace/.derivedData/Build/Intermediates.noindex/ExplicitPrecompiledModules/_Builtin_limits-7J1YEYEHS7W2EL1SNW7TGO5KY.scan
SwiftExplicitDependencyGeneratePcm arm64 /Users/admin/builder/spi-builder-workspace/.derivedData/SDKExplicitPrecompiledModules/_Builtin_limits-75TRA1C7IHYOFCG3KJXQVTHJ4.pcm
SwiftExplicitDependencyGeneratePcm arm64 /Users/admin/builder/spi-builder-workspace/.derivedData/SDKExplicitPrecompiledModules/_DarwinFoundation2-CUPL4FH2SA95GMALQP4M6O8UA.pcm
PrecompileModule /Users/admin/builder/spi-builder-workspace/.derivedData/Build/Intermediates.noindex/ExplicitPrecompiledModules/_Builtin_stdint-1DN2VCUJUAL2YWWVYVJ65C52R.scan
    cd /
    builtin-precompileModule /Users/admin/builder/spi-builder-workspace/.derivedData/Build/Intermediates.noindex/ExplicitPrecompiledModules/_Builtin_stdint-1DN2VCUJUAL2YWWVYVJ65C52R.scan
PrecompileModule /Users/admin/builder/spi-builder-workspace/.derivedData/Build/Intermediates.noindex/ExplicitPrecompiledModules/_Builtin_stdint-61DBY1OPUMSQTI3GB2MXHOOX9.scan
    cd /
    builtin-precompileModule /Users/admin/builder/spi-builder-workspace/.derivedData/Build/Intermediates.noindex/ExplicitPrecompiledModules/_Builtin_stdint-61DBY1OPUMSQTI3GB2MXHOOX9.scan
SwiftExplicitDependencyGeneratePcm arm64_32 /Users/admin/builder/spi-builder-workspace/.derivedData/SDKExplicitPrecompiledModules/sys_types-65NN51P1G7GN2GUAUPC53JJ7N.pcm
SwiftExplicitDependencyGeneratePcm arm64_32 /Users/admin/builder/spi-builder-workspace/.derivedData/SDKExplicitPrecompiledModules/string_h-8QY7P4ZQXQAF14WVDITTM4R70.pcm
SwiftExplicitDependencyGeneratePcm arm64_32 /Users/admin/builder/spi-builder-workspace/.derivedData/SDKExplicitPrecompiledModules/_Builtin_stdint-6IWJLTRH2WB6RCG4THPA65RDS.pcm
PrecompileModule /Users/admin/builder/spi-builder-workspace/.derivedData/Build/Intermediates.noindex/ExplicitPrecompiledModules/_DarwinFoundation3-4OJ47XYDMFR3WB1E29TTJV59R.scan
    cd /
    builtin-precompileModule /Users/admin/builder/spi-builder-workspace/.derivedData/Build/Intermediates.noindex/ExplicitPrecompiledModules/_DarwinFoundation3-4OJ47XYDMFR3WB1E29TTJV59R.scan
PrecompileModule /Users/admin/builder/spi-builder-workspace/.derivedData/Build/Intermediates.noindex/ExplicitPrecompiledModules/_DarwinFoundation3-AI769PFXZYEQFCHXEV0Z7SRDK.scan
    cd /
    builtin-precompileModule /Users/admin/builder/spi-builder-workspace/.derivedData/Build/Intermediates.noindex/ExplicitPrecompiledModules/_DarwinFoundation3-AI769PFXZYEQFCHXEV0Z7SRDK.scan
SwiftExplicitDependencyGeneratePcm arm64 /Users/admin/builder/spi-builder-workspace/.derivedData/SDKExplicitPrecompiledModules/string_h-4N9Z22C0HUO8GV7GFPCLZRZA2.pcm
SwiftExplicitDependencyGeneratePcm arm64 /Users/admin/builder/spi-builder-workspace/.derivedData/SDKExplicitPrecompiledModules/_Builtin_stdint-6TUACK4YPMARFT56PLIO388SJ.pcm
SwiftExplicitDependencyGeneratePcm arm64 /Users/admin/builder/spi-builder-workspace/.derivedData/SDKExplicitPrecompiledModules/sys_types-9KPVYINL86WUSHF45TU8PWZZ1.pcm
SwiftExplicitDependencyGeneratePcm arm64_32 /Users/admin/builder/spi-builder-workspace/.derivedData/SDKExplicitPrecompiledModules/_DarwinFoundation3-3YOBOPIW2MF1LRNQH7JBUBY4G.pcm
PrecompileModule /Users/admin/builder/spi-builder-workspace/.derivedData/Build/Intermediates.noindex/ExplicitPrecompiledModules/_Builtin_inttypes-DNPLEQ3C6ZIORX23PRCHF6MDR.scan
    cd /
    builtin-precompileModule /Users/admin/builder/spi-builder-workspace/.derivedData/Build/Intermediates.noindex/ExplicitPrecompiledModules/_Builtin_inttypes-DNPLEQ3C6ZIORX23PRCHF6MDR.scan
PrecompileModule /Users/admin/builder/spi-builder-workspace/.derivedData/Build/Intermediates.noindex/ExplicitPrecompiledModules/_Builtin_inttypes-7IWSIB5A64UX7RGYFDVUN4MLV.scan
    cd /
    builtin-precompileModule /Users/admin/builder/spi-builder-workspace/.derivedData/Build/Intermediates.noindex/ExplicitPrecompiledModules/_Builtin_inttypes-7IWSIB5A64UX7RGYFDVUN4MLV.scan
SwiftExplicitDependencyGeneratePcm arm64 /Users/admin/builder/spi-builder-workspace/.derivedData/SDKExplicitPrecompiledModules/_DarwinFoundation3-EJXZKD8LN9EYM9OWP9VLJ49PK.pcm
PrecompileModule /Users/admin/builder/spi-builder-workspace/.derivedData/Build/Intermediates.noindex/ExplicitPrecompiledModules/Darwin-DTLKT4AI9OMTC3X6G5MCOVFM6.scan
    cd /
    builtin-precompileModule /Users/admin/builder/spi-builder-workspace/.derivedData/Build/Intermediates.noindex/ExplicitPrecompiledModules/Darwin-DTLKT4AI9OMTC3X6G5MCOVFM6.scan
PrecompileModule /Users/admin/builder/spi-builder-workspace/.derivedData/Build/Intermediates.noindex/ExplicitPrecompiledModules/Darwin-8ABAJUDPXABCA6LV3MTOFU6N2.scan
    cd /
    builtin-precompileModule /Users/admin/builder/spi-builder-workspace/.derivedData/Build/Intermediates.noindex/ExplicitPrecompiledModules/Darwin-8ABAJUDPXABCA6LV3MTOFU6N2.scan
SwiftExplicitDependencyGeneratePcm arm64_32 /Users/admin/builder/spi-builder-workspace/.derivedData/SDKExplicitPrecompiledModules/_Builtin_inttypes-BPZJ68HW1IMYWSHROAZ0IMUJP.pcm
SwiftExplicitDependencyGeneratePcm arm64 /Users/admin/builder/spi-builder-workspace/.derivedData/SDKExplicitPrecompiledModules/_Builtin_inttypes-86YTNV5YADPJXFMJ82N3R4GWQ.pcm
SwiftExplicitDependencyGeneratePcm arm64_32 /Users/admin/builder/spi-builder-workspace/.derivedData/SDKExplicitPrecompiledModules/Darwin-10D35ZJWCWG7LJAF579U7I5V7.pcm
SwiftExplicitDependencyGeneratePcm arm64 /Users/admin/builder/spi-builder-workspace/.derivedData/SDKExplicitPrecompiledModules/Darwin-CSB8C43KELVSFIQVR0803IZPN.pcm
PrecompileModule /Users/admin/builder/spi-builder-workspace/.derivedData/Build/Intermediates.noindex/ExplicitPrecompiledModules/ObjectiveC-CA45MPA12DT4YZOS3NE4HJ1N8.scan
    cd /
    builtin-precompileModule /Users/admin/builder/spi-builder-workspace/.derivedData/Build/Intermediates.noindex/ExplicitPrecompiledModules/ObjectiveC-CA45MPA12DT4YZOS3NE4HJ1N8.scan
PrecompileModule /Users/admin/builder/spi-builder-workspace/.derivedData/Build/Intermediates.noindex/ExplicitPrecompiledModules/ObjectiveC-676UZX8FZB1QZZPKNUIVD1Z6F.scan
    cd /
    builtin-precompileModule /Users/admin/builder/spi-builder-workspace/.derivedData/Build/Intermediates.noindex/ExplicitPrecompiledModules/ObjectiveC-676UZX8FZB1QZZPKNUIVD1Z6F.scan
PrecompileModule /Users/admin/builder/spi-builder-workspace/.derivedData/Build/Intermediates.noindex/ExplicitPrecompiledModules/os_object-8YR65MDD54F31WYVQG30NAH22.scan
    cd /
    builtin-precompileModule /Users/admin/builder/spi-builder-workspace/.derivedData/Build/Intermediates.noindex/ExplicitPrecompiledModules/os_object-8YR65MDD54F31WYVQG30NAH22.scan
PrecompileModule /Users/admin/builder/spi-builder-workspace/.derivedData/Build/Intermediates.noindex/ExplicitPrecompiledModules/os_object-5PEWSQRABJSEO85A520BYG4ZA.scan
    cd /
    builtin-precompileModule /Users/admin/builder/spi-builder-workspace/.derivedData/Build/Intermediates.noindex/ExplicitPrecompiledModules/os_object-5PEWSQRABJSEO85A520BYG4ZA.scan
PrecompileModule /Users/admin/builder/spi-builder-workspace/.derivedData/Build/Intermediates.noindex/ExplicitPrecompiledModules/os_workgroup-9B39Z9AFNS04YLTX29WI6B9AE.scan
    cd /
    builtin-precompileModule /Users/admin/builder/spi-builder-workspace/.derivedData/Build/Intermediates.noindex/ExplicitPrecompiledModules/os_workgroup-9B39Z9AFNS04YLTX29WI6B9AE.scan
PrecompileModule /Users/admin/builder/spi-builder-workspace/.derivedData/Build/Intermediates.noindex/ExplicitPrecompiledModules/os_workgroup-PZRQ751DN54HYI158OXH8D7R.scan
    cd /
    builtin-precompileModule /Users/admin/builder/spi-builder-workspace/.derivedData/Build/Intermediates.noindex/ExplicitPrecompiledModules/os_workgroup-PZRQ751DN54HYI158OXH8D7R.scan
PrecompileModule /Users/admin/builder/spi-builder-workspace/.derivedData/Build/Intermediates.noindex/ExplicitPrecompiledModules/Dispatch-CR1PS97023ZM1NG6DJGSHYM9T.scan
    cd /
    builtin-precompileModule /Users/admin/builder/spi-builder-workspace/.derivedData/Build/Intermediates.noindex/ExplicitPrecompiledModules/Dispatch-CR1PS97023ZM1NG6DJGSHYM9T.scan
PrecompileModule /Users/admin/builder/spi-builder-workspace/.derivedData/Build/Intermediates.noindex/ExplicitPrecompiledModules/Dispatch-2EF87MRUD9MKLK9G71SRXZS5V.scan
    cd /
    builtin-precompileModule /Users/admin/builder/spi-builder-workspace/.derivedData/Build/Intermediates.noindex/ExplicitPrecompiledModules/Dispatch-2EF87MRUD9MKLK9G71SRXZS5V.scan
SwiftExplicitDependencyGeneratePcm arm64_32 /Users/admin/builder/spi-builder-workspace/.derivedData/SDKExplicitPrecompiledModules/ObjectiveC-71AGZNHLBMR2QK817EJNUN54E.pcm
SwiftExplicitDependencyGeneratePcm arm64 /Users/admin/builder/spi-builder-workspace/.derivedData/SDKExplicitPrecompiledModules/ObjectiveC-22CZPC4WYQC9G8T393WT2KKLW.pcm
PrecompileModule /Users/admin/builder/spi-builder-workspace/.derivedData/Build/Intermediates.noindex/ExplicitPrecompiledModules/CoreFoundation-9AO6XIBF54JIFKH8N5WYTPRZE.scan
    cd /
    builtin-precompileModule /Users/admin/builder/spi-builder-workspace/.derivedData/Build/Intermediates.noindex/ExplicitPrecompiledModules/CoreFoundation-9AO6XIBF54JIFKH8N5WYTPRZE.scan
PrecompileModule /Users/admin/builder/spi-builder-workspace/.derivedData/Build/Intermediates.noindex/ExplicitPrecompiledModules/XPC-NDTS862OMKO1CNFE31MHWDUK.scan
    cd /
    builtin-precompileModule /Users/admin/builder/spi-builder-workspace/.derivedData/Build/Intermediates.noindex/ExplicitPrecompiledModules/XPC-NDTS862OMKO1CNFE31MHWDUK.scan
PrecompileModule /Users/admin/builder/spi-builder-workspace/.derivedData/Build/Intermediates.noindex/ExplicitPrecompiledModules/CoreFoundation-SX798GSUGO9I1O8CLKZ2OTHK.scan
    cd /
    builtin-precompileModule /Users/admin/builder/spi-builder-workspace/.derivedData/Build/Intermediates.noindex/ExplicitPrecompiledModules/CoreFoundation-SX798GSUGO9I1O8CLKZ2OTHK.scan
PrecompileModule /Users/admin/builder/spi-builder-workspace/.derivedData/Build/Intermediates.noindex/ExplicitPrecompiledModules/XPC-17RI9C0699LD7YW9EB1OEJQGT.scan
    cd /
    builtin-precompileModule /Users/admin/builder/spi-builder-workspace/.derivedData/Build/Intermediates.noindex/ExplicitPrecompiledModules/XPC-17RI9C0699LD7YW9EB1OEJQGT.scan
SwiftExplicitDependencyGeneratePcm arm64_32 /Users/admin/builder/spi-builder-workspace/.derivedData/SDKExplicitPrecompiledModules/os_object-CTXVQBCWDOH6JHUXIFDUOWFRL.pcm
SwiftExplicitDependencyGeneratePcm arm64 /Users/admin/builder/spi-builder-workspace/.derivedData/SDKExplicitPrecompiledModules/os_object-6KYGGZ4DPVZ3BBAZ6QICZN8LI.pcm
PrecompileModule /Users/admin/builder/spi-builder-workspace/.derivedData/Build/Intermediates.noindex/ExplicitPrecompiledModules/Security-5TBBR4YSZDAEQMQ0HH98IP5X8.scan
    cd /
    builtin-precompileModule /Users/admin/builder/spi-builder-workspace/.derivedData/Build/Intermediates.noindex/ExplicitPrecompiledModules/Security-5TBBR4YSZDAEQMQ0HH98IP5X8.scan
PrecompileModule /Users/admin/builder/spi-builder-workspace/.derivedData/Build/Intermediates.noindex/ExplicitPrecompiledModules/Security-EW5R5LNPUJP0PDDEAKCJKN2ET.scan
    cd /
    builtin-precompileModule /Users/admin/builder/spi-builder-workspace/.derivedData/Build/Intermediates.noindex/ExplicitPrecompiledModules/Security-EW5R5LNPUJP0PDDEAKCJKN2ET.scan
SwiftExplicitDependencyGeneratePcm arm64_32 /Users/admin/builder/spi-builder-workspace/.derivedData/SDKExplicitPrecompiledModules/os_workgroup-9L9R05BT5LTFRZ2NM68BZTVV2.pcm
SwiftExplicitDependencyGeneratePcm arm64 /Users/admin/builder/spi-builder-workspace/.derivedData/SDKExplicitPrecompiledModules/os_workgroup-AHE7ULDQBKER38CYPIKDTZF4M.pcm
PrecompileModule /Users/admin/builder/spi-builder-workspace/.derivedData/Build/Intermediates.noindex/ExplicitPrecompiledModules/Foundation-CM7PM8B51D9FDUGY7I5Z1R43I.scan
    cd /
    builtin-precompileModule /Users/admin/builder/spi-builder-workspace/.derivedData/Build/Intermediates.noindex/ExplicitPrecompiledModules/Foundation-CM7PM8B51D9FDUGY7I5Z1R43I.scan
PrecompileModule /Users/admin/builder/spi-builder-workspace/.derivedData/Build/Intermediates.noindex/ExplicitPrecompiledModules/Foundation-B8UX3D1BLDKLUFDO97GHFWJBB.scan
    cd /
    builtin-precompileModule /Users/admin/builder/spi-builder-workspace/.derivedData/Build/Intermediates.noindex/ExplicitPrecompiledModules/Foundation-B8UX3D1BLDKLUFDO97GHFWJBB.scan
SwiftExplicitDependencyGeneratePcm arm64_32 /Users/admin/builder/spi-builder-workspace/.derivedData/SDKExplicitPrecompiledModules/Dispatch-CGIMI9KQKHNRQHR2IECIPRG14.pcm
SwiftExplicitDependencyGeneratePcm arm64 /Users/admin/builder/spi-builder-workspace/.derivedData/SDKExplicitPrecompiledModules/Dispatch-39VR0G01IUJ09PQKMFGOHXZ4L.pcm
SwiftExplicitDependencyGeneratePcm arm64_32 /Users/admin/builder/spi-builder-workspace/.derivedData/SDKExplicitPrecompiledModules/XPC-7SLKI45KYLKXH9QET2WYS3UZ4.pcm
SwiftExplicitDependencyGeneratePcm arm64_32 /Users/admin/builder/spi-builder-workspace/.derivedData/SDKExplicitPrecompiledModules/CoreFoundation-76B9WJP9MDYT33HZQVSNNZQZD.pcm
SwiftExplicitDependencyGeneratePcm arm64 /Users/admin/builder/spi-builder-workspace/.derivedData/SDKExplicitPrecompiledModules/CoreFoundation-59XKO8YNRGGYNC5U5LK8B4EM.pcm
SwiftExplicitDependencyGeneratePcm arm64 /Users/admin/builder/spi-builder-workspace/.derivedData/SDKExplicitPrecompiledModules/XPC-650JAZBTM6I0OMHYO6CKM0CWJ.pcm
SwiftExplicitDependencyGeneratePcm arm64_32 /Users/admin/builder/spi-builder-workspace/.derivedData/SDKExplicitPrecompiledModules/Security-1W411BS4UH2UNMNII2341429S.pcm
SwiftExplicitDependencyGeneratePcm arm64 /Users/admin/builder/spi-builder-workspace/.derivedData/SDKExplicitPrecompiledModules/Security-69WNGEAVQP55EDBQHP3BLE8QU.pcm
CompileC /Users/admin/builder/spi-builder-workspace/.derivedData/Build/Intermediates.noindex/ExceptionCatcher.build/Debug-watchos/ExceptionCatcherInternal-t.build/Objects-normal/arm64_32/ExceptionCatcher.o /Users/admin/builder/spi-builder-workspace/.dependencies/checkouts/ExceptionCatcher/Sources/ExceptionCatcherInternal/ExceptionCatcher.m normal arm64_32 objective-c com.apple.compilers.llvm.clang.1_0.compiler (in target 'ExceptionCatcherInternal' from project 'ExceptionCatcher')
    cd /Users/admin/builder/spi-builder-workspace/.swiftpm/xcode

    Using response file: /Users/admin/builder/spi-builder-workspace/.derivedData/Build/Intermediates.noindex/ExceptionCatcher.build/Debug-watchos/ExceptionCatcherInternal-t.build/Objects-normal/arm64_32/e6072d4f65d7061329687fe24e3d63a7-common-args.resp

    /Applications/Xcode-27.0.0-Release.Candidate.app/Contents/Developer/Toolchains/XcodeDefault.xctoolchain/usr/bin/clang -x objective-c -ivfsstatcache /Users/admin/builder/spi-builder-workspace/.derivedData/SDKStatCaches.noindex/watchos27.0-24R360-e829b21a6f8c9b70876ba0858053c04477534ef55a1706bf4c1112bbb242f0a2.sdkstatcache -target arm64_32-apple-watchos9.0 -fmessage-length\=0 -fdiagnostics-show-note-include-stack -fmacro-backtrace-limit\=0 -fno-color-diagnostics -fmodules-prune-interval\=86400 -fmodules-prune-after\=345600 -fbuild-session-file\=/Users/admin/builder/spi-builder-workspace/.derivedData/ModuleCache.noindex/Session.modulevalidation -fmodules-validate-once-per-build-session -Wnon-modular-include-in-framework-module -Werror\=non-modular-include-in-framework-module -Wno-trigraphs -Wno-missing-field-initializers -Wno-missing-prototypes -Wno-return-type -Wno-implicit-atomic-properties -Wno-objc-interface-ivars -Wno-arc-repeated-use-of-weak -Wno-missing-braces -Wparentheses -Wswitch -Wno-unused-function -Wno-unused-label -Wno-unused-parameter -Wno-unused-variable -Wunused-value -Wno-empty-body -Wno-uninitialized -Wno-unknown-pragmas -w -Wno-shadow -Wno-four-char-constants -Wno-conversion -Wno-constant-conversion -Wno-int-conversion -Wno-bool-conversion -Wno-enum-conversion -Wno-float-conversion -Wno-non-literal-null-conversion -Wno-objc-literal-conversion -Wno-shorten-64-to-32 -Wpointer-sign -Wno-newline-eof -Wno-selector -Wno-strict-selector-match -Wno-undeclared-selector -Wno-deprecated-implementations -Wno-implicit-fallthrough -isysroot /Applications/Xcode-27.0.0-Release.Candidate.app/Contents/Developer/Platforms/WatchOS.platform/Developer/SDKs/WatchOS27.0.sdk -fstrict-aliasing -Wprotocol -Wdeprecated-declarations -Wno-sign-conversion -Wno-infinite-recursion -Wno-comma -Wno-block-capture-autoreleasing -Wno-strict-prototypes -Wno-semicolon-before-method-body -index-store-path /Users/admin/builder/spi-builder-workspace/.derivedData/Index.noindex/DataStore @/Users/admin/builder/spi-builder-workspace/.derivedData/Build/Intermediates.noindex/ExceptionCatcher.build/Debug-watchos/ExceptionCatcherInternal-t.build/Objects-normal/arm64_32/e6072d4f65d7061329687fe24e3d63a7-common-args.resp -MMD -MT dependencies -MF /Users/admin/builder/spi-builder-workspace/.derivedData/Build/Intermediates.noindex/ExceptionCatcher.build/Debug-watchos/ExceptionCatcherInternal-t.build/Objects-normal/arm64_32/ExceptionCatcher.d --serialize-diagnostics /Users/admin/builder/spi-builder-workspace/.derivedData/Build/Intermediates.noindex/ExceptionCatcher.build/Debug-watchos/ExceptionCatcherInternal-t.build/Objects-normal/arm64_32/ExceptionCatcher.dia -c /Users/admin/builder/spi-builder-workspace/.dependencies/checkouts/ExceptionCatcher/Sources/ExceptionCatcherInternal/ExceptionCatcher.m -o /Users/admin/builder/spi-builder-workspace/.derivedData/Build/Intermediates.noindex/ExceptionCatcher.build/Debug-watchos/ExceptionCatcherInternal-t.build/Objects-normal/arm64_32/ExceptionCatcher.o -index-unit-output-path /ExceptionCatcher.build/Debug-watchos/ExceptionCatcherInternal-t.build/Objects-normal/arm64_32/ExceptionCatcher.o
CompileC /Users/admin/builder/spi-builder-workspace/.derivedData/Build/Intermediates.noindex/ExceptionCatcher.build/Debug-watchos/ExceptionCatcherInternal-t.build/Objects-normal/arm64/ExceptionCatcher.o /Users/admin/builder/spi-builder-workspace/.dependencies/checkouts/ExceptionCatcher/Sources/ExceptionCatcherInternal/ExceptionCatcher.m normal arm64 objective-c com.apple.compilers.llvm.clang.1_0.compiler (in target 'ExceptionCatcherInternal' from project 'ExceptionCatcher')
    cd /Users/admin/builder/spi-builder-workspace/.swiftpm/xcode

    Using response file: /Users/admin/builder/spi-builder-workspace/.derivedData/Build/Intermediates.noindex/ExceptionCatcher.build/Debug-watchos/ExceptionCatcherInternal-t.build/Objects-normal/arm64/e6072d4f65d7061329687fe24e3d63a7-common-args.resp

    /Applications/Xcode-27.0.0-Release.Candidate.app/Contents/Developer/Toolchains/XcodeDefault.xctoolchain/usr/bin/clang -x objective-c -ivfsstatcache /Users/admin/builder/spi-builder-workspace/.derivedData/SDKStatCaches.noindex/watchos27.0-24R360-e829b21a6f8c9b70876ba0858053c04477534ef55a1706bf4c1112bbb242f0a2.sdkstatcache -target arm64-apple-watchos9.0 -fmessage-length\=0 -fdiagnostics-show-note-include-stack -fmacro-backtrace-limit\=0 -fno-color-diagnostics -fmodules-prune-interval\=86400 -fmodules-prune-after\=345600 -fbuild-session-file\=/Users/admin/builder/spi-builder-workspace/.derivedData/ModuleCache.noindex/Session.modulevalidation -fmodules-validate-once-per-build-session -Wnon-modular-include-in-framework-module -Werror\=non-modular-include-in-framework-module -Wno-trigraphs -Wno-missing-field-initializers -Wno-missing-prototypes -Wno-return-type -Wno-implicit-atomic-properties -Wno-objc-interface-ivars -Wno-arc-repeated-use-of-weak -Wno-missing-braces -Wparentheses -Wswitch -Wno-unused-function -Wno-unused-label -Wno-unused-parameter -Wno-unused-variable -Wunused-value -Wno-empty-body -Wno-uninitialized -Wno-unknown-pragmas -w -Wno-shadow -Wno-four-char-constants -Wno-conversion -Wno-constant-conversion -Wno-int-conversion -Wno-bool-conversion -Wno-enum-conversion -Wno-float-conversion -Wno-non-literal-null-conversion -Wno-objc-literal-conversion -Wshorten-64-to-32 -Wpointer-sign -Wno-newline-eof -Wno-selector -Wno-strict-selector-match -Wno-undeclared-selector -Wno-deprecated-implementations -Wno-implicit-fallthrough -isysroot /Applications/Xcode-27.0.0-Release.Candidate.app/Contents/Developer/Platforms/WatchOS.platform/Developer/SDKs/WatchOS27.0.sdk -fstrict-aliasing -Wprotocol -Wdeprecated-declarations -Wno-sign-conversion -Wno-infinite-recursion -Wno-comma -Wno-block-capture-autoreleasing -Wno-strict-prototypes -Wno-semicolon-before-method-body -index-store-path /Users/admin/builder/spi-builder-workspace/.derivedData/Index.noindex/DataStore @/Users/admin/builder/spi-builder-workspace/.derivedData/Build/Intermediates.noindex/ExceptionCatcher.build/Debug-watchos/ExceptionCatcherInternal-t.build/Objects-normal/arm64/e6072d4f65d7061329687fe24e3d63a7-common-args.resp -MMD -MT dependencies -MF /Users/admin/builder/spi-builder-workspace/.derivedData/Build/Intermediates.noindex/ExceptionCatcher.build/Debug-watchos/ExceptionCatcherInternal-t.build/Objects-normal/arm64/ExceptionCatcher.d --serialize-diagnostics /Users/admin/builder/spi-builder-workspace/.derivedData/Build/Intermediates.noindex/ExceptionCatcher.build/Debug-watchos/ExceptionCatcherInternal-t.build/Objects-normal/arm64/ExceptionCatcher.dia -c /Users/admin/builder/spi-builder-workspace/.dependencies/checkouts/ExceptionCatcher/Sources/ExceptionCatcherInternal/ExceptionCatcher.m -o /Users/admin/builder/spi-builder-workspace/.derivedData/Build/Intermediates.noindex/ExceptionCatcher.build/Debug-watchos/ExceptionCatcherInternal-t.build/Objects-normal/arm64/ExceptionCatcher.o -index-unit-output-path /ExceptionCatcher.build/Debug-watchos/ExceptionCatcherInternal-t.build/Objects-normal/arm64/ExceptionCatcher.o
Ld /Users/admin/builder/spi-builder-workspace/.derivedData/Build/Intermediates.noindex/ExceptionCatcher.build/Debug-watchos/ExceptionCatcherInternal-t.build/Objects-normal/arm64/Binary/ExceptionCatcherInternal.o normal arm64 (in target 'ExceptionCatcherInternal' from project 'ExceptionCatcher')
    cd /Users/admin/builder/spi-builder-workspace/.dependencies/checkouts/ExceptionCatcher
    /Applications/Xcode-27.0.0-Release.Candidate.app/Contents/Developer/Toolchains/XcodeDefault.xctoolchain/usr/bin/clang -Xlinker -reproducible -target arm64-apple-watchos9.0 -r -isysroot /Applications/Xcode-27.0.0-Release.Candidate.app/Contents/Developer/Platforms/WatchOS.platform/Developer/SDKs/WatchOS27.0.sdk -O0 -w -Xlinker -no_warn_duplicate_libraries -F/Users/admin/builder/spi-builder-workspace/.derivedData/Build/Intermediates.noindex/EagerLinkingTBDs/Debug-watchos -F/Users/admin/builder/spi-builder-workspace/.derivedData/Build/Products/Debug-watchos -iframework /Applications/Xcode-27.0.0-Release.Candidate.app/Contents/Developer/Platforms/WatchOS.platform/Developer/Library/Frameworks -iframework /Applications/Xcode-27.0.0-Release.Candidate.app/Contents/Developer/Platforms/WatchOS.platform/Developer/SDKs/WatchOS27.0.sdk/Developer/Library/Frameworks -filelist /Users/admin/builder/spi-builder-workspace/.derivedData/Build/Intermediates.noindex/ExceptionCatcher.build/Debug-watchos/ExceptionCatcherInternal-t.build/Objects-normal/arm64/ExceptionCatcherInternal.LinkFileList -nostdlib -Xlinker -object_path_lto -Xlinker /Users/admin/builder/spi-builder-workspace/.derivedData/Build/Intermediates.noindex/ExceptionCatcher.build/Debug-watchos/ExceptionCatcherInternal-t.build/Objects-normal/arm64/ExceptionCatcherInternal_lto.o -Xlinker -no_deduplicate -Xlinker -debug_variant -Xlinker -dependency_info -Xlinker /Users/admin/builder/spi-builder-workspace/.derivedData/Build/Intermediates.noindex/ExceptionCatcher.build/Debug-watchos/ExceptionCatcherInternal-t.build/Objects-normal/arm64/ExceptionCatcherInternal_dependency_info.dat -fobjc-arc -fobjc-link-runtime -o /Users/admin/builder/spi-builder-workspace/.derivedData/Build/Intermediates.noindex/ExceptionCatcher.build/Debug-watchos/ExceptionCatcherInternal-t.build/Objects-normal/arm64/Binary/ExceptionCatcherInternal.o
Ld /Users/admin/builder/spi-builder-workspace/.derivedData/Build/Intermediates.noindex/ExceptionCatcher.build/Debug-watchos/ExceptionCatcherInternal-t.build/Objects-normal/arm64_32/Binary/ExceptionCatcherInternal.o normal arm64_32 (in target 'ExceptionCatcherInternal' from project 'ExceptionCatcher')
    cd /Users/admin/builder/spi-builder-workspace/.dependencies/checkouts/ExceptionCatcher
    /Applications/Xcode-27.0.0-Release.Candidate.app/Contents/Developer/Toolchains/XcodeDefault.xctoolchain/usr/bin/clang -Xlinker -reproducible -target arm64_32-apple-watchos9.0 -r -isysroot /Applications/Xcode-27.0.0-Release.Candidate.app/Contents/Developer/Platforms/WatchOS.platform/Developer/SDKs/WatchOS27.0.sdk -O0 -w -Xlinker -no_warn_duplicate_libraries -F/Users/admin/builder/spi-builder-workspace/.derivedData/Build/Intermediates.noindex/EagerLinkingTBDs/Debug-watchos -F/Users/admin/builder/spi-builder-workspace/.derivedData/Build/Products/Debug-watchos -iframework /Applications/Xcode-27.0.0-Release.Candidate.app/Contents/Developer/Platforms/WatchOS.platform/Developer/Library/Frameworks -iframework /Applications/Xcode-27.0.0-Release.Candidate.app/Contents/Developer/Platforms/WatchOS.platform/Developer/SDKs/WatchOS27.0.sdk/Developer/Library/Frameworks -filelist /Users/admin/builder/spi-builder-workspace/.derivedData/Build/Intermediates.noindex/ExceptionCatcher.build/Debug-watchos/ExceptionCatcherInternal-t.build/Objects-normal/arm64_32/ExceptionCatcherInternal.LinkFileList -nostdlib -Xlinker -object_path_lto -Xlinker /Users/admin/builder/spi-builder-workspace/.derivedData/Build/Intermediates.noindex/ExceptionCatcher.build/Debug-watchos/ExceptionCatcherInternal-t.build/Objects-normal/arm64_32/ExceptionCatcherInternal_lto.o -Xlinker -no_deduplicate -Xlinker -debug_variant -Xlinker -dependency_info -Xlinker /Users/admin/builder/spi-builder-workspace/.derivedData/Build/Intermediates.noindex/ExceptionCatcher.build/Debug-watchos/ExceptionCatcherInternal-t.build/Objects-normal/arm64_32/ExceptionCatcherInternal_dependency_info.dat -fobjc-arc -fobjc-link-runtime -o /Users/admin/builder/spi-builder-workspace/.derivedData/Build/Intermediates.noindex/ExceptionCatcher.build/Debug-watchos/ExceptionCatcherInternal-t.build/Objects-normal/arm64_32/Binary/ExceptionCatcherInternal.o
SwiftExplicitDependencyGeneratePcm arm64_32 /Users/admin/builder/spi-builder-workspace/.derivedData/SDKExplicitPrecompiledModules/Foundation-AIQ30TCDC2B0LBUU6FPQZ0HWI.pcm
CreateUniversalBinary /Users/admin/builder/spi-builder-workspace/.derivedData/Build/Products/Debug-watchos/ExceptionCatcherInternal.o normal arm64\ arm64_32 (in target 'ExceptionCatcherInternal' from project 'ExceptionCatcher')
    cd /Users/admin/builder/spi-builder-workspace/.dependencies/checkouts/ExceptionCatcher
    /Applications/Xcode-27.0.0-Release.Candidate.app/Contents/Developer/Toolchains/XcodeDefault.xctoolchain/usr/bin/lipo -create /Users/admin/builder/spi-builder-workspace/.derivedData/Build/Intermediates.noindex/ExceptionCatcher.build/Debug-watchos/ExceptionCatcherInternal-t.build/Objects-normal/arm64/Binary/ExceptionCatcherInternal.o /Users/admin/builder/spi-builder-workspace/.derivedData/Build/Intermediates.noindex/ExceptionCatcher.build/Debug-watchos/ExceptionCatcherInternal-t.build/Objects-normal/arm64_32/Binary/ExceptionCatcherInternal.o -output /Users/admin/builder/spi-builder-workspace/.derivedData/Build/Products/Debug-watchos/ExceptionCatcherInternal.o
SwiftExplicitDependencyGeneratePcm arm64 /Users/admin/builder/spi-builder-workspace/.derivedData/SDKExplicitPrecompiledModules/Foundation-B3IXODHI7VO4VRX2RWRXLVJZT.pcm
SwiftExplicitDependencyGeneratePcm arm64_32 /Users/admin/builder/spi-builder-workspace/.derivedData/Build/Intermediates.noindex/SwiftExplicitPrecompiledModules/ExceptionCatcherInternal-DHRS3OJWW02OZVJN2RI90AETQ.pcm
SwiftExplicitDependencyGeneratePcm arm64 /Users/admin/builder/spi-builder-workspace/.derivedData/Build/Intermediates.noindex/SwiftExplicitPrecompiledModules/ExceptionCatcherInternal-3GXQOQ7RW6IA8TRIOMER9KAPI.pcm
SwiftEmitModule normal arm64_32 Emitting\ module\ for\ ExceptionCatcher (in target 'ExceptionCatcher' from project 'ExceptionCatcher')
SwiftCompile normal arm64_32 (in target 'ExceptionCatcher' from project 'ExceptionCatcher')
    cd /Users/admin/builder/spi-builder-workspace/.swiftpm/xcode

SwiftCompile normal arm64_32 Compiling\ ExceptionCatcher.swift /Users/admin/builder/spi-builder-workspace/.dependencies/checkouts/ExceptionCatcher/Sources/ExceptionCatcher/ExceptionCatcher.swift (in target 'ExceptionCatcher' from project 'ExceptionCatcher')
SwiftCompile normal arm64_32 /Users/admin/builder/spi-builder-workspace/.dependencies/checkouts/ExceptionCatcher/Sources/ExceptionCatcher/ExceptionCatcher.swift (in target 'ExceptionCatcher' from project 'ExceptionCatcher')
    cd /Users/admin/builder/spi-builder-workspace/.swiftpm/xcode
    builtin-SwiftPerFileCompile ExceptionCatcher.swift
SwiftCompile normal arm64 Compiling\ ExceptionCatcher.swift /Users/admin/builder/spi-builder-workspace/.dependencies/checkouts/ExceptionCatcher/Sources/ExceptionCatcher/ExceptionCatcher.swift (in target 'ExceptionCatcher' from project 'ExceptionCatcher')
SwiftCompile normal arm64 /Users/admin/builder/spi-builder-workspace/.dependencies/checkouts/ExceptionCatcher/Sources/ExceptionCatcher/ExceptionCatcher.swift (in target 'ExceptionCatcher' from project 'ExceptionCatcher')
    cd /Users/admin/builder/spi-builder-workspace/.swiftpm/xcode
    builtin-SwiftPerFileCompile ExceptionCatcher.swift
SwiftEmitModule normal arm64 Emitting\ module\ for\ ExceptionCatcher (in target 'ExceptionCatcher' from project 'ExceptionCatcher')
SwiftCompile normal arm64 (in target 'ExceptionCatcher' from project 'ExceptionCatcher')
    cd /Users/admin/builder/spi-builder-workspace/.swiftpm/xcode

SwiftDriverJobDiscovery normal arm64_32 Emitting module for ExceptionCatcher (in target 'ExceptionCatcher' from project 'ExceptionCatcher')
SwiftDriver\ Compilation\ Requirements ExceptionCatcher normal arm64_32 com.apple.xcode.tools.swift.compiler (in target 'ExceptionCatcher' from project 'ExceptionCatcher')
    cd /Users/admin/builder/spi-builder-workspace/.swiftpm/xcode
    builtin-Swift-Compilation-Requirements -- /Applications/Xcode-27.0.0-Release.Candidate.app/Contents/Developer/Toolchains/XcodeDefault.xctoolchain/usr/bin/swiftc -parse-as-library -module-name ExceptionCatcher -Onone @/Users/admin/builder/spi-builder-workspace/.derivedData/Build/Intermediates.noindex/ExceptionCatcher.build/Debug-watchos/ExceptionCatcher-t.build/Objects-normal/arm64_32/ExceptionCatcher.SwiftFileList -DSWIFT_PACKAGE -DDEBUG -DSWIFT_MODULE_RESOURCE_BUNDLE_UNAVAILABLE -Xcc -fmodule-map-file\=/Users/admin/builder/spi-builder-workspace/.derivedData/Build/Intermediates.noindex/GeneratedModuleMaps-watchos/ExceptionCatcherInternal.modulemap -DXcode -plugin-path /Applications/Xcode-27.0.0-Release.Candidate.app/Contents/Developer/Toolchains/XcodeDefault.xctoolchain/usr/lib/swift/host/plugins/testing -enable-experimental-feature DebugDescriptionMacro -sdk /Applications/Xcode-27.0.0-Release.Candidate.app/Contents/Developer/Platforms/WatchOS.platform/Developer/SDKs/WatchOS27.0.sdk -target arm64_32-apple-watchos9.0 -g -module-cache-path /Users/admin/builder/spi-builder-workspace/.derivedData/ModuleCache.noindex -Xfrontend -serialize-debugging-options -profile-coverage-mapping -profile-generate -enable-testing -suppress-warnings -index-store-path /Users/admin/builder/spi-builder-workspace/.derivedData/Index.noindex/DataStore -Xcc -D_LIBCPP_HARDENING_MODE\=_LIBCPP_HARDENING_MODE_DEBUG -swift-version 6 -I /Users/admin/builder/spi-builder-workspace/.derivedData/Build/Products/Debug-watchos -Isystem /Applications/Xcode-27.0.0-Release.Candidate.app/Contents/Developer/Platforms/WatchOS.platform/Developer/usr/lib -F /Users/admin/builder/spi-builder-workspace/.derivedData/Build/Products/Debug-watchos/PackageFrameworks -F /Users/admin/builder/spi-builder-workspace/.derivedData/Build/Products/Debug-watchos -F /Applications/Xcode-27.0.0-Release.Candidate.app/Contents/Developer/Platforms/WatchOS.platform/Developer/Library/Frameworks -F /Applications/Xcode-27.0.0-Release.Candidate.app/Contents/Developer/Platforms/WatchOS.platform/Developer/SDKs/WatchOS27.0.sdk/Developer/Library/Frameworks -c -j10 -enable-batch-mode -incremental -Xcc -ivfsstatcache -Xcc /Users/admin/builder/spi-builder-workspace/.derivedData/SDKStatCaches.noindex/watchos27.0-24R360-e829b21a6f8c9b70876ba0858053c04477534ef55a1706bf4c1112bbb242f0a2.sdkstatcache -output-file-map /Users/admin/builder/spi-builder-workspace/.derivedData/Build/Intermediates.noindex/ExceptionCatcher.build/Debug-watchos/ExceptionCatcher-t.build/Objects-normal/arm64_32/ExceptionCatcher-OutputFileMap.json -save-temps -no-color-diagnostics -explicit-module-build -module-cache-path /Users/admin/builder/spi-builder-workspace/.derivedData/Build/Intermediates.noindex/SwiftExplicitPrecompiledModules -clang-scanner-module-cache-path /Users/admin/builder/spi-builder-workspace/.derivedData/ModuleCache.noindex -sdk-module-cache-path /Users/admin/builder/spi-builder-workspace/.derivedData/SDKExplicitPrecompiledModules -emit-dependencies -emit-module -emit-module-path /Users/admin/builder/spi-builder-workspace/.derivedData/Build/Intermediates.noindex/ExceptionCatcher.build/Debug-watchos/ExceptionCatcher-t.build/Objects-normal/arm64_32/ExceptionCatcher.swiftmodule -serialize-diagnostics -dependency-scan-serialize-diagnostics-path /Users/admin/builder/spi-builder-workspace/.derivedData/Build/Intermediates.noindex/ExceptionCatcher.build/Debug-watchos/ExceptionCatcher-t.build/Objects-normal/arm64_32/ExceptionCatcher-dependency-scan.dia -user-module-version 2.2.1 -validate-clang-modules-once -clang-build-session-file /Users/admin/builder/spi-builder-workspace/.derivedData/ModuleCache.noindex/Session.modulevalidation -Xcc -fmodules-prune-interval\=86400 -Xcc -fmodules-prune-after\=345600 -package-name exceptioncatcher -emit-const-values -const-gather-protocols-list /Users/admin/builder/spi-builder-workspace/.derivedData/Build/Intermediates.noindex/ExceptionCatcher.build/Debug-watchos/ExceptionCatcher-t.build/Objects-normal/arm64_32/ExceptionCatcher_const_extract_protocols.json -Xcc -I/Users/admin/builder/spi-builder-workspace/.dependencies/checkouts/ExceptionCatcher/Sources/ExceptionCatcherInternal/include -Xcc -I/Users/admin/builder/spi-builder-workspace/.derivedData/Build/Products/Debug-watchos/include -Xcc -I/Users/admin/builder/spi-builder-workspace/.derivedData/Build/Intermediates.noindex/ExceptionCatcher.build/Debug-watchos/ExceptionCatcher-t.build/DerivedSources-normal/arm64_32 -Xcc -I/Users/admin/builder/spi-builder-workspace/.derivedData/Build/Intermediates.noindex/ExceptionCatcher.build/Debug-watchos/ExceptionCatcher-t.build/DerivedSources/arm64_32 -Xcc -I/Users/admin/builder/spi-builder-workspace/.derivedData/Build/Intermediates.noindex/ExceptionCatcher.build/Debug-watchos/ExceptionCatcher-t.build/DerivedSources -Xcc -DSWIFT_PACKAGE -Xcc -DDEBUG\=1 -emit-objc-header -emit-objc-header-path /Users/admin/builder/spi-builder-workspace/.derivedData/Build/Intermediates.noindex/ExceptionCatcher.build/Debug-watchos/ExceptionCatcher-t.build/Objects-normal/arm64_32/ExceptionCatcher-Swift.h -working-directory /Users/admin/builder/spi-builder-workspace/.swiftpm/xcode -experimental-emit-module-separately -disable-cmo
Copy /Users/admin/builder/spi-builder-workspace/.derivedData/Build/Products/Debug-watchos/ExceptionCatcher.swiftmodule/arm64_32-apple-watchos.abi.json /Users/admin/builder/spi-builder-workspace/.derivedData/Build/Intermediates.noindex/ExceptionCatcher.build/Debug-watchos/ExceptionCatcher-t.build/Objects-normal/arm64_32/ExceptionCatcher.abi.json (in target 'ExceptionCatcher' from project 'ExceptionCatcher')
    cd /Users/admin/builder/spi-builder-workspace/.dependencies/checkouts/ExceptionCatcher
    builtin-copy -exclude .DS_Store -exclude CVS -exclude .svn -exclude .git -exclude .hg -resolve-src-symlinks -rename /Users/admin/builder/spi-builder-workspace/.derivedData/Build/Intermediates.noindex/ExceptionCatcher.build/Debug-watchos/ExceptionCatcher-t.build/Objects-normal/arm64_32/ExceptionCatcher.abi.json /Users/admin/builder/spi-builder-workspace/.derivedData/Build/Products/Debug-watchos/ExceptionCatcher.swiftmodule/arm64_32-apple-watchos.abi.json
Copy /Users/admin/builder/spi-builder-workspace/.derivedData/Build/Products/Debug-watchos/ExceptionCatcher.swiftmodule/arm64_32-apple-watchos.swiftdoc /Users/admin/builder/spi-builder-workspace/.derivedData/Build/Intermediates.noindex/ExceptionCatcher.build/Debug-watchos/ExceptionCatcher-t.build/Objects-normal/arm64_32/ExceptionCatcher.swiftdoc (in target 'ExceptionCatcher' from project 'ExceptionCatcher')
    cd /Users/admin/builder/spi-builder-workspace/.dependencies/checkouts/ExceptionCatcher
    builtin-copy -exclude .DS_Store -exclude CVS -exclude .svn -exclude .git -exclude .hg -resolve-src-symlinks -rename /Users/admin/builder/spi-builder-workspace/.derivedData/Build/Intermediates.noindex/ExceptionCatcher.build/Debug-watchos/ExceptionCatcher-t.build/Objects-normal/arm64_32/ExceptionCatcher.swiftdoc /Users/admin/builder/spi-builder-workspace/.derivedData/Build/Products/Debug-watchos/ExceptionCatcher.swiftmodule/arm64_32-apple-watchos.swiftdoc
Copy /Users/admin/builder/spi-builder-workspace/.derivedData/Build/Products/Debug-watchos/ExceptionCatcher.swiftmodule/arm64_32-apple-watchos.swiftmodule /Users/admin/builder/spi-builder-workspace/.derivedData/Build/Intermediates.noindex/ExceptionCatcher.build/Debug-watchos/ExceptionCatcher-t.build/Objects-normal/arm64_32/ExceptionCatcher.swiftmodule (in target 'ExceptionCatcher' from project 'ExceptionCatcher')
    cd /Users/admin/builder/spi-builder-workspace/.dependencies/checkouts/ExceptionCatcher
    builtin-copy -exclude .DS_Store -exclude CVS -exclude .svn -exclude .git -exclude .hg -resolve-src-symlinks -rename /Users/admin/builder/spi-builder-workspace/.derivedData/Build/Intermediates.noindex/ExceptionCatcher.build/Debug-watchos/ExceptionCatcher-t.build/Objects-normal/arm64_32/ExceptionCatcher.swiftmodule /Users/admin/builder/spi-builder-workspace/.derivedData/Build/Products/Debug-watchos/ExceptionCatcher.swiftmodule/arm64_32-apple-watchos.swiftmodule
Copy /Users/admin/builder/spi-builder-workspace/.derivedData/Build/Products/Debug-watchos/ExceptionCatcher.swiftmodule/Project/arm64_32-apple-watchos.swiftsourceinfo /Users/admin/builder/spi-builder-workspace/.derivedData/Build/Intermediates.noindex/ExceptionCatcher.build/Debug-watchos/ExceptionCatcher-t.build/Objects-normal/arm64_32/ExceptionCatcher.swiftsourceinfo (in target 'ExceptionCatcher' from project 'ExceptionCatcher')
    cd /Users/admin/builder/spi-builder-workspace/.dependencies/checkouts/ExceptionCatcher
    builtin-copy -exclude .DS_Store -exclude CVS -exclude .svn -exclude .git -exclude .hg -resolve-src-symlinks -rename /Users/admin/builder/spi-builder-workspace/.derivedData/Build/Intermediates.noindex/ExceptionCatcher.build/Debug-watchos/ExceptionCatcher-t.build/Objects-normal/arm64_32/ExceptionCatcher.swiftsourceinfo /Users/admin/builder/spi-builder-workspace/.derivedData/Build/Products/Debug-watchos/ExceptionCatcher.swiftmodule/Project/arm64_32-apple-watchos.swiftsourceinfo
SwiftDriverJobDiscovery normal arm64 Emitting module for ExceptionCatcher (in target 'ExceptionCatcher' from project 'ExceptionCatcher')
SwiftDriver\ Compilation\ Requirements ExceptionCatcher normal arm64 com.apple.xcode.tools.swift.compiler (in target 'ExceptionCatcher' from project 'ExceptionCatcher')
    cd /Users/admin/builder/spi-builder-workspace/.swiftpm/xcode
    builtin-Swift-Compilation-Requirements -- /Applications/Xcode-27.0.0-Release.Candidate.app/Contents/Developer/Toolchains/XcodeDefault.xctoolchain/usr/bin/swiftc -parse-as-library -module-name ExceptionCatcher -Onone @/Users/admin/builder/spi-builder-workspace/.derivedData/Build/Intermediates.noindex/ExceptionCatcher.build/Debug-watchos/ExceptionCatcher-t.build/Objects-normal/arm64/ExceptionCatcher.SwiftFileList -DSWIFT_PACKAGE -DDEBUG -DSWIFT_MODULE_RESOURCE_BUNDLE_UNAVAILABLE -Xcc -fmodule-map-file\=/Users/admin/builder/spi-builder-workspace/.derivedData/Build/Intermediates.noindex/GeneratedModuleMaps-watchos/ExceptionCatcherInternal.modulemap -DXcode -plugin-path /Applications/Xcode-27.0.0-Release.Candidate.app/Contents/Developer/Toolchains/XcodeDefault.xctoolchain/usr/lib/swift/host/plugins/testing -enable-experimental-feature DebugDescriptionMacro -sdk /Applications/Xcode-27.0.0-Release.Candidate.app/Contents/Developer/Platforms/WatchOS.platform/Developer/SDKs/WatchOS27.0.sdk -target arm64-apple-watchos9.0 -g -module-cache-path /Users/admin/builder/spi-builder-workspace/.derivedData/ModuleCache.noindex -Xfrontend -serialize-debugging-options -profile-coverage-mapping -profile-generate -enable-testing -suppress-warnings -index-store-path /Users/admin/builder/spi-builder-workspace/.derivedData/Index.noindex/DataStore -Xcc -D_LIBCPP_HARDENING_MODE\=_LIBCPP_HARDENING_MODE_DEBUG -swift-version 6 -I /Users/admin/builder/spi-builder-workspace/.derivedData/Build/Products/Debug-watchos -Isystem /Applications/Xcode-27.0.0-Release.Candidate.app/Contents/Developer/Platforms/WatchOS.platform/Developer/usr/lib -F /Users/admin/builder/spi-builder-workspace/.derivedData/Build/Products/Debug-watchos/PackageFrameworks -F /Users/admin/builder/spi-builder-workspace/.derivedData/Build/Products/Debug-watchos -F /Applications/Xcode-27.0.0-Release.Candidate.app/Contents/Developer/Platforms/WatchOS.platform/Developer/Library/Frameworks -F /Applications/Xcode-27.0.0-Release.Candidate.app/Contents/Developer/Platforms/WatchOS.platform/Developer/SDKs/WatchOS27.0.sdk/Developer/Library/Frameworks -c -j10 -enable-batch-mode -incremental -Xcc -ivfsstatcache -Xcc /Users/admin/builder/spi-builder-workspace/.derivedData/SDKStatCaches.noindex/watchos27.0-24R360-e829b21a6f8c9b70876ba0858053c04477534ef55a1706bf4c1112bbb242f0a2.sdkstatcache -output-file-map /Users/admin/builder/spi-builder-workspace/.derivedData/Build/Intermediates.noindex/ExceptionCatcher.build/Debug-watchos/ExceptionCatcher-t.build/Objects-normal/arm64/ExceptionCatcher-OutputFileMap.json -save-temps -no-color-diagnostics -explicit-module-build -module-cache-path /Users/admin/builder/spi-builder-workspace/.derivedData/Build/Intermediates.noindex/SwiftExplicitPrecompiledModules -clang-scanner-module-cache-path /Users/admin/builder/spi-builder-workspace/.derivedData/ModuleCache.noindex -sdk-module-cache-path /Users/admin/builder/spi-builder-workspace/.derivedData/SDKExplicitPrecompiledModules -emit-dependencies -emit-module -emit-module-path /Users/admin/builder/spi-builder-workspace/.derivedData/Build/Intermediates.noindex/ExceptionCatcher.build/Debug-watchos/ExceptionCatcher-t.build/Objects-normal/arm64/ExceptionCatcher.swiftmodule -serialize-diagnostics -dependency-scan-serialize-diagnostics-path /Users/admin/builder/spi-builder-workspace/.derivedData/Build/Intermediates.noindex/ExceptionCatcher.build/Debug-watchos/ExceptionCatcher-t.build/Objects-normal/arm64/ExceptionCatcher-dependency-scan.dia -user-module-version 2.2.1 -validate-clang-modules-once -clang-build-session-file /Users/admin/builder/spi-builder-workspace/.derivedData/ModuleCache.noindex/Session.modulevalidation -Xcc -fmodules-prune-interval\=86400 -Xcc -fmodules-prune-after\=345600 -package-name exceptioncatcher -emit-const-values -const-gather-protocols-list /Users/admin/builder/spi-builder-workspace/.derivedData/Build/Intermediates.noindex/ExceptionCatcher.build/Debug-watchos/ExceptionCatcher-t.build/Objects-normal/arm64/ExceptionCatcher_const_extract_protocols.json -Xcc -I/Users/admin/builder/spi-builder-workspace/.dependencies/checkouts/ExceptionCatcher/Sources/ExceptionCatcherInternal/include -Xcc -I/Users/admin/builder/spi-builder-workspace/.derivedData/Build/Products/Debug-watchos/include -Xcc -I/Users/admin/builder/spi-builder-workspace/.derivedData/Build/Intermediates.noindex/ExceptionCatcher.build/Debug-watchos/ExceptionCatcher-t.build/DerivedSources-normal/arm64 -Xcc -I/Users/admin/builder/spi-builder-workspace/.derivedData/Build/Intermediates.noindex/ExceptionCatcher.build/Debug-watchos/ExceptionCatcher-t.build/DerivedSources/arm64 -Xcc -I/Users/admin/builder/spi-builder-workspace/.derivedData/Build/Intermediates.noindex/ExceptionCatcher.build/Debug-watchos/ExceptionCatcher-t.build/DerivedSources -Xcc -DSWIFT_PACKAGE -Xcc -DDEBUG\=1 -emit-objc-header -emit-objc-header-path /Users/admin/builder/spi-builder-workspace/.derivedData/Build/Intermediates.noindex/ExceptionCatcher.build/Debug-watchos/ExceptionCatcher-t.build/Objects-normal/arm64/ExceptionCatcher-Swift.h -working-directory /Users/admin/builder/spi-builder-workspace/.swiftpm/xcode -experimental-emit-module-separately -disable-cmo
SwiftMergeGeneratedHeaders /Users/admin/builder/spi-builder-workspace/.derivedData/Build/Intermediates.noindex/GeneratedModuleMaps-watchos/ExceptionCatcher-Swift.h /Users/admin/builder/spi-builder-workspace/.derivedData/Build/Intermediates.noindex/ExceptionCatcher.build/Debug-watchos/ExceptionCatcher-t.build/Objects-normal/arm64/ExceptionCatcher-Swift.h /Users/admin/builder/spi-builder-workspace/.derivedData/Build/Intermediates.noindex/ExceptionCatcher.build/Debug-watchos/ExceptionCatcher-t.build/Objects-normal/arm64_32/ExceptionCatcher-Swift.h (in target 'ExceptionCatcher' from project 'ExceptionCatcher')
    cd /Users/admin/builder/spi-builder-workspace/.dependencies/checkouts/ExceptionCatcher
    builtin-swiftHeaderTool -arch arm64 /Users/admin/builder/spi-builder-workspace/.derivedData/Build/Intermediates.noindex/ExceptionCatcher.build/Debug-watchos/ExceptionCatcher-t.build/Objects-normal/arm64/ExceptionCatcher-Swift.h -arch arm64_32 /Users/admin/builder/spi-builder-workspace/.derivedData/Build/Intermediates.noindex/ExceptionCatcher.build/Debug-watchos/ExceptionCatcher-t.build/Objects-normal/arm64_32/ExceptionCatcher-Swift.h -o /Users/admin/builder/spi-builder-workspace/.derivedData/Build/Intermediates.noindex/GeneratedModuleMaps-watchos/ExceptionCatcher-Swift.h
Copy /Users/admin/builder/spi-builder-workspace/.derivedData/Build/Products/Debug-watchos/ExceptionCatcher.swiftmodule/arm64-apple-watchos.swiftdoc /Users/admin/builder/spi-builder-workspace/.derivedData/Build/Intermediates.noindex/ExceptionCatcher.build/Debug-watchos/ExceptionCatcher-t.build/Objects-normal/arm64/ExceptionCatcher.swiftdoc (in target 'ExceptionCatcher' from project 'ExceptionCatcher')
    cd /Users/admin/builder/spi-builder-workspace/.dependencies/checkouts/ExceptionCatcher
    builtin-copy -exclude .DS_Store -exclude CVS -exclude .svn -exclude .git -exclude .hg -resolve-src-symlinks -rename /Users/admin/builder/spi-builder-workspace/.derivedData/Build/Intermediates.noindex/ExceptionCatcher.build/Debug-watchos/ExceptionCatcher-t.build/Objects-normal/arm64/ExceptionCatcher.swiftdoc /Users/admin/builder/spi-builder-workspace/.derivedData/Build/Products/Debug-watchos/ExceptionCatcher.swiftmodule/arm64-apple-watchos.swiftdoc
Copy /Users/admin/builder/spi-builder-workspace/.derivedData/Build/Products/Debug-watchos/ExceptionCatcher.swiftmodule/arm64-apple-watchos.abi.json /Users/admin/builder/spi-builder-workspace/.derivedData/Build/Intermediates.noindex/ExceptionCatcher.build/Debug-watchos/ExceptionCatcher-t.build/Objects-normal/arm64/ExceptionCatcher.abi.json (in target 'ExceptionCatcher' from project 'ExceptionCatcher')
    cd /Users/admin/builder/spi-builder-workspace/.dependencies/checkouts/ExceptionCatcher
    builtin-copy -exclude .DS_Store -exclude CVS -exclude .svn -exclude .git -exclude .hg -resolve-src-symlinks -rename /Users/admin/builder/spi-builder-workspace/.derivedData/Build/Intermediates.noindex/ExceptionCatcher.build/Debug-watchos/ExceptionCatcher-t.build/Objects-normal/arm64/ExceptionCatcher.abi.json /Users/admin/builder/spi-builder-workspace/.derivedData/Build/Products/Debug-watchos/ExceptionCatcher.swiftmodule/arm64-apple-watchos.abi.json
Copy /Users/admin/builder/spi-builder-workspace/.derivedData/Build/Products/Debug-watchos/ExceptionCatcher.swiftmodule/arm64-apple-watchos.swiftmodule /Users/admin/builder/spi-builder-workspace/.derivedData/Build/Intermediates.noindex/ExceptionCatcher.build/Debug-watchos/ExceptionCatcher-t.build/Objects-normal/arm64/ExceptionCatcher.swiftmodule (in target 'ExceptionCatcher' from project 'ExceptionCatcher')
    cd /Users/admin/builder/spi-builder-workspace/.dependencies/checkouts/ExceptionCatcher
    builtin-copy -exclude .DS_Store -exclude CVS -exclude .svn -exclude .git -exclude .hg -resolve-src-symlinks -rename /Users/admin/builder/spi-builder-workspace/.derivedData/Build/Intermediates.noindex/ExceptionCatcher.build/Debug-watchos/ExceptionCatcher-t.build/Objects-normal/arm64/ExceptionCatcher.swiftmodule /Users/admin/builder/spi-builder-workspace/.derivedData/Build/Products/Debug-watchos/ExceptionCatcher.swiftmodule/arm64-apple-watchos.swiftmodule
Copy /Users/admin/builder/spi-builder-workspace/.derivedData/Build/Products/Debug-watchos/ExceptionCatcher.swiftmodule/Project/arm64-apple-watchos.swiftsourceinfo /Users/admin/builder/spi-builder-workspace/.derivedData/Build/Intermediates.noindex/ExceptionCatcher.build/Debug-watchos/ExceptionCatcher-t.build/Objects-normal/arm64/ExceptionCatcher.swiftsourceinfo (in target 'ExceptionCatcher' from project 'ExceptionCatcher')
    cd /Users/admin/builder/spi-builder-workspace/.dependencies/checkouts/ExceptionCatcher
    builtin-copy -exclude .DS_Store -exclude CVS -exclude .svn -exclude .git -exclude .hg -resolve-src-symlinks -rename /Users/admin/builder/spi-builder-workspace/.derivedData/Build/Intermediates.noindex/ExceptionCatcher.build/Debug-watchos/ExceptionCatcher-t.build/Objects-normal/arm64/ExceptionCatcher.swiftsourceinfo /Users/admin/builder/spi-builder-workspace/.derivedData/Build/Products/Debug-watchos/ExceptionCatcher.swiftmodule/Project/arm64-apple-watchos.swiftsourceinfo
SwiftDriver Diagnostics normal arm64_32 com.apple.xcode.tools.swift.compiler (in target 'Diagnostics' from project 'Diagnostics')
    cd /Users/admin/builder/spi-builder-workspace/.swiftpm/xcode
    builtin-SwiftDriver -- /Applications/Xcode-27.0.0-Release.Candidate.app/Contents/Developer/Toolchains/XcodeDefault.xctoolchain/usr/bin/swiftc -parse-as-library -module-name Diagnostics -Onone @/Users/admin/builder/spi-builder-workspace/.derivedData/Build/Intermediates.noindex/Diagnostics.build/Debug-watchos/Diagnostics-t.build/Objects-normal/arm64_32/Diagnostics.SwiftFileList -DSWIFT_PACKAGE -DDEBUG -DSWIFT_MODULE_RESOURCE_BUNDLE_AVAILABLE -Xcc -fmodule-map-file\=/Users/admin/builder/spi-builder-workspace/.derivedData/Build/Intermediates.noindex/GeneratedModuleMaps-watchos/ExceptionCatcherInternal.modulemap -DXcode -enable-experimental-feature StrictConcurrency -plugin-path /Applications/Xcode-27.0.0-Release.Candidate.app/Contents/Developer/Toolchains/XcodeDefault.xctoolchain/usr/lib/swift/host/plugins/testing -enable-experimental-feature DebugDescriptionMacro -sdk /Applications/Xcode-27.0.0-Release.Candidate.app/Contents/Developer/Platforms/WatchOS.platform/Developer/SDKs/WatchOS27.0.sdk -target arm64_32-apple-watchos9.0 -g -module-cache-path /Users/admin/builder/spi-builder-workspace/.derivedData/ModuleCache.noindex -Xfrontend -serialize-debugging-options -profile-coverage-mapping -profile-generate -enable-testing -index-store-path /Users/admin/builder/spi-builder-workspace/.derivedData/Index.noindex/DataStore -Xcc -D_LIBCPP_HARDENING_MODE\=_LIBCPP_HARDENING_MODE_DEBUG -swift-version 6 -I /Users/admin/builder/spi-builder-workspace/.derivedData/Build/Products/Debug-watchos -Isystem /Applications/Xcode-27.0.0-Release.Candidate.app/Contents/Developer/Platforms/WatchOS.platform/Developer/usr/lib -F /Users/admin/builder/spi-builder-workspace/.derivedData/Build/Products/Debug-watchos/PackageFrameworks -F /Users/admin/builder/spi-builder-workspace/.derivedData/Build/Products/Debug-watchos -F /Applications/Xcode-27.0.0-Release.Candidate.app/Contents/Developer/Platforms/WatchOS.platform/Developer/Library/Frameworks -F /Applications/Xcode-27.0.0-Release.Candidate.app/Contents/Developer/Platforms/WatchOS.platform/Developer/SDKs/WatchOS27.0.sdk/Developer/Library/Frameworks -c -j10 -enable-batch-mode -incremental -Xcc -ivfsstatcache -Xcc /Users/admin/builder/spi-builder-workspace/.derivedData/SDKStatCaches.noindex/watchos27.0-24R360-e829b21a6f8c9b70876ba0858053c04477534ef55a1706bf4c1112bbb242f0a2.sdkstatcache -output-file-map /Users/admin/builder/spi-builder-workspace/.derivedData/Build/Intermediates.noindex/Diagnostics.build/Debug-watchos/Diagnostics-t.build/Objects-normal/arm64_32/Diagnostics-OutputFileMap.json -save-temps -no-color-diagnostics -explicit-module-build -module-cache-path /Users/admin/builder/spi-builder-workspace/.derivedData/Build/Intermediates.noindex/SwiftExplicitPrecompiledModules -clang-scanner-module-cache-path /Users/admin/builder/spi-builder-workspace/.derivedData/ModuleCache.noindex -sdk-module-cache-path /Users/admin/builder/spi-builder-workspace/.derivedData/SDKExplicitPrecompiledModules -emit-dependencies -emit-module -emit-module-path /Users/admin/builder/spi-builder-workspace/.derivedData/Build/Intermediates.noindex/Diagnostics.build/Debug-watchos/Diagnostics-t.build/Objects-normal/arm64_32/Diagnostics.swiftmodule -serialize-diagnostics -dependency-scan-serialize-diagnostics-path /Users/admin/builder/spi-builder-workspace/.derivedData/Build/Intermediates.noindex/Diagnostics.build/Debug-watchos/Diagnostics-t.build/Objects-normal/arm64_32/Diagnostics-dependency-scan.dia -validate-clang-modules-once -clang-build-session-file /Users/admin/builder/spi-builder-workspace/.derivedData/ModuleCache.noindex/Session.modulevalidation -Xcc -fmodules-prune-interval\=86400 -Xcc -fmodules-prune-after\=345600 -package-name spi_builder_workspace -emit-const-values -const-gather-protocols-list /Users/admin/builder/spi-builder-workspace/.derivedData/Build/Intermediates.noindex/Diagnostics.build/Debug-watchos/Diagnostics-t.build/Objects-normal/arm64_32/Diagnostics_const_extract_protocols.json -Xcc -I/Users/admin/builder/spi-builder-workspace/.dependencies/checkouts/ExceptionCatcher/Sources/ExceptionCatcherInternal/include -Xcc -I/Users/admin/builder/spi-builder-workspace/.derivedData/Build/Products/Debug-watchos/include -Xcc -I/Users/admin/builder/spi-builder-workspace/.derivedData/Build/Intermediates.noindex/Diagnostics.build/Debug-watchos/Diagnostics-t.build/DerivedSources-normal/arm64_32 -Xcc -I/Users/admin/builder/spi-builder-workspace/.derivedData/Build/Intermediates.noindex/Diagnostics.build/Debug-watchos/Diagnostics-t.build/DerivedSources/arm64_32 -Xcc -I/Users/admin/builder/spi-builder-workspace/.derivedData/Build/Intermediates.noindex/Diagnostics.build/Debug-watchos/Diagnostics-t.build/DerivedSources -Xcc -DSWIFT_PACKAGE -Xcc -DDEBUG\=1 -emit-objc-header -emit-objc-header-path /Users/admin/builder/spi-builder-workspace/.derivedData/Build/Intermediates.noindex/Diagnostics.build/Debug-watchos/Diagnostics-t.build/Objects-normal/arm64_32/Diagnostics-Swift.h -working-directory /Users/admin/builder/spi-builder-workspace/.swiftpm/xcode -experimental-emit-module-separately -disable-cmo
/Users/admin/builder/spi-builder-workspace/Sources/Logging/DiagnosticsLogger.swift:11:8: error: Unable to resolve module dependency: 'MetricKit' (in target 'Diagnostics' from project 'Diagnostics')
    note: A dependency of main module 'Diagnostics'
    /Users/admin/builder/spi-builder-workspace/Sources/Logging/Loggable.swift:2:8: note: Also imported here
    /Users/admin/builder/spi-builder-workspace/Sources/MetricKit/MetricsMonitor.swift:9:8: note: Also imported here
/Users/admin/builder/spi-builder-workspace/Sources/Logging/DiagnosticsLogger.swift:11:8: note: A dependency of main module 'Diagnostics'
import MetricKit
       ^ (in target 'Diagnostics' from project 'Diagnostics')
/Users/admin/builder/spi-builder-workspace/Sources/Logging/Loggable.swift:2:8: note: Also imported here
import MetricKit
       ^ (in target 'Diagnostics' from project 'Diagnostics')
/Users/admin/builder/spi-builder-workspace/Sources/MetricKit/MetricsMonitor.swift:9:8: note: Also imported here
import MetricKit
       ^ (in target 'Diagnostics' from project 'Diagnostics')
SwiftDriver Diagnostics normal arm64 com.apple.xcode.tools.swift.compiler (in target 'Diagnostics' from project 'Diagnostics')
    cd /Users/admin/builder/spi-builder-workspace/.swiftpm/xcode
    builtin-SwiftDriver -- /Applications/Xcode-27.0.0-Release.Candidate.app/Contents/Developer/Toolchains/XcodeDefault.xctoolchain/usr/bin/swiftc -parse-as-library -module-name Diagnostics -Onone @/Users/admin/builder/spi-builder-workspace/.derivedData/Build/Intermediates.noindex/Diagnostics.build/Debug-watchos/Diagnostics-t.build/Objects-normal/arm64/Diagnostics.SwiftFileList -DSWIFT_PACKAGE -DDEBUG -DSWIFT_MODULE_RESOURCE_BUNDLE_AVAILABLE -Xcc -fmodule-map-file\=/Users/admin/builder/spi-builder-workspace/.derivedData/Build/Intermediates.noindex/GeneratedModuleMaps-watchos/ExceptionCatcherInternal.modulemap -DXcode -enable-experimental-feature StrictConcurrency -plugin-path /Applications/Xcode-27.0.0-Release.Candidate.app/Contents/Developer/Toolchains/XcodeDefault.xctoolchain/usr/lib/swift/host/plugins/testing -enable-experimental-feature DebugDescriptionMacro -sdk /Applications/Xcode-27.0.0-Release.Candidate.app/Contents/Developer/Platforms/WatchOS.platform/Developer/SDKs/WatchOS27.0.sdk -target arm64-apple-watchos9.0 -g -module-cache-path /Users/admin/builder/spi-builder-workspace/.derivedData/ModuleCache.noindex -Xfrontend -serialize-debugging-options -profile-coverage-mapping -profile-generate -enable-testing -index-store-path /Users/admin/builder/spi-builder-workspace/.derivedData/Index.noindex/DataStore -Xcc -D_LIBCPP_HARDENING_MODE\=_LIBCPP_HARDENING_MODE_DEBUG -swift-version 6 -I /Users/admin/builder/spi-builder-workspace/.derivedData/Build/Products/Debug-watchos -Isystem /Applications/Xcode-27.0.0-Release.Candidate.app/Contents/Developer/Platforms/WatchOS.platform/Developer/usr/lib -F /Users/admin/builder/spi-builder-workspace/.derivedData/Build/Products/Debug-watchos/PackageFrameworks -F /Users/admin/builder/spi-builder-workspace/.derivedData/Build/Products/Debug-watchos -F /Applications/Xcode-27.0.0-Release.Candidate.app/Contents/Developer/Platforms/WatchOS.platform/Developer/Library/Frameworks -F /Applications/Xcode-27.0.0-Release.Candidate.app/Contents/Developer/Platforms/WatchOS.platform/Developer/SDKs/WatchOS27.0.sdk/Developer/Library/Frameworks -c -j10 -enable-batch-mode -incremental -Xcc -ivfsstatcache -Xcc /Users/admin/builder/spi-builder-workspace/.derivedData/SDKStatCaches.noindex/watchos27.0-24R360-e829b21a6f8c9b70876ba0858053c04477534ef55a1706bf4c1112bbb242f0a2.sdkstatcache -output-file-map /Users/admin/builder/spi-builder-workspace/.derivedData/Build/Intermediates.noindex/Diagnostics.build/Debug-watchos/Diagnostics-t.build/Objects-normal/arm64/Diagnostics-OutputFileMap.json -save-temps -no-color-diagnostics -explicit-module-build -module-cache-path /Users/admin/builder/spi-builder-workspace/.derivedData/Build/Intermediates.noindex/SwiftExplicitPrecompiledModules -clang-scanner-module-cache-path /Users/admin/builder/spi-builder-workspace/.derivedData/ModuleCache.noindex -sdk-module-cache-path /Users/admin/builder/spi-builder-workspace/.derivedData/SDKExplicitPrecompiledModules -emit-dependencies -emit-module -emit-module-path /Users/admin/builder/spi-builder-workspace/.derivedData/Build/Intermediates.noindex/Diagnostics.build/Debug-watchos/Diagnostics-t.build/Objects-normal/arm64/Diagnostics.swiftmodule -serialize-diagnostics -dependency-scan-serialize-diagnostics-path /Users/admin/builder/spi-builder-workspace/.derivedData/Build/Intermediates.noindex/Diagnostics.build/Debug-watchos/Diagnostics-t.build/Objects-normal/arm64/Diagnostics-dependency-scan.dia -validate-clang-modules-once -clang-build-session-file /Users/admin/builder/spi-builder-workspace/.derivedData/ModuleCache.noindex/Session.modulevalidation -Xcc -fmodules-prune-interval\=86400 -Xcc -fmodules-prune-after\=345600 -package-name spi_builder_workspace -emit-const-values -const-gather-protocols-list /Users/admin/builder/spi-builder-workspace/.derivedData/Build/Intermediates.noindex/Diagnostics.build/Debug-watchos/Diagnostics-t.build/Objects-normal/arm64/Diagnostics_const_extract_protocols.json -Xcc -I/Users/admin/builder/spi-builder-workspace/.dependencies/checkouts/ExceptionCatcher/Sources/ExceptionCatcherInternal/include -Xcc -I/Users/admin/builder/spi-builder-workspace/.derivedData/Build/Products/Debug-watchos/include -Xcc -I/Users/admin/builder/spi-builder-workspace/.derivedData/Build/Intermediates.noindex/Diagnostics.build/Debug-watchos/Diagnostics-t.build/DerivedSources-normal/arm64 -Xcc -I/Users/admin/builder/spi-builder-workspace/.derivedData/Build/Intermediates.noindex/Diagnostics.build/Debug-watchos/Diagnostics-t.build/DerivedSources/arm64 -Xcc -I/Users/admin/builder/spi-builder-workspace/.derivedData/Build/Intermediates.noindex/Diagnostics.build/Debug-watchos/Diagnostics-t.build/DerivedSources -Xcc -DSWIFT_PACKAGE -Xcc -DDEBUG\=1 -emit-objc-header -emit-objc-header-path /Users/admin/builder/spi-builder-workspace/.derivedData/Build/Intermediates.noindex/Diagnostics.build/Debug-watchos/Diagnostics-t.build/Objects-normal/arm64/Diagnostics-Swift.h -working-directory /Users/admin/builder/spi-builder-workspace/.swiftpm/xcode -experimental-emit-module-separately -disable-cmo
/Users/admin/builder/spi-builder-workspace/Sources/Logging/DiagnosticsLogger.swift:11:8: error: Unable to resolve module dependency: 'MetricKit' (in target 'Diagnostics' from project 'Diagnostics')
    note: A dependency of main module 'Diagnostics'
    /Users/admin/builder/spi-builder-workspace/Sources/Logging/Loggable.swift:2:8: note: Also imported here
    /Users/admin/builder/spi-builder-workspace/Sources/MetricKit/MetricsMonitor.swift:9:8: note: Also imported here
/Users/admin/builder/spi-builder-workspace/Sources/Logging/DiagnosticsLogger.swift:11:8: note: A dependency of main module 'Diagnostics'
import MetricKit
       ^ (in target 'Diagnostics' from project 'Diagnostics')
/Users/admin/builder/spi-builder-workspace/Sources/Logging/Loggable.swift:2:8: note: Also imported here
import MetricKit
       ^ (in target 'Diagnostics' from project 'Diagnostics')
/Users/admin/builder/spi-builder-workspace/Sources/MetricKit/MetricsMonitor.swift:9:8: note: Also imported here
import MetricKit
       ^ (in target 'Diagnostics' from project 'Diagnostics')
PruneExplicitPrecompiledModules /Users/admin/builder/spi-builder-workspace/.derivedData/SDKExplicitPrecompiledModules
PruneExplicitPrecompiledModules /Users/admin/builder/spi-builder-workspace/.derivedData/Build/Intermediates.noindex/ExplicitPrecompiledModules
PruneExplicitPrecompiledModules /Users/admin/builder/spi-builder-workspace/.derivedData/Build/Intermediates.noindex/SwiftExplicitPrecompiledModules
2026-09-29 09:54:23.114 xcodebuild[665:4077] [MT] IDERunDestination: Supported platforms for the buildables in the current scheme is empty.
2026-09-29 09:54:23.214 xcodebuild[665:4077] [MT] IDERunDestination: Supported platforms for the buildables in the current scheme is empty.
** BUILD FAILED **
The following build commands failed:
	SwiftDriver Diagnostics normal arm64_32 com.apple.xcode.tools.swift.compiler (in target 'Diagnostics' from project 'Diagnostics')
	SwiftDriver Diagnostics normal arm64 com.apple.xcode.tools.swift.compiler (in target 'Diagnostics' from project 'Diagnostics')
	Building workspace Diagnostics with scheme Diagnostics
(3 failures)
Command line invocation:
    /Applications/Xcode-27.0.0-Release.Candidate.app/Contents/Developer/usr/bin/xcodebuild -IDEClonedSourcePackagesDirPathOverride=/Users/admin/builder/spi-builder-workspace/.dependencies -resolvePackageDependencies
Resolve Package Graph
Resolved source packages:
  ExceptionCatcher: https://github.com/sindresorhus/ExceptionCatcher @ 2.2.1
  Diagnostics: /Users/admin/builder/spi-builder-workspace
resolved source packages: ExceptionCatcher, Diagnostics
2026-09-29 09:54:30.068 xcodebuild[835:4944] [MT] IDERunDestination: Supported platforms for the buildables in the current scheme is empty.
2026-09-29 09:54:30.172 xcodebuild[835:4944] [MT] IDERunDestination: Supported platforms for the buildables in the current scheme is empty.
{
  "dependencies" : [
    {
      "identity" : "exceptioncatcher",
      "requirement" : {
        "range" : [
          {
            "lower_bound" : "2.0.0",
            "upper_bound" : "3.0.0"
          }
        ]
      },
      "type" : "sourceControl",
      "url" : "https://github.com/sindresorhus/ExceptionCatcher"
    }
  ],
  "manifest_display_name" : "Diagnostics",
  "name" : "Diagnostics",
  "path" : "/Users/admin/builder/spi-builder-workspace",
  "platforms" : [
    {
      "name" : "macos",
      "version" : "13.0"
    },
    {
      "name" : "ios",
      "version" : "16.0"
    },
    {
      "name" : "tvos",
      "version" : "14.0"
    },
    {
      "name" : "watchos",
      "version" : "6.0"
    },
    {
      "name" : "visionos",
      "version" : "1.0"
    }
  ],
  "products" : [
    {
      "name" : "Diagnostics",
      "targets" : [
        "Diagnostics"
      ],
      "type" : {
        "library" : [
          "automatic"
        ]
      }
    }
  ],
  "targets" : [
    {
      "c99name" : "DiagnosticsTests",
      "module_type" : "SwiftTarget",
      "name" : "DiagnosticsTests",
      "path" : "DiagnosticsTests",
      "sources" : [
        "DiagnosticsReporterTests.swift",
        "Extensions/MFMailComposeViewControllerTests.swift",
        "HTMLEncodingTests.swift",
        "HTMLGeneratingTests.swift",
        "Logging/DiagnosticsLoggerStandardOutputTests.swift",
        "Logging/DiagnosticsLoggerTests.swift",
        "Logging/LogFixture.swift",
        "Logging/LogsWriterTests.swift",
        "Logging/LogsWriterTrimmingTests.swift",
        "Mocks.swift",
        "Reporters/AppSystemMetadataReporterTests.swift",
        "Reporters/DirectoryTree/DirectoryTreeFactoryTests.swift",
        "Reporters/GeneralInfoReporterTests.swift",
        "Reporters/LogsReporterTests.swift",
        "Reporters/LogsTrimmerTests.swift",
        "Reporters/SmartInsights/DeviceStorageInsightTests.swift",
        "Reporters/SmartInsights/SmartInsightsReporterTests.swift",
        "Reporters/SmartInsights/UpdateAvailableInsightTests.swift",
        "Reporters/UserDefaultsReporterTests.swift"
      ],
      "target_dependencies" : [
        "Diagnostics"
      ],
      "type" : "test"
    },
    {
      "c99name" : "Diagnostics",
      "module_type" : "SwiftTarget",
      "name" : "Diagnostics",
      "path" : "Sources",
      "product_dependencies" : [
        "ExceptionCatcher"
      ],
      "product_memberships" : [
        "Diagnostics"
      ],
      "resources" : [
        {
          "path" : "/Users/admin/builder/spi-builder-workspace/Sources/PrivacyInfo.xcprivacy",
          "rule" : {
            "process" : {
            }
          }
        },
        {
          "path" : "/Users/admin/builder/spi-builder-workspace/Sources/functions.js",
          "rule" : {
            "process" : {
            }
          }
        },
        {
          "path" : "/Users/admin/builder/spi-builder-workspace/Sources/style.css",
          "rule" : {
            "process" : {
            }
          }
        }
      ],
      "sources" : [
        "Device.swift",
        "Diagnostics.swift",
        "DiagnosticsChapter.swift",
        "DiagnosticsReport.swift",
        "DiagnosticsReportDocument.swift",
        "DiagnosticsReportFilter.swift",
        "DiagnosticsReporter.swift",
        "Extensions/BundleExtensions.swift",
        "Extensions/ByteCountFormatter.swift",
        "Extensions/DateFormatterExtensions.swift",
        "HTMLEncoding.swift",
        "HTMLGenerating.swift",
        "Logging/DiagnosticsLogReport.swift",
        "Logging/DiagnosticsLogger.swift",
        "Logging/HTML+LoggableCSSClass.swift",
        "Logging/Loggable.swift",
        "Logging/LogsTrimmer.swift",
        "Logging/LogsWriter.swift",
        "MFMailExtensions/MFMailComposeVCExtensions.swift",
        "MetricKit/MetricsMonitor.swift",
        "Reporters/AppSystemMetadataReporter.swift",
        "Reporters/DirectoryTree/DirectoryTreeFactory.swift",
        "Reporters/DirectoryTree/DirectoryTreeNode.swift",
        "Reporters/DirectoryTree/DirectoryTreeReporter.swift",
        "Reporters/DirectoryTree/DirectoryTreeStringFactory.swift",
        "Reporters/GeneralInfoReporter.swift",
        "Reporters/LogsReporter.swift",
        "Reporters/SmartInsightsReporter.swift",
        "Reporters/UserDefaultsReporter.swift",
        "SmartInsights/CellularAllowedInsight.swift",
        "SmartInsights/DeviceStorageInsight.swift",
        "SmartInsights/SmartInsight.swift",
        "SmartInsights/SmartInsightsProviding.swift",
        "SmartInsights/UpdateAvailableInsight.swift"
      ],
      "type" : "library"
    }
  ],
  "tools_version" : "6.0"
}
{
  "workspace" : {
    "name" : "Diagnostics",
    "schemes" : [
      "Diagnostics"
    ]
  }
}
2026-09-29 09:54:31.344 xcodebuild[843:5008] [MT] IDERunDestination: Supported platforms for the buildables in the current scheme is empty.
2026-09-29 09:54:31.446 xcodebuild[843:5008] [MT] IDERunDestination: Supported platforms for the buildables in the current scheme is empty.
Running build ...
env DEVELOPER_DIR=/Applications/Xcode-27.0.0-Release.Candidate.app xcrun xcodebuild -IDEClonedSourcePackagesDirPathOverride=$PWD/.dependencies -skipMacroValidation -skipPackagePluginValidation -derivedDataPath $PWD/.derivedData build -scheme Diagnostics -destination generic/platform=watchOS
Command line invocation:
    /Applications/Xcode-27.0.0-Release.Candidate.app/Contents/Developer/usr/bin/xcodebuild -IDEClonedSourcePackagesDirPathOverride=/Users/admin/builder/spi-builder-workspace/.dependencies -skipMacroValidation -skipPackagePluginValidation -derivedDataPath /Users/admin/builder/spi-builder-workspace/.derivedData build -scheme Diagnostics -destination generic/platform=watchOS
Resolve Package Graph
Resolved source packages:
  ExceptionCatcher: https://github.com/sindresorhus/ExceptionCatcher @ 2.2.1
  Diagnostics: /Users/admin/builder/spi-builder-workspace
ComputePackagePrebuildTargetDependencyGraph
Prepare packages
CreateBuildRequest
SendProjectDescription
CreateBuildOperation
ComputeTargetDependencyGraph
note: Building targets in dependency order
note: Target dependency graph (7 targets)
    Target 'DiagnosticsTests-product' in project 'Diagnostics'
        ➜ Explicit dependency on target 'Diagnostics' in project 'Diagnostics'
        ➜ Explicit dependency on target 'ExceptionCatcher-product' in project 'ExceptionCatcher'
    Target 'Diagnostics-product' in project 'Diagnostics'
        ➜ Explicit dependency on target 'Diagnostics' in project 'Diagnostics'
        ➜ Explicit dependency on target 'Diagnostics_Diagnostics' in project 'Diagnostics'
        ➜ Explicit dependency on target 'ExceptionCatcher-product' in project 'ExceptionCatcher'
    Target 'Diagnostics' in project 'Diagnostics'
        ➜ Explicit dependency on target 'Diagnostics_Diagnostics' in project 'Diagnostics'
        ➜ Explicit dependency on target 'ExceptionCatcher-product' in project 'ExceptionCatcher'
    Target 'ExceptionCatcher-product' in project 'ExceptionCatcher'
        ➜ Explicit dependency on target 'ExceptionCatcher' in project 'ExceptionCatcher'
        ➜ Explicit dependency on target 'ExceptionCatcherInternal' in project 'ExceptionCatcher'
    Target 'ExceptionCatcher' in project 'ExceptionCatcher'
        ➜ Explicit dependency on target 'ExceptionCatcherInternal' in project 'ExceptionCatcher'
    Target 'ExceptionCatcherInternal' in project 'ExceptionCatcher' (no dependencies)
    Target 'Diagnostics_Diagnostics' in project 'Diagnostics' (no dependencies)
GatherProvisioningInputs
CreateBuildDescription
ClangStatCache /Applications/Xcode-27.0.0-Release.Candidate.app/Contents/Developer/Toolchains/XcodeDefault.xctoolchain/usr/bin/clang-stat-cache /Applications/Xcode-27.0.0-Release.Candidate.app/Contents/Developer/Platforms/WatchOS.platform/Developer/SDKs/WatchOS27.0.sdk /Users/admin/builder/spi-builder-workspace/.derivedData/SDKStatCaches.noindex/watchos27.0-24R360-e829b21a6f8c9b70876ba0858053c04477534ef55a1706bf4c1112bbb242f0a2.sdkstatcache
    cd /Users/admin/builder/spi-builder-workspace/.swiftpm/xcode
    /Applications/Xcode-27.0.0-Release.Candidate.app/Contents/Developer/Toolchains/XcodeDefault.xctoolchain/usr/bin/clang-stat-cache /Applications/Xcode-27.0.0-Release.Candidate.app/Contents/Developer/Platforms/WatchOS.platform/Developer/SDKs/WatchOS27.0.sdk -o /Users/admin/builder/spi-builder-workspace/.derivedData/SDKStatCaches.noindex/watchos27.0-24R360-e829b21a6f8c9b70876ba0858053c04477534ef55a1706bf4c1112bbb242f0a2.sdkstatcache
SwiftDriver ExceptionCatcher normal arm64_32 com.apple.xcode.tools.swift.compiler (in target 'ExceptionCatcher' from project 'ExceptionCatcher')
    cd /Users/admin/builder/spi-builder-workspace/.swiftpm/xcode
    builtin-SwiftDriver -- /Applications/Xcode-27.0.0-Release.Candidate.app/Contents/Developer/Toolchains/XcodeDefault.xctoolchain/usr/bin/swiftc -parse-as-library -module-name ExceptionCatcher -Onone @/Users/admin/builder/spi-builder-workspace/.derivedData/Build/Intermediates.noindex/ExceptionCatcher.build/Debug-watchos/ExceptionCatcher-t.build/Objects-normal/arm64_32/ExceptionCatcher.SwiftFileList -DSWIFT_PACKAGE -DDEBUG -DSWIFT_MODULE_RESOURCE_BUNDLE_UNAVAILABLE -Xcc -fmodule-map-file\=/Users/admin/builder/spi-builder-workspace/.derivedData/Build/Intermediates.noindex/GeneratedModuleMaps-watchos/ExceptionCatcherInternal.modulemap -DXcode -plugin-path /Applications/Xcode-27.0.0-Release.Candidate.app/Contents/Developer/Toolchains/XcodeDefault.xctoolchain/usr/lib/swift/host/plugins/testing -enable-experimental-feature DebugDescriptionMacro -sdk /Applications/Xcode-27.0.0-Release.Candidate.app/Contents/Developer/Platforms/WatchOS.platform/Developer/SDKs/WatchOS27.0.sdk -target arm64_32-apple-watchos9.0 -g -module-cache-path /Users/admin/builder/spi-builder-workspace/.derivedData/ModuleCache.noindex -Xfrontend -serialize-debugging-options -profile-coverage-mapping -profile-generate -enable-testing -suppress-warnings -index-store-path /Users/admin/builder/spi-builder-workspace/.derivedData/Index.noindex/DataStore -Xcc -D_LIBCPP_HARDENING_MODE\=_LIBCPP_HARDENING_MODE_DEBUG -swift-version 6 -I /Users/admin/builder/spi-builder-workspace/.derivedData/Build/Products/Debug-watchos -Isystem /Applications/Xcode-27.0.0-Release.Candidate.app/Contents/Developer/Platforms/WatchOS.platform/Developer/usr/lib -F /Users/admin/builder/spi-builder-workspace/.derivedData/Build/Products/Debug-watchos/PackageFrameworks -F /Users/admin/builder/spi-builder-workspace/.derivedData/Build/Products/Debug-watchos -F /Applications/Xcode-27.0.0-Release.Candidate.app/Contents/Developer/Platforms/WatchOS.platform/Developer/Library/Frameworks -F /Applications/Xcode-27.0.0-Release.Candidate.app/Contents/Developer/Platforms/WatchOS.platform/Developer/SDKs/WatchOS27.0.sdk/Developer/Library/Frameworks -c -j10 -enable-batch-mode -incremental -Xcc -ivfsstatcache -Xcc /Users/admin/builder/spi-builder-workspace/.derivedData/SDKStatCaches.noindex/watchos27.0-24R360-e829b21a6f8c9b70876ba0858053c04477534ef55a1706bf4c1112bbb242f0a2.sdkstatcache -output-file-map /Users/admin/builder/spi-builder-workspace/.derivedData/Build/Intermediates.noindex/ExceptionCatcher.build/Debug-watchos/ExceptionCatcher-t.build/Objects-normal/arm64_32/ExceptionCatcher-OutputFileMap.json -save-temps -no-color-diagnostics -explicit-module-build -module-cache-path /Users/admin/builder/spi-builder-workspace/.derivedData/Build/Intermediates.noindex/SwiftExplicitPrecompiledModules -clang-scanner-module-cache-path /Users/admin/builder/spi-builder-workspace/.derivedData/ModuleCache.noindex -sdk-module-cache-path /Users/admin/builder/spi-builder-workspace/.derivedData/SDKExplicitPrecompiledModules -emit-dependencies -emit-module -emit-module-path /Users/admin/builder/spi-builder-workspace/.derivedData/Build/Intermediates.noindex/ExceptionCatcher.build/Debug-watchos/ExceptionCatcher-t.build/Objects-normal/arm64_32/ExceptionCatcher.swiftmodule -serialize-diagnostics -dependency-scan-serialize-diagnostics-path /Users/admin/builder/spi-builder-workspace/.derivedData/Build/Intermediates.noindex/ExceptionCatcher.build/Debug-watchos/ExceptionCatcher-t.build/Objects-normal/arm64_32/ExceptionCatcher-dependency-scan.dia -user-module-version 2.2.1 -validate-clang-modules-once -clang-build-session-file /Users/admin/builder/spi-builder-workspace/.derivedData/ModuleCache.noindex/Session.modulevalidation -Xcc -fmodules-prune-interval\=86400 -Xcc -fmodules-prune-after\=345600 -package-name exceptioncatcher -emit-const-values -const-gather-protocols-list /Users/admin/builder/spi-builder-workspace/.derivedData/Build/Intermediates.noindex/ExceptionCatcher.build/Debug-watchos/ExceptionCatcher-t.build/Objects-normal/arm64_32/ExceptionCatcher_const_extract_protocols.json -Xcc -I/Users/admin/builder/spi-builder-workspace/.dependencies/checkouts/ExceptionCatcher/Sources/ExceptionCatcherInternal/include -Xcc -I/Users/admin/builder/spi-builder-workspace/.derivedData/Build/Products/Debug-watchos/include -Xcc -I/Users/admin/builder/spi-builder-workspace/.derivedData/Build/Intermediates.noindex/ExceptionCatcher.build/Debug-watchos/ExceptionCatcher-t.build/DerivedSources-normal/arm64_32 -Xcc -I/Users/admin/builder/spi-builder-workspace/.derivedData/Build/Intermediates.noindex/ExceptionCatcher.build/Debug-watchos/ExceptionCatcher-t.build/DerivedSources/arm64_32 -Xcc -I/Users/admin/builder/spi-builder-workspace/.derivedData/Build/Intermediates.noindex/ExceptionCatcher.build/Debug-watchos/ExceptionCatcher-t.build/DerivedSources -Xcc -DSWIFT_PACKAGE -Xcc -DDEBUG\=1 -emit-objc-header -emit-objc-header-path /Users/admin/builder/spi-builder-workspace/.derivedData/Build/Intermediates.noindex/ExceptionCatcher.build/Debug-watchos/ExceptionCatcher-t.build/Objects-normal/arm64_32/ExceptionCatcher-Swift.h -working-directory /Users/admin/builder/spi-builder-workspace/.swiftpm/xcode -experimental-emit-module-separately -disable-cmo
SwiftDriver ExceptionCatcher normal arm64 com.apple.xcode.tools.swift.compiler (in target 'ExceptionCatcher' from project 'ExceptionCatcher')
    cd /Users/admin/builder/spi-builder-workspace/.swiftpm/xcode
    builtin-SwiftDriver -- /Applications/Xcode-27.0.0-Release.Candidate.app/Contents/Developer/Toolchains/XcodeDefault.xctoolchain/usr/bin/swiftc -parse-as-library -module-name ExceptionCatcher -Onone @/Users/admin/builder/spi-builder-workspace/.derivedData/Build/Intermediates.noindex/ExceptionCatcher.build/Debug-watchos/ExceptionCatcher-t.build/Objects-normal/arm64/ExceptionCatcher.SwiftFileList -DSWIFT_PACKAGE -DDEBUG -DSWIFT_MODULE_RESOURCE_BUNDLE_UNAVAILABLE -Xcc -fmodule-map-file\=/Users/admin/builder/spi-builder-workspace/.derivedData/Build/Intermediates.noindex/GeneratedModuleMaps-watchos/ExceptionCatcherInternal.modulemap -DXcode -plugin-path /Applications/Xcode-27.0.0-Release.Candidate.app/Contents/Developer/Toolchains/XcodeDefault.xctoolchain/usr/lib/swift/host/plugins/testing -enable-experimental-feature DebugDescriptionMacro -sdk /Applications/Xcode-27.0.0-Release.Candidate.app/Contents/Developer/Platforms/WatchOS.platform/Developer/SDKs/WatchOS27.0.sdk -target arm64-apple-watchos9.0 -g -module-cache-path /Users/admin/builder/spi-builder-workspace/.derivedData/ModuleCache.noindex -Xfrontend -serialize-debugging-options -profile-coverage-mapping -profile-generate -enable-testing -suppress-warnings -index-store-path /Users/admin/builder/spi-builder-workspace/.derivedData/Index.noindex/DataStore -Xcc -D_LIBCPP_HARDENING_MODE\=_LIBCPP_HARDENING_MODE_DEBUG -swift-version 6 -I /Users/admin/builder/spi-builder-workspace/.derivedData/Build/Products/Debug-watchos -Isystem /Applications/Xcode-27.0.0-Release.Candidate.app/Contents/Developer/Platforms/WatchOS.platform/Developer/usr/lib -F /Users/admin/builder/spi-builder-workspace/.derivedData/Build/Products/Debug-watchos/PackageFrameworks -F /Users/admin/builder/spi-builder-workspace/.derivedData/Build/Products/Debug-watchos -F /Applications/Xcode-27.0.0-Release.Candidate.app/Contents/Developer/Platforms/WatchOS.platform/Developer/Library/Frameworks -F /Applications/Xcode-27.0.0-Release.Candidate.app/Contents/Developer/Platforms/WatchOS.platform/Developer/SDKs/WatchOS27.0.sdk/Developer/Library/Frameworks -c -j10 -enable-batch-mode -incremental -Xcc -ivfsstatcache -Xcc /Users/admin/builder/spi-builder-workspace/.derivedData/SDKStatCaches.noindex/watchos27.0-24R360-e829b21a6f8c9b70876ba0858053c04477534ef55a1706bf4c1112bbb242f0a2.sdkstatcache -output-file-map /Users/admin/builder/spi-builder-workspace/.derivedData/Build/Intermediates.noindex/ExceptionCatcher.build/Debug-watchos/ExceptionCatcher-t.build/Objects-normal/arm64/ExceptionCatcher-OutputFileMap.json -save-temps -no-color-diagnostics -explicit-module-build -module-cache-path /Users/admin/builder/spi-builder-workspace/.derivedData/Build/Intermediates.noindex/SwiftExplicitPrecompiledModules -clang-scanner-module-cache-path /Users/admin/builder/spi-builder-workspace/.derivedData/ModuleCache.noindex -sdk-module-cache-path /Users/admin/builder/spi-builder-workspace/.derivedData/SDKExplicitPrecompiledModules -emit-dependencies -emit-module -emit-module-path /Users/admin/builder/spi-builder-workspace/.derivedData/Build/Intermediates.noindex/ExceptionCatcher.build/Debug-watchos/ExceptionCatcher-t.build/Objects-normal/arm64/ExceptionCatcher.swiftmodule -serialize-diagnostics -dependency-scan-serialize-diagnostics-path /Users/admin/builder/spi-builder-workspace/.derivedData/Build/Intermediates.noindex/ExceptionCatcher.build/Debug-watchos/ExceptionCatcher-t.build/Objects-normal/arm64/ExceptionCatcher-dependency-scan.dia -user-module-version 2.2.1 -validate-clang-modules-once -clang-build-session-file /Users/admin/builder/spi-builder-workspace/.derivedData/ModuleCache.noindex/Session.modulevalidation -Xcc -fmodules-prune-interval\=86400 -Xcc -fmodules-prune-after\=345600 -package-name exceptioncatcher -emit-const-values -const-gather-protocols-list /Users/admin/builder/spi-builder-workspace/.derivedData/Build/Intermediates.noindex/ExceptionCatcher.build/Debug-watchos/ExceptionCatcher-t.build/Objects-normal/arm64/ExceptionCatcher_const_extract_protocols.json -Xcc -I/Users/admin/builder/spi-builder-workspace/.dependencies/checkouts/ExceptionCatcher/Sources/ExceptionCatcherInternal/include -Xcc -I/Users/admin/builder/spi-builder-workspace/.derivedData/Build/Products/Debug-watchos/include -Xcc -I/Users/admin/builder/spi-builder-workspace/.derivedData/Build/Intermediates.noindex/ExceptionCatcher.build/Debug-watchos/ExceptionCatcher-t.build/DerivedSources-normal/arm64 -Xcc -I/Users/admin/builder/spi-builder-workspace/.derivedData/Build/Intermediates.noindex/ExceptionCatcher.build/Debug-watchos/ExceptionCatcher-t.build/DerivedSources/arm64 -Xcc -I/Users/admin/builder/spi-builder-workspace/.derivedData/Build/Intermediates.noindex/ExceptionCatcher.build/Debug-watchos/ExceptionCatcher-t.build/DerivedSources -Xcc -DSWIFT_PACKAGE -Xcc -DDEBUG\=1 -emit-objc-header -emit-objc-header-path /Users/admin/builder/spi-builder-workspace/.derivedData/Build/Intermediates.noindex/ExceptionCatcher.build/Debug-watchos/ExceptionCatcher-t.build/Objects-normal/arm64/ExceptionCatcher-Swift.h -working-directory /Users/admin/builder/spi-builder-workspace/.swiftpm/xcode -experimental-emit-module-separately -disable-cmo
SwiftDriver Diagnostics normal arm64_32 com.apple.xcode.tools.swift.compiler (in target 'Diagnostics' from project 'Diagnostics')
    cd /Users/admin/builder/spi-builder-workspace/.swiftpm/xcode
    builtin-SwiftDriver -- /Applications/Xcode-27.0.0-Release.Candidate.app/Contents/Developer/Toolchains/XcodeDefault.xctoolchain/usr/bin/swiftc -parse-as-library -module-name Diagnostics -Onone @/Users/admin/builder/spi-builder-workspace/.derivedData/Build/Intermediates.noindex/Diagnostics.build/Debug-watchos/Diagnostics-t.build/Objects-normal/arm64_32/Diagnostics.SwiftFileList -DSWIFT_PACKAGE -DDEBUG -DSWIFT_MODULE_RESOURCE_BUNDLE_AVAILABLE -Xcc -fmodule-map-file\=/Users/admin/builder/spi-builder-workspace/.derivedData/Build/Intermediates.noindex/GeneratedModuleMaps-watchos/ExceptionCatcherInternal.modulemap -DXcode -enable-experimental-feature StrictConcurrency -plugin-path /Applications/Xcode-27.0.0-Release.Candidate.app/Contents/Developer/Toolchains/XcodeDefault.xctoolchain/usr/lib/swift/host/plugins/testing -enable-experimental-feature DebugDescriptionMacro -sdk /Applications/Xcode-27.0.0-Release.Candidate.app/Contents/Developer/Platforms/WatchOS.platform/Developer/SDKs/WatchOS27.0.sdk -target arm64_32-apple-watchos9.0 -g -module-cache-path /Users/admin/builder/spi-builder-workspace/.derivedData/ModuleCache.noindex -Xfrontend -serialize-debugging-options -profile-coverage-mapping -profile-generate -enable-testing -index-store-path /Users/admin/builder/spi-builder-workspace/.derivedData/Index.noindex/DataStore -Xcc -D_LIBCPP_HARDENING_MODE\=_LIBCPP_HARDENING_MODE_DEBUG -swift-version 6 -I /Users/admin/builder/spi-builder-workspace/.derivedData/Build/Products/Debug-watchos -Isystem /Applications/Xcode-27.0.0-Release.Candidate.app/Contents/Developer/Platforms/WatchOS.platform/Developer/usr/lib -F /Users/admin/builder/spi-builder-workspace/.derivedData/Build/Products/Debug-watchos/PackageFrameworks -F /Users/admin/builder/spi-builder-workspace/.derivedData/Build/Products/Debug-watchos -F /Applications/Xcode-27.0.0-Release.Candidate.app/Contents/Developer/Platforms/WatchOS.platform/Developer/Library/Frameworks -F /Applications/Xcode-27.0.0-Release.Candidate.app/Contents/Developer/Platforms/WatchOS.platform/Developer/SDKs/WatchOS27.0.sdk/Developer/Library/Frameworks -c -j10 -enable-batch-mode -incremental -Xcc -ivfsstatcache -Xcc /Users/admin/builder/spi-builder-workspace/.derivedData/SDKStatCaches.noindex/watchos27.0-24R360-e829b21a6f8c9b70876ba0858053c04477534ef55a1706bf4c1112bbb242f0a2.sdkstatcache -output-file-map /Users/admin/builder/spi-builder-workspace/.derivedData/Build/Intermediates.noindex/Diagnostics.build/Debug-watchos/Diagnostics-t.build/Objects-normal/arm64_32/Diagnostics-OutputFileMap.json -save-temps -no-color-diagnostics -explicit-module-build -module-cache-path /Users/admin/builder/spi-builder-workspace/.derivedData/Build/Intermediates.noindex/SwiftExplicitPrecompiledModules -clang-scanner-module-cache-path /Users/admin/builder/spi-builder-workspace/.derivedData/ModuleCache.noindex -sdk-module-cache-path /Users/admin/builder/spi-builder-workspace/.derivedData/SDKExplicitPrecompiledModules -emit-dependencies -emit-module -emit-module-path /Users/admin/builder/spi-builder-workspace/.derivedData/Build/Intermediates.noindex/Diagnostics.build/Debug-watchos/Diagnostics-t.build/Objects-normal/arm64_32/Diagnostics.swiftmodule -serialize-diagnostics -dependency-scan-serialize-diagnostics-path /Users/admin/builder/spi-builder-workspace/.derivedData/Build/Intermediates.noindex/Diagnostics.build/Debug-watchos/Diagnostics-t.build/Objects-normal/arm64_32/Diagnostics-dependency-scan.dia -validate-clang-modules-once -clang-build-session-file /Users/admin/builder/spi-builder-workspace/.derivedData/ModuleCache.noindex/Session.modulevalidation -Xcc -fmodules-prune-interval\=86400 -Xcc -fmodules-prune-after\=345600 -package-name spi_builder_workspace -emit-const-values -const-gather-protocols-list /Users/admin/builder/spi-builder-workspace/.derivedData/Build/Intermediates.noindex/Diagnostics.build/Debug-watchos/Diagnostics-t.build/Objects-normal/arm64_32/Diagnostics_const_extract_protocols.json -Xcc -I/Users/admin/builder/spi-builder-workspace/.dependencies/checkouts/ExceptionCatcher/Sources/ExceptionCatcherInternal/include -Xcc -I/Users/admin/builder/spi-builder-workspace/.derivedData/Build/Products/Debug-watchos/include -Xcc -I/Users/admin/builder/spi-builder-workspace/.derivedData/Build/Intermediates.noindex/Diagnostics.build/Debug-watchos/Diagnostics-t.build/DerivedSources-normal/arm64_32 -Xcc -I/Users/admin/builder/spi-builder-workspace/.derivedData/Build/Intermediates.noindex/Diagnostics.build/Debug-watchos/Diagnostics-t.build/DerivedSources/arm64_32 -Xcc -I/Users/admin/builder/spi-builder-workspace/.derivedData/Build/Intermediates.noindex/Diagnostics.build/Debug-watchos/Diagnostics-t.build/DerivedSources -Xcc -DSWIFT_PACKAGE -Xcc -DDEBUG\=1 -emit-objc-header -emit-objc-header-path /Users/admin/builder/spi-builder-workspace/.derivedData/Build/Intermediates.noindex/Diagnostics.build/Debug-watchos/Diagnostics-t.build/Objects-normal/arm64_32/Diagnostics-Swift.h -working-directory /Users/admin/builder/spi-builder-workspace/.swiftpm/xcode -experimental-emit-module-separately -disable-cmo
/Users/admin/builder/spi-builder-workspace/Sources/Logging/DiagnosticsLogger.swift:11:8: error: Unable to resolve module dependency: 'MetricKit' (in target 'Diagnostics' from project 'Diagnostics')
    note: A dependency of main module 'Diagnostics'
    /Users/admin/builder/spi-builder-workspace/Sources/Logging/Loggable.swift:2:8: note: Also imported here
    /Users/admin/builder/spi-builder-workspace/Sources/MetricKit/MetricsMonitor.swift:9:8: note: Also imported here
/Users/admin/builder/spi-builder-workspace/Sources/Logging/DiagnosticsLogger.swift:11:8: note: A dependency of main module 'Diagnostics'
import MetricKit
       ^ (in target 'Diagnostics' from project 'Diagnostics')
/Users/admin/builder/spi-builder-workspace/Sources/Logging/Loggable.swift:2:8: note: Also imported here
import MetricKit
       ^ (in target 'Diagnostics' from project 'Diagnostics')
/Users/admin/builder/spi-builder-workspace/Sources/MetricKit/MetricsMonitor.swift:9:8: note: Also imported here
import MetricKit
       ^ (in target 'Diagnostics' from project 'Diagnostics')
SwiftDriver Diagnostics normal arm64 com.apple.xcode.tools.swift.compiler (in target 'Diagnostics' from project 'Diagnostics')
    cd /Users/admin/builder/spi-builder-workspace/.swiftpm/xcode
    builtin-SwiftDriver -- /Applications/Xcode-27.0.0-Release.Candidate.app/Contents/Developer/Toolchains/XcodeDefault.xctoolchain/usr/bin/swiftc -parse-as-library -module-name Diagnostics -Onone @/Users/admin/builder/spi-builder-workspace/.derivedData/Build/Intermediates.noindex/Diagnostics.build/Debug-watchos/Diagnostics-t.build/Objects-normal/arm64/Diagnostics.SwiftFileList -DSWIFT_PACKAGE -DDEBUG -DSWIFT_MODULE_RESOURCE_BUNDLE_AVAILABLE -Xcc -fmodule-map-file\=/Users/admin/builder/spi-builder-workspace/.derivedData/Build/Intermediates.noindex/GeneratedModuleMaps-watchos/ExceptionCatcherInternal.modulemap -DXcode -enable-experimental-feature StrictConcurrency -plugin-path /Applications/Xcode-27.0.0-Release.Candidate.app/Contents/Developer/Toolchains/XcodeDefault.xctoolchain/usr/lib/swift/host/plugins/testing -enable-experimental-feature DebugDescriptionMacro -sdk /Applications/Xcode-27.0.0-Release.Candidate.app/Contents/Developer/Platforms/WatchOS.platform/Developer/SDKs/WatchOS27.0.sdk -target arm64-apple-watchos9.0 -g -module-cache-path /Users/admin/builder/spi-builder-workspace/.derivedData/ModuleCache.noindex -Xfrontend -serialize-debugging-options -profile-coverage-mapping -profile-generate -enable-testing -index-store-path /Users/admin/builder/spi-builder-workspace/.derivedData/Index.noindex/DataStore -Xcc -D_LIBCPP_HARDENING_MODE\=_LIBCPP_HARDENING_MODE_DEBUG -swift-version 6 -I /Users/admin/builder/spi-builder-workspace/.derivedData/Build/Products/Debug-watchos -Isystem /Applications/Xcode-27.0.0-Release.Candidate.app/Contents/Developer/Platforms/WatchOS.platform/Developer/usr/lib -F /Users/admin/builder/spi-builder-workspace/.derivedData/Build/Products/Debug-watchos/PackageFrameworks -F /Users/admin/builder/spi-builder-workspace/.derivedData/Build/Products/Debug-watchos -F /Applications/Xcode-27.0.0-Release.Candidate.app/Contents/Developer/Platforms/WatchOS.platform/Developer/Library/Frameworks -F /Applications/Xcode-27.0.0-Release.Candidate.app/Contents/Developer/Platforms/WatchOS.platform/Developer/SDKs/WatchOS27.0.sdk/Developer/Library/Frameworks -c -j10 -enable-batch-mode -incremental -Xcc -ivfsstatcache -Xcc /Users/admin/builder/spi-builder-workspace/.derivedData/SDKStatCaches.noindex/watchos27.0-24R360-e829b21a6f8c9b70876ba0858053c04477534ef55a1706bf4c1112bbb242f0a2.sdkstatcache -output-file-map /Users/admin/builder/spi-builder-workspace/.derivedData/Build/Intermediates.noindex/Diagnostics.build/Debug-watchos/Diagnostics-t.build/Objects-normal/arm64/Diagnostics-OutputFileMap.json -save-temps -no-color-diagnostics -explicit-module-build -module-cache-path /Users/admin/builder/spi-builder-workspace/.derivedData/Build/Intermediates.noindex/SwiftExplicitPrecompiledModules -clang-scanner-module-cache-path /Users/admin/builder/spi-builder-workspace/.derivedData/ModuleCache.noindex -sdk-module-cache-path /Users/admin/builder/spi-builder-workspace/.derivedData/SDKExplicitPrecompiledModules -emit-dependencies -emit-module -emit-module-path /Users/admin/builder/spi-builder-workspace/.derivedData/Build/Intermediates.noindex/Diagnostics.build/Debug-watchos/Diagnostics-t.build/Objects-normal/arm64/Diagnostics.swiftmodule -serialize-diagnostics -dependency-scan-serialize-diagnostics-path /Users/admin/builder/spi-builder-workspace/.derivedData/Build/Intermediates.noindex/Diagnostics.build/Debug-watchos/Diagnostics-t.build/Objects-normal/arm64/Diagnostics-dependency-scan.dia -validate-clang-modules-once -clang-build-session-file /Users/admin/builder/spi-builder-workspace/.derivedData/ModuleCache.noindex/Session.modulevalidation -Xcc -fmodules-prune-interval\=86400 -Xcc -fmodules-prune-after\=345600 -package-name spi_builder_workspace -emit-const-values -const-gather-protocols-list /Users/admin/builder/spi-builder-workspace/.derivedData/Build/Intermediates.noindex/Diagnostics.build/Debug-watchos/Diagnostics-t.build/Objects-normal/arm64/Diagnostics_const_extract_protocols.json -Xcc -I/Users/admin/builder/spi-builder-workspace/.dependencies/checkouts/ExceptionCatcher/Sources/ExceptionCatcherInternal/include -Xcc -I/Users/admin/builder/spi-builder-workspace/.derivedData/Build/Products/Debug-watchos/include -Xcc -I/Users/admin/builder/spi-builder-workspace/.derivedData/Build/Intermediates.noindex/Diagnostics.build/Debug-watchos/Diagnostics-t.build/DerivedSources-normal/arm64 -Xcc -I/Users/admin/builder/spi-builder-workspace/.derivedData/Build/Intermediates.noindex/Diagnostics.build/Debug-watchos/Diagnostics-t.build/DerivedSources/arm64 -Xcc -I/Users/admin/builder/spi-builder-workspace/.derivedData/Build/Intermediates.noindex/Diagnostics.build/Debug-watchos/Diagnostics-t.build/DerivedSources -Xcc -DSWIFT_PACKAGE -Xcc -DDEBUG\=1 -emit-objc-header -emit-objc-header-path /Users/admin/builder/spi-builder-workspace/.derivedData/Build/Intermediates.noindex/Diagnostics.build/Debug-watchos/Diagnostics-t.build/Objects-normal/arm64/Diagnostics-Swift.h -working-directory /Users/admin/builder/spi-builder-workspace/.swiftpm/xcode -experimental-emit-module-separately -disable-cmo
error: Clang dependency scanning failure:  (in target 'Diagnostics' from project 'Diagnostics')
/Users/admin/builder/spi-builder-workspace/Sources/Logging/DiagnosticsLogger.swift:11:8: error: Unable to resolve module dependency: 'MetricKit' (in target 'Diagnostics' from project 'Diagnostics')
    note: A dependency of main module 'Diagnostics'
    /Users/admin/builder/spi-builder-workspace/Sources/Logging/Loggable.swift:2:8: note: Also imported here
    /Users/admin/builder/spi-builder-workspace/Sources/MetricKit/MetricsMonitor.swift:9:8: note: Also imported here
/Users/admin/builder/spi-builder-workspace/Sources/Logging/DiagnosticsLogger.swift:11:8: note: A dependency of main module 'Diagnostics'
import MetricKit
       ^ (in target 'Diagnostics' from project 'Diagnostics')
/Users/admin/builder/spi-builder-workspace/Sources/Logging/Loggable.swift:2:8: note: Also imported here
import MetricKit
       ^ (in target 'Diagnostics' from project 'Diagnostics')
/Users/admin/builder/spi-builder-workspace/Sources/MetricKit/MetricsMonitor.swift:9:8: note: Also imported here
import MetricKit
       ^ (in target 'Diagnostics' from project 'Diagnostics')
SwiftEmitModule normal arm64_32 Emitting\ module\ for\ ExceptionCatcher (in target 'ExceptionCatcher' from project 'ExceptionCatcher')
SwiftCompile normal arm64_32 (in target 'ExceptionCatcher' from project 'ExceptionCatcher')
    cd /Users/admin/builder/spi-builder-workspace/.swiftpm/xcode

SwiftCompile normal arm64_32 Compiling\ ExceptionCatcher.swift /Users/admin/builder/spi-builder-workspace/.dependencies/checkouts/ExceptionCatcher/Sources/ExceptionCatcher/ExceptionCatcher.swift (in target 'ExceptionCatcher' from project 'ExceptionCatcher')
SwiftCompile normal arm64_32 /Users/admin/builder/spi-builder-workspace/.dependencies/checkouts/ExceptionCatcher/Sources/ExceptionCatcher/ExceptionCatcher.swift (in target 'ExceptionCatcher' from project 'ExceptionCatcher')
    cd /Users/admin/builder/spi-builder-workspace/.swiftpm/xcode
    builtin-SwiftPerFileCompile ExceptionCatcher.swift
SwiftCompile normal arm64 Compiling\ ExceptionCatcher.swift /Users/admin/builder/spi-builder-workspace/.dependencies/checkouts/ExceptionCatcher/Sources/ExceptionCatcher/ExceptionCatcher.swift (in target 'ExceptionCatcher' from project 'ExceptionCatcher')
SwiftCompile normal arm64 /Users/admin/builder/spi-builder-workspace/.dependencies/checkouts/ExceptionCatcher/Sources/ExceptionCatcher/ExceptionCatcher.swift (in target 'ExceptionCatcher' from project 'ExceptionCatcher')
    cd /Users/admin/builder/spi-builder-workspace/.swiftpm/xcode
    builtin-SwiftPerFileCompile ExceptionCatcher.swift
SwiftEmitModule normal arm64 Emitting\ module\ for\ ExceptionCatcher (in target 'ExceptionCatcher' from project 'ExceptionCatcher')
SwiftCompile normal arm64 (in target 'ExceptionCatcher' from project 'ExceptionCatcher')
    cd /Users/admin/builder/spi-builder-workspace/.swiftpm/xcode

PruneExplicitPrecompiledModules /Users/admin/builder/spi-builder-workspace/.derivedData/Build/Intermediates.noindex/ExplicitPrecompiledModules
PruneExplicitPrecompiledModules /Users/admin/builder/spi-builder-workspace/.derivedData/Build/Intermediates.noindex/SwiftExplicitPrecompiledModules
PruneExplicitPrecompiledModules /Users/admin/builder/spi-builder-workspace/.derivedData/SDKExplicitPrecompiledModules
2026-09-29 09:54:32.355 xcodebuild[844:5039] [MT] IDERunDestination: Supported platforms for the buildables in the current scheme is empty.
2026-09-29 09:54:32.455 xcodebuild[844:5039] [MT] IDERunDestination: Supported platforms for the buildables in the current scheme is empty.
** BUILD FAILED **
The following build commands failed:
	SwiftDriver Diagnostics normal arm64_32 com.apple.xcode.tools.swift.compiler (in target 'Diagnostics' from project 'Diagnostics')
	SwiftDriver Diagnostics normal arm64 com.apple.xcode.tools.swift.compiler (in target 'Diagnostics' from project 'Diagnostics')
	Building workspace Diagnostics with scheme Diagnostics
(3 failures)
BUILD FAILURE 6.4 watchOS