Build Information
Failed to build Publishmon, reference v0.1.0 (b48671), with Swift 6.4 for watchOS using Xcode 27.0 on 20 Sep 2026 16:24:54 UTC.
Build Command
env DEVELOPER_DIR=/Applications/Xcode-27.0.0-Release.Candidate.app xcrun xcodebuild -IDEClonedSourcePackagesDirPathOverride=$PWD/.dependencies -skipMacroValidation -skipPackagePluginValidation -derivedDataPath $PWD/.derivedData build -scheme Publishmon -destination generic/platform=watchOSBuild Log
========================================
RunAll
========================================
Builder version: 5.1.0
Interrupt handler set up.
========================================
Checkout
========================================
Clone URL: https://github.com/supersonicbyte/Publishmon.git
Reference: v0.1.0
Initialized empty Git repository in /Users/admin/builder/spi-builder-workspace/.git/
From https://github.com/supersonicbyte/Publishmon
* tag v0.1.0 -> FETCH_HEAD
HEAD is now at b48671a Update README
Cloned https://github.com/supersonicbyte/Publishmon.git
Revision (git rev-parse @):
b48671a8e11c2b115573082863601c0ec25b84bf
SUCCESS checkout https://github.com/supersonicbyte/Publishmon.git at v0.1.0
========================================
Build
========================================
Selected platform: watchOS
Swift version: 6.4
Building package at path: $PWD
https://github.com/supersonicbyte/Publishmon.git
Command line invocation:
/Applications/Xcode-27.0.0-Release.Candidate.app/Contents/Developer/usr/bin/xcodebuild -IDEClonedSourcePackagesDirPathOverride=/Users/admin/builder/spi-builder-workspace/.dependencies -resolvePackageDependencies
Resolve Package Graph
Fetching from https://github.com/JohnSundell/ShellOut.git
Creating working copy of package ‘ShellOut’
Checking out 2.3.0 of package ‘ShellOut’
Resolve Package Graph
Resolved source packages:
ShellOut: https://github.com/JohnSundell/ShellOut.git @ 2.3.0
Publishmon: /Users/admin/builder/spi-builder-workspace
resolved source packages: ShellOut, Publishmon
2026-09-20 12:24:13.656 xcodebuild[524:2994] [MT] IDERunDestination: Supported platforms for the buildables in the current scheme is empty.
{
"dependencies" : [
{
"identity" : "shellout",
"requirement" : {
"range" : [
{
"lower_bound" : "2.0.0",
"upper_bound" : "3.0.0"
}
]
},
"type" : "sourceControl",
"url" : "https://github.com/JohnSundell/ShellOut.git"
}
],
"manifest_display_name" : "Publishmon",
"name" : "Publishmon",
"path" : "/Users/admin/builder/spi-builder-workspace",
"platforms" : [
{
"name" : "macos",
"version" : "13.0"
}
],
"products" : [
{
"name" : "Publishmon",
"targets" : [
"Publishmon"
],
"type" : {
"executable" : null
}
}
],
"targets" : [
{
"c99name" : "PublishmonCore",
"module_type" : "SwiftTarget",
"name" : "PublishmonCore",
"path" : "Sources/PublishmonCore",
"product_dependencies" : [
"ShellOut"
],
"product_memberships" : [
"Publishmon"
],
"sources" : [
"FileMonitor.swift",
"PublishmonCore.swift"
],
"type" : "library"
},
{
"c99name" : "Publishmon",
"module_type" : "SwiftTarget",
"name" : "Publishmon",
"path" : "Sources/Publishmon",
"product_memberships" : [
"Publishmon"
],
"sources" : [
"main.swift"
],
"target_dependencies" : [
"PublishmonCore"
],
"type" : "executable"
}
],
"tools_version" : "5.10"
}
{
"workspace" : {
"name" : "Publishmon",
"schemes" : [
"Publishmon"
]
}
}
2026-09-20 12:24:45.485 xcodebuild[659:3968] [MT] IDERunDestination: Supported platforms for the buildables in the current scheme is empty.
Running build ...
env DEVELOPER_DIR=/Applications/Xcode-27.0.0-Release.Candidate.app xcrun xcodebuild -IDEClonedSourcePackagesDirPathOverride=$PWD/.dependencies -skipMacroValidation -skipPackagePluginValidation -derivedDataPath $PWD/.derivedData build -scheme Publishmon -destination generic/platform=watchOS
Command line invocation:
/Applications/Xcode-27.0.0-Release.Candidate.app/Contents/Developer/usr/bin/xcodebuild -IDEClonedSourcePackagesDirPathOverride=/Users/admin/builder/spi-builder-workspace/.dependencies -skipMacroValidation -skipPackagePluginValidation -derivedDataPath /Users/admin/builder/spi-builder-workspace/.derivedData build -scheme Publishmon -destination generic/platform=watchOS
Resolve Package Graph
Resolve Package Graph
Resolved source packages:
Publishmon: /Users/admin/builder/spi-builder-workspace
ShellOut: https://github.com/JohnSundell/ShellOut.git @ 2.3.0
ComputePackagePrebuildTargetDependencyGraph
Prepare packages
CreateBuildRequest
SendProjectDescription
CreateBuildOperation
ComputeTargetDependencyGraph
note: Building targets in dependency order
note: Target dependency graph (4 targets)
Target 'Publishmon-product' in project 'Publishmon'
➜ Explicit dependency on target 'PublishmonCore' in project 'Publishmon'
➜ Explicit dependency on target 'ShellOut-product' in project 'ShellOut'
Target 'PublishmonCore' in project 'Publishmon'
➜ Explicit dependency on target 'ShellOut-product' in project 'ShellOut'
Target 'ShellOut-product' in project 'ShellOut'
➜ Explicit dependency on target 'ShellOut' in project 'ShellOut'
Target 'ShellOut' in project 'ShellOut' (no dependencies)
GatherProvisioningInputs
CreateBuildDescription
ExecuteExternalTool /Applications/Xcode-27.0.0-Release.Candidate.app/Contents/Developer/Toolchains/XcodeDefault.xctoolchain/usr/bin/clang -v -E -dM -isysroot /Applications/Xcode-27.0.0-Release.Candidate.app/Contents/Developer/Platforms/WatchOS.platform/Developer/SDKs/WatchOS27.0.sdk -x c -c /dev/null
ExecuteExternalTool /Applications/Xcode-27.0.0-Release.Candidate.app/Contents/Developer/Toolchains/XcodeDefault.xctoolchain/usr/bin/swiftc --version
ExecuteExternalTool /Applications/Xcode-27.0.0-Release.Candidate.app/Contents/Developer/Toolchains/XcodeDefault.xctoolchain/usr/bin/ld -version_details
Build description signature: ffeff134dd428861952b16aa18f0a557
Build description path: /Users/admin/builder/spi-builder-workspace/.derivedData/Build/Intermediates.noindex/XCBuildData/ffeff134dd428861952b16aa18f0a557.xcbuilddata
CreateBuildDirectory /Users/admin/builder/spi-builder-workspace/.derivedData/SDKExplicitPrecompiledModules
cd /Users/admin/builder/spi-builder-workspace/.swiftpm/xcode
builtin-create-build-directory /Users/admin/builder/spi-builder-workspace/.derivedData/SDKExplicitPrecompiledModules
CreateBuildDirectory /Users/admin/builder/spi-builder-workspace/.derivedData/CompilationCache.noindex
cd /Users/admin/builder/spi-builder-workspace/.swiftpm/xcode
builtin-create-build-directory /Users/admin/builder/spi-builder-workspace/.derivedData/CompilationCache.noindex
CreateBuildDirectory /Users/admin/builder/spi-builder-workspace/.derivedData/Build/Intermediates.noindex
cd /Users/admin/builder/spi-builder-workspace/.swiftpm/xcode
builtin-create-build-directory /Users/admin/builder/spi-builder-workspace/.derivedData/Build/Intermediates.noindex
CreateBuildDirectory /Users/admin/builder/spi-builder-workspace/.derivedData/ModuleCache.noindex
cd /Users/admin/builder/spi-builder-workspace/.swiftpm/xcode
builtin-create-build-directory /Users/admin/builder/spi-builder-workspace/.derivedData/ModuleCache.noindex
CreateBuildDirectory /Users/admin/builder/spi-builder-workspace/.derivedData/Build/Products
cd /Users/admin/builder/spi-builder-workspace/.swiftpm/xcode
builtin-create-build-directory /Users/admin/builder/spi-builder-workspace/.derivedData/Build/Products
ClangStatCache /Applications/Xcode-27.0.0-Release.Candidate.app/Contents/Developer/Toolchains/XcodeDefault.xctoolchain/usr/bin/clang-stat-cache /Applications/Xcode-27.0.0-Release.Candidate.app/Contents/Developer/Platforms/WatchOS.platform/Developer/SDKs/WatchOS27.0.sdk /Users/admin/builder/spi-builder-workspace/.derivedData/SDKStatCaches.noindex/watchos27.0-24R360-e829b21a6f8c9b70876ba0858053c04477534ef55a1706bf4c1112bbb242f0a2.sdkstatcache
cd /Users/admin/builder/spi-builder-workspace/.swiftpm/xcode
/Applications/Xcode-27.0.0-Release.Candidate.app/Contents/Developer/Toolchains/XcodeDefault.xctoolchain/usr/bin/clang-stat-cache /Applications/Xcode-27.0.0-Release.Candidate.app/Contents/Developer/Platforms/WatchOS.platform/Developer/SDKs/WatchOS27.0.sdk -o /Users/admin/builder/spi-builder-workspace/.derivedData/SDKStatCaches.noindex/watchos27.0-24R360-e829b21a6f8c9b70876ba0858053c04477534ef55a1706bf4c1112bbb242f0a2.sdkstatcache
CreateBuildDirectory /Users/admin/builder/spi-builder-workspace/.derivedData/Build/Intermediates.noindex/SwiftExplicitPrecompiledModules
cd /Users/admin/builder/spi-builder-workspace/.swiftpm/xcode
builtin-create-build-directory /Users/admin/builder/spi-builder-workspace/.derivedData/Build/Intermediates.noindex/SwiftExplicitPrecompiledModules
CreateBuildDirectory /Users/admin/builder/spi-builder-workspace/.derivedData/Build/Intermediates.noindex/PrecompiledHeaders
cd /Users/admin/builder/spi-builder-workspace/.swiftpm/xcode
builtin-create-build-directory /Users/admin/builder/spi-builder-workspace/.derivedData/Build/Intermediates.noindex/PrecompiledHeaders
CreateBuildDirectory /Users/admin/builder/spi-builder-workspace/.derivedData/Build/Intermediates.noindex/ExplicitPrecompiledModules
cd /Users/admin/builder/spi-builder-workspace/.swiftpm/xcode
builtin-create-build-directory /Users/admin/builder/spi-builder-workspace/.derivedData/Build/Intermediates.noindex/ExplicitPrecompiledModules
CreateBuildDirectory /Users/admin/builder/spi-builder-workspace/.derivedData/Build/Products/Debug-watchos
cd /Users/admin/builder/spi-builder-workspace/.swiftpm/xcode
builtin-create-build-directory /Users/admin/builder/spi-builder-workspace/.derivedData/Build/Products/Debug-watchos
CreateBuildDirectory /Users/admin/builder/spi-builder-workspace/.derivedData/Build/Intermediates.noindex/EagerLinkingTBDs/Debug-watchos
cd /Users/admin/builder/spi-builder-workspace/.swiftpm/xcode
builtin-create-build-directory /Users/admin/builder/spi-builder-workspace/.derivedData/Build/Intermediates.noindex/EagerLinkingTBDs/Debug-watchos
CreateBuildDirectory /Users/admin/builder/spi-builder-workspace/.derivedData/Build/Products/Debug-watchos/PackageFrameworks
cd /Users/admin/builder/spi-builder-workspace/.swiftpm/xcode
builtin-create-build-directory /Users/admin/builder/spi-builder-workspace/.derivedData/Build/Products/Debug-watchos/PackageFrameworks
WriteAuxiliaryFile /Users/admin/builder/spi-builder-workspace/.derivedData/Build/Intermediates.noindex/ShellOut.build/Debug-watchos/ShellOut-t.build/ShellOut.DependencyStaticMetadataFileList (in target 'ShellOut' from project 'ShellOut')
cd /Users/admin/builder/spi-builder-workspace/.dependencies/checkouts/ShellOut
write-file /Users/admin/builder/spi-builder-workspace/.derivedData/Build/Intermediates.noindex/ShellOut.build/Debug-watchos/ShellOut-t.build/ShellOut.DependencyStaticMetadataFileList
WriteAuxiliaryFile /Users/admin/builder/spi-builder-workspace/.derivedData/Build/Intermediates.noindex/ShellOut.build/Debug-watchos/ShellOut-t.build/Objects-normal/arm64/ShellOut_const_extract_protocols.json (in target 'ShellOut' from project 'ShellOut')
cd /Users/admin/builder/spi-builder-workspace/.dependencies/checkouts/ShellOut
write-file /Users/admin/builder/spi-builder-workspace/.derivedData/Build/Intermediates.noindex/ShellOut.build/Debug-watchos/ShellOut-t.build/Objects-normal/arm64/ShellOut_const_extract_protocols.json
WriteAuxiliaryFile /Users/admin/builder/spi-builder-workspace/.derivedData/Build/Intermediates.noindex/ShellOut.build/Debug-watchos/ShellOut-t.build/Objects-normal/arm64_32/ShellOut-OutputFileMap.json (in target 'ShellOut' from project 'ShellOut')
cd /Users/admin/builder/spi-builder-workspace/.dependencies/checkouts/ShellOut
write-file /Users/admin/builder/spi-builder-workspace/.derivedData/Build/Intermediates.noindex/ShellOut.build/Debug-watchos/ShellOut-t.build/Objects-normal/arm64_32/ShellOut-OutputFileMap.json
WriteAuxiliaryFile /Users/admin/builder/spi-builder-workspace/.derivedData/Build/Intermediates.noindex/ShellOut.build/Debug-watchos/ShellOut-t.build/ShellOut.DependencyMetadataFileList (in target 'ShellOut' from project 'ShellOut')
cd /Users/admin/builder/spi-builder-workspace/.dependencies/checkouts/ShellOut
write-file /Users/admin/builder/spi-builder-workspace/.derivedData/Build/Intermediates.noindex/ShellOut.build/Debug-watchos/ShellOut-t.build/ShellOut.DependencyMetadataFileList
WriteAuxiliaryFile /Users/admin/builder/spi-builder-workspace/.derivedData/Build/Intermediates.noindex/ShellOut.build/Debug-watchos/ShellOut-t.build/ShellOut.modulemap (in target 'ShellOut' from project 'ShellOut')
cd /Users/admin/builder/spi-builder-workspace/.dependencies/checkouts/ShellOut
write-file /Users/admin/builder/spi-builder-workspace/.derivedData/Build/Intermediates.noindex/ShellOut.build/Debug-watchos/ShellOut-t.build/ShellOut.modulemap
WriteAuxiliaryFile /Users/admin/builder/spi-builder-workspace/.derivedData/Build/Intermediates.noindex/ShellOut.build/Debug-watchos/ShellOut-t.build/Objects-normal/arm64_32/ShellOut_const_extract_protocols.json (in target 'ShellOut' from project 'ShellOut')
cd /Users/admin/builder/spi-builder-workspace/.dependencies/checkouts/ShellOut
write-file /Users/admin/builder/spi-builder-workspace/.derivedData/Build/Intermediates.noindex/ShellOut.build/Debug-watchos/ShellOut-t.build/Objects-normal/arm64_32/ShellOut_const_extract_protocols.json
WriteAuxiliaryFile /Users/admin/builder/spi-builder-workspace/.derivedData/Build/Intermediates.noindex/ShellOut.build/Debug-watchos/ShellOut-t.build/Objects-normal/arm64_32/ShellOut.SwiftConstValuesFileList (in target 'ShellOut' from project 'ShellOut')
cd /Users/admin/builder/spi-builder-workspace/.dependencies/checkouts/ShellOut
write-file /Users/admin/builder/spi-builder-workspace/.derivedData/Build/Intermediates.noindex/ShellOut.build/Debug-watchos/ShellOut-t.build/Objects-normal/arm64_32/ShellOut.SwiftConstValuesFileList
WriteAuxiliaryFile /Users/admin/builder/spi-builder-workspace/.derivedData/Build/Intermediates.noindex/ShellOut.build/Debug-watchos/ShellOut-t.build/Objects-normal/arm64_32/ShellOut.SwiftFileList (in target 'ShellOut' from project 'ShellOut')
cd /Users/admin/builder/spi-builder-workspace/.dependencies/checkouts/ShellOut
write-file /Users/admin/builder/spi-builder-workspace/.derivedData/Build/Intermediates.noindex/ShellOut.build/Debug-watchos/ShellOut-t.build/Objects-normal/arm64_32/ShellOut.SwiftFileList
WriteAuxiliaryFile /Users/admin/builder/spi-builder-workspace/.derivedData/Build/Intermediates.noindex/ShellOut.build/Debug-watchos/ShellOut-t.build/Objects-normal/arm64_32/ShellOut.LinkFileList (in target 'ShellOut' from project 'ShellOut')
cd /Users/admin/builder/spi-builder-workspace/.dependencies/checkouts/ShellOut
write-file /Users/admin/builder/spi-builder-workspace/.derivedData/Build/Intermediates.noindex/ShellOut.build/Debug-watchos/ShellOut-t.build/Objects-normal/arm64_32/ShellOut.LinkFileList
WriteAuxiliaryFile /Users/admin/builder/spi-builder-workspace/.derivedData/Build/Intermediates.noindex/ShellOut.build/Debug-watchos/ShellOut-t.build/Objects-normal/arm64/ShellOut.SwiftFileList (in target 'ShellOut' from project 'ShellOut')
cd /Users/admin/builder/spi-builder-workspace/.dependencies/checkouts/ShellOut
write-file /Users/admin/builder/spi-builder-workspace/.derivedData/Build/Intermediates.noindex/ShellOut.build/Debug-watchos/ShellOut-t.build/Objects-normal/arm64/ShellOut.SwiftFileList
WriteAuxiliaryFile /Users/admin/builder/spi-builder-workspace/.derivedData/Build/Intermediates.noindex/ShellOut.build/Debug-watchos/ShellOut-t.build/Objects-normal/arm64/ShellOut.SwiftConstValuesFileList (in target 'ShellOut' from project 'ShellOut')
cd /Users/admin/builder/spi-builder-workspace/.dependencies/checkouts/ShellOut
write-file /Users/admin/builder/spi-builder-workspace/.derivedData/Build/Intermediates.noindex/ShellOut.build/Debug-watchos/ShellOut-t.build/Objects-normal/arm64/ShellOut.SwiftConstValuesFileList
WriteAuxiliaryFile /Users/admin/builder/spi-builder-workspace/.derivedData/Build/Intermediates.noindex/ShellOut.build/Debug-watchos/ShellOut-t.build/Objects-normal/arm64/ShellOut.LinkFileList (in target 'ShellOut' from project 'ShellOut')
cd /Users/admin/builder/spi-builder-workspace/.dependencies/checkouts/ShellOut
write-file /Users/admin/builder/spi-builder-workspace/.derivedData/Build/Intermediates.noindex/ShellOut.build/Debug-watchos/ShellOut-t.build/Objects-normal/arm64/ShellOut.LinkFileList
WriteAuxiliaryFile /Users/admin/builder/spi-builder-workspace/.derivedData/Build/Intermediates.noindex/ShellOut.build/Debug-watchos/ShellOut-t.build/Objects-normal/arm64/ShellOut-OutputFileMap.json (in target 'ShellOut' from project 'ShellOut')
cd /Users/admin/builder/spi-builder-workspace/.dependencies/checkouts/ShellOut
write-file /Users/admin/builder/spi-builder-workspace/.derivedData/Build/Intermediates.noindex/ShellOut.build/Debug-watchos/ShellOut-t.build/Objects-normal/arm64/ShellOut-OutputFileMap.json
Copy /Users/admin/builder/spi-builder-workspace/.derivedData/Build/Intermediates.noindex/GeneratedModuleMaps-watchos/ShellOut.modulemap /Users/admin/builder/spi-builder-workspace/.derivedData/Build/Intermediates.noindex/ShellOut.build/Debug-watchos/ShellOut-t.build/ShellOut.modulemap (in target 'ShellOut' from project 'ShellOut')
cd /Users/admin/builder/spi-builder-workspace/.dependencies/checkouts/ShellOut
builtin-copy -exclude .DS_Store -exclude CVS -exclude .svn -exclude .git -exclude .hg -resolve-src-symlinks /Users/admin/builder/spi-builder-workspace/.derivedData/Build/Intermediates.noindex/ShellOut.build/Debug-watchos/ShellOut-t.build/ShellOut.modulemap /Users/admin/builder/spi-builder-workspace/.derivedData/Build/Intermediates.noindex/GeneratedModuleMaps-watchos
WriteAuxiliaryFile /Users/admin/builder/spi-builder-workspace/.derivedData/Build/Intermediates.noindex/Publishmon.build/Debug-watchos/PublishmonCore-t.build/PublishmonCore.DependencyMetadataFileList (in target 'PublishmonCore' from project 'Publishmon')
cd /Users/admin/builder/spi-builder-workspace
write-file /Users/admin/builder/spi-builder-workspace/.derivedData/Build/Intermediates.noindex/Publishmon.build/Debug-watchos/PublishmonCore-t.build/PublishmonCore.DependencyMetadataFileList
WriteAuxiliaryFile /Users/admin/builder/spi-builder-workspace/.derivedData/Build/Intermediates.noindex/Publishmon.build/Debug-watchos/PublishmonCore-t.build/PublishmonCore.DependencyStaticMetadataFileList (in target 'PublishmonCore' from project 'Publishmon')
cd /Users/admin/builder/spi-builder-workspace
write-file /Users/admin/builder/spi-builder-workspace/.derivedData/Build/Intermediates.noindex/Publishmon.build/Debug-watchos/PublishmonCore-t.build/PublishmonCore.DependencyStaticMetadataFileList
WriteAuxiliaryFile /Users/admin/builder/spi-builder-workspace/.derivedData/Build/Intermediates.noindex/Publishmon.build/Debug-watchos/PublishmonCore-t.build/PublishmonCore.modulemap (in target 'PublishmonCore' from project 'Publishmon')
cd /Users/admin/builder/spi-builder-workspace
write-file /Users/admin/builder/spi-builder-workspace/.derivedData/Build/Intermediates.noindex/Publishmon.build/Debug-watchos/PublishmonCore-t.build/PublishmonCore.modulemap
WriteAuxiliaryFile /Users/admin/builder/spi-builder-workspace/.derivedData/Build/Intermediates.noindex/Publishmon.build/Debug-watchos/PublishmonCore-t.build/Objects-normal/arm64_32/PublishmonCore.SwiftFileList (in target 'PublishmonCore' from project 'Publishmon')
cd /Users/admin/builder/spi-builder-workspace
write-file /Users/admin/builder/spi-builder-workspace/.derivedData/Build/Intermediates.noindex/Publishmon.build/Debug-watchos/PublishmonCore-t.build/Objects-normal/arm64_32/PublishmonCore.SwiftFileList
WriteAuxiliaryFile /Users/admin/builder/spi-builder-workspace/.derivedData/Build/Intermediates.noindex/Publishmon.build/Debug-watchos/PublishmonCore-t.build/Objects-normal/arm64_32/PublishmonCore_const_extract_protocols.json (in target 'PublishmonCore' from project 'Publishmon')
cd /Users/admin/builder/spi-builder-workspace
write-file /Users/admin/builder/spi-builder-workspace/.derivedData/Build/Intermediates.noindex/Publishmon.build/Debug-watchos/PublishmonCore-t.build/Objects-normal/arm64_32/PublishmonCore_const_extract_protocols.json
WriteAuxiliaryFile /Users/admin/builder/spi-builder-workspace/.derivedData/Build/Intermediates.noindex/Publishmon.build/Debug-watchos/PublishmonCore-t.build/Objects-normal/arm64_32/PublishmonCore.SwiftConstValuesFileList (in target 'PublishmonCore' from project 'Publishmon')
cd /Users/admin/builder/spi-builder-workspace
write-file /Users/admin/builder/spi-builder-workspace/.derivedData/Build/Intermediates.noindex/Publishmon.build/Debug-watchos/PublishmonCore-t.build/Objects-normal/arm64_32/PublishmonCore.SwiftConstValuesFileList
WriteAuxiliaryFile /Users/admin/builder/spi-builder-workspace/.derivedData/Build/Intermediates.noindex/Publishmon.build/Debug-watchos/PublishmonCore-t.build/Objects-normal/arm64_32/PublishmonCore.LinkFileList (in target 'PublishmonCore' from project 'Publishmon')
cd /Users/admin/builder/spi-builder-workspace
write-file /Users/admin/builder/spi-builder-workspace/.derivedData/Build/Intermediates.noindex/Publishmon.build/Debug-watchos/PublishmonCore-t.build/Objects-normal/arm64_32/PublishmonCore.LinkFileList
WriteAuxiliaryFile /Users/admin/builder/spi-builder-workspace/.derivedData/Build/Intermediates.noindex/Publishmon.build/Debug-watchos/PublishmonCore-t.build/Objects-normal/arm64_32/PublishmonCore-OutputFileMap.json (in target 'PublishmonCore' from project 'Publishmon')
cd /Users/admin/builder/spi-builder-workspace
write-file /Users/admin/builder/spi-builder-workspace/.derivedData/Build/Intermediates.noindex/Publishmon.build/Debug-watchos/PublishmonCore-t.build/Objects-normal/arm64_32/PublishmonCore-OutputFileMap.json
WriteAuxiliaryFile /Users/admin/builder/spi-builder-workspace/.derivedData/Build/Intermediates.noindex/Publishmon.build/Debug-watchos/PublishmonCore-t.build/Objects-normal/arm64/PublishmonCore.SwiftConstValuesFileList (in target 'PublishmonCore' from project 'Publishmon')
cd /Users/admin/builder/spi-builder-workspace
write-file /Users/admin/builder/spi-builder-workspace/.derivedData/Build/Intermediates.noindex/Publishmon.build/Debug-watchos/PublishmonCore-t.build/Objects-normal/arm64/PublishmonCore.SwiftConstValuesFileList
WriteAuxiliaryFile /Users/admin/builder/spi-builder-workspace/.derivedData/Build/Intermediates.noindex/Publishmon.build/Debug-watchos/PublishmonCore-t.build/Objects-normal/arm64/PublishmonCore.SwiftFileList (in target 'PublishmonCore' from project 'Publishmon')
cd /Users/admin/builder/spi-builder-workspace
write-file /Users/admin/builder/spi-builder-workspace/.derivedData/Build/Intermediates.noindex/Publishmon.build/Debug-watchos/PublishmonCore-t.build/Objects-normal/arm64/PublishmonCore.SwiftFileList
WriteAuxiliaryFile /Users/admin/builder/spi-builder-workspace/.derivedData/Build/Intermediates.noindex/Publishmon.build/Debug-watchos/PublishmonCore-t.build/Objects-normal/arm64/PublishmonCore_const_extract_protocols.json (in target 'PublishmonCore' from project 'Publishmon')
cd /Users/admin/builder/spi-builder-workspace
write-file /Users/admin/builder/spi-builder-workspace/.derivedData/Build/Intermediates.noindex/Publishmon.build/Debug-watchos/PublishmonCore-t.build/Objects-normal/arm64/PublishmonCore_const_extract_protocols.json
WriteAuxiliaryFile /Users/admin/builder/spi-builder-workspace/.derivedData/Build/Intermediates.noindex/Publishmon.build/Debug-watchos/PublishmonCore-t.build/Objects-normal/arm64/PublishmonCore.LinkFileList (in target 'PublishmonCore' from project 'Publishmon')
cd /Users/admin/builder/spi-builder-workspace
write-file /Users/admin/builder/spi-builder-workspace/.derivedData/Build/Intermediates.noindex/Publishmon.build/Debug-watchos/PublishmonCore-t.build/Objects-normal/arm64/PublishmonCore.LinkFileList
WriteAuxiliaryFile /Users/admin/builder/spi-builder-workspace/.derivedData/Build/Intermediates.noindex/Publishmon.build/Debug-watchos/PublishmonCore-t.build/Objects-normal/arm64/PublishmonCore-OutputFileMap.json (in target 'PublishmonCore' from project 'Publishmon')
cd /Users/admin/builder/spi-builder-workspace
write-file /Users/admin/builder/spi-builder-workspace/.derivedData/Build/Intermediates.noindex/Publishmon.build/Debug-watchos/PublishmonCore-t.build/Objects-normal/arm64/PublishmonCore-OutputFileMap.json
Copy /Users/admin/builder/spi-builder-workspace/.derivedData/Build/Intermediates.noindex/GeneratedModuleMaps-watchos/PublishmonCore.modulemap /Users/admin/builder/spi-builder-workspace/.derivedData/Build/Intermediates.noindex/Publishmon.build/Debug-watchos/PublishmonCore-t.build/PublishmonCore.modulemap (in target 'PublishmonCore' from project 'Publishmon')
cd /Users/admin/builder/spi-builder-workspace
builtin-copy -exclude .DS_Store -exclude CVS -exclude .svn -exclude .git -exclude .hg -resolve-src-symlinks /Users/admin/builder/spi-builder-workspace/.derivedData/Build/Intermediates.noindex/Publishmon.build/Debug-watchos/PublishmonCore-t.build/PublishmonCore.modulemap /Users/admin/builder/spi-builder-workspace/.derivedData/Build/Intermediates.noindex/GeneratedModuleMaps-watchos
WriteAuxiliaryFile /Users/admin/builder/spi-builder-workspace/.derivedData/Build/Intermediates.noindex/Publishmon.build/Debug-watchos/Publishmon-p.build/Publishmon.DependencyStaticMetadataFileList (in target 'Publishmon-product' from project 'Publishmon')
cd /Users/admin/builder/spi-builder-workspace
write-file /Users/admin/builder/spi-builder-workspace/.derivedData/Build/Intermediates.noindex/Publishmon.build/Debug-watchos/Publishmon-p.build/Publishmon.DependencyStaticMetadataFileList
WriteAuxiliaryFile /Users/admin/builder/spi-builder-workspace/.derivedData/Build/Intermediates.noindex/Publishmon.build/Debug-watchos/Publishmon-p.build/Publishmon.DependencyMetadataFileList (in target 'Publishmon-product' from project 'Publishmon')
cd /Users/admin/builder/spi-builder-workspace
write-file /Users/admin/builder/spi-builder-workspace/.derivedData/Build/Intermediates.noindex/Publishmon.build/Debug-watchos/Publishmon-p.build/Publishmon.DependencyMetadataFileList
WriteAuxiliaryFile /Users/admin/builder/spi-builder-workspace/.derivedData/Build/Intermediates.noindex/Publishmon.build/Debug-watchos/Publishmon-p.build/Objects-normal/arm64_32/Publishmon_const_extract_protocols.json (in target 'Publishmon-product' from project 'Publishmon')
cd /Users/admin/builder/spi-builder-workspace
write-file /Users/admin/builder/spi-builder-workspace/.derivedData/Build/Intermediates.noindex/Publishmon.build/Debug-watchos/Publishmon-p.build/Objects-normal/arm64_32/Publishmon_const_extract_protocols.json
WriteAuxiliaryFile /Users/admin/builder/spi-builder-workspace/.derivedData/Build/Intermediates.noindex/Publishmon.build/Debug-watchos/Publishmon-p.build/Objects-normal/arm64_32/Publishmon.SwiftFileList (in target 'Publishmon-product' from project 'Publishmon')
cd /Users/admin/builder/spi-builder-workspace
write-file /Users/admin/builder/spi-builder-workspace/.derivedData/Build/Intermediates.noindex/Publishmon.build/Debug-watchos/Publishmon-p.build/Objects-normal/arm64_32/Publishmon.SwiftFileList
WriteAuxiliaryFile /Users/admin/builder/spi-builder-workspace/.derivedData/Build/Intermediates.noindex/Publishmon.build/Debug-watchos/Publishmon-p.build/Objects-normal/arm64_32/Publishmon.LinkFileList (in target 'Publishmon-product' from project 'Publishmon')
cd /Users/admin/builder/spi-builder-workspace
write-file /Users/admin/builder/spi-builder-workspace/.derivedData/Build/Intermediates.noindex/Publishmon.build/Debug-watchos/Publishmon-p.build/Objects-normal/arm64_32/Publishmon.LinkFileList
WriteAuxiliaryFile /Users/admin/builder/spi-builder-workspace/.derivedData/Build/Intermediates.noindex/Publishmon.build/Debug-watchos/Publishmon-p.build/Objects-normal/arm64_32/Publishmon-OutputFileMap.json (in target 'Publishmon-product' from project 'Publishmon')
cd /Users/admin/builder/spi-builder-workspace
write-file /Users/admin/builder/spi-builder-workspace/.derivedData/Build/Intermediates.noindex/Publishmon.build/Debug-watchos/Publishmon-p.build/Objects-normal/arm64_32/Publishmon-OutputFileMap.json
WriteAuxiliaryFile /Users/admin/builder/spi-builder-workspace/.derivedData/Build/Intermediates.noindex/Publishmon.build/Debug-watchos/Publishmon-p.build/Objects-normal/arm64/Publishmon_const_extract_protocols.json (in target 'Publishmon-product' from project 'Publishmon')
cd /Users/admin/builder/spi-builder-workspace
write-file /Users/admin/builder/spi-builder-workspace/.derivedData/Build/Intermediates.noindex/Publishmon.build/Debug-watchos/Publishmon-p.build/Objects-normal/arm64/Publishmon_const_extract_protocols.json
WriteAuxiliaryFile /Users/admin/builder/spi-builder-workspace/.derivedData/Build/Intermediates.noindex/Publishmon.build/Debug-watchos/Publishmon-p.build/Objects-normal/arm64/Publishmon.SwiftFileList (in target 'Publishmon-product' from project 'Publishmon')
cd /Users/admin/builder/spi-builder-workspace
write-file /Users/admin/builder/spi-builder-workspace/.derivedData/Build/Intermediates.noindex/Publishmon.build/Debug-watchos/Publishmon-p.build/Objects-normal/arm64/Publishmon.SwiftFileList
WriteAuxiliaryFile /Users/admin/builder/spi-builder-workspace/.derivedData/Build/Intermediates.noindex/Publishmon.build/Debug-watchos/Publishmon-p.build/Objects-normal/arm64/Publishmon.LinkFileList (in target 'Publishmon-product' from project 'Publishmon')
cd /Users/admin/builder/spi-builder-workspace
write-file /Users/admin/builder/spi-builder-workspace/.derivedData/Build/Intermediates.noindex/Publishmon.build/Debug-watchos/Publishmon-p.build/Objects-normal/arm64/Publishmon.LinkFileList
WriteAuxiliaryFile /Users/admin/builder/spi-builder-workspace/.derivedData/Build/Intermediates.noindex/Publishmon.build/Debug-watchos/Publishmon-p.build/Objects-normal/arm64/Publishmon-OutputFileMap.json (in target 'Publishmon-product' from project 'Publishmon')
cd /Users/admin/builder/spi-builder-workspace
write-file /Users/admin/builder/spi-builder-workspace/.derivedData/Build/Intermediates.noindex/Publishmon.build/Debug-watchos/Publishmon-p.build/Objects-normal/arm64/Publishmon-OutputFileMap.json
SwiftDriver ShellOut normal arm64_32 com.apple.xcode.tools.swift.compiler (in target 'ShellOut' from project 'ShellOut')
cd /Users/admin/builder/spi-builder-workspace/.swiftpm/xcode
builtin-SwiftDriver -- /Applications/Xcode-27.0.0-Release.Candidate.app/Contents/Developer/Toolchains/XcodeDefault.xctoolchain/usr/bin/swiftc -parse-as-library -module-name ShellOut -Onone @/Users/admin/builder/spi-builder-workspace/.derivedData/Build/Intermediates.noindex/ShellOut.build/Debug-watchos/ShellOut-t.build/Objects-normal/arm64_32/ShellOut.SwiftFileList -DSWIFT_PACKAGE -DDEBUG -DSWIFT_MODULE_RESOURCE_BUNDLE_UNAVAILABLE -DXcode -plugin-path /Applications/Xcode-27.0.0-Release.Candidate.app/Contents/Developer/Toolchains/XcodeDefault.xctoolchain/usr/lib/swift/host/plugins/testing -enable-experimental-feature DebugDescriptionMacro -sdk /Applications/Xcode-27.0.0-Release.Candidate.app/Contents/Developer/Platforms/WatchOS.platform/Developer/SDKs/WatchOS27.0.sdk -target arm64_32-apple-watchos9.0 -g -module-cache-path /Users/admin/builder/spi-builder-workspace/.derivedData/ModuleCache.noindex -Xfrontend -serialize-debugging-options -enable-testing -suppress-warnings -index-store-path /Users/admin/builder/spi-builder-workspace/.derivedData/Index.noindex/DataStore -Xcc -D_LIBCPP_HARDENING_MODE\=_LIBCPP_HARDENING_MODE_DEBUG -swift-version 4.2 -I /Users/admin/builder/spi-builder-workspace/.derivedData/Build/Products/Debug-watchos -Isystem /Applications/Xcode-27.0.0-Release.Candidate.app/Contents/Developer/Platforms/WatchOS.platform/Developer/usr/lib -F /Users/admin/builder/spi-builder-workspace/.derivedData/Build/Products/Debug-watchos -F /Applications/Xcode-27.0.0-Release.Candidate.app/Contents/Developer/Platforms/WatchOS.platform/Developer/Library/Frameworks -F /Applications/Xcode-27.0.0-Release.Candidate.app/Contents/Developer/Platforms/WatchOS.platform/Developer/SDKs/WatchOS27.0.sdk/Developer/Library/Frameworks -c -j10 -enable-batch-mode -incremental -Xcc -ivfsstatcache -Xcc /Users/admin/builder/spi-builder-workspace/.derivedData/SDKStatCaches.noindex/watchos27.0-24R360-e829b21a6f8c9b70876ba0858053c04477534ef55a1706bf4c1112bbb242f0a2.sdkstatcache -output-file-map /Users/admin/builder/spi-builder-workspace/.derivedData/Build/Intermediates.noindex/ShellOut.build/Debug-watchos/ShellOut-t.build/Objects-normal/arm64_32/ShellOut-OutputFileMap.json -save-temps -no-color-diagnostics -emit-dependencies -emit-module -emit-module-path /Users/admin/builder/spi-builder-workspace/.derivedData/Build/Intermediates.noindex/ShellOut.build/Debug-watchos/ShellOut-t.build/Objects-normal/arm64_32/ShellOut.swiftmodule -serialize-diagnostics -validate-clang-modules-once -clang-build-session-file /Users/admin/builder/spi-builder-workspace/.derivedData/ModuleCache.noindex/Session.modulevalidation -Xcc -fmodules-prune-interval\=86400 -Xcc -fmodules-prune-after\=345600 -emit-const-values -const-gather-protocols-list /Users/admin/builder/spi-builder-workspace/.derivedData/Build/Intermediates.noindex/ShellOut.build/Debug-watchos/ShellOut-t.build/Objects-normal/arm64_32/ShellOut_const_extract_protocols.json -Xcc -I/Users/admin/builder/spi-builder-workspace/.derivedData/Build/Products/Debug-watchos/include -Xcc -I/Users/admin/builder/spi-builder-workspace/.derivedData/Build/Intermediates.noindex/ShellOut.build/Debug-watchos/ShellOut-t.build/DerivedSources-normal/arm64_32 -Xcc -I/Users/admin/builder/spi-builder-workspace/.derivedData/Build/Intermediates.noindex/ShellOut.build/Debug-watchos/ShellOut-t.build/DerivedSources/arm64_32 -Xcc -I/Users/admin/builder/spi-builder-workspace/.derivedData/Build/Intermediates.noindex/ShellOut.build/Debug-watchos/ShellOut-t.build/DerivedSources -Xcc -DSWIFT_PACKAGE -Xcc -DDEBUG\=1 -emit-objc-header -emit-objc-header-path /Users/admin/builder/spi-builder-workspace/.derivedData/Build/Intermediates.noindex/ShellOut.build/Debug-watchos/ShellOut-t.build/Objects-normal/arm64_32/ShellOut-Swift.h -working-directory /Users/admin/builder/spi-builder-workspace/.swiftpm/xcode -experimental-emit-module-separately -disable-cmo
SwiftDriver ShellOut normal arm64 com.apple.xcode.tools.swift.compiler (in target 'ShellOut' from project 'ShellOut')
cd /Users/admin/builder/spi-builder-workspace/.swiftpm/xcode
builtin-SwiftDriver -- /Applications/Xcode-27.0.0-Release.Candidate.app/Contents/Developer/Toolchains/XcodeDefault.xctoolchain/usr/bin/swiftc -parse-as-library -module-name ShellOut -Onone @/Users/admin/builder/spi-builder-workspace/.derivedData/Build/Intermediates.noindex/ShellOut.build/Debug-watchos/ShellOut-t.build/Objects-normal/arm64/ShellOut.SwiftFileList -DSWIFT_PACKAGE -DDEBUG -DSWIFT_MODULE_RESOURCE_BUNDLE_UNAVAILABLE -DXcode -plugin-path /Applications/Xcode-27.0.0-Release.Candidate.app/Contents/Developer/Toolchains/XcodeDefault.xctoolchain/usr/lib/swift/host/plugins/testing -enable-experimental-feature DebugDescriptionMacro -sdk /Applications/Xcode-27.0.0-Release.Candidate.app/Contents/Developer/Platforms/WatchOS.platform/Developer/SDKs/WatchOS27.0.sdk -target arm64-apple-watchos9.0 -g -module-cache-path /Users/admin/builder/spi-builder-workspace/.derivedData/ModuleCache.noindex -Xfrontend -serialize-debugging-options -enable-testing -suppress-warnings -index-store-path /Users/admin/builder/spi-builder-workspace/.derivedData/Index.noindex/DataStore -Xcc -D_LIBCPP_HARDENING_MODE\=_LIBCPP_HARDENING_MODE_DEBUG -swift-version 4.2 -I /Users/admin/builder/spi-builder-workspace/.derivedData/Build/Products/Debug-watchos -Isystem /Applications/Xcode-27.0.0-Release.Candidate.app/Contents/Developer/Platforms/WatchOS.platform/Developer/usr/lib -F /Users/admin/builder/spi-builder-workspace/.derivedData/Build/Products/Debug-watchos -F /Applications/Xcode-27.0.0-Release.Candidate.app/Contents/Developer/Platforms/WatchOS.platform/Developer/Library/Frameworks -F /Applications/Xcode-27.0.0-Release.Candidate.app/Contents/Developer/Platforms/WatchOS.platform/Developer/SDKs/WatchOS27.0.sdk/Developer/Library/Frameworks -c -j10 -enable-batch-mode -incremental -Xcc -ivfsstatcache -Xcc /Users/admin/builder/spi-builder-workspace/.derivedData/SDKStatCaches.noindex/watchos27.0-24R360-e829b21a6f8c9b70876ba0858053c04477534ef55a1706bf4c1112bbb242f0a2.sdkstatcache -output-file-map /Users/admin/builder/spi-builder-workspace/.derivedData/Build/Intermediates.noindex/ShellOut.build/Debug-watchos/ShellOut-t.build/Objects-normal/arm64/ShellOut-OutputFileMap.json -save-temps -no-color-diagnostics -emit-dependencies -emit-module -emit-module-path /Users/admin/builder/spi-builder-workspace/.derivedData/Build/Intermediates.noindex/ShellOut.build/Debug-watchos/ShellOut-t.build/Objects-normal/arm64/ShellOut.swiftmodule -serialize-diagnostics -validate-clang-modules-once -clang-build-session-file /Users/admin/builder/spi-builder-workspace/.derivedData/ModuleCache.noindex/Session.modulevalidation -Xcc -fmodules-prune-interval\=86400 -Xcc -fmodules-prune-after\=345600 -emit-const-values -const-gather-protocols-list /Users/admin/builder/spi-builder-workspace/.derivedData/Build/Intermediates.noindex/ShellOut.build/Debug-watchos/ShellOut-t.build/Objects-normal/arm64/ShellOut_const_extract_protocols.json -Xcc -I/Users/admin/builder/spi-builder-workspace/.derivedData/Build/Products/Debug-watchos/include -Xcc -I/Users/admin/builder/spi-builder-workspace/.derivedData/Build/Intermediates.noindex/ShellOut.build/Debug-watchos/ShellOut-t.build/DerivedSources-normal/arm64 -Xcc -I/Users/admin/builder/spi-builder-workspace/.derivedData/Build/Intermediates.noindex/ShellOut.build/Debug-watchos/ShellOut-t.build/DerivedSources/arm64 -Xcc -I/Users/admin/builder/spi-builder-workspace/.derivedData/Build/Intermediates.noindex/ShellOut.build/Debug-watchos/ShellOut-t.build/DerivedSources -Xcc -DSWIFT_PACKAGE -Xcc -DDEBUG\=1 -emit-objc-header -emit-objc-header-path /Users/admin/builder/spi-builder-workspace/.derivedData/Build/Intermediates.noindex/ShellOut.build/Debug-watchos/ShellOut-t.build/Objects-normal/arm64/ShellOut-Swift.h -working-directory /Users/admin/builder/spi-builder-workspace/.swiftpm/xcode -experimental-emit-module-separately -disable-cmo
SwiftEmitModule normal arm64_32 Emitting\ module\ for\ ShellOut (in target 'ShellOut' from project 'ShellOut')
SwiftCompile normal arm64_32 (in target 'ShellOut' from project 'ShellOut')
cd /Users/admin/builder/spi-builder-workspace/.swiftpm/xcode
/Users/admin/builder/spi-builder-workspace/.dependencies/checkouts/ShellOut/Sources/ShellOut.swift:34:14: error: cannot find type 'Process' in scope
32 | arguments: [String] = [],
33 | at path: String = ".",
34 | process: Process = .init(),
| `- error: cannot find type 'Process' in scope
35 | outputHandle: FileHandle? = nil,
36 | errorHandle: FileHandle? = nil
/Users/admin/builder/spi-builder-workspace/.dependencies/checkouts/ShellOut/Sources/ShellOut.swift:67:14: error: cannot find type 'Process' in scope
65 | to commands: [String],
66 | at path: String = ".",
67 | process: Process = .init(),
| `- error: cannot find type 'Process' in scope
68 | outputHandle: FileHandle? = nil,
69 | errorHandle: FileHandle? = nil
/Users/admin/builder/spi-builder-workspace/.dependencies/checkouts/ShellOut/Sources/ShellOut.swift:102:14: error: cannot find type 'Process' in scope
100 | to command: ShellOutCommand,
101 | at path: String = ".",
102 | process: Process = .init(),
| `- error: cannot find type 'Process' in scope
103 | outputHandle: FileHandle? = nil,
104 | errorHandle: FileHandle? = nil
/Users/admin/builder/spi-builder-workspace/.dependencies/checkouts/ShellOut/Sources/ShellOut.swift:377:19: error: cannot find type 'Process' in scope
375 | // MARK: - Private
376 |
377 | private extension Process {
| `- error: cannot find type 'Process' in scope
378 | @discardableResult func launchBash(with command: String, outputHandle: FileHandle? = nil, errorHandle: FileHandle? = nil) throws -> String {
379 | launchPath = "/bin/bash"
Failed frontend command:
/Applications/Xcode-27.0.0-Release.Candidate.app/Contents/Developer/Toolchains/XcodeDefault.xctoolchain/usr/bin/swift-frontend -frontend -emit-module -experimental-skip-non-inlinable-function-bodies-without-types /Users/admin/builder/spi-builder-workspace/.dependencies/checkouts/ShellOut/Sources/ShellOut.swift -target arm64_32-apple-watchos9.0 -enable-objc-interop -sdk /Applications/Xcode-27.0.0-Release.Candidate.app/Contents/Developer/Platforms/WatchOS.platform/Developer/SDKs/WatchOS27.0.sdk -I /Users/admin/builder/spi-builder-workspace/.derivedData/Build/Products/Debug-watchos -Isystem /Applications/Xcode-27.0.0-Release.Candidate.app/Contents/Developer/Platforms/WatchOS.platform/Developer/usr/lib -F /Users/admin/builder/spi-builder-workspace/.derivedData/Build/Products/Debug-watchos -F /Applications/Xcode-27.0.0-Release.Candidate.app/Contents/Developer/Platforms/WatchOS.platform/Developer/Library/Frameworks -F /Applications/Xcode-27.0.0-Release.Candidate.app/Contents/Developer/Platforms/WatchOS.platform/Developer/SDKs/WatchOS27.0.sdk/Developer/Library/Frameworks -module-cache-path /Users/admin/builder/spi-builder-workspace/.derivedData/ModuleCache.noindex -no-color-diagnostics -Xcc -fno-color-diagnostics -enable-testing -g -debug-info-format\=dwarf -dwarf-version\=4 -suppress-warnings -swift-version 4.2 -Onone -D SWIFT_PACKAGE -D DEBUG -D SWIFT_MODULE_RESOURCE_BUNDLE_UNAVAILABLE -D Xcode -serialize-debugging-options -enable-experimental-feature DebugDescriptionMacro -empty-abi-descriptor -plugin-path /Applications/Xcode-27.0.0-Release.Candidate.app/Contents/Developer/Toolchains/XcodeDefault.xctoolchain/usr/lib/swift/host/plugins/testing -validate-clang-modules-once -clang-build-session-file /Users/admin/builder/spi-builder-workspace/.derivedData/ModuleCache.noindex/Session.modulevalidation -Xcc -working-directory -Xcc /Users/admin/builder/spi-builder-workspace/.swiftpm/xcode -enable-anonymous-context-mangled-names -file-compilation-dir /Users/admin/builder/spi-builder-workspace/.swiftpm/xcode -Xcc -D_LIBCPP_HARDENING_MODE\=_LIBCPP_HARDENING_MODE_DEBUG -Xcc -ivfsstatcache -Xcc /Users/admin/builder/spi-builder-workspace/.derivedData/SDKStatCaches.noindex/watchos27.0-24R360-e829b21a6f8c9b70876ba0858053c04477534ef55a1706bf4c1112bbb242f0a2.sdkstatcache -Xcc -fmodules-prune-interval\=86400 -Xcc -fmodules-prune-after\=345600 -Xcc -I/Users/admin/builder/spi-builder-workspace/.derivedData/Build/Products/Debug-watchos/include -Xcc -I/Users/admin/builder/spi-builder-workspace/.derivedData/Build/Intermediates.noindex/ShellOut.build/Debug-watchos/ShellOut-t.build/DerivedSources-normal/arm64_32 -Xcc -I/Users/admin/builder/spi-builder-workspace/.derivedData/Build/Intermediates.noindex/ShellOut.build/Debug-watchos/ShellOut-t.build/DerivedSources/arm64_32 -Xcc -I/Users/admin/builder/spi-builder-workspace/.derivedData/Build/Intermediates.noindex/ShellOut.build/Debug-watchos/ShellOut-t.build/DerivedSources -Xcc -DSWIFT_PACKAGE -Xcc -DDEBUG\=1 -no-auto-bridging-header-chaining -module-name ShellOut -const-gather-protocols-file /Users/admin/builder/spi-builder-workspace/.derivedData/Build/Intermediates.noindex/ShellOut.build/Debug-watchos/ShellOut-t.build/Objects-normal/arm64_32/ShellOut_const_extract_protocols.json -disable-clang-spi -target-sdk-version 27.0 -target-sdk-name watchos27.0 -external-plugin-path /Applications/Xcode-27.0.0-Release.Candidate.app/Contents/Developer/Platforms/WatchOS.platform/Developer/usr/lib/swift/host/plugins\#/Applications/Xcode-27.0.0-Release.Candidate.app/Contents/Developer/Platforms/WatchOS.platform/Developer/usr/bin/swift-plugin-server -external-plugin-path /Applications/Xcode-27.0.0-Release.Candidate.app/Contents/Developer/Platforms/WatchOS.platform/Developer/usr/local/lib/swift/host/plugins\#/Applications/Xcode-27.0.0-Release.Candidate.app/Contents/Developer/Platforms/WatchOS.platform/Developer/usr/bin/swift-plugin-server -in-process-plugin-server-path /Applications/Xcode-27.0.0-Release.Candidate.app/Contents/Developer/Toolchains/XcodeDefault.xctoolchain/usr/lib/swift/host/libSwiftInProcPluginServer.dylib -plugin-path /Applications/Xcode-27.0.0-Release.Candidate.app/Contents/Developer/Toolchains/XcodeDefault.xctoolchain/usr/lib/swift/host/plugins -plugin-path /Applications/Xcode-27.0.0-Release.Candidate.app/Contents/Developer/Toolchains/XcodeDefault.xctoolchain/usr/local/lib/swift/host/plugins -emit-module-doc-path /Users/admin/builder/spi-builder-workspace/.derivedData/Build/Intermediates.noindex/ShellOut.build/Debug-watchos/ShellOut-t.build/Objects-normal/arm64_32/ShellOut.swiftdoc -emit-module-source-info-path /Users/admin/builder/spi-builder-workspace/.derivedData/Build/Intermediates.noindex/ShellOut.build/Debug-watchos/ShellOut-t.build/Objects-normal/arm64_32/ShellOut.swiftsourceinfo -emit-objc-header-path /Users/admin/builder/spi-builder-workspace/.derivedData/Build/Intermediates.noindex/ShellOut.build/Debug-watchos/ShellOut-t.build/Objects-normal/arm64_32/ShellOut-Swift.h -serialize-diagnostics-path /Users/admin/builder/spi-builder-workspace/.derivedData/Build/Intermediates.noindex/ShellOut.build/Debug-watchos/ShellOut-t.build/Objects-normal/arm64_32/ShellOut-primary-emit-module.dia -emit-dependencies-path /Users/admin/builder/spi-builder-workspace/.derivedData/Build/Intermediates.noindex/ShellOut.build/Debug-watchos/ShellOut-t.build/Objects-normal/arm64_32/ShellOut-primary-emit-module.d -parse-as-library -o /Users/admin/builder/spi-builder-workspace/.derivedData/Build/Intermediates.noindex/ShellOut.build/Debug-watchos/ShellOut-t.build/Objects-normal/arm64_32/ShellOut.swiftmodule -emit-abi-descriptor-path /Users/admin/builder/spi-builder-workspace/.derivedData/Build/Intermediates.noindex/ShellOut.build/Debug-watchos/ShellOut-t.build/Objects-normal/arm64_32/ShellOut.abi.json
SwiftEmitModule normal arm64 Emitting\ module\ for\ ShellOut (in target 'ShellOut' from project 'ShellOut')
SwiftCompile normal arm64 (in target 'ShellOut' from project 'ShellOut')
cd /Users/admin/builder/spi-builder-workspace/.swiftpm/xcode
SwiftCompile normal arm64_32 Compiling\ ShellOut.swift /Users/admin/builder/spi-builder-workspace/.dependencies/checkouts/ShellOut/Sources/ShellOut.swift (in target 'ShellOut' from project 'ShellOut')
SwiftCompile normal arm64_32 /Users/admin/builder/spi-builder-workspace/.dependencies/checkouts/ShellOut/Sources/ShellOut.swift (in target 'ShellOut' from project 'ShellOut')
cd /Users/admin/builder/spi-builder-workspace/.swiftpm/xcode
builtin-SwiftPerFileCompile ShellOut.swift
/Users/admin/builder/spi-builder-workspace/.dependencies/checkouts/ShellOut/Sources/ShellOut.swift:34:14: error: cannot find type 'Process' in scope
32 | arguments: [String] = [],
33 | at path: String = ".",
34 | process: Process = .init(),
| `- error: cannot find type 'Process' in scope
35 | outputHandle: FileHandle? = nil,
36 | errorHandle: FileHandle? = nil
/Users/admin/builder/spi-builder-workspace/.dependencies/checkouts/ShellOut/Sources/ShellOut.swift:67:14: error: cannot find type 'Process' in scope
65 | to commands: [String],
66 | at path: String = ".",
67 | process: Process = .init(),
| `- error: cannot find type 'Process' in scope
68 | outputHandle: FileHandle? = nil,
69 | errorHandle: FileHandle? = nil
/Users/admin/builder/spi-builder-workspace/.dependencies/checkouts/ShellOut/Sources/ShellOut.swift:102:14: error: cannot find type 'Process' in scope
100 | to command: ShellOutCommand,
101 | at path: String = ".",
102 | process: Process = .init(),
| `- error: cannot find type 'Process' in scope
103 | outputHandle: FileHandle? = nil,
104 | errorHandle: FileHandle? = nil
SwiftCompile normal arm64 Compiling\ ShellOut.swift /Users/admin/builder/spi-builder-workspace/.dependencies/checkouts/ShellOut/Sources/ShellOut.swift (in target 'ShellOut' from project 'ShellOut')
SwiftCompile normal arm64 /Users/admin/builder/spi-builder-workspace/.dependencies/checkouts/ShellOut/Sources/ShellOut.swift (in target 'ShellOut' from project 'ShellOut')
cd /Users/admin/builder/spi-builder-workspace/.swiftpm/xcode
builtin-SwiftPerFileCompile ShellOut.swift
/Users/admin/builder/spi-builder-workspace/.dependencies/checkouts/ShellOut/Sources/ShellOut.swift:34:14: error: cannot find type 'Process' in scope
32 | arguments: [String] = [],
33 | at path: String = ".",
34 | process: Process = .init(),
| `- error: cannot find type 'Process' in scope
35 | outputHandle: FileHandle? = nil,
36 | errorHandle: FileHandle? = nil
/Users/admin/builder/spi-builder-workspace/.dependencies/checkouts/ShellOut/Sources/ShellOut.swift:67:14: error: cannot find type 'Process' in scope
65 | to commands: [String],
66 | at path: String = ".",
67 | process: Process = .init(),
| `- error: cannot find type 'Process' in scope
68 | outputHandle: FileHandle? = nil,
69 | errorHandle: FileHandle? = nil
/Users/admin/builder/spi-builder-workspace/.dependencies/checkouts/ShellOut/Sources/ShellOut.swift:102:14: error: cannot find type 'Process' in scope
100 | to command: ShellOutCommand,
101 | at path: String = ".",
102 | process: Process = .init(),
| `- error: cannot find type 'Process' in scope
103 | outputHandle: FileHandle? = nil,
104 | errorHandle: FileHandle? = nil
PruneExplicitPrecompiledModules /Users/admin/builder/spi-builder-workspace/.derivedData/Build/Intermediates.noindex/ExplicitPrecompiledModules
PruneExplicitPrecompiledModules /Users/admin/builder/spi-builder-workspace/.derivedData/Build/Intermediates.noindex/SwiftExplicitPrecompiledModules
PruneExplicitPrecompiledModules /Users/admin/builder/spi-builder-workspace/.derivedData/SDKExplicitPrecompiledModules
2026-09-20 12:24:47.646 xcodebuild[660:4014] [MT] IDERunDestination: Supported platforms for the buildables in the current scheme is empty.
** BUILD FAILED **
The following build commands failed:
SwiftCompile normal arm64_32 (in target 'ShellOut' from project 'ShellOut')
SwiftEmitModule normal arm64_32 Emitting\ module\ for\ ShellOut (in target 'ShellOut' from project 'ShellOut')
Building workspace Publishmon with scheme Publishmon
(3 failures)
Command line invocation:
/Applications/Xcode-27.0.0-Release.Candidate.app/Contents/Developer/usr/bin/xcodebuild -IDEClonedSourcePackagesDirPathOverride=/Users/admin/builder/spi-builder-workspace/.dependencies -resolvePackageDependencies
Resolve Package Graph
Resolved source packages:
Publishmon: /Users/admin/builder/spi-builder-workspace
ShellOut: https://github.com/JohnSundell/ShellOut.git @ 2.3.0
resolved source packages: Publishmon, ShellOut
2026-09-20 12:24:51.399 xcodebuild[688:4266] [MT] IDERunDestination: Supported platforms for the buildables in the current scheme is empty.
{
"dependencies" : [
{
"identity" : "shellout",
"requirement" : {
"range" : [
{
"lower_bound" : "2.0.0",
"upper_bound" : "3.0.0"
}
]
},
"type" : "sourceControl",
"url" : "https://github.com/JohnSundell/ShellOut.git"
}
],
"manifest_display_name" : "Publishmon",
"name" : "Publishmon",
"path" : "/Users/admin/builder/spi-builder-workspace",
"platforms" : [
{
"name" : "macos",
"version" : "13.0"
}
],
"products" : [
{
"name" : "Publishmon",
"targets" : [
"Publishmon"
],
"type" : {
"executable" : null
}
}
],
"targets" : [
{
"c99name" : "PublishmonCore",
"module_type" : "SwiftTarget",
"name" : "PublishmonCore",
"path" : "Sources/PublishmonCore",
"product_dependencies" : [
"ShellOut"
],
"product_memberships" : [
"Publishmon"
],
"sources" : [
"FileMonitor.swift",
"PublishmonCore.swift"
],
"type" : "library"
},
{
"c99name" : "Publishmon",
"module_type" : "SwiftTarget",
"name" : "Publishmon",
"path" : "Sources/Publishmon",
"product_memberships" : [
"Publishmon"
],
"sources" : [
"main.swift"
],
"target_dependencies" : [
"PublishmonCore"
],
"type" : "executable"
}
],
"tools_version" : "5.10"
}
{
"workspace" : {
"name" : "Publishmon",
"schemes" : [
"Publishmon"
]
}
}
2026-09-20 12:24:52.671 xcodebuild[716:4479] [MT] IDERunDestination: Supported platforms for the buildables in the current scheme is empty.
Running build ...
env DEVELOPER_DIR=/Applications/Xcode-27.0.0-Release.Candidate.app xcrun xcodebuild -IDEClonedSourcePackagesDirPathOverride=$PWD/.dependencies -skipMacroValidation -skipPackagePluginValidation -derivedDataPath $PWD/.derivedData build -scheme Publishmon -destination generic/platform=watchOS
Command line invocation:
/Applications/Xcode-27.0.0-Release.Candidate.app/Contents/Developer/usr/bin/xcodebuild -IDEClonedSourcePackagesDirPathOverride=/Users/admin/builder/spi-builder-workspace/.dependencies -skipMacroValidation -skipPackagePluginValidation -derivedDataPath /Users/admin/builder/spi-builder-workspace/.derivedData build -scheme Publishmon -destination generic/platform=watchOS
Resolve Package Graph
Resolved source packages:
ShellOut: https://github.com/JohnSundell/ShellOut.git @ 2.3.0
Publishmon: /Users/admin/builder/spi-builder-workspace
ComputePackagePrebuildTargetDependencyGraph
Prepare packages
CreateBuildRequest
SendProjectDescription
CreateBuildOperation
ComputeTargetDependencyGraph
note: Building targets in dependency order
note: Target dependency graph (4 targets)
Target 'Publishmon-product' in project 'Publishmon'
➜ Explicit dependency on target 'PublishmonCore' in project 'Publishmon'
➜ Explicit dependency on target 'ShellOut-product' in project 'ShellOut'
Target 'PublishmonCore' in project 'Publishmon'
➜ Explicit dependency on target 'ShellOut-product' in project 'ShellOut'
Target 'ShellOut-product' in project 'ShellOut'
➜ Explicit dependency on target 'ShellOut' in project 'ShellOut'
Target 'ShellOut' in project 'ShellOut' (no dependencies)
GatherProvisioningInputs
CreateBuildDescription
ClangStatCache /Applications/Xcode-27.0.0-Release.Candidate.app/Contents/Developer/Toolchains/XcodeDefault.xctoolchain/usr/bin/clang-stat-cache /Applications/Xcode-27.0.0-Release.Candidate.app/Contents/Developer/Platforms/WatchOS.platform/Developer/SDKs/WatchOS27.0.sdk /Users/admin/builder/spi-builder-workspace/.derivedData/SDKStatCaches.noindex/watchos27.0-24R360-e829b21a6f8c9b70876ba0858053c04477534ef55a1706bf4c1112bbb242f0a2.sdkstatcache
cd /Users/admin/builder/spi-builder-workspace/.swiftpm/xcode
/Applications/Xcode-27.0.0-Release.Candidate.app/Contents/Developer/Toolchains/XcodeDefault.xctoolchain/usr/bin/clang-stat-cache /Applications/Xcode-27.0.0-Release.Candidate.app/Contents/Developer/Platforms/WatchOS.platform/Developer/SDKs/WatchOS27.0.sdk -o /Users/admin/builder/spi-builder-workspace/.derivedData/SDKStatCaches.noindex/watchos27.0-24R360-e829b21a6f8c9b70876ba0858053c04477534ef55a1706bf4c1112bbb242f0a2.sdkstatcache
SwiftDriver ShellOut normal arm64 com.apple.xcode.tools.swift.compiler (in target 'ShellOut' from project 'ShellOut')
cd /Users/admin/builder/spi-builder-workspace/.swiftpm/xcode
builtin-SwiftDriver -- /Applications/Xcode-27.0.0-Release.Candidate.app/Contents/Developer/Toolchains/XcodeDefault.xctoolchain/usr/bin/swiftc -parse-as-library -module-name ShellOut -Onone @/Users/admin/builder/spi-builder-workspace/.derivedData/Build/Intermediates.noindex/ShellOut.build/Debug-watchos/ShellOut-t.build/Objects-normal/arm64/ShellOut.SwiftFileList -DSWIFT_PACKAGE -DDEBUG -DSWIFT_MODULE_RESOURCE_BUNDLE_UNAVAILABLE -DXcode -plugin-path /Applications/Xcode-27.0.0-Release.Candidate.app/Contents/Developer/Toolchains/XcodeDefault.xctoolchain/usr/lib/swift/host/plugins/testing -enable-experimental-feature DebugDescriptionMacro -sdk /Applications/Xcode-27.0.0-Release.Candidate.app/Contents/Developer/Platforms/WatchOS.platform/Developer/SDKs/WatchOS27.0.sdk -target arm64-apple-watchos9.0 -g -module-cache-path /Users/admin/builder/spi-builder-workspace/.derivedData/ModuleCache.noindex -Xfrontend -serialize-debugging-options -enable-testing -suppress-warnings -index-store-path /Users/admin/builder/spi-builder-workspace/.derivedData/Index.noindex/DataStore -Xcc -D_LIBCPP_HARDENING_MODE\=_LIBCPP_HARDENING_MODE_DEBUG -swift-version 4.2 -I /Users/admin/builder/spi-builder-workspace/.derivedData/Build/Products/Debug-watchos -Isystem /Applications/Xcode-27.0.0-Release.Candidate.app/Contents/Developer/Platforms/WatchOS.platform/Developer/usr/lib -F /Users/admin/builder/spi-builder-workspace/.derivedData/Build/Products/Debug-watchos -F /Applications/Xcode-27.0.0-Release.Candidate.app/Contents/Developer/Platforms/WatchOS.platform/Developer/Library/Frameworks -F /Applications/Xcode-27.0.0-Release.Candidate.app/Contents/Developer/Platforms/WatchOS.platform/Developer/SDKs/WatchOS27.0.sdk/Developer/Library/Frameworks -c -j10 -enable-batch-mode -incremental -Xcc -ivfsstatcache -Xcc /Users/admin/builder/spi-builder-workspace/.derivedData/SDKStatCaches.noindex/watchos27.0-24R360-e829b21a6f8c9b70876ba0858053c04477534ef55a1706bf4c1112bbb242f0a2.sdkstatcache -output-file-map /Users/admin/builder/spi-builder-workspace/.derivedData/Build/Intermediates.noindex/ShellOut.build/Debug-watchos/ShellOut-t.build/Objects-normal/arm64/ShellOut-OutputFileMap.json -save-temps -no-color-diagnostics -emit-dependencies -emit-module -emit-module-path /Users/admin/builder/spi-builder-workspace/.derivedData/Build/Intermediates.noindex/ShellOut.build/Debug-watchos/ShellOut-t.build/Objects-normal/arm64/ShellOut.swiftmodule -serialize-diagnostics -validate-clang-modules-once -clang-build-session-file /Users/admin/builder/spi-builder-workspace/.derivedData/ModuleCache.noindex/Session.modulevalidation -Xcc -fmodules-prune-interval\=86400 -Xcc -fmodules-prune-after\=345600 -emit-const-values -const-gather-protocols-list /Users/admin/builder/spi-builder-workspace/.derivedData/Build/Intermediates.noindex/ShellOut.build/Debug-watchos/ShellOut-t.build/Objects-normal/arm64/ShellOut_const_extract_protocols.json -Xcc -I/Users/admin/builder/spi-builder-workspace/.derivedData/Build/Products/Debug-watchos/include -Xcc -I/Users/admin/builder/spi-builder-workspace/.derivedData/Build/Intermediates.noindex/ShellOut.build/Debug-watchos/ShellOut-t.build/DerivedSources-normal/arm64 -Xcc -I/Users/admin/builder/spi-builder-workspace/.derivedData/Build/Intermediates.noindex/ShellOut.build/Debug-watchos/ShellOut-t.build/DerivedSources/arm64 -Xcc -I/Users/admin/builder/spi-builder-workspace/.derivedData/Build/Intermediates.noindex/ShellOut.build/Debug-watchos/ShellOut-t.build/DerivedSources -Xcc -DSWIFT_PACKAGE -Xcc -DDEBUG\=1 -emit-objc-header -emit-objc-header-path /Users/admin/builder/spi-builder-workspace/.derivedData/Build/Intermediates.noindex/ShellOut.build/Debug-watchos/ShellOut-t.build/Objects-normal/arm64/ShellOut-Swift.h -working-directory /Users/admin/builder/spi-builder-workspace/.swiftpm/xcode -experimental-emit-module-separately -disable-cmo
SwiftDriver ShellOut normal arm64_32 com.apple.xcode.tools.swift.compiler (in target 'ShellOut' from project 'ShellOut')
cd /Users/admin/builder/spi-builder-workspace/.swiftpm/xcode
builtin-SwiftDriver -- /Applications/Xcode-27.0.0-Release.Candidate.app/Contents/Developer/Toolchains/XcodeDefault.xctoolchain/usr/bin/swiftc -parse-as-library -module-name ShellOut -Onone @/Users/admin/builder/spi-builder-workspace/.derivedData/Build/Intermediates.noindex/ShellOut.build/Debug-watchos/ShellOut-t.build/Objects-normal/arm64_32/ShellOut.SwiftFileList -DSWIFT_PACKAGE -DDEBUG -DSWIFT_MODULE_RESOURCE_BUNDLE_UNAVAILABLE -DXcode -plugin-path /Applications/Xcode-27.0.0-Release.Candidate.app/Contents/Developer/Toolchains/XcodeDefault.xctoolchain/usr/lib/swift/host/plugins/testing -enable-experimental-feature DebugDescriptionMacro -sdk /Applications/Xcode-27.0.0-Release.Candidate.app/Contents/Developer/Platforms/WatchOS.platform/Developer/SDKs/WatchOS27.0.sdk -target arm64_32-apple-watchos9.0 -g -module-cache-path /Users/admin/builder/spi-builder-workspace/.derivedData/ModuleCache.noindex -Xfrontend -serialize-debugging-options -enable-testing -suppress-warnings -index-store-path /Users/admin/builder/spi-builder-workspace/.derivedData/Index.noindex/DataStore -Xcc -D_LIBCPP_HARDENING_MODE\=_LIBCPP_HARDENING_MODE_DEBUG -swift-version 4.2 -I /Users/admin/builder/spi-builder-workspace/.derivedData/Build/Products/Debug-watchos -Isystem /Applications/Xcode-27.0.0-Release.Candidate.app/Contents/Developer/Platforms/WatchOS.platform/Developer/usr/lib -F /Users/admin/builder/spi-builder-workspace/.derivedData/Build/Products/Debug-watchos -F /Applications/Xcode-27.0.0-Release.Candidate.app/Contents/Developer/Platforms/WatchOS.platform/Developer/Library/Frameworks -F /Applications/Xcode-27.0.0-Release.Candidate.app/Contents/Developer/Platforms/WatchOS.platform/Developer/SDKs/WatchOS27.0.sdk/Developer/Library/Frameworks -c -j10 -enable-batch-mode -incremental -Xcc -ivfsstatcache -Xcc /Users/admin/builder/spi-builder-workspace/.derivedData/SDKStatCaches.noindex/watchos27.0-24R360-e829b21a6f8c9b70876ba0858053c04477534ef55a1706bf4c1112bbb242f0a2.sdkstatcache -output-file-map /Users/admin/builder/spi-builder-workspace/.derivedData/Build/Intermediates.noindex/ShellOut.build/Debug-watchos/ShellOut-t.build/Objects-normal/arm64_32/ShellOut-OutputFileMap.json -save-temps -no-color-diagnostics -emit-dependencies -emit-module -emit-module-path /Users/admin/builder/spi-builder-workspace/.derivedData/Build/Intermediates.noindex/ShellOut.build/Debug-watchos/ShellOut-t.build/Objects-normal/arm64_32/ShellOut.swiftmodule -serialize-diagnostics -validate-clang-modules-once -clang-build-session-file /Users/admin/builder/spi-builder-workspace/.derivedData/ModuleCache.noindex/Session.modulevalidation -Xcc -fmodules-prune-interval\=86400 -Xcc -fmodules-prune-after\=345600 -emit-const-values -const-gather-protocols-list /Users/admin/builder/spi-builder-workspace/.derivedData/Build/Intermediates.noindex/ShellOut.build/Debug-watchos/ShellOut-t.build/Objects-normal/arm64_32/ShellOut_const_extract_protocols.json -Xcc -I/Users/admin/builder/spi-builder-workspace/.derivedData/Build/Products/Debug-watchos/include -Xcc -I/Users/admin/builder/spi-builder-workspace/.derivedData/Build/Intermediates.noindex/ShellOut.build/Debug-watchos/ShellOut-t.build/DerivedSources-normal/arm64_32 -Xcc -I/Users/admin/builder/spi-builder-workspace/.derivedData/Build/Intermediates.noindex/ShellOut.build/Debug-watchos/ShellOut-t.build/DerivedSources/arm64_32 -Xcc -I/Users/admin/builder/spi-builder-workspace/.derivedData/Build/Intermediates.noindex/ShellOut.build/Debug-watchos/ShellOut-t.build/DerivedSources -Xcc -DSWIFT_PACKAGE -Xcc -DDEBUG\=1 -emit-objc-header -emit-objc-header-path /Users/admin/builder/spi-builder-workspace/.derivedData/Build/Intermediates.noindex/ShellOut.build/Debug-watchos/ShellOut-t.build/Objects-normal/arm64_32/ShellOut-Swift.h -working-directory /Users/admin/builder/spi-builder-workspace/.swiftpm/xcode -experimental-emit-module-separately -disable-cmo
SwiftEmitModule normal arm64 Emitting\ module\ for\ ShellOut (in target 'ShellOut' from project 'ShellOut')
SwiftCompile normal arm64 (in target 'ShellOut' from project 'ShellOut')
cd /Users/admin/builder/spi-builder-workspace/.swiftpm/xcode
/Users/admin/builder/spi-builder-workspace/.dependencies/checkouts/ShellOut/Sources/ShellOut.swift:34:14: error: cannot find type 'Process' in scope
32 | arguments: [String] = [],
33 | at path: String = ".",
34 | process: Process = .init(),
| `- error: cannot find type 'Process' in scope
35 | outputHandle: FileHandle? = nil,
36 | errorHandle: FileHandle? = nil
/Users/admin/builder/spi-builder-workspace/.dependencies/checkouts/ShellOut/Sources/ShellOut.swift:67:14: error: cannot find type 'Process' in scope
65 | to commands: [String],
66 | at path: String = ".",
67 | process: Process = .init(),
| `- error: cannot find type 'Process' in scope
68 | outputHandle: FileHandle? = nil,
69 | errorHandle: FileHandle? = nil
/Users/admin/builder/spi-builder-workspace/.dependencies/checkouts/ShellOut/Sources/ShellOut.swift:102:14: error: cannot find type 'Process' in scope
100 | to command: ShellOutCommand,
101 | at path: String = ".",
102 | process: Process = .init(),
| `- error: cannot find type 'Process' in scope
103 | outputHandle: FileHandle? = nil,
104 | errorHandle: FileHandle? = nil
/Users/admin/builder/spi-builder-workspace/.dependencies/checkouts/ShellOut/Sources/ShellOut.swift:377:19: error: cannot find type 'Process' in scope
375 | // MARK: - Private
376 |
377 | private extension Process {
| `- error: cannot find type 'Process' in scope
378 | @discardableResult func launchBash(with command: String, outputHandle: FileHandle? = nil, errorHandle: FileHandle? = nil) throws -> String {
379 | launchPath = "/bin/bash"
Failed frontend command:
/Applications/Xcode-27.0.0-Release.Candidate.app/Contents/Developer/Toolchains/XcodeDefault.xctoolchain/usr/bin/swift-frontend -frontend -emit-module -experimental-skip-non-inlinable-function-bodies-without-types /Users/admin/builder/spi-builder-workspace/.dependencies/checkouts/ShellOut/Sources/ShellOut.swift -target arm64-apple-watchos9.0 -Xllvm -aarch64-use-tbi -enable-objc-interop -stack-check -sdk /Applications/Xcode-27.0.0-Release.Candidate.app/Contents/Developer/Platforms/WatchOS.platform/Developer/SDKs/WatchOS27.0.sdk -I /Users/admin/builder/spi-builder-workspace/.derivedData/Build/Products/Debug-watchos -Isystem /Applications/Xcode-27.0.0-Release.Candidate.app/Contents/Developer/Platforms/WatchOS.platform/Developer/usr/lib -F /Users/admin/builder/spi-builder-workspace/.derivedData/Build/Products/Debug-watchos -F /Applications/Xcode-27.0.0-Release.Candidate.app/Contents/Developer/Platforms/WatchOS.platform/Developer/Library/Frameworks -F /Applications/Xcode-27.0.0-Release.Candidate.app/Contents/Developer/Platforms/WatchOS.platform/Developer/SDKs/WatchOS27.0.sdk/Developer/Library/Frameworks -module-cache-path /Users/admin/builder/spi-builder-workspace/.derivedData/ModuleCache.noindex -no-color-diagnostics -Xcc -fno-color-diagnostics -enable-testing -g -debug-info-format\=dwarf -dwarf-version\=4 -suppress-warnings -swift-version 4.2 -Onone -D SWIFT_PACKAGE -D DEBUG -D SWIFT_MODULE_RESOURCE_BUNDLE_UNAVAILABLE -D Xcode -serialize-debugging-options -enable-experimental-feature DebugDescriptionMacro -empty-abi-descriptor -plugin-path /Applications/Xcode-27.0.0-Release.Candidate.app/Contents/Developer/Toolchains/XcodeDefault.xctoolchain/usr/lib/swift/host/plugins/testing -validate-clang-modules-once -clang-build-session-file /Users/admin/builder/spi-builder-workspace/.derivedData/ModuleCache.noindex/Session.modulevalidation -Xcc -working-directory -Xcc /Users/admin/builder/spi-builder-workspace/.swiftpm/xcode -enable-anonymous-context-mangled-names -file-compilation-dir /Users/admin/builder/spi-builder-workspace/.swiftpm/xcode -Xcc -D_LIBCPP_HARDENING_MODE\=_LIBCPP_HARDENING_MODE_DEBUG -Xcc -ivfsstatcache -Xcc /Users/admin/builder/spi-builder-workspace/.derivedData/SDKStatCaches.noindex/watchos27.0-24R360-e829b21a6f8c9b70876ba0858053c04477534ef55a1706bf4c1112bbb242f0a2.sdkstatcache -Xcc -fmodules-prune-interval\=86400 -Xcc -fmodules-prune-after\=345600 -Xcc -I/Users/admin/builder/spi-builder-workspace/.derivedData/Build/Products/Debug-watchos/include -Xcc -I/Users/admin/builder/spi-builder-workspace/.derivedData/Build/Intermediates.noindex/ShellOut.build/Debug-watchos/ShellOut-t.build/DerivedSources-normal/arm64 -Xcc -I/Users/admin/builder/spi-builder-workspace/.derivedData/Build/Intermediates.noindex/ShellOut.build/Debug-watchos/ShellOut-t.build/DerivedSources/arm64 -Xcc -I/Users/admin/builder/spi-builder-workspace/.derivedData/Build/Intermediates.noindex/ShellOut.build/Debug-watchos/ShellOut-t.build/DerivedSources -Xcc -DSWIFT_PACKAGE -Xcc -DDEBUG\=1 -no-auto-bridging-header-chaining -module-name ShellOut -const-gather-protocols-file /Users/admin/builder/spi-builder-workspace/.derivedData/Build/Intermediates.noindex/ShellOut.build/Debug-watchos/ShellOut-t.build/Objects-normal/arm64/ShellOut_const_extract_protocols.json -disable-clang-spi -target-sdk-version 27.0 -target-sdk-name watchos27.0 -external-plugin-path /Applications/Xcode-27.0.0-Release.Candidate.app/Contents/Developer/Platforms/WatchOS.platform/Developer/usr/lib/swift/host/plugins\#/Applications/Xcode-27.0.0-Release.Candidate.app/Contents/Developer/Platforms/WatchOS.platform/Developer/usr/bin/swift-plugin-server -external-plugin-path /Applications/Xcode-27.0.0-Release.Candidate.app/Contents/Developer/Platforms/WatchOS.platform/Developer/usr/local/lib/swift/host/plugins\#/Applications/Xcode-27.0.0-Release.Candidate.app/Contents/Developer/Platforms/WatchOS.platform/Developer/usr/bin/swift-plugin-server -in-process-plugin-server-path /Applications/Xcode-27.0.0-Release.Candidate.app/Contents/Developer/Toolchains/XcodeDefault.xctoolchain/usr/lib/swift/host/libSwiftInProcPluginServer.dylib -plugin-path /Applications/Xcode-27.0.0-Release.Candidate.app/Contents/Developer/Toolchains/XcodeDefault.xctoolchain/usr/lib/swift/host/plugins -plugin-path /Applications/Xcode-27.0.0-Release.Candidate.app/Contents/Developer/Toolchains/XcodeDefault.xctoolchain/usr/local/lib/swift/host/plugins -emit-module-doc-path /Users/admin/builder/spi-builder-workspace/.derivedData/Build/Intermediates.noindex/ShellOut.build/Debug-watchos/ShellOut-t.build/Objects-normal/arm64/ShellOut.swiftdoc -emit-module-source-info-path /Users/admin/builder/spi-builder-workspace/.derivedData/Build/Intermediates.noindex/ShellOut.build/Debug-watchos/ShellOut-t.build/Objects-normal/arm64/ShellOut.swiftsourceinfo -emit-objc-header-path /Users/admin/builder/spi-builder-workspace/.derivedData/Build/Intermediates.noindex/ShellOut.build/Debug-watchos/ShellOut-t.build/Objects-normal/arm64/ShellOut-Swift.h -serialize-diagnostics-path /Users/admin/builder/spi-builder-workspace/.derivedData/Build/Intermediates.noindex/ShellOut.build/Debug-watchos/ShellOut-t.build/Objects-normal/arm64/ShellOut-primary-emit-module.dia -emit-dependencies-path /Users/admin/builder/spi-builder-workspace/.derivedData/Build/Intermediates.noindex/ShellOut.build/Debug-watchos/ShellOut-t.build/Objects-normal/arm64/ShellOut-primary-emit-module.d -parse-as-library -o /Users/admin/builder/spi-builder-workspace/.derivedData/Build/Intermediates.noindex/ShellOut.build/Debug-watchos/ShellOut-t.build/Objects-normal/arm64/ShellOut.swiftmodule -emit-abi-descriptor-path /Users/admin/builder/spi-builder-workspace/.derivedData/Build/Intermediates.noindex/ShellOut.build/Debug-watchos/ShellOut-t.build/Objects-normal/arm64/ShellOut.abi.json
SwiftEmitModule normal arm64_32 Emitting\ module\ for\ ShellOut (in target 'ShellOut' from project 'ShellOut')
/Users/admin/builder/spi-builder-workspace/.dependencies/checkouts/ShellOut/Sources/ShellOut.swift:34:14: error: cannot find type 'Process' in scope
32 | arguments: [String] = [],
33 | at path: String = ".",
34 | process: Process = .init(),
| `- error: cannot find type 'Process' in scope
35 | outputHandle: FileHandle? = nil,
36 | errorHandle: FileHandle? = nil
/Users/admin/builder/spi-builder-workspace/.dependencies/checkouts/ShellOut/Sources/ShellOut.swift:67:14: error: cannot find type 'Process' in scope
65 | to commands: [String],
66 | at path: String = ".",
67 | process: Process = .init(),
| `- error: cannot find type 'Process' in scope
68 | outputHandle: FileHandle? = nil,
69 | errorHandle: FileHandle? = nil
/Users/admin/builder/spi-builder-workspace/.dependencies/checkouts/ShellOut/Sources/ShellOut.swift:102:14: error: cannot find type 'Process' in scope
100 | to command: ShellOutCommand,
101 | at path: String = ".",
102 | process: Process = .init(),
| `- error: cannot find type 'Process' in scope
103 | outputHandle: FileHandle? = nil,
104 | errorHandle: FileHandle? = nil
/Users/admin/builder/spi-builder-workspace/.dependencies/checkouts/ShellOut/Sources/ShellOut.swift:377:19: error: cannot find type 'Process' in scope
375 | // MARK: - Private
376 |
377 | private extension Process {
| `- error: cannot find type 'Process' in scope
378 | @discardableResult func launchBash(with command: String, outputHandle: FileHandle? = nil, errorHandle: FileHandle? = nil) throws -> String {
379 | launchPath = "/bin/bash"
Failed frontend command:
/Applications/Xcode-27.0.0-Release.Candidate.app/Contents/Developer/Toolchains/XcodeDefault.xctoolchain/usr/bin/swift-frontend -frontend -emit-module -experimental-skip-non-inlinable-function-bodies-without-types /Users/admin/builder/spi-builder-workspace/.dependencies/checkouts/ShellOut/Sources/ShellOut.swift -target arm64_32-apple-watchos9.0 -enable-objc-interop -sdk /Applications/Xcode-27.0.0-Release.Candidate.app/Contents/Developer/Platforms/WatchOS.platform/Developer/SDKs/WatchOS27.0.sdk -I /Users/admin/builder/spi-builder-workspace/.derivedData/Build/Products/Debug-watchos -Isystem /Applications/Xcode-27.0.0-Release.Candidate.app/Contents/Developer/Platforms/WatchOS.platform/Developer/usr/lib -F /Users/admin/builder/spi-builder-workspace/.derivedData/Build/Products/Debug-watchos -F /Applications/Xcode-27.0.0-Release.Candidate.app/Contents/Developer/Platforms/WatchOS.platform/Developer/Library/Frameworks -F /Applications/Xcode-27.0.0-Release.Candidate.app/Contents/Developer/Platforms/WatchOS.platform/Developer/SDKs/WatchOS27.0.sdk/Developer/Library/Frameworks -module-cache-path /Users/admin/builder/spi-builder-workspace/.derivedData/ModuleCache.noindex -no-color-diagnostics -Xcc -fno-color-diagnostics -enable-testing -g -debug-info-format\=dwarf -dwarf-version\=4 -suppress-warnings -swift-version 4.2 -Onone -D SWIFT_PACKAGE -D DEBUG -D SWIFT_MODULE_RESOURCE_BUNDLE_UNAVAILABLE -D Xcode -serialize-debugging-options -enable-experimental-feature DebugDescriptionMacro -empty-abi-descriptor -plugin-path /Applications/Xcode-27.0.0-Release.Candidate.app/Contents/Developer/Toolchains/XcodeDefault.xctoolchain/usr/lib/swift/host/plugins/testing -validate-clang-modules-once -clang-build-session-file /Users/admin/builder/spi-builder-workspace/.derivedData/ModuleCache.noindex/Session.modulevalidation -Xcc -working-directory -Xcc /Users/admin/builder/spi-builder-workspace/.swiftpm/xcode -enable-anonymous-context-mangled-names -file-compilation-dir /Users/admin/builder/spi-builder-workspace/.swiftpm/xcode -Xcc -D_LIBCPP_HARDENING_MODE\=_LIBCPP_HARDENING_MODE_DEBUG -Xcc -ivfsstatcache -Xcc /Users/admin/builder/spi-builder-workspace/.derivedData/SDKStatCaches.noindex/watchos27.0-24R360-e829b21a6f8c9b70876ba0858053c04477534ef55a1706bf4c1112bbb242f0a2.sdkstatcache -Xcc -fmodules-prune-interval\=86400 -Xcc -fmodules-prune-after\=345600 -Xcc -I/Users/admin/builder/spi-builder-workspace/.derivedData/Build/Products/Debug-watchos/include -Xcc -I/Users/admin/builder/spi-builder-workspace/.derivedData/Build/Intermediates.noindex/ShellOut.build/Debug-watchos/ShellOut-t.build/DerivedSources-normal/arm64_32 -Xcc -I/Users/admin/builder/spi-builder-workspace/.derivedData/Build/Intermediates.noindex/ShellOut.build/Debug-watchos/ShellOut-t.build/DerivedSources/arm64_32 -Xcc -I/Users/admin/builder/spi-builder-workspace/.derivedData/Build/Intermediates.noindex/ShellOut.build/Debug-watchos/ShellOut-t.build/DerivedSources -Xcc -DSWIFT_PACKAGE -Xcc -DDEBUG\=1 -no-auto-bridging-header-chaining -module-name ShellOut -const-gather-protocols-file /Users/admin/builder/spi-builder-workspace/.derivedData/Build/Intermediates.noindex/ShellOut.build/Debug-watchos/ShellOut-t.build/Objects-normal/arm64_32/ShellOut_const_extract_protocols.json -disable-clang-spi -target-sdk-version 27.0 -target-sdk-name watchos27.0 -external-plugin-path /Applications/Xcode-27.0.0-Release.Candidate.app/Contents/Developer/Platforms/WatchOS.platform/Developer/usr/lib/swift/host/plugins\#/Applications/Xcode-27.0.0-Release.Candidate.app/Contents/Developer/Platforms/WatchOS.platform/Developer/usr/bin/swift-plugin-server -external-plugin-path /Applications/Xcode-27.0.0-Release.Candidate.app/Contents/Developer/Platforms/WatchOS.platform/Developer/usr/local/lib/swift/host/plugins\#/Applications/Xcode-27.0.0-Release.Candidate.app/Contents/Developer/Platforms/WatchOS.platform/Developer/usr/bin/swift-plugin-server -in-process-plugin-server-path /Applications/Xcode-27.0.0-Release.Candidate.app/Contents/Developer/Toolchains/XcodeDefault.xctoolchain/usr/lib/swift/host/libSwiftInProcPluginServer.dylib -plugin-path /Applications/Xcode-27.0.0-Release.Candidate.app/Contents/Developer/Toolchains/XcodeDefault.xctoolchain/usr/lib/swift/host/plugins -plugin-path /Applications/Xcode-27.0.0-Release.Candidate.app/Contents/Developer/Toolchains/XcodeDefault.xctoolchain/usr/local/lib/swift/host/plugins -emit-module-doc-path /Users/admin/builder/spi-builder-workspace/.derivedData/Build/Intermediates.noindex/ShellOut.build/Debug-watchos/ShellOut-t.build/Objects-normal/arm64_32/ShellOut.swiftdoc -emit-module-source-info-path /Users/admin/builder/spi-builder-workspace/.derivedData/Build/Intermediates.noindex/ShellOut.build/Debug-watchos/ShellOut-t.build/Objects-normal/arm64_32/ShellOut.swiftsourceinfo -emit-objc-header-path /Users/admin/builder/spi-builder-workspace/.derivedData/Build/Intermediates.noindex/ShellOut.build/Debug-watchos/ShellOut-t.build/Objects-normal/arm64_32/ShellOut-Swift.h -serialize-diagnostics-path /Users/admin/builder/spi-builder-workspace/.derivedData/Build/Intermediates.noindex/ShellOut.build/Debug-watchos/ShellOut-t.build/Objects-normal/arm64_32/ShellOut-primary-emit-module.dia -emit-dependencies-path /Users/admin/builder/spi-builder-workspace/.derivedData/Build/Intermediates.noindex/ShellOut.build/Debug-watchos/ShellOut-t.build/Objects-normal/arm64_32/ShellOut-primary-emit-module.d -parse-as-library -o /Users/admin/builder/spi-builder-workspace/.derivedData/Build/Intermediates.noindex/ShellOut.build/Debug-watchos/ShellOut-t.build/Objects-normal/arm64_32/ShellOut.swiftmodule -emit-abi-descriptor-path /Users/admin/builder/spi-builder-workspace/.derivedData/Build/Intermediates.noindex/ShellOut.build/Debug-watchos/ShellOut-t.build/Objects-normal/arm64_32/ShellOut.abi.json
SwiftCompile normal arm64_32 (in target 'ShellOut' from project 'ShellOut')
cd /Users/admin/builder/spi-builder-workspace/.swiftpm/xcode
SwiftCompile normal arm64 Compiling\ ShellOut.swift /Users/admin/builder/spi-builder-workspace/.dependencies/checkouts/ShellOut/Sources/ShellOut.swift (in target 'ShellOut' from project 'ShellOut')
SwiftCompile normal arm64 /Users/admin/builder/spi-builder-workspace/.dependencies/checkouts/ShellOut/Sources/ShellOut.swift (in target 'ShellOut' from project 'ShellOut')
cd /Users/admin/builder/spi-builder-workspace/.swiftpm/xcode
builtin-SwiftPerFileCompile ShellOut.swift
/Users/admin/builder/spi-builder-workspace/.dependencies/checkouts/ShellOut/Sources/ShellOut.swift:34:14: error: cannot find type 'Process' in scope
32 | arguments: [String] = [],
33 | at path: String = ".",
34 | process: Process = .init(),
| `- error: cannot find type 'Process' in scope
35 | outputHandle: FileHandle? = nil,
36 | errorHandle: FileHandle? = nil
/Users/admin/builder/spi-builder-workspace/.dependencies/checkouts/ShellOut/Sources/ShellOut.swift:67:14: error: cannot find type 'Process' in scope
65 | to commands: [String],
66 | at path: String = ".",
67 | process: Process = .init(),
| `- error: cannot find type 'Process' in scope
68 | outputHandle: FileHandle? = nil,
69 | errorHandle: FileHandle? = nil
/Users/admin/builder/spi-builder-workspace/.dependencies/checkouts/ShellOut/Sources/ShellOut.swift:102:14: error: cannot find type 'Process' in scope
100 | to command: ShellOutCommand,
101 | at path: String = ".",
102 | process: Process = .init(),
| `- error: cannot find type 'Process' in scope
103 | outputHandle: FileHandle? = nil,
104 | errorHandle: FileHandle? = nil
SwiftCompile normal arm64_32 Compiling\ ShellOut.swift /Users/admin/builder/spi-builder-workspace/.dependencies/checkouts/ShellOut/Sources/ShellOut.swift (in target 'ShellOut' from project 'ShellOut')
SwiftCompile normal arm64_32 /Users/admin/builder/spi-builder-workspace/.dependencies/checkouts/ShellOut/Sources/ShellOut.swift (in target 'ShellOut' from project 'ShellOut')
cd /Users/admin/builder/spi-builder-workspace/.swiftpm/xcode
builtin-SwiftPerFileCompile ShellOut.swift
/Users/admin/builder/spi-builder-workspace/.dependencies/checkouts/ShellOut/Sources/ShellOut.swift:34:14: error: cannot find type 'Process' in scope
32 | arguments: [String] = [],
33 | at path: String = ".",
34 | process: Process = .init(),
| `- error: cannot find type 'Process' in scope
35 | outputHandle: FileHandle? = nil,
36 | errorHandle: FileHandle? = nil
/Users/admin/builder/spi-builder-workspace/.dependencies/checkouts/ShellOut/Sources/ShellOut.swift:67:14: error: cannot find type 'Process' in scope
65 | to commands: [String],
66 | at path: String = ".",
67 | process: Process = .init(),
| `- error: cannot find type 'Process' in scope
68 | outputHandle: FileHandle? = nil,
69 | errorHandle: FileHandle? = nil
/Users/admin/builder/spi-builder-workspace/.dependencies/checkouts/ShellOut/Sources/ShellOut.swift:102:14: error: cannot find type 'Process' in scope
100 | to command: ShellOutCommand,
101 | at path: String = ".",
102 | process: Process = .init(),
| `- error: cannot find type 'Process' in scope
103 | outputHandle: FileHandle? = nil,
104 | errorHandle: FileHandle? = nil
PruneExplicitPrecompiledModules /Users/admin/builder/spi-builder-workspace/.derivedData/Build/Intermediates.noindex/SwiftExplicitPrecompiledModules
PruneExplicitPrecompiledModules /Users/admin/builder/spi-builder-workspace/.derivedData/Build/Intermediates.noindex/ExplicitPrecompiledModules
PruneExplicitPrecompiledModules /Users/admin/builder/spi-builder-workspace/.derivedData/SDKExplicitPrecompiledModules
2026-09-20 12:24:53.675 xcodebuild[717:4504] [MT] IDERunDestination: Supported platforms for the buildables in the current scheme is empty.
** BUILD FAILED **
The following build commands failed:
SwiftCompile normal arm64 (in target 'ShellOut' from project 'ShellOut')
SwiftEmitModule normal arm64 Emitting\ module\ for\ ShellOut (in target 'ShellOut' from project 'ShellOut')
SwiftEmitModule normal arm64_32 Emitting\ module\ for\ ShellOut (in target 'ShellOut' from project 'ShellOut')
SwiftCompile normal arm64_32 (in target 'ShellOut' from project 'ShellOut')
Building workspace Publishmon with scheme Publishmon
(5 failures)
BUILD FAILURE 6.4 watchOS