Build Information
Failed to build BarKit, reference 1.1.1 (620b89), with Swift 6.4 for watchOS using Xcode 27.0 on 25 Sep 2026 12:07:38 UTC.
Build Command
env DEVELOPER_DIR=/Applications/Xcode-27.0.0-Release.Candidate.app xcrun xcodebuild -IDEClonedSourcePackagesDirPathOverride=$PWD/.dependencies -skipMacroValidation -skipPackagePluginValidation -derivedDataPath $PWD/.derivedData build -scheme BarKit -destination generic/platform=watchOSBuild Log
========================================
RunAll
========================================
Builder version: 5.1.0
Interrupt handler set up.
========================================
Checkout
========================================
Clone URL: https://github.com/MaksimG82/BarKit.git
Reference: 1.1.1
Initialized empty Git repository in /Users/admin/builder/spi-builder-workspace/.git/
From https://github.com/MaksimG82/BarKit
* tag 1.1.1 -> FETCH_HEAD
HEAD is now at 620b89a Merge pull request #39 from MaksimG82/develop
Cloned https://github.com/MaksimG82/BarKit.git
Revision (git rev-parse @):
620b89add1e39872e01a271e23ca837c0c9888ab
SUCCESS checkout https://github.com/MaksimG82/BarKit.git at 1.1.1
========================================
Build
========================================
Selected platform: watchOS
Swift version: 6.4
Building package at path: $PWD
https://github.com/MaksimG82/BarKit.git
Command line invocation:
/Applications/Xcode-27.0.0-Release.Candidate.app/Contents/Developer/usr/bin/xcodebuild -IDEClonedSourcePackagesDirPathOverride=/Users/admin/builder/spi-builder-workspace/.dependencies -resolvePackageDependencies
Resolve Package Graph
Resolve Package Graph
Resolved source packages:
BarKit: /Users/admin/builder/spi-builder-workspace
resolved source packages: BarKit
2026-09-25 08:06:54.839 xcodebuild[563:3086] [MT] IDERunDestination: Supported platforms for the buildables in the current scheme is empty.
{
"dependencies" : [
],
"manifest_display_name" : "BarKit",
"name" : "BarKit",
"path" : "/Users/admin/builder/spi-builder-workspace",
"platforms" : [
{
"name" : "ios",
"version" : "16.0"
}
],
"products" : [
{
"name" : "BarKit",
"targets" : [
"BarKit"
],
"type" : {
"library" : [
"automatic"
]
}
}
],
"targets" : [
{
"c99name" : "BarKit",
"module_type" : "SwiftTarget",
"name" : "BarKit",
"path" : "Sources/BarKit",
"product_memberships" : [
"BarKit"
],
"resources" : [
{
"path" : "/Users/admin/builder/spi-builder-workspace/Sources/BarKit/Metal/IndicatorEffects-iphoneos.metallib",
"rule" : {
"process" : {
}
}
},
{
"path" : "/Users/admin/builder/spi-builder-workspace/Sources/BarKit/Metal/IndicatorEffects-iphonesimulator.metallib",
"rule" : {
"process" : {
}
}
}
],
"sources" : [
"BarConfiguration/Animation/AnimationParameters.swift",
"BarConfiguration/Animation/BarAnimation.swift",
"BarConfiguration/Background/BarBackground.swift",
"BarConfiguration/Background/BarMaterial.swift",
"BarConfiguration/Background/CustomBlurConfiguration.swift",
"BarConfiguration/Bar/BadgeConfiguration.swift",
"BarConfiguration/Bar/BarConfiguration.swift",
"BarConfiguration/Bar/BarLayoutAxis.swift",
"BarConfiguration/Bar/HapticFeedbackConfiguration.swift",
"BarConfiguration/Bar/ShadowConfiguration.swift",
"BarConfiguration/Item/ItemConfiguration.swift",
"BarConfiguration/Item/ItemContentAxis.swift",
"BarConfiguration/SelectionIndicator/BorderConfiguration.swift",
"BarConfiguration/SelectionIndicator/ChromaticAberrationConfiguration.swift",
"BarConfiguration/SelectionIndicator/IndicatorEffect.swift",
"BarConfiguration/SelectionIndicator/LensDistortionConfiguration.swift",
"BarConfiguration/SelectionIndicator/SelectionIndicatorConfiguration.swift",
"BarConfiguration/SelectionIndicator/SelectionScaleEffect.swift",
"BarModels/BadgeValue.swift",
"BarModels/BarIcon.swift",
"BarModels/BarItemAlignment.swift",
"BarModels/BarItemProtocol.swift",
"BarModels/BarItemStyle.swift",
"BarViews/BadgeView.swift",
"BarViews/BarIconView.swift",
"BarViews/BarItemOverlayView.swift",
"BarViews/BarItemView.swift",
"BarViews/BarView.swift",
"BarViews/FloatingTabBarView.swift",
"BarViews/PinnedTabBarView.swift",
"Extensions/CGRect+scaled.swift",
"Extensions/Font+UITextStyle.swift",
"Extensions/ShaderLibrary+indicatorLibrary.swift",
"Extensions/View+Debug.swift",
"Extensions/View+Frame.swift",
"Extensions/View+adaptiveCoordinateSpace.swift",
"Extensions/View+barShadow.swift",
"Extensions/View+capturePreference.swift",
"Extensions/View+hapticFeedback.swift",
"Extensions/View+hideBar.swift",
"Extensions/View+indicatorLens.swift",
"Extensions/View+indicatorLensEffect.swift",
"Extensions/View+registerBarVisibility.swift",
"Keys/EnvironmentKeys.swift",
"Keys/PreferenceKeys.swift",
"ViewModifiers/BarContainerAccessibilityModifier.swift",
"ViewModifiers/BarItemAccessibilityModifier.swift",
"ViewModifiers/DebugVisualsModifier.swift"
],
"type" : "library"
}
],
"tools_version" : "6.0"
}
{
"workspace" : {
"name" : "BarKit",
"schemes" : [
"BarKit"
]
}
}
2026-09-25 08:07:26.614 xcodebuild[660:3906] [MT] IDERunDestination: Supported platforms for the buildables in the current scheme is empty.
Running build ...
env DEVELOPER_DIR=/Applications/Xcode-27.0.0-Release.Candidate.app xcrun xcodebuild -IDEClonedSourcePackagesDirPathOverride=$PWD/.dependencies -skipMacroValidation -skipPackagePluginValidation -derivedDataPath $PWD/.derivedData build -scheme BarKit -destination generic/platform=watchOS
Command line invocation:
/Applications/Xcode-27.0.0-Release.Candidate.app/Contents/Developer/usr/bin/xcodebuild -IDEClonedSourcePackagesDirPathOverride=/Users/admin/builder/spi-builder-workspace/.dependencies -skipMacroValidation -skipPackagePluginValidation -derivedDataPath /Users/admin/builder/spi-builder-workspace/.derivedData build -scheme BarKit -destination generic/platform=watchOS
Resolve Package Graph
Resolved source packages:
BarKit: /Users/admin/builder/spi-builder-workspace
ComputePackagePrebuildTargetDependencyGraph
Prepare packages
CreateBuildRequest
SendProjectDescription
CreateBuildOperation
ComputeTargetDependencyGraph
note: Building targets in dependency order
note: Target dependency graph (3 targets)
Target 'BarKit-product' in project 'BarKit'
➜ Explicit dependency on target 'BarKit' in project 'BarKit'
➜ Explicit dependency on target 'BarKit_BarKit' in project 'BarKit'
Target 'BarKit' in project 'BarKit'
➜ Explicit dependency on target 'BarKit_BarKit' in project 'BarKit'
Target 'BarKit_BarKit' in project 'BarKit' (no dependencies)
GatherProvisioningInputs
CreateBuildDescription
ExecuteExternalTool /Applications/Xcode-27.0.0-Release.Candidate.app/Contents/Developer/Toolchains/XcodeDefault.xctoolchain/usr/bin/clang -v -E -dM -isysroot /Applications/Xcode-27.0.0-Release.Candidate.app/Contents/Developer/Platforms/WatchOS.platform/Developer/SDKs/WatchOS27.0.sdk -x c -c /dev/null
ExecuteExternalTool /Applications/Xcode-27.0.0-Release.Candidate.app/Contents/Developer/Toolchains/XcodeDefault.xctoolchain/usr/bin/swiftc --version
ExecuteExternalTool /Applications/Xcode-27.0.0-Release.Candidate.app/Contents/Developer/Toolchains/XcodeDefault.xctoolchain/usr/bin/ld -version_details
ReadFileContents /Applications/Xcode-27.0.0-Release.Candidate.app/Contents/Developer/Toolchains/XcodeDefault.xctoolchain/usr/share/docc/features.json
Build description signature: 039066892eda876036683d06eaea2414
Build description path: /Users/admin/builder/spi-builder-workspace/.derivedData/Build/Intermediates.noindex/XCBuildData/039066892eda876036683d06eaea2414.xcbuilddata
CreateBuildDirectory /Users/admin/builder/spi-builder-workspace/.derivedData/SDKExplicitPrecompiledModules
cd /Users/admin/builder/spi-builder-workspace/.swiftpm/xcode
builtin-create-build-directory /Users/admin/builder/spi-builder-workspace/.derivedData/SDKExplicitPrecompiledModules
CreateBuildDirectory /Users/admin/builder/spi-builder-workspace/.derivedData/ModuleCache.noindex
cd /Users/admin/builder/spi-builder-workspace/.swiftpm/xcode
builtin-create-build-directory /Users/admin/builder/spi-builder-workspace/.derivedData/ModuleCache.noindex
CreateBuildDirectory /Users/admin/builder/spi-builder-workspace/.derivedData/CompilationCache.noindex
cd /Users/admin/builder/spi-builder-workspace/.swiftpm/xcode
builtin-create-build-directory /Users/admin/builder/spi-builder-workspace/.derivedData/CompilationCache.noindex
ClangStatCache /Applications/Xcode-27.0.0-Release.Candidate.app/Contents/Developer/Toolchains/XcodeDefault.xctoolchain/usr/bin/clang-stat-cache /Applications/Xcode-27.0.0-Release.Candidate.app/Contents/Developer/Platforms/WatchOS.platform/Developer/SDKs/WatchOS27.0.sdk /Users/admin/builder/spi-builder-workspace/.derivedData/SDKStatCaches.noindex/watchos27.0-24R360-e829b21a6f8c9b70876ba0858053c04477534ef55a1706bf4c1112bbb242f0a2.sdkstatcache
cd /Users/admin/builder/spi-builder-workspace/.swiftpm/xcode
/Applications/Xcode-27.0.0-Release.Candidate.app/Contents/Developer/Toolchains/XcodeDefault.xctoolchain/usr/bin/clang-stat-cache /Applications/Xcode-27.0.0-Release.Candidate.app/Contents/Developer/Platforms/WatchOS.platform/Developer/SDKs/WatchOS27.0.sdk -o /Users/admin/builder/spi-builder-workspace/.derivedData/SDKStatCaches.noindex/watchos27.0-24R360-e829b21a6f8c9b70876ba0858053c04477534ef55a1706bf4c1112bbb242f0a2.sdkstatcache
CreateBuildDirectory /Users/admin/builder/spi-builder-workspace/.derivedData/Build/Products
cd /Users/admin/builder/spi-builder-workspace/.swiftpm/xcode
builtin-create-build-directory /Users/admin/builder/spi-builder-workspace/.derivedData/Build/Products
CreateBuildDirectory /Users/admin/builder/spi-builder-workspace/.derivedData/Build/Intermediates.noindex
cd /Users/admin/builder/spi-builder-workspace/.swiftpm/xcode
builtin-create-build-directory /Users/admin/builder/spi-builder-workspace/.derivedData/Build/Intermediates.noindex
CreateBuildDirectory /Users/admin/builder/spi-builder-workspace/.derivedData/Build/Products/Debug-watchos
cd /Users/admin/builder/spi-builder-workspace/.swiftpm/xcode
builtin-create-build-directory /Users/admin/builder/spi-builder-workspace/.derivedData/Build/Products/Debug-watchos
CreateBuildDirectory /Users/admin/builder/spi-builder-workspace/.derivedData/Build/Intermediates.noindex/SwiftExplicitPrecompiledModules
cd /Users/admin/builder/spi-builder-workspace/.swiftpm/xcode
builtin-create-build-directory /Users/admin/builder/spi-builder-workspace/.derivedData/Build/Intermediates.noindex/SwiftExplicitPrecompiledModules
CreateBuildDirectory /Users/admin/builder/spi-builder-workspace/.derivedData/Build/Intermediates.noindex/PrecompiledHeaders
cd /Users/admin/builder/spi-builder-workspace/.swiftpm/xcode
builtin-create-build-directory /Users/admin/builder/spi-builder-workspace/.derivedData/Build/Intermediates.noindex/PrecompiledHeaders
CreateBuildDirectory /Users/admin/builder/spi-builder-workspace/.derivedData/Build/Intermediates.noindex/ExplicitPrecompiledModules
cd /Users/admin/builder/spi-builder-workspace/.swiftpm/xcode
builtin-create-build-directory /Users/admin/builder/spi-builder-workspace/.derivedData/Build/Intermediates.noindex/ExplicitPrecompiledModules
CreateBuildDirectory /Users/admin/builder/spi-builder-workspace/.derivedData/Build/Intermediates.noindex/EagerLinkingTBDs/Debug-watchos
cd /Users/admin/builder/spi-builder-workspace/.swiftpm/xcode
builtin-create-build-directory /Users/admin/builder/spi-builder-workspace/.derivedData/Build/Intermediates.noindex/EagerLinkingTBDs/Debug-watchos
CreateBuildDirectory /Users/admin/builder/spi-builder-workspace/.derivedData/Build/Products/Debug-watchos/PackageFrameworks
cd /Users/admin/builder/spi-builder-workspace/.swiftpm/xcode
builtin-create-build-directory /Users/admin/builder/spi-builder-workspace/.derivedData/Build/Products/Debug-watchos/PackageFrameworks
MkDir /Users/admin/builder/spi-builder-workspace/.derivedData/Build/Products/Debug-watchos/BarKit_BarKit.bundle (in target 'BarKit_BarKit' from project 'BarKit')
cd /Users/admin/builder/spi-builder-workspace
/bin/mkdir -p /Users/admin/builder/spi-builder-workspace/.derivedData/Build/Products/Debug-watchos/BarKit_BarKit.bundle
WriteAuxiliaryFile /Users/admin/builder/spi-builder-workspace/.derivedData/Build/Intermediates.noindex/BarKit.build/Debug-watchos/BarKit_BarKit-b.build/BarKit_BarKit.DependencyStaticMetadataFileList (in target 'BarKit_BarKit' from project 'BarKit')
cd /Users/admin/builder/spi-builder-workspace
write-file /Users/admin/builder/spi-builder-workspace/.derivedData/Build/Intermediates.noindex/BarKit.build/Debug-watchos/BarKit_BarKit-b.build/BarKit_BarKit.DependencyStaticMetadataFileList
WriteAuxiliaryFile /Users/admin/builder/spi-builder-workspace/.derivedData/Build/Intermediates.noindex/BarKit.build/Debug-watchos/BarKit_BarKit-b.build/empty-BarKit_BarKit.plist (in target 'BarKit_BarKit' from project 'BarKit')
cd /Users/admin/builder/spi-builder-workspace
write-file /Users/admin/builder/spi-builder-workspace/.derivedData/Build/Intermediates.noindex/BarKit.build/Debug-watchos/BarKit_BarKit-b.build/empty-BarKit_BarKit.plist
WriteAuxiliaryFile /Users/admin/builder/spi-builder-workspace/.derivedData/Build/Intermediates.noindex/BarKit.build/Debug-watchos/BarKit_BarKit-b.build/BarKit_BarKit.DependencyMetadataFileList (in target 'BarKit_BarKit' from project 'BarKit')
cd /Users/admin/builder/spi-builder-workspace
write-file /Users/admin/builder/spi-builder-workspace/.derivedData/Build/Intermediates.noindex/BarKit.build/Debug-watchos/BarKit_BarKit-b.build/BarKit_BarKit.DependencyMetadataFileList
WriteAuxiliaryFile /Users/admin/builder/spi-builder-workspace/.derivedData/Build/Intermediates.noindex/BarKit.build/Debug-watchos/BarKit-t.build/Objects-normal/arm64_32/BarKit.SwiftFileList (in target 'BarKit' from project 'BarKit')
cd /Users/admin/builder/spi-builder-workspace
write-file /Users/admin/builder/spi-builder-workspace/.derivedData/Build/Intermediates.noindex/BarKit.build/Debug-watchos/BarKit-t.build/Objects-normal/arm64_32/BarKit.SwiftFileList
WriteAuxiliaryFile /Users/admin/builder/spi-builder-workspace/.derivedData/Build/Intermediates.noindex/BarKit.build/Debug-watchos/BarKit-t.build/Objects-normal/arm64_32/BarKit.SwiftConstValuesFileList (in target 'BarKit' from project 'BarKit')
cd /Users/admin/builder/spi-builder-workspace
write-file /Users/admin/builder/spi-builder-workspace/.derivedData/Build/Intermediates.noindex/BarKit.build/Debug-watchos/BarKit-t.build/Objects-normal/arm64_32/BarKit.SwiftConstValuesFileList
WriteAuxiliaryFile /Users/admin/builder/spi-builder-workspace/.derivedData/Build/Intermediates.noindex/BarKit.build/Debug-watchos/BarKit-t.build/Objects-normal/arm64_32/BarKit.LinkFileList (in target 'BarKit' from project 'BarKit')
cd /Users/admin/builder/spi-builder-workspace
write-file /Users/admin/builder/spi-builder-workspace/.derivedData/Build/Intermediates.noindex/BarKit.build/Debug-watchos/BarKit-t.build/Objects-normal/arm64_32/BarKit.LinkFileList
WriteAuxiliaryFile /Users/admin/builder/spi-builder-workspace/.derivedData/Build/Intermediates.noindex/BarKit.build/Debug-watchos/BarKit-t.build/Objects-normal/arm64_32/BarKit-OutputFileMap.json (in target 'BarKit' from project 'BarKit')
cd /Users/admin/builder/spi-builder-workspace
write-file /Users/admin/builder/spi-builder-workspace/.derivedData/Build/Intermediates.noindex/BarKit.build/Debug-watchos/BarKit-t.build/Objects-normal/arm64_32/BarKit-OutputFileMap.json
WriteAuxiliaryFile /Users/admin/builder/spi-builder-workspace/.derivedData/Build/Intermediates.noindex/BarKit.build/Debug-watchos/BarKit-t.build/Objects-normal/arm64_32/BarKit_const_extract_protocols.json (in target 'BarKit' from project 'BarKit')
cd /Users/admin/builder/spi-builder-workspace
write-file /Users/admin/builder/spi-builder-workspace/.derivedData/Build/Intermediates.noindex/BarKit.build/Debug-watchos/BarKit-t.build/Objects-normal/arm64_32/BarKit_const_extract_protocols.json
WriteAuxiliaryFile /Users/admin/builder/spi-builder-workspace/.derivedData/Build/Intermediates.noindex/BarKit.build/Debug-watchos/BarKit-t.build/Objects-normal/arm64/BarKit_const_extract_protocols.json (in target 'BarKit' from project 'BarKit')
cd /Users/admin/builder/spi-builder-workspace
write-file /Users/admin/builder/spi-builder-workspace/.derivedData/Build/Intermediates.noindex/BarKit.build/Debug-watchos/BarKit-t.build/Objects-normal/arm64/BarKit_const_extract_protocols.json
WriteAuxiliaryFile /Users/admin/builder/spi-builder-workspace/.derivedData/Build/Intermediates.noindex/BarKit.build/Debug-watchos/BarKit-t.build/Objects-normal/arm64/BarKit.SwiftFileList (in target 'BarKit' from project 'BarKit')
cd /Users/admin/builder/spi-builder-workspace
write-file /Users/admin/builder/spi-builder-workspace/.derivedData/Build/Intermediates.noindex/BarKit.build/Debug-watchos/BarKit-t.build/Objects-normal/arm64/BarKit.SwiftFileList
WriteAuxiliaryFile /Users/admin/builder/spi-builder-workspace/.derivedData/Build/Intermediates.noindex/BarKit.build/Debug-watchos/BarKit-t.build/Objects-normal/arm64/BarKit.SwiftConstValuesFileList (in target 'BarKit' from project 'BarKit')
cd /Users/admin/builder/spi-builder-workspace
write-file /Users/admin/builder/spi-builder-workspace/.derivedData/Build/Intermediates.noindex/BarKit.build/Debug-watchos/BarKit-t.build/Objects-normal/arm64/BarKit.SwiftConstValuesFileList
WriteAuxiliaryFile /Users/admin/builder/spi-builder-workspace/.derivedData/Build/Intermediates.noindex/BarKit.build/Debug-watchos/BarKit-t.build/Objects-normal/arm64/BarKit.LinkFileList (in target 'BarKit' from project 'BarKit')
cd /Users/admin/builder/spi-builder-workspace
write-file /Users/admin/builder/spi-builder-workspace/.derivedData/Build/Intermediates.noindex/BarKit.build/Debug-watchos/BarKit-t.build/Objects-normal/arm64/BarKit.LinkFileList
WriteAuxiliaryFile /Users/admin/builder/spi-builder-workspace/.derivedData/Build/Intermediates.noindex/BarKit.build/Debug-watchos/BarKit-t.build/Objects-normal/arm64/BarKit-OutputFileMap.json (in target 'BarKit' from project 'BarKit')
cd /Users/admin/builder/spi-builder-workspace
write-file /Users/admin/builder/spi-builder-workspace/.derivedData/Build/Intermediates.noindex/BarKit.build/Debug-watchos/BarKit-t.build/Objects-normal/arm64/BarKit-OutputFileMap.json
WriteAuxiliaryFile /Users/admin/builder/spi-builder-workspace/.derivedData/Build/Intermediates.noindex/BarKit.build/Debug-watchos/BarKit-t.build/BarKit.modulemap (in target 'BarKit' from project 'BarKit')
cd /Users/admin/builder/spi-builder-workspace
write-file /Users/admin/builder/spi-builder-workspace/.derivedData/Build/Intermediates.noindex/BarKit.build/Debug-watchos/BarKit-t.build/BarKit.modulemap
WriteAuxiliaryFile /Users/admin/builder/spi-builder-workspace/.derivedData/Build/Intermediates.noindex/BarKit.build/Debug-watchos/BarKit-t.build/DerivedSources/resource_bundle_accessor.swift (in target 'BarKit' from project 'BarKit')
cd /Users/admin/builder/spi-builder-workspace
write-file /Users/admin/builder/spi-builder-workspace/.derivedData/Build/Intermediates.noindex/BarKit.build/Debug-watchos/BarKit-t.build/DerivedSources/resource_bundle_accessor.swift
WriteAuxiliaryFile /Users/admin/builder/spi-builder-workspace/.derivedData/Build/Intermediates.noindex/BarKit.build/Debug-watchos/BarKit-t.build/BarKit.DependencyStaticMetadataFileList (in target 'BarKit' from project 'BarKit')
cd /Users/admin/builder/spi-builder-workspace
write-file /Users/admin/builder/spi-builder-workspace/.derivedData/Build/Intermediates.noindex/BarKit.build/Debug-watchos/BarKit-t.build/BarKit.DependencyStaticMetadataFileList
WriteAuxiliaryFile /Users/admin/builder/spi-builder-workspace/.derivedData/Build/Intermediates.noindex/BarKit.build/Debug-watchos/BarKit-t.build/BarKit.DependencyMetadataFileList (in target 'BarKit' from project 'BarKit')
cd /Users/admin/builder/spi-builder-workspace
write-file /Users/admin/builder/spi-builder-workspace/.derivedData/Build/Intermediates.noindex/BarKit.build/Debug-watchos/BarKit-t.build/BarKit.DependencyMetadataFileList
Copy /Users/admin/builder/spi-builder-workspace/.derivedData/Build/Intermediates.noindex/GeneratedModuleMaps-watchos/BarKit.modulemap /Users/admin/builder/spi-builder-workspace/.derivedData/Build/Intermediates.noindex/BarKit.build/Debug-watchos/BarKit-t.build/BarKit.modulemap (in target 'BarKit' from project 'BarKit')
cd /Users/admin/builder/spi-builder-workspace
builtin-copy -exclude .DS_Store -exclude CVS -exclude .svn -exclude .git -exclude .hg -resolve-src-symlinks /Users/admin/builder/spi-builder-workspace/.derivedData/Build/Intermediates.noindex/BarKit.build/Debug-watchos/BarKit-t.build/BarKit.modulemap /Users/admin/builder/spi-builder-workspace/.derivedData/Build/Intermediates.noindex/GeneratedModuleMaps-watchos
ProcessInfoPlistFile /Users/admin/builder/spi-builder-workspace/.derivedData/Build/Products/Debug-watchos/BarKit_BarKit.bundle/Info.plist /Users/admin/builder/spi-builder-workspace/.derivedData/Build/Intermediates.noindex/BarKit.build/Debug-watchos/BarKit_BarKit-b.build/empty-BarKit_BarKit.plist (in target 'BarKit_BarKit' from project 'BarKit')
cd /Users/admin/builder/spi-builder-workspace
builtin-infoPlistUtility /Users/admin/builder/spi-builder-workspace/.derivedData/Build/Intermediates.noindex/BarKit.build/Debug-watchos/BarKit_BarKit-b.build/empty-BarKit_BarKit.plist -producttype com.apple.product-type.bundle -expandbuildsettings -format binary -platform watchos -o /Users/admin/builder/spi-builder-workspace/.derivedData/Build/Products/Debug-watchos/BarKit_BarKit.bundle/Info.plist
CpResource /Users/admin/builder/spi-builder-workspace/.derivedData/Build/Products/Debug-watchos/BarKit_BarKit.bundle/IndicatorEffects-iphonesimulator.metallib /Users/admin/builder/spi-builder-workspace/Sources/BarKit/Metal/IndicatorEffects-iphonesimulator.metallib (in target 'BarKit_BarKit' from project 'BarKit')
cd /Users/admin/builder/spi-builder-workspace
builtin-copy -exclude .DS_Store -exclude CVS -exclude .svn -exclude .git -exclude .hg -resolve-src-symlinks /Users/admin/builder/spi-builder-workspace/Sources/BarKit/Metal/IndicatorEffects-iphonesimulator.metallib /Users/admin/builder/spi-builder-workspace/.derivedData/Build/Products/Debug-watchos/BarKit_BarKit.bundle
CpResource /Users/admin/builder/spi-builder-workspace/.derivedData/Build/Products/Debug-watchos/BarKit_BarKit.bundle/IndicatorEffects-iphoneos.metallib /Users/admin/builder/spi-builder-workspace/Sources/BarKit/Metal/IndicatorEffects-iphoneos.metallib (in target 'BarKit_BarKit' from project 'BarKit')
cd /Users/admin/builder/spi-builder-workspace
builtin-copy -exclude .DS_Store -exclude CVS -exclude .svn -exclude .git -exclude .hg -resolve-src-symlinks /Users/admin/builder/spi-builder-workspace/Sources/BarKit/Metal/IndicatorEffects-iphoneos.metallib /Users/admin/builder/spi-builder-workspace/.derivedData/Build/Products/Debug-watchos/BarKit_BarKit.bundle
RegisterExecutionPolicyException /Users/admin/builder/spi-builder-workspace/.derivedData/Build/Products/Debug-watchos/BarKit_BarKit.bundle (in target 'BarKit_BarKit' from project 'BarKit')
cd /Users/admin/builder/spi-builder-workspace
builtin-RegisterExecutionPolicyException /Users/admin/builder/spi-builder-workspace/.derivedData/Build/Products/Debug-watchos/BarKit_BarKit.bundle
Touch /Users/admin/builder/spi-builder-workspace/.derivedData/Build/Products/Debug-watchos/BarKit_BarKit.bundle (in target 'BarKit_BarKit' from project 'BarKit')
cd /Users/admin/builder/spi-builder-workspace
/usr/bin/touch -c /Users/admin/builder/spi-builder-workspace/.derivedData/Build/Products/Debug-watchos/BarKit_BarKit.bundle
SwiftDriver BarKit normal arm64 com.apple.xcode.tools.swift.compiler (in target 'BarKit' from project 'BarKit')
cd /Users/admin/builder/spi-builder-workspace/.swiftpm/xcode
builtin-SwiftDriver -- /Applications/Xcode-27.0.0-Release.Candidate.app/Contents/Developer/Toolchains/XcodeDefault.xctoolchain/usr/bin/swiftc -parse-as-library -module-name BarKit -Onone @/Users/admin/builder/spi-builder-workspace/.derivedData/Build/Intermediates.noindex/BarKit.build/Debug-watchos/BarKit-t.build/Objects-normal/arm64/BarKit.SwiftFileList -DSWIFT_PACKAGE -DDEBUG -DSWIFT_MODULE_RESOURCE_BUNDLE_AVAILABLE -DXcode -plugin-path /Applications/Xcode-27.0.0-Release.Candidate.app/Contents/Developer/Toolchains/XcodeDefault.xctoolchain/usr/lib/swift/host/plugins/testing -enable-experimental-feature DebugDescriptionMacro -sdk /Applications/Xcode-27.0.0-Release.Candidate.app/Contents/Developer/Platforms/WatchOS.platform/Developer/SDKs/WatchOS27.0.sdk -target arm64-apple-watchos9.0 -g -module-cache-path /Users/admin/builder/spi-builder-workspace/.derivedData/ModuleCache.noindex -Xfrontend -serialize-debugging-options -enable-testing -index-store-path /Users/admin/builder/spi-builder-workspace/.derivedData/Index.noindex/DataStore -Xcc -D_LIBCPP_HARDENING_MODE\=_LIBCPP_HARDENING_MODE_DEBUG -swift-version 6 -I /Users/admin/builder/spi-builder-workspace/.derivedData/Build/Products/Debug-watchos -Isystem /Applications/Xcode-27.0.0-Release.Candidate.app/Contents/Developer/Platforms/WatchOS.platform/Developer/usr/lib -F /Users/admin/builder/spi-builder-workspace/.derivedData/Build/Products/Debug-watchos -F /Applications/Xcode-27.0.0-Release.Candidate.app/Contents/Developer/Platforms/WatchOS.platform/Developer/Library/Frameworks -F /Applications/Xcode-27.0.0-Release.Candidate.app/Contents/Developer/Platforms/WatchOS.platform/Developer/SDKs/WatchOS27.0.sdk/Developer/Library/Frameworks -c -j10 -enable-batch-mode -incremental -Xcc -ivfsstatcache -Xcc /Users/admin/builder/spi-builder-workspace/.derivedData/SDKStatCaches.noindex/watchos27.0-24R360-e829b21a6f8c9b70876ba0858053c04477534ef55a1706bf4c1112bbb242f0a2.sdkstatcache -output-file-map /Users/admin/builder/spi-builder-workspace/.derivedData/Build/Intermediates.noindex/BarKit.build/Debug-watchos/BarKit-t.build/Objects-normal/arm64/BarKit-OutputFileMap.json -save-temps -no-color-diagnostics -explicit-module-build -module-cache-path /Users/admin/builder/spi-builder-workspace/.derivedData/Build/Intermediates.noindex/SwiftExplicitPrecompiledModules -clang-scanner-module-cache-path /Users/admin/builder/spi-builder-workspace/.derivedData/ModuleCache.noindex -sdk-module-cache-path /Users/admin/builder/spi-builder-workspace/.derivedData/SDKExplicitPrecompiledModules -emit-dependencies -emit-module -emit-module-path /Users/admin/builder/spi-builder-workspace/.derivedData/Build/Intermediates.noindex/BarKit.build/Debug-watchos/BarKit-t.build/Objects-normal/arm64/BarKit.swiftmodule -serialize-diagnostics -dependency-scan-serialize-diagnostics-path /Users/admin/builder/spi-builder-workspace/.derivedData/Build/Intermediates.noindex/BarKit.build/Debug-watchos/BarKit-t.build/Objects-normal/arm64/BarKit-dependency-scan.dia -validate-clang-modules-once -clang-build-session-file /Users/admin/builder/spi-builder-workspace/.derivedData/ModuleCache.noindex/Session.modulevalidation -Xcc -fmodules-prune-interval\=86400 -Xcc -fmodules-prune-after\=345600 -package-name spi_builder_workspace -emit-const-values -const-gather-protocols-list /Users/admin/builder/spi-builder-workspace/.derivedData/Build/Intermediates.noindex/BarKit.build/Debug-watchos/BarKit-t.build/Objects-normal/arm64/BarKit_const_extract_protocols.json -Xcc -I/Users/admin/builder/spi-builder-workspace/.derivedData/Build/Products/Debug-watchos/include -Xcc -I/Users/admin/builder/spi-builder-workspace/.derivedData/Build/Intermediates.noindex/BarKit.build/Debug-watchos/BarKit-t.build/DerivedSources-normal/arm64 -Xcc -I/Users/admin/builder/spi-builder-workspace/.derivedData/Build/Intermediates.noindex/BarKit.build/Debug-watchos/BarKit-t.build/DerivedSources/arm64 -Xcc -I/Users/admin/builder/spi-builder-workspace/.derivedData/Build/Intermediates.noindex/BarKit.build/Debug-watchos/BarKit-t.build/DerivedSources -Xcc -DSWIFT_PACKAGE -Xcc -DDEBUG\=1 -emit-objc-header -emit-objc-header-path /Users/admin/builder/spi-builder-workspace/.derivedData/Build/Intermediates.noindex/BarKit.build/Debug-watchos/BarKit-t.build/Objects-normal/arm64/BarKit-Swift.h -working-directory /Users/admin/builder/spi-builder-workspace/.swiftpm/xcode -experimental-emit-module-separately -disable-cmo
SwiftDriver BarKit normal arm64_32 com.apple.xcode.tools.swift.compiler (in target 'BarKit' from project 'BarKit')
cd /Users/admin/builder/spi-builder-workspace/.swiftpm/xcode
builtin-SwiftDriver -- /Applications/Xcode-27.0.0-Release.Candidate.app/Contents/Developer/Toolchains/XcodeDefault.xctoolchain/usr/bin/swiftc -parse-as-library -module-name BarKit -Onone @/Users/admin/builder/spi-builder-workspace/.derivedData/Build/Intermediates.noindex/BarKit.build/Debug-watchos/BarKit-t.build/Objects-normal/arm64_32/BarKit.SwiftFileList -DSWIFT_PACKAGE -DDEBUG -DSWIFT_MODULE_RESOURCE_BUNDLE_AVAILABLE -DXcode -plugin-path /Applications/Xcode-27.0.0-Release.Candidate.app/Contents/Developer/Toolchains/XcodeDefault.xctoolchain/usr/lib/swift/host/plugins/testing -enable-experimental-feature DebugDescriptionMacro -sdk /Applications/Xcode-27.0.0-Release.Candidate.app/Contents/Developer/Platforms/WatchOS.platform/Developer/SDKs/WatchOS27.0.sdk -target arm64_32-apple-watchos9.0 -g -module-cache-path /Users/admin/builder/spi-builder-workspace/.derivedData/ModuleCache.noindex -Xfrontend -serialize-debugging-options -enable-testing -index-store-path /Users/admin/builder/spi-builder-workspace/.derivedData/Index.noindex/DataStore -Xcc -D_LIBCPP_HARDENING_MODE\=_LIBCPP_HARDENING_MODE_DEBUG -swift-version 6 -I /Users/admin/builder/spi-builder-workspace/.derivedData/Build/Products/Debug-watchos -Isystem /Applications/Xcode-27.0.0-Release.Candidate.app/Contents/Developer/Platforms/WatchOS.platform/Developer/usr/lib -F /Users/admin/builder/spi-builder-workspace/.derivedData/Build/Products/Debug-watchos -F /Applications/Xcode-27.0.0-Release.Candidate.app/Contents/Developer/Platforms/WatchOS.platform/Developer/Library/Frameworks -F /Applications/Xcode-27.0.0-Release.Candidate.app/Contents/Developer/Platforms/WatchOS.platform/Developer/SDKs/WatchOS27.0.sdk/Developer/Library/Frameworks -c -j10 -enable-batch-mode -incremental -Xcc -ivfsstatcache -Xcc /Users/admin/builder/spi-builder-workspace/.derivedData/SDKStatCaches.noindex/watchos27.0-24R360-e829b21a6f8c9b70876ba0858053c04477534ef55a1706bf4c1112bbb242f0a2.sdkstatcache -output-file-map /Users/admin/builder/spi-builder-workspace/.derivedData/Build/Intermediates.noindex/BarKit.build/Debug-watchos/BarKit-t.build/Objects-normal/arm64_32/BarKit-OutputFileMap.json -save-temps -no-color-diagnostics -explicit-module-build -module-cache-path /Users/admin/builder/spi-builder-workspace/.derivedData/Build/Intermediates.noindex/SwiftExplicitPrecompiledModules -clang-scanner-module-cache-path /Users/admin/builder/spi-builder-workspace/.derivedData/ModuleCache.noindex -sdk-module-cache-path /Users/admin/builder/spi-builder-workspace/.derivedData/SDKExplicitPrecompiledModules -emit-dependencies -emit-module -emit-module-path /Users/admin/builder/spi-builder-workspace/.derivedData/Build/Intermediates.noindex/BarKit.build/Debug-watchos/BarKit-t.build/Objects-normal/arm64_32/BarKit.swiftmodule -serialize-diagnostics -dependency-scan-serialize-diagnostics-path /Users/admin/builder/spi-builder-workspace/.derivedData/Build/Intermediates.noindex/BarKit.build/Debug-watchos/BarKit-t.build/Objects-normal/arm64_32/BarKit-dependency-scan.dia -validate-clang-modules-once -clang-build-session-file /Users/admin/builder/spi-builder-workspace/.derivedData/ModuleCache.noindex/Session.modulevalidation -Xcc -fmodules-prune-interval\=86400 -Xcc -fmodules-prune-after\=345600 -package-name spi_builder_workspace -emit-const-values -const-gather-protocols-list /Users/admin/builder/spi-builder-workspace/.derivedData/Build/Intermediates.noindex/BarKit.build/Debug-watchos/BarKit-t.build/Objects-normal/arm64_32/BarKit_const_extract_protocols.json -Xcc -I/Users/admin/builder/spi-builder-workspace/.derivedData/Build/Products/Debug-watchos/include -Xcc -I/Users/admin/builder/spi-builder-workspace/.derivedData/Build/Intermediates.noindex/BarKit.build/Debug-watchos/BarKit-t.build/DerivedSources-normal/arm64_32 -Xcc -I/Users/admin/builder/spi-builder-workspace/.derivedData/Build/Intermediates.noindex/BarKit.build/Debug-watchos/BarKit-t.build/DerivedSources/arm64_32 -Xcc -I/Users/admin/builder/spi-builder-workspace/.derivedData/Build/Intermediates.noindex/BarKit.build/Debug-watchos/BarKit-t.build/DerivedSources -Xcc -DSWIFT_PACKAGE -Xcc -DDEBUG\=1 -emit-objc-header -emit-objc-header-path /Users/admin/builder/spi-builder-workspace/.derivedData/Build/Intermediates.noindex/BarKit.build/Debug-watchos/BarKit-t.build/Objects-normal/arm64_32/BarKit-Swift.h -working-directory /Users/admin/builder/spi-builder-workspace/.swiftpm/xcode -experimental-emit-module-separately -disable-cmo
SwiftExplicitDependencyGeneratePcm arm64_32 /Users/admin/builder/spi-builder-workspace/.derivedData/SDKExplicitPrecompiledModules/ptrcheck-EAZ3I917ZFA9H6ZCL6PGLG4TR.pcm
SwiftExplicitDependencyGeneratePcm arm64_32 /Users/admin/builder/spi-builder-workspace/.derivedData/SDKExplicitPrecompiledModules/_Builtin_stddef-2F9BFIPBQ5EWNSK5G7G7V4EKL.pcm
SwiftExplicitDependencyGeneratePcm arm64_32 /Users/admin/builder/spi-builder-workspace/.derivedData/SDKExplicitPrecompiledModules/SwiftShims-D9VBB138U50XYYGW2C2V21N3L.pcm
SwiftExplicitDependencyGeneratePcm arm64_32 /Users/admin/builder/spi-builder-workspace/.derivedData/SDKExplicitPrecompiledModules/_AvailabilityInternal-22ZP1ILSQW16KHXZS5GBZHOCS.pcm
SwiftExplicitDependencyGeneratePcm arm64_32 /Users/admin/builder/spi-builder-workspace/.derivedData/SDKExplicitPrecompiledModules/_Builtin_stdarg-EYJP6DFYQL9GJLH1TJ84A8MHV.pcm
SwiftExplicitDependencyGeneratePcm arm64_32 /Users/admin/builder/spi-builder-workspace/.derivedData/SDKExplicitPrecompiledModules/DeveloperToolsSupport-3FQKKPF3BW0SWE1YUZ86OZWIB.pcm
SwiftExplicitDependencyGeneratePcm arm64_32 /Users/admin/builder/spi-builder-workspace/.derivedData/SDKExplicitPrecompiledModules/_SwiftConcurrencyShims-58G4ISYSYDV3AT1DDGEE0QCUF.pcm
SwiftExplicitDependencyGeneratePcm arm64_32 /Users/admin/builder/spi-builder-workspace/.derivedData/SDKExplicitPrecompiledModules/_Builtin_float-372PLGDQ1U3B6Z5EA5DJMDORJ.pcm
SwiftExplicitDependencyGeneratePcm arm64_32 /Users/admin/builder/spi-builder-workspace/.derivedData/SDKExplicitPrecompiledModules/_Builtin_stdbool-84ZA1VDW90AGWZ2LF5KOCM8DZ.pcm
SwiftExplicitDependencyGeneratePcm arm64_32 /Users/admin/builder/spi-builder-workspace/.derivedData/SDKExplicitPrecompiledModules/ptrauth-EW7YZZ7LEZE1QZF2T8148IPSA.pcm
SwiftExplicitDependencyGeneratePcm arm64 /Users/admin/builder/spi-builder-workspace/.derivedData/SDKExplicitPrecompiledModules/ptrauth-C7VQASAJ967Q4Q6SRD4I3CFWZ.pcm
SwiftExplicitDependencyGeneratePcm arm64 /Users/admin/builder/spi-builder-workspace/.derivedData/SDKExplicitPrecompiledModules/_AvailabilityInternal-42EVAC8Q6P1ZT6G3A168N97G4.pcm
SwiftExplicitDependencyGeneratePcm arm64 /Users/admin/builder/spi-builder-workspace/.derivedData/SDKExplicitPrecompiledModules/_SwiftConcurrencyShims-CTPSFSTDCBVSSQFHL6I305U72.pcm
SwiftExplicitDependencyGeneratePcm arm64 /Users/admin/builder/spi-builder-workspace/.derivedData/SDKExplicitPrecompiledModules/_Builtin_stdbool-B692L2PMR118794VVYBG37897.pcm
SwiftExplicitDependencyGeneratePcm arm64 /Users/admin/builder/spi-builder-workspace/.derivedData/SDKExplicitPrecompiledModules/SwiftShims-AJ4AZYHQNC33R5RLN7AGEIOMP.pcm
SwiftExplicitDependencyGeneratePcm arm64 /Users/admin/builder/spi-builder-workspace/.derivedData/SDKExplicitPrecompiledModules/_Builtin_float-E4M4A8689VXF1T7P7BV56IKBT.pcm
SwiftExplicitDependencyGeneratePcm arm64 /Users/admin/builder/spi-builder-workspace/.derivedData/SDKExplicitPrecompiledModules/_Builtin_stddef-5OH846KKUPSJJT7GCX9XU1TKG.pcm
SwiftExplicitDependencyGeneratePcm arm64 /Users/admin/builder/spi-builder-workspace/.derivedData/SDKExplicitPrecompiledModules/_Builtin_stdarg-3X4KLXUYEI0UGBILP4X7D0CYW.pcm
SwiftExplicitDependencyGeneratePcm arm64 /Users/admin/builder/spi-builder-workspace/.derivedData/SDKExplicitPrecompiledModules/DeveloperToolsSupport-CL5QT3CW0ZM498PFTWG64QMLA.pcm
SwiftExplicitDependencyGeneratePcm arm64 /Users/admin/builder/spi-builder-workspace/.derivedData/SDKExplicitPrecompiledModules/ptrcheck-8K07997SIHO7YGY7UQ3LOQ3TJ.pcm
SwiftExplicitDependencyGeneratePcm arm64_32 /Users/admin/builder/spi-builder-workspace/.derivedData/SDKExplicitPrecompiledModules/_DarwinFoundation1-5SNIO0SFHX9KJZTLQGIPAPXUZ.pcm
SwiftExplicitDependencyGeneratePcm arm64 /Users/admin/builder/spi-builder-workspace/.derivedData/SDKExplicitPrecompiledModules/_DarwinFoundation1-7YQ9TVI7XTOGQU9OADRXP33D1.pcm
SwiftExplicitDependencyGeneratePcm arm64_32 /Users/admin/builder/spi-builder-workspace/.derivedData/SDKExplicitPrecompiledModules/_DarwinFoundation2-FP2Q8F1Q2HR151SBYKTU6Q8B.pcm
SwiftExplicitDependencyGeneratePcm arm64_32 /Users/admin/builder/spi-builder-workspace/.derivedData/SDKExplicitPrecompiledModules/_Builtin_limits-AQMEC9CLG0FZQN6TLGDQ6WF78.pcm
SwiftExplicitDependencyGeneratePcm arm64 /Users/admin/builder/spi-builder-workspace/.derivedData/SDKExplicitPrecompiledModules/_DarwinFoundation2-CUPL4FH2SA95GMALQP4M6O8UA.pcm
SwiftExplicitDependencyGeneratePcm arm64 /Users/admin/builder/spi-builder-workspace/.derivedData/SDKExplicitPrecompiledModules/_Builtin_limits-75TRA1C7IHYOFCG3KJXQVTHJ4.pcm
SwiftExplicitDependencyGeneratePcm arm64_32 /Users/admin/builder/spi-builder-workspace/.derivedData/SDKExplicitPrecompiledModules/_Builtin_stdint-6IWJLTRH2WB6RCG4THPA65RDS.pcm
SwiftExplicitDependencyGeneratePcm arm64_32 /Users/admin/builder/spi-builder-workspace/.derivedData/SDKExplicitPrecompiledModules/string_h-8QY7P4ZQXQAF14WVDITTM4R70.pcm
SwiftExplicitDependencyGeneratePcm arm64_32 /Users/admin/builder/spi-builder-workspace/.derivedData/SDKExplicitPrecompiledModules/sys_types-65NN51P1G7GN2GUAUPC53JJ7N.pcm
SwiftExplicitDependencyGeneratePcm arm64_32 /Users/admin/builder/spi-builder-workspace/.derivedData/SDKExplicitPrecompiledModules/_Builtin_tgmath-414CVW1GW3IL0HRLCNNCS6Q0U.pcm
SwiftExplicitDependencyGeneratePcm arm64 /Users/admin/builder/spi-builder-workspace/.derivedData/SDKExplicitPrecompiledModules/_Builtin_tgmath-7JP2AE1NQHA1DV5JYP2OHQ3BF.pcm
SwiftExplicitDependencyGeneratePcm arm64 /Users/admin/builder/spi-builder-workspace/.derivedData/SDKExplicitPrecompiledModules/sys_types-9KPVYINL86WUSHF45TU8PWZZ1.pcm
SwiftExplicitDependencyGeneratePcm arm64 /Users/admin/builder/spi-builder-workspace/.derivedData/SDKExplicitPrecompiledModules/string_h-4N9Z22C0HUO8GV7GFPCLZRZA2.pcm
SwiftExplicitDependencyGeneratePcm arm64 /Users/admin/builder/spi-builder-workspace/.derivedData/SDKExplicitPrecompiledModules/_Builtin_stdint-6TUACK4YPMARFT56PLIO388SJ.pcm
SwiftExplicitDependencyGeneratePcm arm64_32 /Users/admin/builder/spi-builder-workspace/.derivedData/SDKExplicitPrecompiledModules/_Builtin_intrinsics-2K07JIG9ZANIKHSNPO3O6L1K6.pcm
SwiftExplicitDependencyGeneratePcm arm64_32 /Users/admin/builder/spi-builder-workspace/.derivedData/SDKExplicitPrecompiledModules/_Builtin_stdatomic-D2FE5M7JS5NQA5JDADVERWJM4.pcm
SwiftExplicitDependencyGeneratePcm arm64_32 /Users/admin/builder/spi-builder-workspace/.derivedData/SDKExplicitPrecompiledModules/_DarwinFoundation3-3YOBOPIW2MF1LRNQH7JBUBY4G.pcm
SwiftExplicitDependencyGeneratePcm arm64 /Users/admin/builder/spi-builder-workspace/.derivedData/SDKExplicitPrecompiledModules/_Builtin_intrinsics-SQV576LJA0QE7RW5HF7CQ1BX.pcm
SwiftExplicitDependencyGeneratePcm arm64 /Users/admin/builder/spi-builder-workspace/.derivedData/SDKExplicitPrecompiledModules/_DarwinFoundation3-EJXZKD8LN9EYM9OWP9VLJ49PK.pcm
SwiftExplicitDependencyGeneratePcm arm64 /Users/admin/builder/spi-builder-workspace/.derivedData/SDKExplicitPrecompiledModules/_Builtin_stdatomic-25T9UW3XDYID74302F31PX0RP.pcm
SwiftExplicitDependencyGeneratePcm arm64_32 /Users/admin/builder/spi-builder-workspace/.derivedData/SDKExplicitPrecompiledModules/_Builtin_inttypes-BPZJ68HW1IMYWSHROAZ0IMUJP.pcm
SwiftExplicitDependencyGeneratePcm arm64 /Users/admin/builder/spi-builder-workspace/.derivedData/SDKExplicitPrecompiledModules/_Builtin_inttypes-86YTNV5YADPJXFMJ82N3R4GWQ.pcm
SwiftExplicitDependencyGeneratePcm arm64_32 /Users/admin/builder/spi-builder-workspace/.derivedData/SDKExplicitPrecompiledModules/Darwin-10D35ZJWCWG7LJAF579U7I5V7.pcm
SwiftExplicitDependencyGeneratePcm arm64 /Users/admin/builder/spi-builder-workspace/.derivedData/SDKExplicitPrecompiledModules/Darwin-CSB8C43KELVSFIQVR0803IZPN.pcm
SwiftExplicitDependencyGeneratePcm arm64_32 /Users/admin/builder/spi-builder-workspace/.derivedData/SDKExplicitPrecompiledModules/simd-1W6O8NR1QUSWJGAN44DNNWVHX.pcm
SwiftExplicitDependencyGeneratePcm arm64 /Users/admin/builder/spi-builder-workspace/.derivedData/SDKExplicitPrecompiledModules/simd-2C11HKTI5TJB05T724EWNFZXD.pcm
SwiftExplicitDependencyGeneratePcm arm64 /Users/admin/builder/spi-builder-workspace/.derivedData/SDKExplicitPrecompiledModules/ObjectiveC-22CZPC4WYQC9G8T393WT2KKLW.pcm
SwiftExplicitDependencyGeneratePcm arm64 /Users/admin/builder/spi-builder-workspace/.derivedData/SDKExplicitPrecompiledModules/MachO-4RYXFVY68ZDEUZYFMVL57WEKU.pcm
SwiftExplicitDependencyGeneratePcm arm64_32 /Users/admin/builder/spi-builder-workspace/.derivedData/SDKExplicitPrecompiledModules/ObjectiveC-71AGZNHLBMR2QK817EJNUN54E.pcm
SwiftExplicitDependencyGeneratePcm arm64_32 /Users/admin/builder/spi-builder-workspace/.derivedData/SDKExplicitPrecompiledModules/MachO-F47JQRYVH1SLPOQSJD8RK9MSX.pcm
SwiftExplicitDependencyGeneratePcm arm64 /Users/admin/builder/spi-builder-workspace/.derivedData/SDKExplicitPrecompiledModules/os_object-6KYGGZ4DPVZ3BBAZ6QICZN8LI.pcm
SwiftExplicitDependencyGeneratePcm arm64_32 /Users/admin/builder/spi-builder-workspace/.derivedData/SDKExplicitPrecompiledModules/os_object-CTXVQBCWDOH6JHUXIFDUOWFRL.pcm
SwiftExplicitDependencyGeneratePcm arm64 /Users/admin/builder/spi-builder-workspace/.derivedData/SDKExplicitPrecompiledModules/os_workgroup-AHE7ULDQBKER38CYPIKDTZF4M.pcm
SwiftExplicitDependencyGeneratePcm arm64_32 /Users/admin/builder/spi-builder-workspace/.derivedData/SDKExplicitPrecompiledModules/os_workgroup-9L9R05BT5LTFRZ2NM68BZTVV2.pcm
SwiftExplicitDependencyGeneratePcm arm64_32 /Users/admin/builder/spi-builder-workspace/.derivedData/SDKExplicitPrecompiledModules/Spatial-4XS0QRL16224ZE9KE9TMKASKT.pcm
SwiftExplicitDependencyGeneratePcm arm64 /Users/admin/builder/spi-builder-workspace/.derivedData/SDKExplicitPrecompiledModules/Spatial-EZKKX4XFW72RZCTOIG80Z93AP.pcm
SwiftExplicitDependencyGeneratePcm arm64 /Users/admin/builder/spi-builder-workspace/.derivedData/SDKExplicitPrecompiledModules/Dispatch-39VR0G01IUJ09PQKMFGOHXZ4L.pcm
SwiftExplicitDependencyGeneratePcm arm64_32 /Users/admin/builder/spi-builder-workspace/.derivedData/SDKExplicitPrecompiledModules/Dispatch-CGIMI9KQKHNRQHR2IECIPRG14.pcm
SwiftExplicitDependencyGeneratePcm arm64 /Users/admin/builder/spi-builder-workspace/.derivedData/SDKExplicitPrecompiledModules/XPC-650JAZBTM6I0OMHYO6CKM0CWJ.pcm
SwiftExplicitDependencyGeneratePcm arm64 /Users/admin/builder/spi-builder-workspace/.derivedData/SDKExplicitPrecompiledModules/CoreFoundation-59XKO8YNRGGYNC5U5LK8B4EM.pcm
SwiftExplicitDependencyGeneratePcm arm64_32 /Users/admin/builder/spi-builder-workspace/.derivedData/SDKExplicitPrecompiledModules/XPC-7SLKI45KYLKXH9QET2WYS3UZ4.pcm
SwiftExplicitDependencyGeneratePcm arm64_32 /Users/admin/builder/spi-builder-workspace/.derivedData/SDKExplicitPrecompiledModules/CoreFoundation-76B9WJP9MDYT33HZQVSNNZQZD.pcm
SwiftExplicitDependencyGeneratePcm arm64 /Users/admin/builder/spi-builder-workspace/.derivedData/SDKExplicitPrecompiledModules/os-6BCTB8I5DCBBKFJ0Y0G4WQDDJ.pcm
SwiftExplicitDependencyGeneratePcm arm64_32 /Users/admin/builder/spi-builder-workspace/.derivedData/SDKExplicitPrecompiledModules/os-D9NWGT7PQGY2OD43XMA2KGLJK.pcm
SwiftExplicitDependencyGeneratePcm arm64 /Users/admin/builder/spi-builder-workspace/.derivedData/SDKExplicitPrecompiledModules/Security-69WNGEAVQP55EDBQHP3BLE8QU.pcm
SwiftExplicitDependencyGeneratePcm arm64 /Users/admin/builder/spi-builder-workspace/.derivedData/SDKExplicitPrecompiledModules/CoreGraphics-5488DA9QVJJ7QOFXPYOYIYFUX.pcm
SwiftExplicitDependencyGeneratePcm arm64 /Users/admin/builder/spi-builder-workspace/.derivedData/SDKExplicitPrecompiledModules/CoreAudioTypes-51SR7UBHOMSGMEPVFS6PLSR4M.pcm
SwiftExplicitDependencyGeneratePcm arm64_32 /Users/admin/builder/spi-builder-workspace/.derivedData/SDKExplicitPrecompiledModules/CoreAudioTypes-AY6JAXDJMW2FLVG4UD79375PW.pcm
SwiftExplicitDependencyGeneratePcm arm64_32 /Users/admin/builder/spi-builder-workspace/.derivedData/SDKExplicitPrecompiledModules/CoreGraphics-A4WOQTM8SYZAQP223LI6RRPEK.pcm
SwiftExplicitDependencyGeneratePcm arm64_32 /Users/admin/builder/spi-builder-workspace/.derivedData/SDKExplicitPrecompiledModules/Security-1W411BS4UH2UNMNII2341429S.pcm
SwiftExplicitDependencyGeneratePcm arm64 /Users/admin/builder/spi-builder-workspace/.derivedData/SDKExplicitPrecompiledModules/CoreAudio-368NRGVYQ33J8K75Y2DSNU06Y.pcm
SwiftExplicitDependencyGeneratePcm arm64_32 /Users/admin/builder/spi-builder-workspace/.derivedData/SDKExplicitPrecompiledModules/CoreAudio-1FTJGW5ZM9ZN5IKPBE4A9LGNF.pcm
SwiftExplicitDependencyGeneratePcm arm64 /Users/admin/builder/spi-builder-workspace/.derivedData/SDKExplicitPrecompiledModules/Foundation-B3IXODHI7VO4VRX2RWRXLVJZT.pcm
SwiftExplicitDependencyGeneratePcm arm64_32 /Users/admin/builder/spi-builder-workspace/.derivedData/SDKExplicitPrecompiledModules/Foundation-AIQ30TCDC2B0LBUU6FPQZ0HWI.pcm
SwiftExplicitDependencyGeneratePcm arm64 /Users/admin/builder/spi-builder-workspace/.derivedData/SDKExplicitPrecompiledModules/CoreText-BEC0M2J7FJN53VXNFDZDKL9U2.pcm
SwiftExplicitDependencyGeneratePcm arm64_32 /Users/admin/builder/spi-builder-workspace/.derivedData/SDKExplicitPrecompiledModules/CoreVideo-BX0NALWCB2F1YOTF0NZGV9FWU.pcm
SwiftExplicitDependencyGeneratePcm arm64_32 /Users/admin/builder/spi-builder-workspace/.derivedData/SDKExplicitPrecompiledModules/CoreText-34U50N378SZT64826L0B62MN6.pcm
SwiftExplicitDependencyGeneratePcm arm64 /Users/admin/builder/spi-builder-workspace/.derivedData/SDKExplicitPrecompiledModules/CoreVideo-2YRZ292TS6QDW2V2V92NZMPWM.pcm
SwiftExplicitDependencyGeneratePcm arm64_32 /Users/admin/builder/spi-builder-workspace/.derivedData/SDKExplicitPrecompiledModules/CoreMedia-CU8J9TNJY5EX43FQOPTAAHU29.pcm
SwiftExplicitDependencyGeneratePcm arm64 /Users/admin/builder/spi-builder-workspace/.derivedData/SDKExplicitPrecompiledModules/CoreMedia-EO02G285WTXB0RPNG3DP9O9VN.pcm
SwiftExplicitDependencyGeneratePcm arm64 /Users/admin/builder/spi-builder-workspace/.derivedData/SDKExplicitPrecompiledModules/_LocationEssentials-C3HYVW8P89QAUDLD9VRHUF48Q.pcm
SwiftExplicitDependencyGeneratePcm arm64 /Users/admin/builder/spi-builder-workspace/.derivedData/SDKExplicitPrecompiledModules/UserNotifications-7VIERZPAA371031RT8VBKFYKJ.pcm
SwiftExplicitDependencyGeneratePcm arm64 /Users/admin/builder/spi-builder-workspace/.derivedData/SDKExplicitPrecompiledModules/CoreTransferable-EULYJN53RZTIP2D6F171CT1YZ.pcm
SwiftExplicitDependencyGeneratePcm arm64 /Users/admin/builder/spi-builder-workspace/.derivedData/SDKExplicitPrecompiledModules/UIUtilities-AR3EDJH6PMDGNUXQGV2JND65S.pcm
SwiftExplicitDependencyGeneratePcm arm64 /Users/admin/builder/spi-builder-workspace/.derivedData/SDKExplicitPrecompiledModules/OSLog-ESJZZ70KT229YQNKF5CWYQVLA.pcm
SwiftExplicitDependencyGeneratePcm arm64 /Users/admin/builder/spi-builder-workspace/.derivedData/SDKExplicitPrecompiledModules/SceneKit-4VPDXW2J8W40JMX88G7X30C4G.pcm
SwiftExplicitDependencyGeneratePcm arm64 /Users/admin/builder/spi-builder-workspace/.derivedData/SDKExplicitPrecompiledModules/Accessibility-DB0V1GY4JDAXG2CZ5MW826DDE.pcm
SwiftExplicitDependencyGeneratePcm arm64 /Users/admin/builder/spi-builder-workspace/.derivedData/SDKExplicitPrecompiledModules/DataDetection-8RQ09UCIV0XSYRF8TQQD54MWN.pcm
SwiftExplicitDependencyGeneratePcm arm64 /Users/admin/builder/spi-builder-workspace/.derivedData/SDKExplicitPrecompiledModules/Symbols-B8SNL2YULCKW9SYIL0T5QLMV.pcm
SwiftExplicitDependencyGeneratePcm arm64 /Users/admin/builder/spi-builder-workspace/.derivedData/SDKExplicitPrecompiledModules/UniformTypeIdentifiers-47SS6PHE8KOUZX5UOQUNKH397.pcm
SwiftExplicitDependencyGeneratePcm arm64_32 /Users/admin/builder/spi-builder-workspace/.derivedData/SDKExplicitPrecompiledModules/DataDetection-8EDL8T61430CB5CU94L1E3L0C.pcm
SwiftExplicitDependencyGeneratePcm arm64_32 /Users/admin/builder/spi-builder-workspace/.derivedData/SDKExplicitPrecompiledModules/QuartzCore-72UYR37X0O2APTD1XMSJ20X5X.pcm
SwiftExplicitDependencyGeneratePcm arm64_32 /Users/admin/builder/spi-builder-workspace/.derivedData/SDKExplicitPrecompiledModules/OSLog-DXCLJ0K1EEBRV5MFYJOV1HIUX.pcm
SwiftExplicitDependencyGeneratePcm arm64_32 /Users/admin/builder/spi-builder-workspace/.derivedData/SDKExplicitPrecompiledModules/CoreTransferable-DSXZOKFM7XQLZ0FRNNKFDWZT0.pcm
SwiftExplicitDependencyGeneratePcm arm64_32 /Users/admin/builder/spi-builder-workspace/.derivedData/SDKExplicitPrecompiledModules/CoreData-6STZ9DXY0E1K8LHUUEU1F4SE.pcm
SwiftExplicitDependencyGeneratePcm arm64_32 /Users/admin/builder/spi-builder-workspace/.derivedData/SDKExplicitPrecompiledModules/UniformTypeIdentifiers-EH256724QTCKT0XATY095QHVP.pcm
SwiftExplicitDependencyGeneratePcm arm64_32 /Users/admin/builder/spi-builder-workspace/.derivedData/SDKExplicitPrecompiledModules/SceneKit-CLOM4E4D45A8A94N3QNHOVW3H.pcm
SwiftExplicitDependencyGeneratePcm arm64_32 /Users/admin/builder/spi-builder-workspace/.derivedData/SDKExplicitPrecompiledModules/UIUtilities-ABH83C7CSGMIJAARTF384TV0L.pcm
SwiftExplicitDependencyGeneratePcm arm64_32 /Users/admin/builder/spi-builder-workspace/.derivedData/SDKExplicitPrecompiledModules/Symbols-DP67QJL9W7VSYP70ZVEBE3KRT.pcm
SwiftExplicitDependencyGeneratePcm arm64 /Users/admin/builder/spi-builder-workspace/.derivedData/SDKExplicitPrecompiledModules/CoreLocation-B0A9Z3B1UDU8OLBQROLWD03N3.pcm
SwiftExplicitDependencyGeneratePcm arm64_32 /Users/admin/builder/spi-builder-workspace/.derivedData/SDKExplicitPrecompiledModules/UserNotifications-F5AOMF9V2Y10QV8U00QNX8B7Q.pcm
SwiftExplicitDependencyGeneratePcm arm64_32 /Users/admin/builder/spi-builder-workspace/.derivedData/SDKExplicitPrecompiledModules/Accessibility-BBXP8Z81UOB3UBBTO3GG9FEEO.pcm
SwiftExplicitDependencyGeneratePcm arm64 /Users/admin/builder/spi-builder-workspace/.derivedData/SDKExplicitPrecompiledModules/QuartzCore-BRDP6VIMJ6A6HG4W4NYXZ8BI3.pcm
SwiftExplicitDependencyGeneratePcm arm64_32 /Users/admin/builder/spi-builder-workspace/.derivedData/SDKExplicitPrecompiledModules/_LocationEssentials-1XWTF8V96VX3IAHKJO7PJZDU0.pcm
SwiftExplicitDependencyGeneratePcm arm64 /Users/admin/builder/spi-builder-workspace/.derivedData/SDKExplicitPrecompiledModules/CoreData-DAEI6Z48P97TYC3SMMGLERAJ5.pcm
SwiftExplicitDependencyGeneratePcm arm64_32 /Users/admin/builder/spi-builder-workspace/.derivedData/SDKExplicitPrecompiledModules/SwiftUICore-TURER010MQ2QH6SN4BGDJJKP.pcm
SwiftExplicitDependencyGeneratePcm arm64_32 /Users/admin/builder/spi-builder-workspace/.derivedData/SDKExplicitPrecompiledModules/CoreLocation-4AZRAZ8X3W0CS36SZ1GS4LT05.pcm
SwiftExplicitDependencyGeneratePcm arm64 /Users/admin/builder/spi-builder-workspace/.derivedData/SDKExplicitPrecompiledModules/CoreMotion-70RNUQRT1QM2F8WR42WPP4KQV.pcm
SwiftExplicitDependencyGeneratePcm arm64 /Users/admin/builder/spi-builder-workspace/.derivedData/SDKExplicitPrecompiledModules/SwiftUICore-D4BOUT6VJWDXKNATG8P2F95W3.pcm
SwiftExplicitDependencyGeneratePcm arm64 /Users/admin/builder/spi-builder-workspace/.derivedData/SDKExplicitPrecompiledModules/UIKit-2XWL6VFNA7WRWSTXI42YLU909.pcm
SwiftExplicitDependencyGeneratePcm arm64_32 /Users/admin/builder/spi-builder-workspace/.derivedData/SDKExplicitPrecompiledModules/CoreMotion-E9C6K7MOTJF3RC93DULCZ130U.pcm
SwiftExplicitDependencyGeneratePcm arm64_32 /Users/admin/builder/spi-builder-workspace/.derivedData/SDKExplicitPrecompiledModules/UIKit-BGAQE5HOOTG6M9C46O1HHPCDR.pcm
SwiftExplicitDependencyGeneratePcm arm64 /Users/admin/builder/spi-builder-workspace/.derivedData/SDKExplicitPrecompiledModules/MapKit-5U4CPBNVICOGB0BBK9BC7P4E9.pcm
SwiftExplicitDependencyGeneratePcm arm64 /Users/admin/builder/spi-builder-workspace/.derivedData/SDKExplicitPrecompiledModules/HomeKit-2JD3RMVTK0MFX7K570KHTLBBH.pcm
SwiftExplicitDependencyGeneratePcm arm64_32 /Users/admin/builder/spi-builder-workspace/.derivedData/SDKExplicitPrecompiledModules/MapKit-3RCPMYWFYVKLOR1JJH1M1L7O6.pcm
SwiftExplicitDependencyGeneratePcm arm64_32 /Users/admin/builder/spi-builder-workspace/.derivedData/SDKExplicitPrecompiledModules/HomeKit-DXH34ZWEY4P4FEELCOH3LXVCR.pcm
SwiftExplicitDependencyGeneratePcm arm64 /Users/admin/builder/spi-builder-workspace/.derivedData/SDKExplicitPrecompiledModules/WatchKit-22L6Z003SE8XPQ9JS14K57C9N.pcm
SwiftExplicitDependencyGeneratePcm arm64_32 /Users/admin/builder/spi-builder-workspace/.derivedData/SDKExplicitPrecompiledModules/WatchKit-7IATJTA58S6OFDEYHG9JSLLDQ.pcm
SwiftExplicitDependencyGeneratePcm arm64 /Users/admin/builder/spi-builder-workspace/.derivedData/SDKExplicitPrecompiledModules/SwiftUI-E6XJI4PF1Q2HPTXKL91GWARU6.pcm
SwiftEmitModule normal arm64 Emitting\ module\ for\ BarKit (in target 'BarKit' from project 'BarKit')
/Users/admin/builder/spi-builder-workspace/Sources/BarKit/BarConfiguration/Bar/HapticFeedbackConfiguration.swift:31:26: error: 'SensoryFeedback' is only available in watchOS 10.0 or newer
10 | /// Defines the haptic feedback style triggered when the selected bar item changes.
11 | /// Requires iOS 17 or later; has no effect on earlier versions.
12 | public enum HapticFeedbackConfiguration {
| `- note: add '@available' attribute to enclosing enum
13 |
14 | /// A feedback style that indicates a change in selection.
:
29 | /// Maps to the corresponding `SensoryFeedback` value.
30 | @available(iOS 17.0, *)
31 | var sensoryFeedback: SensoryFeedback {
| | `- error: 'SensoryFeedback' is only available in watchOS 10.0 or newer
| `- note: add '@available' attribute to enclosing property
32 | switch self {
33 | case .selection: .selection
/Users/admin/builder/spi-builder-workspace/Sources/BarKit/BarViews/BarView.swift:493:6: error: 'Previewable()' is only available in watchOS 10.0 or newer
491 | @Previewable @State var selected: PreviewBarItem = .init(title: "Home", icon: .system("house.fill"))
492 | @Previewable @State var selectedTab: Int = 0
493 | @Previewable @State var badges: [AnyHashable: BadgeValue] = [
| |- error: 'Previewable()' is only available in watchOS 10.0 or newer
| `- note: add 'if #available' version check
494 | "Home": .count(333),
495 | "Search": .dot,
/Users/admin/builder/spi-builder-workspace/Sources/BarKit/BarViews/BarView.swift:491:6: error: 'Previewable()' is only available in watchOS 10.0 or newer
489 | @available(iOS 17.0, *)
490 | #Preview("BarView - Horizontal") {
491 | @Previewable @State var selected: PreviewBarItem = .init(title: "Home", icon: .system("house.fill"))
| |- error: 'Previewable()' is only available in watchOS 10.0 or newer
| `- note: add 'if #available' version check
492 | @Previewable @State var selectedTab: Int = 0
493 | @Previewable @State var badges: [AnyHashable: BadgeValue] = [
/Users/admin/builder/spi-builder-workspace/Sources/BarKit/BarViews/BarView.swift:492:6: error: 'Previewable()' is only available in watchOS 10.0 or newer
490 | #Preview("BarView - Horizontal") {
491 | @Previewable @State var selected: PreviewBarItem = .init(title: "Home", icon: .system("house.fill"))
492 | @Previewable @State var selectedTab: Int = 0
| |- error: 'Previewable()' is only available in watchOS 10.0 or newer
| `- note: add 'if #available' version check
493 | @Previewable @State var badges: [AnyHashable: BadgeValue] = [
494 | "Home": .count(333),
/Users/admin/builder/spi-builder-workspace/Sources/BarKit/BarViews/BarView.swift:532:6: error: 'Previewable()' is only available in watchOS 10.0 or newer
530 | #Preview("BarView - Vertical") {
531 | @Previewable @State var selected: PreviewBarItem = .init(title: "Home", icon: .system("house.fill"))
532 | @Previewable @State var badges: [AnyHashable: BadgeValue] = [
| |- error: 'Previewable()' is only available in watchOS 10.0 or newer
| `- note: add 'if #available' version check
533 | "Home": .count(333),
534 | "Search": .dot,
/Users/admin/builder/spi-builder-workspace/Sources/BarKit/BarViews/BarView.swift:531:6: error: 'Previewable()' is only available in watchOS 10.0 or newer
529 | @available(iOS 17.0, *)
530 | #Preview("BarView - Vertical") {
531 | @Previewable @State var selected: PreviewBarItem = .init(title: "Home", icon: .system("house.fill"))
| |- error: 'Previewable()' is only available in watchOS 10.0 or newer
| `- note: add 'if #available' version check
532 | @Previewable @State var badges: [AnyHashable: BadgeValue] = [
533 | "Home": .count(333),
/Users/admin/builder/spi-builder-workspace/Sources/BarKit/BarViews/FloatingTabBarView.swift:127:6: error: 'Previewable()' is only available in watchOS 10.0 or newer
125 | icon: .system("house.fill")
126 | )
127 | @Previewable @State var badges: [AnyHashable: BadgeValue] = [
| |- error: 'Previewable()' is only available in watchOS 10.0 or newer
| `- note: add 'if #available' version check
128 | "Home": .count(3),
129 | "Search": .dot,
/Users/admin/builder/spi-builder-workspace/Sources/BarKit/BarViews/FloatingTabBarView.swift:123:6: error: 'Previewable()' is only available in watchOS 10.0 or newer
121 | @available(iOS 17.0, *)
122 | #Preview("FloatingTabBarView") {
123 | @Previewable @State var selected: PreviewBarItem = .init(
| |- error: 'Previewable()' is only available in watchOS 10.0 or newer
| `- note: add 'if #available' version check
124 | title: "Home",
125 | icon: .system("house.fill")
/Users/admin/builder/spi-builder-workspace/Sources/BarKit/BarViews/PinnedTabBarView.swift:143:6: error: 'Previewable()' is only available in watchOS 10.0 or newer
141 | icon: .system("house.fill")
142 | )
143 | @Previewable @State var badges: [AnyHashable: BadgeValue] = [
| |- error: 'Previewable()' is only available in watchOS 10.0 or newer
| `- note: add 'if #available' version check
144 | "Home": .count(3),
145 | "Search": .dot,
/Users/admin/builder/spi-builder-workspace/Sources/BarKit/BarViews/PinnedTabBarView.swift:139:6: error: 'Previewable()' is only available in watchOS 10.0 or newer
137 | @available(iOS 17.0, *)
138 | #Preview("PinnedTabBarView - Regular") {
139 | @Previewable @State var selected: PreviewBarItem = .init(
| |- error: 'Previewable()' is only available in watchOS 10.0 or newer
| `- note: add 'if #available' version check
140 | title: "Home",
141 | icon: .system("house.fill")
/Users/admin/builder/spi-builder-workspace/Sources/BarKit/BarViews/PinnedTabBarView.swift:169:6: error: 'Previewable()' is only available in watchOS 10.0 or newer
167 | @available(iOS 17.0, *)
168 | #Preview("PinnedTabBarView - Prominent") {
169 | @Previewable @State var selected: PreviewBarItem = .init(
| |- error: 'Previewable()' is only available in watchOS 10.0 or newer
| `- note: add 'if #available' version check
170 | title: "Camera",
171 | icon: .system("camera.fill"),
/Users/admin/builder/spi-builder-workspace/Sources/BarKit/Extensions/ShaderLibrary+indicatorLibrary.swift:14:34: error: 'ShaderLibrary' is unavailable in watchOS
12 | /// The precompiled Metal shader library for the indicator lens effect,
13 | /// selected based on the current runtime environment.
14 | static let indicatorLibrary: ShaderLibrary = {
| `- error: 'ShaderLibrary' is unavailable in watchOS
15 | #if targetEnvironment(simulator)
16 | let name = "IndicatorEffects-iphonesimulator"
SwiftUI.ShaderLibrary:3:36: note: 'ShaderLibrary' has been explicitly marked unavailable here
1 | @available(iOS 17.0, macOS 14.0, tvOS 17.0, *)
2 | @available(watchOS, unavailable)
3 | @dynamicMemberLookup public struct ShaderLibrary : Equatable, @unchecked Sendable {
| `- note: 'ShaderLibrary' has been explicitly marked unavailable here
4 | public static let `default`: ShaderLibrary
5 | public static func bundle(_ bundle: Bundle) -> ShaderLibrary
/Users/admin/builder/spi-builder-workspace/Sources/BarKit/Extensions/ShaderLibrary+indicatorLibrary.swift:27:16: error: 'ShaderLibrary' is unavailable in watchOS
25 | fatalError("BarKit: missing Metal library '\(name).metallib' in bundle.")
26 | }
27 | return ShaderLibrary(url: url)
| `- error: 'ShaderLibrary' is unavailable in watchOS
28 | }()
29 | }
SwiftUI.ShaderLibrary:3:36: note: 'ShaderLibrary' has been explicitly marked unavailable here
1 | @available(iOS 17.0, macOS 14.0, tvOS 17.0, *)
2 | @available(watchOS, unavailable)
3 | @dynamicMemberLookup public struct ShaderLibrary : Equatable, @unchecked Sendable {
| `- note: 'ShaderLibrary' has been explicitly marked unavailable here
4 | public static let `default`: ShaderLibrary
5 | public static func bundle(_ bundle: Bundle) -> ShaderLibrary
/Users/admin/builder/spi-builder-workspace/Sources/BarKit/Extensions/ShaderLibrary+indicatorLibrary.swift:11:11: error: 'ShaderLibrary' is unavailable in watchOS
9 |
10 | @available(iOS 17.0, *)
11 | extension ShaderLibrary {
| `- error: 'ShaderLibrary' is unavailable in watchOS
12 | /// The precompiled Metal shader library for the indicator lens effect,
13 | /// selected based on the current runtime environment.
SwiftUI.ShaderLibrary:3:36: note: 'ShaderLibrary' has been explicitly marked unavailable here
1 | @available(iOS 17.0, macOS 14.0, tvOS 17.0, *)
2 | @available(watchOS, unavailable)
3 | @dynamicMemberLookup public struct ShaderLibrary : Equatable, @unchecked Sendable {
| `- note: 'ShaderLibrary' has been explicitly marked unavailable here
4 | public static let `default`: ShaderLibrary
5 | public static func bundle(_ bundle: Bundle) -> ShaderLibrary
Failed frontend command:
SwiftCompile normal arm64 (in target 'BarKit' from project 'BarKit')
cd /Users/admin/builder/spi-builder-workspace/.swiftpm/xcode
/Applications/Xcode-27.0.0-Release.Candidate.app/Contents/Developer/Toolchains/XcodeDefault.xctoolchain/usr/bin/swift-frontend -frontend -emit-module -experimental-skip-non-inlinable-function-bodies-without-types /Users/admin/builder/spi-builder-workspace/.derivedData/Build/Intermediates.noindex/BarKit.build/Debug-watchos/BarKit-t.build/DerivedSources/resource_bundle_accessor.swift /Users/admin/builder/spi-builder-workspace/Sources/BarKit/BarConfiguration/Animation/AnimationParameters.swift /Users/admin/builder/spi-builder-workspace/Sources/BarKit/BarConfiguration/Animation/BarAnimation.swift /Users/admin/builder/spi-builder-workspace/Sources/BarKit/BarConfiguration/Background/BarBackground.swift /Users/admin/builder/spi-builder-workspace/Sources/BarKit/BarConfiguration/Background/BarMaterial.swift /Users/admin/builder/spi-builder-workspace/Sources/BarKit/BarConfiguration/Background/CustomBlurConfiguration.swift /Users/admin/builder/spi-builder-workspace/Sources/BarKit/BarConfiguration/Bar/BadgeConfiguration.swift /Users/admin/builder/spi-builder-workspace/Sources/BarKit/BarConfiguration/Bar/BarConfiguration.swift /Users/admin/builder/spi-builder-workspace/Sources/BarKit/BarConfiguration/Bar/BarLayoutAxis.swift /Users/admin/builder/spi-builder-workspace/Sources/BarKit/BarConfiguration/Bar/HapticFeedbackConfiguration.swift /Users/admin/builder/spi-builder-workspace/Sources/BarKit/BarConfiguration/Bar/ShadowConfiguration.swift /Users/admin/builder/spi-builder-workspace/Sources/BarKit/BarConfiguration/Item/ItemConfiguration.swift /Users/admin/builder/spi-builder-workspace/Sources/BarKit/BarConfiguration/Item/ItemContentAxis.swift /Users/admin/builder/spi-builder-workspace/Sources/BarKit/BarConfiguration/SelectionIndicator/BorderConfiguration.swift /Users/admin/builder/spi-builder-workspace/Sources/BarKit/BarConfiguration/SelectionIndicator/ChromaticAberrationConfiguration.swift /Users/admin/builder/spi-builder-workspace/Sources/BarKit/BarConfiguration/SelectionIndicator/IndicatorEffect.swift /Users/admin/builder/spi-builder-workspace/Sources/BarKit/BarConfiguration/SelectionIndicator/LensDistortionConfiguration.swift /Users/admin/builder/spi-builder-workspace/Sources/BarKit/BarConfiguration/SelectionIndicator/SelectionIndicatorConfiguration.swift /Users/admin/builder/spi-builder-workspace/Sources/BarKit/BarConfiguration/SelectionIndicator/SelectionScaleEffect.swift /Users/admin/builder/spi-builder-workspace/Sources/BarKit/BarModels/BadgeValue.swift /Users/admin/builder/spi-builder-workspace/Sources/BarKit/BarModels/BarIcon.swift /Users/admin/builder/spi-builder-workspace/Sources/BarKit/BarModels/BarItemAlignment.swift /Users/admin/builder/spi-builder-workspace/Sources/BarKit/BarModels/BarItemProtocol.swift /Users/admin/builder/spi-builder-workspace/Sources/BarKit/BarModels/BarItemStyle.swift /Users/admin/builder/spi-builder-workspace/Sources/BarKit/BarViews/BadgeView.swift /Users/admin/builder/spi-builder-workspace/Sources/BarKit/BarViews/BarIconView.swift /Users/admin/builder/spi-builder-workspace/Sources/BarKit/BarViews/BarItemOverlayView.swift /Users/admin/builder/spi-builder-workspace/Sources/BarKit/BarViews/BarItemView.swift /Users/admin/builder/spi-builder-workspace/Sources/BarKit/BarViews/BarView.swift /Users/admin/builder/spi-builder-workspace/Sources/BarKit/BarViews/FloatingTabBarView.swift /Users/admin/builder/spi-builder-workspace/Sources/BarKit/BarViews/PinnedTabBarView.swift /Users/admin/builder/spi-builder-workspace/Sources/BarKit/Extensions/CGRect+scaled.swift /Users/admin/builder/spi-builder-workspace/Sources/BarKit/Extensions/Font+UITextStyle.swift /Users/admin/builder/spi-builder-workspace/Sources/BarKit/Extensions/ShaderLibrary+indicatorLibrary.swift /Users/admin/builder/spi-builder-workspace/Sources/BarKit/Extensions/View+Debug.swift /Users/admin/builder/spi-builder-workspace/Sources/BarKit/Extensions/View+Frame.swift /Users/admin/builder/spi-builder-workspace/Sources/BarKit/Extensions/View+adaptiveCoordinateSpace.swift /Users/admin/builder/spi-builder-workspace/Sources/BarKit/Extensions/View+barShadow.swift /Users/admin/builder/spi-builder-workspace/Sources/BarKit/Extensions/View+capturePreference.swift /Users/admin/builder/spi-builder-workspace/Sources/BarKit/Extensions/View+hapticFeedback.swift /Users/admin/builder/spi-builder-workspace/Sources/BarKit/Extensions/View+hideBar.swift /Users/admin/builder/spi-builder-workspace/Sources/BarKit/Extensions/View+indicatorLens.swift /Users/admin/builder/spi-builder-workspace/Sources/BarKit/Extensions/View+indicatorLensEffect.swift /Users/admin/builder/spi-builder-workspace/Sources/BarKit/Extensions/View+registerBarVisibility.swift /Users/admin/builder/spi-builder-workspace/Sources/BarKit/Keys/EnvironmentKeys.swift /Users/admin/builder/spi-builder-workspace/Sources/BarKit/Keys/PreferenceKeys.swift /Users/admin/builder/spi-builder-workspace/Sources/BarKit/ViewModifiers/BarContainerAccessibilityModifier.swift /Users/admin/builder/spi-builder-workspace/Sources/BarKit/ViewModifiers/BarItemAccessibilityModifier.swift /Users/admin/builder/spi-builder-workspace/Sources/BarKit/ViewModifiers/DebugVisualsModifier.swift -target arm64-apple-watchos9.0 -disable-cross-import-overlay-search -load-resolved-plugin /Applications/Xcode-27.0.0-Release.Candidate.app/Contents/Developer/Platforms/WatchOS.platform/Developer/usr/lib/swift/host/plugins/libFoundationMacros.dylib\#/Applications/Xcode-27.0.0-Release.Candidate.app/Contents/Developer/Platforms/WatchOS.platform/Developer/usr/bin/swift-plugin-server\#FoundationMacros -load-resolved-plugin /Applications/Xcode-27.0.0-Release.Candidate.app/Contents/Developer/Platforms/WatchOS.platform/Developer/usr/lib/swift/host/plugins/libObservationMacros.dylib\#/Applications/Xcode-27.0.0-Release.Candidate.app/Contents/Developer/Platforms/WatchOS.platform/Developer/usr/bin/swift-plugin-server\#ObservationMacros -load-resolved-plugin /Applications/Xcode-27.0.0-Release.Candidate.app/Contents/Developer/Platforms/WatchOS.platform/Developer/usr/lib/swift/host/plugins/libPreviewsMacros.dylib\#/Applications/Xcode-27.0.0-Release.Candidate.app/Contents/Developer/Platforms/WatchOS.platform/Developer/usr/bin/swift-plugin-server\#PreviewsMacros -load-resolved-plugin /Applications/Xcode-27.0.0-Release.Candidate.app/Contents/Developer/Platforms/WatchOS.platform/Developer/usr/lib/swift/host/plugins/libSwiftMacros.dylib\#/Applications/Xcode-27.0.0-Release.Candidate.app/Contents/Developer/Platforms/WatchOS.platform/Developer/usr/bin/swift-plugin-server\#SwiftMacros -load-resolved-plugin /Applications/Xcode-27.0.0-Release.Candidate.app/Contents/Developer/Platforms/WatchOS.platform/Developer/usr/lib/swift/host/plugins/libSwiftUIMacros.dylib\#/Applications/Xcode-27.0.0-Release.Candidate.app/Contents/Developer/Platforms/WatchOS.platform/Developer/usr/bin/swift-plugin-server\#SwiftUIMacros -disable-implicit-swift-modules -Xcc -fno-implicit-modules -Xcc -fno-implicit-module-maps -explicit-swift-module-map-file /Users/admin/builder/spi-builder-workspace/.derivedData/Build/Intermediates.noindex/BarKit.build/Debug-watchos/BarKit-t.build/Objects-normal/arm64/BarKit-dependencies-2.json -Xllvm -aarch64-use-tbi -enable-objc-interop -stack-check -sdk /Applications/Xcode-27.0.0-Release.Candidate.app/Contents/Developer/Platforms/WatchOS.platform/Developer/SDKs/WatchOS27.0.sdk -I /Users/admin/builder/spi-builder-workspace/.derivedData/Build/Products/Debug-watchos -Isystem /Applications/Xcode-27.0.0-Release.Candidate.app/Contents/Developer/Platforms/WatchOS.platform/Developer/usr/lib -F /Users/admin/builder/spi-builder-workspace/.derivedData/Build/Products/Debug-watchos -F /Applications/Xcode-27.0.0-Release.Candidate.app/Contents/Developer/Platforms/WatchOS.platform/Developer/Library/Frameworks -F /Applications/Xcode-27.0.0-Release.Candidate.app/Contents/Developer/Platforms/WatchOS.platform/Developer/SDKs/WatchOS27.0.sdk/Developer/Library/Frameworks -module-cache-path /Users/admin/builder/spi-builder-workspace/.derivedData/Build/Intermediates.noindex/SwiftExplicitPrecompiledModules -no-color-diagnostics -Xcc -fno-color-diagnostics -enable-testing -g -debug-info-format\=dwarf -dwarf-version\=4 -swift-version 6 -Onone -D SWIFT_PACKAGE -D DEBUG -D SWIFT_MODULE_RESOURCE_BUNDLE_AVAILABLE -D Xcode -serialize-debugging-options -enable-experimental-feature DebugDescriptionMacro -empty-abi-descriptor -validate-clang-modules-once -clang-build-session-file /Users/admin/builder/spi-builder-workspace/.derivedData/ModuleCache.noindex/Session.modulevalidation -Xcc -working-directory -Xcc /Users/admin/builder/spi-builder-workspace/.swiftpm/xcode -enable-anonymous-context-mangled-names -file-compilation-dir /Users/admin/builder/spi-builder-workspace/.swiftpm/xcode -Xcc -D_LIBCPP_HARDENING_MODE\=_LIBCPP_HARDENING_MODE_DEBUG -Xcc -ivfsstatcache -Xcc /Users/admin/builder/spi-builder-workspace/.derivedData/SDKStatCaches.noindex/watchos27.0-24R360-e829b21a6f8c9b70876ba0858053c04477534ef55a1706bf4c1112bbb242f0a2.sdkstatcache -Xcc -fmodules-prune-interval\=86400 -Xcc -fmodules-prune-after\=345600 -Xcc -I/Users/admin/builder/spi-builder-workspace/.derivedData/Build/Products/Debug-watchos/include -Xcc -I/Users/admin/builder/spi-builder-workspace/.derivedData/Build/Intermediates.noindex/BarKit.build/Debug-watchos/BarKit-t.build/DerivedSources-normal/arm64 -Xcc -I/Users/admin/builder/spi-builder-workspace/.derivedData/Build/Intermediates.noindex/BarKit.build/Debug-watchos/BarKit-t.build/DerivedSources/arm64 -Xcc -I/Users/admin/builder/spi-builder-workspace/.derivedData/Build/Intermediates.noindex/BarKit.build/Debug-watchos/BarKit-t.build/DerivedSources -Xcc -DSWIFT_PACKAGE -Xcc -DDEBUG\=1 -no-auto-bridging-header-chaining -module-name BarKit -package-name spi_builder_workspace -const-gather-protocols-file /Users/admin/builder/spi-builder-workspace/.derivedData/Build/Intermediates.noindex/BarKit.build/Debug-watchos/BarKit-t.build/Objects-normal/arm64/BarKit_const_extract_protocols.json -disable-clang-spi -clang-target arm64-apple-watchos27.0 -target-sdk-version 27.0 -target-sdk-name watchos27.0 -in-process-plugin-server-path /Applications/Xcode-27.0.0-Release.Candidate.app/Contents/Developer/Toolchains/XcodeDefault.xctoolchain/usr/lib/swift/host/libSwiftInProcPluginServer.dylib -emit-module-doc-path /Users/admin/builder/spi-builder-workspace/.derivedData/Build/Intermediates.noindex/BarKit.build/Debug-watchos/BarKit-t.build/Objects-normal/arm64/BarKit.swiftdoc -emit-module-source-info-path /Users/admin/builder/spi-builder-workspace/.derivedData/Build/Intermediates.noindex/BarKit.build/Debug-watchos/BarKit-t.build/Objects-normal/arm64/BarKit.swiftsourceinfo -emit-objc-header-path /Users/admin/builder/spi-builder-workspace/.derivedData/Build/Intermediates.noindex/BarKit.build/Debug-watchos/BarKit-t.build/Objects-normal/arm64/BarKit-Swift.h -serialize-diagnostics-path /Users/admin/builder/spi-builder-workspace/.derivedData/Build/Intermediates.noindex/BarKit.build/Debug-watchos/BarKit-t.build/Objects-normal/arm64/BarKit-primary-emit-module.dia -emit-dependencies-path /Users/admin/builder/spi-builder-workspace/.derivedData/Build/Intermediates.noindex/BarKit.build/Debug-watchos/BarKit-t.build/Objects-normal/arm64/BarKit-primary-emit-module.d -parse-as-library -o /Users/admin/builder/spi-builder-workspace/.derivedData/Build/Intermediates.noindex/BarKit.build/Debug-watchos/BarKit-t.build/Objects-normal/arm64/BarKit.swiftmodule -emit-abi-descriptor-path /Users/admin/builder/spi-builder-workspace/.derivedData/Build/Intermediates.noindex/BarKit.build/Debug-watchos/BarKit-t.build/Objects-normal/arm64/BarKit.abi.json
SwiftCompile normal arm64 Compiling\ PinnedTabBarView.swift,\ CGRect+scaled.swift,\ Font+UITextStyle.swift,\ ShaderLibrary+indicatorLibrary.swift,\ View+Debug.swift /Users/admin/builder/spi-builder-workspace/Sources/BarKit/BarViews/PinnedTabBarView.swift /Users/admin/builder/spi-builder-workspace/Sources/BarKit/Extensions/CGRect+scaled.swift /Users/admin/builder/spi-builder-workspace/Sources/BarKit/Extensions/Font+UITextStyle.swift /Users/admin/builder/spi-builder-workspace/Sources/BarKit/Extensions/ShaderLibrary+indicatorLibrary.swift /Users/admin/builder/spi-builder-workspace/Sources/BarKit/Extensions/View+Debug.swift (in target 'BarKit' from project 'BarKit')
SwiftCompile normal arm64 /Users/admin/builder/spi-builder-workspace/Sources/BarKit/BarViews/PinnedTabBarView.swift (in target 'BarKit' from project 'BarKit')
cd /Users/admin/builder/spi-builder-workspace/.swiftpm/xcode
builtin-SwiftPerFileCompile PinnedTabBarView.swift
SwiftCompile normal arm64 /Users/admin/builder/spi-builder-workspace/Sources/BarKit/Extensions/CGRect+scaled.swift (in target 'BarKit' from project 'BarKit')
cd /Users/admin/builder/spi-builder-workspace/.swiftpm/xcode
builtin-SwiftPerFileCompile CGRect+scaled.swift
SwiftCompile normal arm64 /Users/admin/builder/spi-builder-workspace/Sources/BarKit/Extensions/Font+UITextStyle.swift (in target 'BarKit' from project 'BarKit')
cd /Users/admin/builder/spi-builder-workspace/.swiftpm/xcode
builtin-SwiftPerFileCompile Font+UITextStyle.swift
SwiftCompile normal arm64 /Users/admin/builder/spi-builder-workspace/Sources/BarKit/Extensions/ShaderLibrary+indicatorLibrary.swift (in target 'BarKit' from project 'BarKit')
cd /Users/admin/builder/spi-builder-workspace/.swiftpm/xcode
builtin-SwiftPerFileCompile ShaderLibrary+indicatorLibrary.swift
SwiftCompile normal arm64 /Users/admin/builder/spi-builder-workspace/Sources/BarKit/Extensions/View+Debug.swift (in target 'BarKit' from project 'BarKit')
cd /Users/admin/builder/spi-builder-workspace/.swiftpm/xcode
builtin-SwiftPerFileCompile View+Debug.swift
/Users/admin/builder/spi-builder-workspace/Sources/BarKit/BarViews/PinnedTabBarView.swift:143:6: error: 'Previewable()' is only available in watchOS 10.0 or newer
141 | icon: .system("house.fill")
142 | )
143 | @Previewable @State var badges: [AnyHashable: BadgeValue] = [
| |- error: 'Previewable()' is only available in watchOS 10.0 or newer
| `- note: add 'if #available' version check
144 | "Home": .count(3),
145 | "Search": .dot,
/Users/admin/builder/spi-builder-workspace/Sources/BarKit/BarViews/PinnedTabBarView.swift:139:6: error: 'Previewable()' is only available in watchOS 10.0 or newer
137 | @available(iOS 17.0, *)
138 | #Preview("PinnedTabBarView - Regular") {
139 | @Previewable @State var selected: PreviewBarItem = .init(
| |- error: 'Previewable()' is only available in watchOS 10.0 or newer
| `- note: add 'if #available' version check
140 | title: "Home",
141 | icon: .system("house.fill")
/Users/admin/builder/spi-builder-workspace/Sources/BarKit/BarViews/BarView.swift:493:6: error: 'Previewable()' is only available in watchOS 10.0 or newer
491 | @Previewable @State var selected: PreviewBarItem = .init(title: "Home", icon: .system("house.fill"))
492 | @Previewable @State var selectedTab: Int = 0
493 | @Previewable @State var badges: [AnyHashable: BadgeValue] = [
| |- error: 'Previewable()' is only available in watchOS 10.0 or newer
| `- note: add 'if #available' version check
494 | "Home": .count(333),
495 | "Search": .dot,
/Users/admin/builder/spi-builder-workspace/Sources/BarKit/BarViews/BarView.swift:491:6: error: 'Previewable()' is only available in watchOS 10.0 or newer
489 | @available(iOS 17.0, *)
490 | #Preview("BarView - Horizontal") {
491 | @Previewable @State var selected: PreviewBarItem = .init(title: "Home", icon: .system("house.fill"))
| |- error: 'Previewable()' is only available in watchOS 10.0 or newer
| `- note: add 'if #available' version check
492 | @Previewable @State var selectedTab: Int = 0
493 | @Previewable @State var badges: [AnyHashable: BadgeValue] = [
/Users/admin/builder/spi-builder-workspace/Sources/BarKit/BarViews/BarView.swift:492:6: error: 'Previewable()' is only available in watchOS 10.0 or newer
490 | #Preview("BarView - Horizontal") {
491 | @Previewable @State var selected: PreviewBarItem = .init(title: "Home", icon: .system("house.fill"))
492 | @Previewable @State var selectedTab: Int = 0
| |- error: 'Previewable()' is only available in watchOS 10.0 or newer
| `- note: add 'if #available' version check
493 | @Previewable @State var badges: [AnyHashable: BadgeValue] = [
494 | "Home": .count(333),
/Users/admin/builder/spi-builder-workspace/Sources/BarKit/BarViews/BarView.swift:532:6: error: 'Previewable()' is only available in watchOS 10.0 or newer
530 | #Preview("BarView - Vertical") {
531 | @Previewable @State var selected: PreviewBarItem = .init(title: "Home", icon: .system("house.fill"))
532 | @Previewable @State var badges: [AnyHashable: BadgeValue] = [
| |- error: 'Previewable()' is only available in watchOS 10.0 or newer
| `- note: add 'if #available' version check
533 | "Home": .count(333),
534 | "Search": .dot,
/Users/admin/builder/spi-builder-workspace/Sources/BarKit/BarViews/BarView.swift:531:6: error: 'Previewable()' is only available in watchOS 10.0 or newer
529 | @available(iOS 17.0, *)
530 | #Preview("BarView - Vertical") {
531 | @Previewable @State var selected: PreviewBarItem = .init(title: "Home", icon: .system("house.fill"))
| |- error: 'Previewable()' is only available in watchOS 10.0 or newer
| `- note: add 'if #available' version check
532 | @Previewable @State var badges: [AnyHashable: BadgeValue] = [
533 | "Home": .count(333),
/Users/admin/builder/spi-builder-workspace/Sources/BarKit/BarViews/FloatingTabBarView.swift:127:6: error: 'Previewable()' is only available in watchOS 10.0 or newer
125 | icon: .system("house.fill")
126 | )
127 | @Previewable @State var badges: [AnyHashable: BadgeValue] = [
| |- error: 'Previewable()' is only available in watchOS 10.0 or newer
| `- note: add 'if #available' version check
128 | "Home": .count(3),
129 | "Search": .dot,
/Users/admin/builder/spi-builder-workspace/Sources/BarKit/BarViews/FloatingTabBarView.swift:123:6: error: 'Previewable()' is only available in watchOS 10.0 or newer
121 | @available(iOS 17.0, *)
122 | #Preview("FloatingTabBarView") {
123 | @Previewable @State var selected: PreviewBarItem = .init(
| |- error: 'Previewable()' is only available in watchOS 10.0 or newer
| `- note: add 'if #available' version check
124 | title: "Home",
125 | icon: .system("house.fill")
/Users/admin/builder/spi-builder-workspace/Sources/BarKit/BarViews/PinnedTabBarView.swift:169:6: error: 'Previewable()' is only available in watchOS 10.0 or newer
167 | @available(iOS 17.0, *)
168 | #Preview("PinnedTabBarView - Prominent") {
169 | @Previewable @State var selected: PreviewBarItem = .init(
| |- error: 'Previewable()' is only available in watchOS 10.0 or newer
| `- note: add 'if #available' version check
170 | title: "Camera",
171 | icon: .system("camera.fill"),
/Users/admin/builder/spi-builder-workspace/Sources/BarKit/Extensions/ShaderLibrary+indicatorLibrary.swift:14:34: error: 'ShaderLibrary' is unavailable in watchOS
12 | /// The precompiled Metal shader library for the indicator lens effect,
13 | /// selected based on the current runtime environment.
14 | static let indicatorLibrary: ShaderLibrary = {
| `- error: 'ShaderLibrary' is unavailable in watchOS
15 | #if targetEnvironment(simulator)
16 | let name = "IndicatorEffects-iphonesimulator"
SwiftUI.ShaderLibrary:3:36: note: 'ShaderLibrary' has been explicitly marked unavailable here
1 | @available(iOS 17.0, macOS 14.0, tvOS 17.0, *)
2 | @available(watchOS, unavailable)
3 | @dynamicMemberLookup public struct ShaderLibrary : Equatable, @unchecked Sendable {
| `- note: 'ShaderLibrary' has been explicitly marked unavailable here
4 | public static let `default`: ShaderLibrary
5 | public static func bundle(_ bundle: Bundle) -> ShaderLibrary
/Users/admin/builder/spi-builder-workspace/Sources/BarKit/Extensions/ShaderLibrary+indicatorLibrary.swift:27:16: error: 'ShaderLibrary' is unavailable in watchOS
25 | fatalError("BarKit: missing Metal library '\(name).metallib' in bundle.")
26 | }
27 | return ShaderLibrary(url: url)
| `- error: 'ShaderLibrary' is unavailable in watchOS
28 | }()
29 | }
SwiftUI.ShaderLibrary:3:36: note: 'ShaderLibrary' has been explicitly marked unavailable here
1 | @available(iOS 17.0, macOS 14.0, tvOS 17.0, *)
2 | @available(watchOS, unavailable)
3 | @dynamicMemberLookup public struct ShaderLibrary : Equatable, @unchecked Sendable {
| `- note: 'ShaderLibrary' has been explicitly marked unavailable here
4 | public static let `default`: ShaderLibrary
5 | public static func bundle(_ bundle: Bundle) -> ShaderLibrary
SwiftCompile normal arm64 Compiling\ View+hideBar.swift,\ View+indicatorLens.swift,\ View+indicatorLensEffect.swift,\ View+registerBarVisibility.swift,\ EnvironmentKeys.swift /Users/admin/builder/spi-builder-workspace/Sources/BarKit/Extensions/View+hideBar.swift /Users/admin/builder/spi-builder-workspace/Sources/BarKit/Extensions/View+indicatorLens.swift /Users/admin/builder/spi-builder-workspace/Sources/BarKit/Extensions/View+indicatorLensEffect.swift /Users/admin/builder/spi-builder-workspace/Sources/BarKit/Extensions/View+registerBarVisibility.swift /Users/admin/builder/spi-builder-workspace/Sources/BarKit/Keys/EnvironmentKeys.swift (in target 'BarKit' from project 'BarKit')
SwiftCompile normal arm64 /Users/admin/builder/spi-builder-workspace/Sources/BarKit/Extensions/View+hideBar.swift (in target 'BarKit' from project 'BarKit')
cd /Users/admin/builder/spi-builder-workspace/.swiftpm/xcode
builtin-SwiftPerFileCompile View+hideBar.swift
SwiftCompile normal arm64 /Users/admin/builder/spi-builder-workspace/Sources/BarKit/Extensions/View+indicatorLens.swift (in target 'BarKit' from project 'BarKit')
cd /Users/admin/builder/spi-builder-workspace/.swiftpm/xcode
builtin-SwiftPerFileCompile View+indicatorLens.swift
SwiftCompile normal arm64 /Users/admin/builder/spi-builder-workspace/Sources/BarKit/Extensions/View+indicatorLensEffect.swift (in target 'BarKit' from project 'BarKit')
cd /Users/admin/builder/spi-builder-workspace/.swiftpm/xcode
builtin-SwiftPerFileCompile View+indicatorLensEffect.swift
SwiftCompile normal arm64 /Users/admin/builder/spi-builder-workspace/Sources/BarKit/Extensions/View+registerBarVisibility.swift (in target 'BarKit' from project 'BarKit')
cd /Users/admin/builder/spi-builder-workspace/.swiftpm/xcode
builtin-SwiftPerFileCompile View+registerBarVisibility.swift
SwiftCompile normal arm64 /Users/admin/builder/spi-builder-workspace/Sources/BarKit/Keys/EnvironmentKeys.swift (in target 'BarKit' from project 'BarKit')
cd /Users/admin/builder/spi-builder-workspace/.swiftpm/xcode
builtin-SwiftPerFileCompile EnvironmentKeys.swift
/Users/admin/builder/spi-builder-workspace/Sources/BarKit/Extensions/View+indicatorLensEffect.swift:34:27: error: 'ShaderLibrary' is unavailable in watchOS
32 | ) -> some View {
33 | if #available(iOS 17.0, *) {
34 | let library = ShaderLibrary.indicatorLibrary
| `- error: 'ShaderLibrary' is unavailable in watchOS
35 | self.layerEffect(
36 | library.indicatorLensEffect(
SwiftUI.ShaderLibrary:3:36: note: 'ShaderLibrary' has been explicitly marked unavailable here
1 | @available(iOS 17.0, macOS 14.0, tvOS 17.0, *)
2 | @available(watchOS, unavailable)
3 | @dynamicMemberLookup public struct ShaderLibrary : Equatable, @unchecked Sendable {
| `- note: 'ShaderLibrary' has been explicitly marked unavailable here
4 | public static let `default`: ShaderLibrary
5 | public static func bundle(_ bundle: Bundle) -> ShaderLibrary
SwiftCompile normal arm64 Compiling\ PreferenceKeys.swift,\ BarContainerAccessibilityModifier.swift,\ BarItemAccessibilityModifier.swift,\ DebugVisualsModifier.swift /Users/admin/builder/spi-builder-workspace/Sources/BarKit/Keys/PreferenceKeys.swift /Users/admin/builder/spi-builder-workspace/Sources/BarKit/ViewModifiers/BarContainerAccessibilityModifier.swift /Users/admin/builder/spi-builder-workspace/Sources/BarKit/ViewModifiers/BarItemAccessibilityModifier.swift /Users/admin/builder/spi-builder-workspace/Sources/BarKit/ViewModifiers/DebugVisualsModifier.swift (in target 'BarKit' from project 'BarKit')
SwiftCompile normal arm64 /Users/admin/builder/spi-builder-workspace/Sources/BarKit/Keys/PreferenceKeys.swift (in target 'BarKit' from project 'BarKit')
cd /Users/admin/builder/spi-builder-workspace/.swiftpm/xcode
builtin-SwiftPerFileCompile PreferenceKeys.swift
SwiftCompile normal arm64 /Users/admin/builder/spi-builder-workspace/Sources/BarKit/ViewModifiers/BarContainerAccessibilityModifier.swift (in target 'BarKit' from project 'BarKit')
cd /Users/admin/builder/spi-builder-workspace/.swiftpm/xcode
builtin-SwiftPerFileCompile BarContainerAccessibilityModifier.swift
SwiftCompile normal arm64 /Users/admin/builder/spi-builder-workspace/Sources/BarKit/ViewModifiers/BarItemAccessibilityModifier.swift (in target 'BarKit' from project 'BarKit')
cd /Users/admin/builder/spi-builder-workspace/.swiftpm/xcode
builtin-SwiftPerFileCompile BarItemAccessibilityModifier.swift
SwiftCompile normal arm64 /Users/admin/builder/spi-builder-workspace/Sources/BarKit/ViewModifiers/DebugVisualsModifier.swift (in target 'BarKit' from project 'BarKit')
cd /Users/admin/builder/spi-builder-workspace/.swiftpm/xcode
builtin-SwiftPerFileCompile DebugVisualsModifier.swift
SwiftCompile normal arm64 Compiling\ CustomBlurConfiguration.swift,\ BadgeConfiguration.swift,\ BarConfiguration.swift,\ BarLayoutAxis.swift,\ HapticFeedbackConfiguration.swift /Users/admin/builder/spi-builder-workspace/Sources/BarKit/BarConfiguration/Background/CustomBlurConfiguration.swift /Users/admin/builder/spi-builder-workspace/Sources/BarKit/BarConfiguration/Bar/BadgeConfiguration.swift /Users/admin/builder/spi-builder-workspace/Sources/BarKit/BarConfiguration/Bar/BarConfiguration.swift /Users/admin/builder/spi-builder-workspace/Sources/BarKit/BarConfiguration/Bar/BarLayoutAxis.swift /Users/admin/builder/spi-builder-workspace/Sources/BarKit/BarConfiguration/Bar/HapticFeedbackConfiguration.swift (in target 'BarKit' from project 'BarKit')
SwiftCompile normal arm64 /Users/admin/builder/spi-builder-workspace/Sources/BarKit/BarConfiguration/Background/CustomBlurConfiguration.swift (in target 'BarKit' from project 'BarKit')
cd /Users/admin/builder/spi-builder-workspace/.swiftpm/xcode
builtin-SwiftPerFileCompile CustomBlurConfiguration.swift
SwiftCompile normal arm64 /Users/admin/builder/spi-builder-workspace/Sources/BarKit/BarConfiguration/Bar/BadgeConfiguration.swift (in target 'BarKit' from project 'BarKit')
cd /Users/admin/builder/spi-builder-workspace/.swiftpm/xcode
builtin-SwiftPerFileCompile BadgeConfiguration.swift
SwiftCompile normal arm64 /Users/admin/builder/spi-builder-workspace/Sources/BarKit/BarConfiguration/Bar/BarConfiguration.swift (in target 'BarKit' from project 'BarKit')
cd /Users/admin/builder/spi-builder-workspace/.swiftpm/xcode
builtin-SwiftPerFileCompile BarConfiguration.swift
SwiftCompile normal arm64 /Users/admin/builder/spi-builder-workspace/Sources/BarKit/BarConfiguration/Bar/BarLayoutAxis.swift (in target 'BarKit' from project 'BarKit')
cd /Users/admin/builder/spi-builder-workspace/.swiftpm/xcode
builtin-SwiftPerFileCompile BarLayoutAxis.swift
SwiftCompile normal arm64 /Users/admin/builder/spi-builder-workspace/Sources/BarKit/BarConfiguration/Bar/HapticFeedbackConfiguration.swift (in target 'BarKit' from project 'BarKit')
cd /Users/admin/builder/spi-builder-workspace/.swiftpm/xcode
builtin-SwiftPerFileCompile HapticFeedbackConfiguration.swift
SwiftCompile normal arm64 Compiling\ BarIconView.swift,\ BarItemOverlayView.swift,\ BarItemView.swift,\ BarView.swift,\ FloatingTabBarView.swift /Users/admin/builder/spi-builder-workspace/Sources/BarKit/BarViews/BarIconView.swift /Users/admin/builder/spi-builder-workspace/Sources/BarKit/BarViews/BarItemOverlayView.swift /Users/admin/builder/spi-builder-workspace/Sources/BarKit/BarViews/BarItemView.swift /Users/admin/builder/spi-builder-workspace/Sources/BarKit/BarViews/BarView.swift /Users/admin/builder/spi-builder-workspace/Sources/BarKit/BarViews/FloatingTabBarView.swift (in target 'BarKit' from project 'BarKit')
/Users/admin/builder/spi-builder-workspace/Sources/BarKit/BarViews/BarView.swift:493:6: error: 'Previewable()' is only available in watchOS 10.0 or newer
491 | @Previewable @State var selected: PreviewBarItem = .init(title: "Home", icon: .system("house.fill"))
492 | @Previewable @State var selectedTab: Int = 0
493 | @Previewable @State var badges: [AnyHashable: BadgeValue] = [
| |- error: 'Previewable()' is only available in watchOS 10.0 or newer
| `- note: add 'if #available' version check
494 | "Home": .count(333),
495 | "Search": .dot,
/Users/admin/builder/spi-builder-workspace/Sources/BarKit/BarViews/BarView.swift:491:6: error: 'Previewable()' is only available in watchOS 10.0 or newer
489 | @available(iOS 17.0, *)
490 | #Preview("BarView - Horizontal") {
491 | @Previewable @State var selected: PreviewBarItem = .init(title: "Home", icon: .system("house.fill"))
| |- error: 'Previewable()' is only available in watchOS 10.0 or newer
| `- note: add 'if #available' version check
492 | @Previewable @State var selectedTab: Int = 0
493 | @Previewable @State var badges: [AnyHashable: BadgeValue] = [
/Users/admin/builder/spi-builder-workspace/Sources/BarKit/BarViews/BarView.swift:492:6: error: 'Previewable()' is only available in watchOS 10.0 or newer
490 | #Preview("BarView - Horizontal") {
491 | @Previewable @State var selected: PreviewBarItem = .init(title: "Home", icon: .system("house.fill"))
492 | @Previewable @State var selectedTab: Int = 0
| |- error: 'Previewable()' is only available in watchOS 10.0 or newer
| `- note: add 'if #available' version check
493 | @Previewable @State var badges: [AnyHashable: BadgeValue] = [
494 | "Home": .count(333),
/Users/admin/builder/spi-builder-workspace/Sources/BarKit/BarViews/BarView.swift:532:6: error: 'Previewable()' is only available in watchOS 10.0 or newer
530 | #Preview("BarView - Vertical") {
531 | @Previewable @State var selected: PreviewBarItem = .init(title: "Home", icon: .system("house.fill"))
532 | @Previewable @State var badges: [AnyHashable: BadgeValue] = [
| |- error: 'Previewable()' is only available in watchOS 10.0 or newer
| `- note: add 'if #available' version check
533 | "Home": .count(333),
534 | "Search": .dot,
/Users/admin/builder/spi-builder-workspace/Sources/BarKit/BarViews/BarView.swift:531:6: error: 'Previewable()' is only available in watchOS 10.0 or newer
529 | @available(iOS 17.0, *)
530 | #Preview("BarView - Vertical") {
531 | @Previewable @State var selected: PreviewBarItem = .init(title: "Home", icon: .system("house.fill"))
| |- error: 'Previewable()' is only available in watchOS 10.0 or newer
| `- note: add 'if #available' version check
532 | @Previewable @State var badges: [AnyHashable: BadgeValue] = [
533 | "Home": .count(333),
/Users/admin/builder/spi-builder-workspace/Sources/BarKit/BarViews/FloatingTabBarView.swift:127:6: error: 'Previewable()' is only available in watchOS 10.0 or newer
125 | icon: .system("house.fill")
126 | )
127 | @Previewable @State var badges: [AnyHashable: BadgeValue] = [
| |- error: 'Previewable()' is only available in watchOS 10.0 or newer
| `- note: add 'if #available' version check
128 | "Home": .count(3),
129 | "Search": .dot,
SwiftCompile normal arm64 /Users/admin/builder/spi-builder-workspace/Sources/BarKit/BarViews/BarIconView.swift (in target 'BarKit' from project 'BarKit')
cd /Users/admin/builder/spi-builder-workspace/.swiftpm/xcode
builtin-SwiftPerFileCompile BarIconView.swift
SwiftCompile normal arm64 /Users/admin/builder/spi-builder-workspace/Sources/BarKit/BarViews/BarItemOverlayView.swift (in target 'BarKit' from project 'BarKit')
cd /Users/admin/builder/spi-builder-workspace/.swiftpm/xcode
builtin-SwiftPerFileCompile BarItemOverlayView.swift
SwiftCompile normal arm64 /Users/admin/builder/spi-builder-workspace/Sources/BarKit/BarViews/BarItemView.swift (in target 'BarKit' from project 'BarKit')
cd /Users/admin/builder/spi-builder-workspace/.swiftpm/xcode
builtin-SwiftPerFileCompile BarItemView.swift
SwiftCompile normal arm64 /Users/admin/builder/spi-builder-workspace/Sources/BarKit/BarViews/BarView.swift (in target 'BarKit' from project 'BarKit')
cd /Users/admin/builder/spi-builder-workspace/.swiftpm/xcode
builtin-SwiftPerFileCompile BarView.swift
SwiftCompile normal arm64 /Users/admin/builder/spi-builder-workspace/Sources/BarKit/BarViews/FloatingTabBarView.swift (in target 'BarKit' from project 'BarKit')
cd /Users/admin/builder/spi-builder-workspace/.swiftpm/xcode
builtin-SwiftPerFileCompile FloatingTabBarView.swift
SwiftCompile normal arm64 Compiling\ IndicatorEffect.swift,\ LensDistortionConfiguration.swift,\ SelectionIndicatorConfiguration.swift,\ SelectionScaleEffect.swift,\ BadgeValue.swift /Users/admin/builder/spi-builder-workspace/Sources/BarKit/BarConfiguration/SelectionIndicator/IndicatorEffect.swift /Users/admin/builder/spi-builder-workspace/Sources/BarKit/BarConfiguration/SelectionIndicator/LensDistortionConfiguration.swift /Users/admin/builder/spi-builder-workspace/Sources/BarKit/BarConfiguration/SelectionIndicator/SelectionIndicatorConfiguration.swift /Users/admin/builder/spi-builder-workspace/Sources/BarKit/BarConfiguration/SelectionIndicator/SelectionScaleEffect.swift /Users/admin/builder/spi-builder-workspace/Sources/BarKit/BarModels/BadgeValue.swift (in target 'BarKit' from project 'BarKit')
SwiftCompile normal arm64 /Users/admin/builder/spi-builder-workspace/Sources/BarKit/BarConfiguration/SelectionIndicator/IndicatorEffect.swift (in target 'BarKit' from project 'BarKit')
cd /Users/admin/builder/spi-builder-workspace/.swiftpm/xcode
builtin-SwiftPerFileCompile IndicatorEffect.swift
SwiftCompile normal arm64 /Users/admin/builder/spi-builder-workspace/Sources/BarKit/BarConfiguration/SelectionIndicator/LensDistortionConfiguration.swift (in target 'BarKit' from project 'BarKit')
cd /Users/admin/builder/spi-builder-workspace/.swiftpm/xcode
builtin-SwiftPerFileCompile LensDistortionConfiguration.swift
SwiftCompile normal arm64 /Users/admin/builder/spi-builder-workspace/Sources/BarKit/BarConfiguration/SelectionIndicator/SelectionIndicatorConfiguration.swift (in target 'BarKit' from project 'BarKit')
cd /Users/admin/builder/spi-builder-workspace/.swiftpm/xcode
builtin-SwiftPerFileCompile SelectionIndicatorConfiguration.swift
SwiftCompile normal arm64 /Users/admin/builder/spi-builder-workspace/Sources/BarKit/BarConfiguration/SelectionIndicator/SelectionScaleEffect.swift (in target 'BarKit' from project 'BarKit')
cd /Users/admin/builder/spi-builder-workspace/.swiftpm/xcode
builtin-SwiftPerFileCompile SelectionScaleEffect.swift
SwiftCompile normal arm64 /Users/admin/builder/spi-builder-workspace/Sources/BarKit/BarModels/BadgeValue.swift (in target 'BarKit' from project 'BarKit')
cd /Users/admin/builder/spi-builder-workspace/.swiftpm/xcode
builtin-SwiftPerFileCompile BadgeValue.swift
SwiftCompile normal arm64 Compiling\ View+Frame.swift,\ View+adaptiveCoordinateSpace.swift,\ View+barShadow.swift,\ View+capturePreference.swift,\ View+hapticFeedback.swift /Users/admin/builder/spi-builder-workspace/Sources/BarKit/Extensions/View+Frame.swift /Users/admin/builder/spi-builder-workspace/Sources/BarKit/Extensions/View+adaptiveCoordinateSpace.swift /Users/admin/builder/spi-builder-workspace/Sources/BarKit/Extensions/View+barShadow.swift /Users/admin/builder/spi-builder-workspace/Sources/BarKit/Extensions/View+capturePreference.swift /Users/admin/builder/spi-builder-workspace/Sources/BarKit/Extensions/View+hapticFeedback.swift (in target 'BarKit' from project 'BarKit')
/Users/admin/builder/spi-builder-workspace/Sources/BarKit/Extensions/View+adaptiveCoordinateSpace.swift:15:18: error: 'coordinateSpace' is only available in watchOS 10.0 or newer
8 | import SwiftUI
9 |
10 | extension View {
| `- note: add '@available' attribute to enclosing extension
11 | /// Applies a named coordinate space using the appropriate API for the current OS version.
12 | @ViewBuilder
13 | func adaptiveCoordinateSpace(name: String) -> some View {
| `- note: add '@available' attribute to enclosing instance method
14 | if #available(iOS 17.0, *) {
15 | self.coordinateSpace(.named(name))
| |- error: 'coordinateSpace' is only available in watchOS 10.0 or newer
| `- note: add 'if #available' version check
16 | } else {
17 | self.coordinateSpace(name: name)
/Users/admin/builder/spi-builder-workspace/Sources/BarKit/Extensions/View+adaptiveCoordinateSpace.swift:15:35: error: 'named' is only available in watchOS 10.0 or newer
8 | import SwiftUI
9 |
10 | extension View {
| `- note: add '@available' attribute to enclosing extension
11 | /// Applies a named coordinate space using the appropriate API for the current OS version.
12 | @ViewBuilder
13 | func adaptiveCoordinateSpace(name: String) -> some View {
| `- note: add '@available' attribute to enclosing instance method
14 | if #available(iOS 17.0, *) {
15 | self.coordinateSpace(.named(name))
| |- error: 'named' is only available in watchOS 10.0 or newer
| `- note: add 'if #available' version check
16 | } else {
17 | self.coordinateSpace(name: name)
SwiftCompile normal arm64 /Users/admin/builder/spi-builder-workspace/Sources/BarKit/Extensions/View+Frame.swift (in target 'BarKit' from project 'BarKit')
cd /Users/admin/builder/spi-builder-workspace/.swiftpm/xcode
builtin-SwiftPerFileCompile View+Frame.swift
SwiftCompile normal arm64 /Users/admin/builder/spi-builder-workspace/Sources/BarKit/Extensions/View+adaptiveCoordinateSpace.swift (in target 'BarKit' from project 'BarKit')
cd /Users/admin/builder/spi-builder-workspace/.swiftpm/xcode
builtin-SwiftPerFileCompile View+adaptiveCoordinateSpace.swift
SwiftCompile normal arm64 /Users/admin/builder/spi-builder-workspace/Sources/BarKit/Extensions/View+barShadow.swift (in target 'BarKit' from project 'BarKit')
cd /Users/admin/builder/spi-builder-workspace/.swiftpm/xcode
builtin-SwiftPerFileCompile View+barShadow.swift
SwiftCompile normal arm64 /Users/admin/builder/spi-builder-workspace/Sources/BarKit/Extensions/View+capturePreference.swift (in target 'BarKit' from project 'BarKit')
cd /Users/admin/builder/spi-builder-workspace/.swiftpm/xcode
builtin-SwiftPerFileCompile View+capturePreference.swift
SwiftCompile normal arm64 /Users/admin/builder/spi-builder-workspace/Sources/BarKit/Extensions/View+hapticFeedback.swift (in target 'BarKit' from project 'BarKit')
cd /Users/admin/builder/spi-builder-workspace/.swiftpm/xcode
builtin-SwiftPerFileCompile View+hapticFeedback.swift
SwiftCompile normal arm64 Compiling\ resource_bundle_accessor.swift,\ AnimationParameters.swift,\ BarAnimation.swift,\ BarBackground.swift,\ BarMaterial.swift /Users/admin/builder/spi-builder-workspace/.derivedData/Build/Intermediates.noindex/BarKit.build/Debug-watchos/BarKit-t.build/DerivedSources/resource_bundle_accessor.swift /Users/admin/builder/spi-builder-workspace/Sources/BarKit/BarConfiguration/Animation/AnimationParameters.swift /Users/admin/builder/spi-builder-workspace/Sources/BarKit/BarConfiguration/Animation/BarAnimation.swift /Users/admin/builder/spi-builder-workspace/Sources/BarKit/BarConfiguration/Background/BarBackground.swift /Users/admin/builder/spi-builder-workspace/Sources/BarKit/BarConfiguration/Background/BarMaterial.swift (in target 'BarKit' from project 'BarKit')
/Users/admin/builder/spi-builder-workspace/Sources/BarKit/BarConfiguration/Background/BarMaterial.swift:21:26: error: 'bar' is unavailable in watchOS
19 | var resolved: Material {
20 | switch self {
21 | case .bar: .bar
| `- error: 'bar' is unavailable in watchOS
22 | case .ultraThin: .ultraThinMaterial
23 | case .thin: .thinMaterial
SwiftUI.Material.bar:2:19: note: 'bar' has been explicitly marked unavailable here
1 | struct Material {
2 | public static let bar: Material}
| `- note: 'bar' has been explicitly marked unavailable here
3 |
/Users/admin/builder/spi-builder-workspace/Sources/BarKit/BarConfiguration/Background/BarMaterial.swift:22:27: error: 'ultraThinMaterial' is only available in watchOS 10.0 or newer
9 |
10 | /// The available system material styles for a bar background.
11 | public enum BarMaterial {
| `- note: add '@available' attribute to enclosing enum
12 | case bar
13 | case ultraThin
:
17 |
18 | /// The corresponding SwiftUI `Material` value.
19 | var resolved: Material {
| `- note: add '@available' attribute to enclosing property
20 | switch self {
21 | case .bar: .bar
22 | case .ultraThin: .ultraThinMaterial
| |- error: 'ultraThinMaterial' is only available in watchOS 10.0 or newer
| `- note: add 'if #available' version check
23 | case .thin: .thinMaterial
24 | case .regular: .regularMaterial
/Users/admin/builder/spi-builder-workspace/Sources/BarKit/BarConfiguration/Background/BarMaterial.swift:23:27: error: 'thinMaterial' is only available in watchOS 10.0 or newer
9 |
10 | /// The available system material styles for a bar background.
11 | public enum BarMaterial {
| `- note: add '@available' attribute to enclosing enum
12 | case bar
13 | case ultraThin
:
17 |
18 | /// The corresponding SwiftUI `Material` value.
19 | var resolved: Material {
| `- note: add '@available' attribute to enclosing property
20 | switch self {
21 | case .bar: .bar
22 | case .ultraThin: .ultraThinMaterial
23 | case .thin: .thinMaterial
| |- error: 'thinMaterial' is only available in watchOS 10.0 or newer
| `- note: add 'if #available' version check
24 | case .regular: .regularMaterial
25 | case .thick: .thickMaterial
/Users/admin/builder/spi-builder-workspace/Sources/BarKit/BarConfiguration/Background/BarMaterial.swift:24:27: error: 'regularMaterial' is only available in watchOS 10.0 or newer
9 |
10 | /// The available system material styles for a bar background.
11 | public enum BarMaterial {
| `- note: add '@available' attribute to enclosing enum
12 | case bar
13 | case ultraThin
:
17 |
18 | /// The corresponding SwiftUI `Material` value.
19 | var resolved: Material {
| `- note: add '@available' attribute to enclosing property
20 | switch self {
21 | case .bar: .bar
22 | case .ultraThin: .ultraThinMaterial
23 | case .thin: .thinMaterial
24 | case .regular: .regularMaterial
| |- error: 'regularMaterial' is only available in watchOS 10.0 or newer
| `- note: add 'if #available' version check
25 | case .thick: .thickMaterial
26 | }
SwiftCompile normal arm64 /Users/admin/builder/spi-builder-workspace/.derivedData/Build/Intermediates.noindex/BarKit.build/Debug-watchos/BarKit-t.build/DerivedSources/resource_bundle_accessor.swift (in target 'BarKit' from project 'BarKit')
cd /Users/admin/builder/spi-builder-workspace/.swiftpm/xcode
builtin-SwiftPerFileCompile resource_bundle_accessor.swift
SwiftCompile normal arm64 /Users/admin/builder/spi-builder-workspace/Sources/BarKit/BarConfiguration/Animation/AnimationParameters.swift (in target 'BarKit' from project 'BarKit')
cd /Users/admin/builder/spi-builder-workspace/.swiftpm/xcode
builtin-SwiftPerFileCompile AnimationParameters.swift
SwiftCompile normal arm64 /Users/admin/builder/spi-builder-workspace/Sources/BarKit/BarConfiguration/Animation/BarAnimation.swift (in target 'BarKit' from project 'BarKit')
cd /Users/admin/builder/spi-builder-workspace/.swiftpm/xcode
builtin-SwiftPerFileCompile BarAnimation.swift
SwiftCompile normal arm64 /Users/admin/builder/spi-builder-workspace/Sources/BarKit/BarConfiguration/Background/BarBackground.swift (in target 'BarKit' from project 'BarKit')
cd /Users/admin/builder/spi-builder-workspace/.swiftpm/xcode
builtin-SwiftPerFileCompile BarBackground.swift
SwiftCompile normal arm64 /Users/admin/builder/spi-builder-workspace/Sources/BarKit/BarConfiguration/Background/BarMaterial.swift (in target 'BarKit' from project 'BarKit')
cd /Users/admin/builder/spi-builder-workspace/.swiftpm/xcode
builtin-SwiftPerFileCompile BarMaterial.swift
SwiftCompile normal arm64 Compiling\ BarIcon.swift,\ BarItemAlignment.swift,\ BarItemProtocol.swift,\ BarItemStyle.swift,\ BadgeView.swift /Users/admin/builder/spi-builder-workspace/Sources/BarKit/BarModels/BarIcon.swift /Users/admin/builder/spi-builder-workspace/Sources/BarKit/BarModels/BarItemAlignment.swift /Users/admin/builder/spi-builder-workspace/Sources/BarKit/BarModels/BarItemProtocol.swift /Users/admin/builder/spi-builder-workspace/Sources/BarKit/BarModels/BarItemStyle.swift /Users/admin/builder/spi-builder-workspace/Sources/BarKit/BarViews/BadgeView.swift (in target 'BarKit' from project 'BarKit')
SwiftCompile normal arm64 /Users/admin/builder/spi-builder-workspace/Sources/BarKit/BarModels/BarIcon.swift (in target 'BarKit' from project 'BarKit')
cd /Users/admin/builder/spi-builder-workspace/.swiftpm/xcode
builtin-SwiftPerFileCompile BarIcon.swift
SwiftCompile normal arm64 /Users/admin/builder/spi-builder-workspace/Sources/BarKit/BarModels/BarItemAlignment.swift (in target 'BarKit' from project 'BarKit')
cd /Users/admin/builder/spi-builder-workspace/.swiftpm/xcode
builtin-SwiftPerFileCompile BarItemAlignment.swift
SwiftCompile normal arm64 /Users/admin/builder/spi-builder-workspace/Sources/BarKit/BarModels/BarItemProtocol.swift (in target 'BarKit' from project 'BarKit')
cd /Users/admin/builder/spi-builder-workspace/.swiftpm/xcode
builtin-SwiftPerFileCompile BarItemProtocol.swift
SwiftCompile normal arm64 /Users/admin/builder/spi-builder-workspace/Sources/BarKit/BarModels/BarItemStyle.swift (in target 'BarKit' from project 'BarKit')
cd /Users/admin/builder/spi-builder-workspace/.swiftpm/xcode
builtin-SwiftPerFileCompile BarItemStyle.swift
SwiftCompile normal arm64 /Users/admin/builder/spi-builder-workspace/Sources/BarKit/BarViews/BadgeView.swift (in target 'BarKit' from project 'BarKit')
cd /Users/admin/builder/spi-builder-workspace/.swiftpm/xcode
builtin-SwiftPerFileCompile BadgeView.swift
SwiftExplicitDependencyGeneratePcm arm64_32 /Users/admin/builder/spi-builder-workspace/.derivedData/SDKExplicitPrecompiledModules/SwiftUI-6DR5UJH94SD7QMITGWNAX9FBI.pcm
PruneExplicitPrecompiledModules /Users/admin/builder/spi-builder-workspace/.derivedData/Build/Intermediates.noindex/ExplicitPrecompiledModules
PruneExplicitPrecompiledModules /Users/admin/builder/spi-builder-workspace/.derivedData/Build/Intermediates.noindex/SwiftExplicitPrecompiledModules
PruneExplicitPrecompiledModules /Users/admin/builder/spi-builder-workspace/.derivedData/SDKExplicitPrecompiledModules
2026-09-25 08:07:28.114 xcodebuild[661:3950] [MT] IDERunDestination: Supported platforms for the buildables in the current scheme is empty.
** BUILD FAILED **
The following build commands failed:
SwiftCompile normal arm64 (in target 'BarKit' from project 'BarKit')
SwiftEmitModule normal arm64 Emitting\ module\ for\ BarKit (in target 'BarKit' from project 'BarKit')
Building workspace BarKit with scheme BarKit
(3 failures)
Command line invocation:
/Applications/Xcode-27.0.0-Release.Candidate.app/Contents/Developer/usr/bin/xcodebuild -IDEClonedSourcePackagesDirPathOverride=/Users/admin/builder/spi-builder-workspace/.dependencies -resolvePackageDependencies
Resolve Package Graph
Resolved source packages:
BarKit: /Users/admin/builder/spi-builder-workspace
resolved source packages: BarKit
2026-09-25 08:07:35.180 xcodebuild[837:4717] [MT] IDERunDestination: Supported platforms for the buildables in the current scheme is empty.
{
"dependencies" : [
],
"manifest_display_name" : "BarKit",
"name" : "BarKit",
"path" : "/Users/admin/builder/spi-builder-workspace",
"platforms" : [
{
"name" : "ios",
"version" : "16.0"
}
],
"products" : [
{
"name" : "BarKit",
"targets" : [
"BarKit"
],
"type" : {
"library" : [
"automatic"
]
}
}
],
"targets" : [
{
"c99name" : "BarKit",
"module_type" : "SwiftTarget",
"name" : "BarKit",
"path" : "Sources/BarKit",
"product_memberships" : [
"BarKit"
],
"resources" : [
{
"path" : "/Users/admin/builder/spi-builder-workspace/Sources/BarKit/Metal/IndicatorEffects-iphoneos.metallib",
"rule" : {
"process" : {
}
}
},
{
"path" : "/Users/admin/builder/spi-builder-workspace/Sources/BarKit/Metal/IndicatorEffects-iphonesimulator.metallib",
"rule" : {
"process" : {
}
}
}
],
"sources" : [
"BarConfiguration/Animation/AnimationParameters.swift",
"BarConfiguration/Animation/BarAnimation.swift",
"BarConfiguration/Background/BarBackground.swift",
"BarConfiguration/Background/BarMaterial.swift",
"BarConfiguration/Background/CustomBlurConfiguration.swift",
"BarConfiguration/Bar/BadgeConfiguration.swift",
"BarConfiguration/Bar/BarConfiguration.swift",
"BarConfiguration/Bar/BarLayoutAxis.swift",
"BarConfiguration/Bar/HapticFeedbackConfiguration.swift",
"BarConfiguration/Bar/ShadowConfiguration.swift",
"BarConfiguration/Item/ItemConfiguration.swift",
"BarConfiguration/Item/ItemContentAxis.swift",
"BarConfiguration/SelectionIndicator/BorderConfiguration.swift",
"BarConfiguration/SelectionIndicator/ChromaticAberrationConfiguration.swift",
"BarConfiguration/SelectionIndicator/IndicatorEffect.swift",
"BarConfiguration/SelectionIndicator/LensDistortionConfiguration.swift",
"BarConfiguration/SelectionIndicator/SelectionIndicatorConfiguration.swift",
"BarConfiguration/SelectionIndicator/SelectionScaleEffect.swift",
"BarModels/BadgeValue.swift",
"BarModels/BarIcon.swift",
"BarModels/BarItemAlignment.swift",
"BarModels/BarItemProtocol.swift",
"BarModels/BarItemStyle.swift",
"BarViews/BadgeView.swift",
"BarViews/BarIconView.swift",
"BarViews/BarItemOverlayView.swift",
"BarViews/BarItemView.swift",
"BarViews/BarView.swift",
"BarViews/FloatingTabBarView.swift",
"BarViews/PinnedTabBarView.swift",
"Extensions/CGRect+scaled.swift",
"Extensions/Font+UITextStyle.swift",
"Extensions/ShaderLibrary+indicatorLibrary.swift",
"Extensions/View+Debug.swift",
"Extensions/View+Frame.swift",
"Extensions/View+adaptiveCoordinateSpace.swift",
"Extensions/View+barShadow.swift",
"Extensions/View+capturePreference.swift",
"Extensions/View+hapticFeedback.swift",
"Extensions/View+hideBar.swift",
"Extensions/View+indicatorLens.swift",
"Extensions/View+indicatorLensEffect.swift",
"Extensions/View+registerBarVisibility.swift",
"Keys/EnvironmentKeys.swift",
"Keys/PreferenceKeys.swift",
"ViewModifiers/BarContainerAccessibilityModifier.swift",
"ViewModifiers/BarItemAccessibilityModifier.swift",
"ViewModifiers/DebugVisualsModifier.swift"
],
"type" : "library"
}
],
"tools_version" : "6.0"
}
{
"workspace" : {
"name" : "BarKit",
"schemes" : [
"BarKit"
]
}
}
2026-09-25 08:07:36.404 xcodebuild[845:4780] [MT] IDERunDestination: Supported platforms for the buildables in the current scheme is empty.
Running build ...
env DEVELOPER_DIR=/Applications/Xcode-27.0.0-Release.Candidate.app xcrun xcodebuild -IDEClonedSourcePackagesDirPathOverride=$PWD/.dependencies -skipMacroValidation -skipPackagePluginValidation -derivedDataPath $PWD/.derivedData build -scheme BarKit -destination generic/platform=watchOS
Command line invocation:
/Applications/Xcode-27.0.0-Release.Candidate.app/Contents/Developer/usr/bin/xcodebuild -IDEClonedSourcePackagesDirPathOverride=/Users/admin/builder/spi-builder-workspace/.dependencies -skipMacroValidation -skipPackagePluginValidation -derivedDataPath /Users/admin/builder/spi-builder-workspace/.derivedData build -scheme BarKit -destination generic/platform=watchOS
Resolve Package Graph
Resolved source packages:
BarKit: /Users/admin/builder/spi-builder-workspace
ComputePackagePrebuildTargetDependencyGraph
Prepare packages
CreateBuildRequest
SendProjectDescription
CreateBuildOperation
ComputeTargetDependencyGraph
note: Building targets in dependency order
note: Target dependency graph (3 targets)
Target 'BarKit-product' in project 'BarKit'
➜ Explicit dependency on target 'BarKit' in project 'BarKit'
➜ Explicit dependency on target 'BarKit_BarKit' in project 'BarKit'
Target 'BarKit' in project 'BarKit'
➜ Explicit dependency on target 'BarKit_BarKit' in project 'BarKit'
Target 'BarKit_BarKit' in project 'BarKit' (no dependencies)
GatherProvisioningInputs
CreateBuildDescription
ClangStatCache /Applications/Xcode-27.0.0-Release.Candidate.app/Contents/Developer/Toolchains/XcodeDefault.xctoolchain/usr/bin/clang-stat-cache /Applications/Xcode-27.0.0-Release.Candidate.app/Contents/Developer/Platforms/WatchOS.platform/Developer/SDKs/WatchOS27.0.sdk /Users/admin/builder/spi-builder-workspace/.derivedData/SDKStatCaches.noindex/watchos27.0-24R360-e829b21a6f8c9b70876ba0858053c04477534ef55a1706bf4c1112bbb242f0a2.sdkstatcache
cd /Users/admin/builder/spi-builder-workspace/.swiftpm/xcode
/Applications/Xcode-27.0.0-Release.Candidate.app/Contents/Developer/Toolchains/XcodeDefault.xctoolchain/usr/bin/clang-stat-cache /Applications/Xcode-27.0.0-Release.Candidate.app/Contents/Developer/Platforms/WatchOS.platform/Developer/SDKs/WatchOS27.0.sdk -o /Users/admin/builder/spi-builder-workspace/.derivedData/SDKStatCaches.noindex/watchos27.0-24R360-e829b21a6f8c9b70876ba0858053c04477534ef55a1706bf4c1112bbb242f0a2.sdkstatcache
SwiftDriver BarKit normal arm64 com.apple.xcode.tools.swift.compiler (in target 'BarKit' from project 'BarKit')
cd /Users/admin/builder/spi-builder-workspace/.swiftpm/xcode
builtin-SwiftDriver -- /Applications/Xcode-27.0.0-Release.Candidate.app/Contents/Developer/Toolchains/XcodeDefault.xctoolchain/usr/bin/swiftc -parse-as-library -module-name BarKit -Onone @/Users/admin/builder/spi-builder-workspace/.derivedData/Build/Intermediates.noindex/BarKit.build/Debug-watchos/BarKit-t.build/Objects-normal/arm64/BarKit.SwiftFileList -DSWIFT_PACKAGE -DDEBUG -DSWIFT_MODULE_RESOURCE_BUNDLE_AVAILABLE -DXcode -plugin-path /Applications/Xcode-27.0.0-Release.Candidate.app/Contents/Developer/Toolchains/XcodeDefault.xctoolchain/usr/lib/swift/host/plugins/testing -enable-experimental-feature DebugDescriptionMacro -sdk /Applications/Xcode-27.0.0-Release.Candidate.app/Contents/Developer/Platforms/WatchOS.platform/Developer/SDKs/WatchOS27.0.sdk -target arm64-apple-watchos9.0 -g -module-cache-path /Users/admin/builder/spi-builder-workspace/.derivedData/ModuleCache.noindex -Xfrontend -serialize-debugging-options -enable-testing -index-store-path /Users/admin/builder/spi-builder-workspace/.derivedData/Index.noindex/DataStore -Xcc -D_LIBCPP_HARDENING_MODE\=_LIBCPP_HARDENING_MODE_DEBUG -swift-version 6 -I /Users/admin/builder/spi-builder-workspace/.derivedData/Build/Products/Debug-watchos -Isystem /Applications/Xcode-27.0.0-Release.Candidate.app/Contents/Developer/Platforms/WatchOS.platform/Developer/usr/lib -F /Users/admin/builder/spi-builder-workspace/.derivedData/Build/Products/Debug-watchos -F /Applications/Xcode-27.0.0-Release.Candidate.app/Contents/Developer/Platforms/WatchOS.platform/Developer/Library/Frameworks -F /Applications/Xcode-27.0.0-Release.Candidate.app/Contents/Developer/Platforms/WatchOS.platform/Developer/SDKs/WatchOS27.0.sdk/Developer/Library/Frameworks -c -j10 -enable-batch-mode -incremental -Xcc -ivfsstatcache -Xcc /Users/admin/builder/spi-builder-workspace/.derivedData/SDKStatCaches.noindex/watchos27.0-24R360-e829b21a6f8c9b70876ba0858053c04477534ef55a1706bf4c1112bbb242f0a2.sdkstatcache -output-file-map /Users/admin/builder/spi-builder-workspace/.derivedData/Build/Intermediates.noindex/BarKit.build/Debug-watchos/BarKit-t.build/Objects-normal/arm64/BarKit-OutputFileMap.json -save-temps -no-color-diagnostics -explicit-module-build -module-cache-path /Users/admin/builder/spi-builder-workspace/.derivedData/Build/Intermediates.noindex/SwiftExplicitPrecompiledModules -clang-scanner-module-cache-path /Users/admin/builder/spi-builder-workspace/.derivedData/ModuleCache.noindex -sdk-module-cache-path /Users/admin/builder/spi-builder-workspace/.derivedData/SDKExplicitPrecompiledModules -emit-dependencies -emit-module -emit-module-path /Users/admin/builder/spi-builder-workspace/.derivedData/Build/Intermediates.noindex/BarKit.build/Debug-watchos/BarKit-t.build/Objects-normal/arm64/BarKit.swiftmodule -serialize-diagnostics -dependency-scan-serialize-diagnostics-path /Users/admin/builder/spi-builder-workspace/.derivedData/Build/Intermediates.noindex/BarKit.build/Debug-watchos/BarKit-t.build/Objects-normal/arm64/BarKit-dependency-scan.dia -validate-clang-modules-once -clang-build-session-file /Users/admin/builder/spi-builder-workspace/.derivedData/ModuleCache.noindex/Session.modulevalidation -Xcc -fmodules-prune-interval\=86400 -Xcc -fmodules-prune-after\=345600 -package-name spi_builder_workspace -emit-const-values -const-gather-protocols-list /Users/admin/builder/spi-builder-workspace/.derivedData/Build/Intermediates.noindex/BarKit.build/Debug-watchos/BarKit-t.build/Objects-normal/arm64/BarKit_const_extract_protocols.json -Xcc -I/Users/admin/builder/spi-builder-workspace/.derivedData/Build/Products/Debug-watchos/include -Xcc -I/Users/admin/builder/spi-builder-workspace/.derivedData/Build/Intermediates.noindex/BarKit.build/Debug-watchos/BarKit-t.build/DerivedSources-normal/arm64 -Xcc -I/Users/admin/builder/spi-builder-workspace/.derivedData/Build/Intermediates.noindex/BarKit.build/Debug-watchos/BarKit-t.build/DerivedSources/arm64 -Xcc -I/Users/admin/builder/spi-builder-workspace/.derivedData/Build/Intermediates.noindex/BarKit.build/Debug-watchos/BarKit-t.build/DerivedSources -Xcc -DSWIFT_PACKAGE -Xcc -DDEBUG\=1 -emit-objc-header -emit-objc-header-path /Users/admin/builder/spi-builder-workspace/.derivedData/Build/Intermediates.noindex/BarKit.build/Debug-watchos/BarKit-t.build/Objects-normal/arm64/BarKit-Swift.h -working-directory /Users/admin/builder/spi-builder-workspace/.swiftpm/xcode -experimental-emit-module-separately -disable-cmo
SwiftDriver BarKit normal arm64_32 com.apple.xcode.tools.swift.compiler (in target 'BarKit' from project 'BarKit')
cd /Users/admin/builder/spi-builder-workspace/.swiftpm/xcode
builtin-SwiftDriver -- /Applications/Xcode-27.0.0-Release.Candidate.app/Contents/Developer/Toolchains/XcodeDefault.xctoolchain/usr/bin/swiftc -parse-as-library -module-name BarKit -Onone @/Users/admin/builder/spi-builder-workspace/.derivedData/Build/Intermediates.noindex/BarKit.build/Debug-watchos/BarKit-t.build/Objects-normal/arm64_32/BarKit.SwiftFileList -DSWIFT_PACKAGE -DDEBUG -DSWIFT_MODULE_RESOURCE_BUNDLE_AVAILABLE -DXcode -plugin-path /Applications/Xcode-27.0.0-Release.Candidate.app/Contents/Developer/Toolchains/XcodeDefault.xctoolchain/usr/lib/swift/host/plugins/testing -enable-experimental-feature DebugDescriptionMacro -sdk /Applications/Xcode-27.0.0-Release.Candidate.app/Contents/Developer/Platforms/WatchOS.platform/Developer/SDKs/WatchOS27.0.sdk -target arm64_32-apple-watchos9.0 -g -module-cache-path /Users/admin/builder/spi-builder-workspace/.derivedData/ModuleCache.noindex -Xfrontend -serialize-debugging-options -enable-testing -index-store-path /Users/admin/builder/spi-builder-workspace/.derivedData/Index.noindex/DataStore -Xcc -D_LIBCPP_HARDENING_MODE\=_LIBCPP_HARDENING_MODE_DEBUG -swift-version 6 -I /Users/admin/builder/spi-builder-workspace/.derivedData/Build/Products/Debug-watchos -Isystem /Applications/Xcode-27.0.0-Release.Candidate.app/Contents/Developer/Platforms/WatchOS.platform/Developer/usr/lib -F /Users/admin/builder/spi-builder-workspace/.derivedData/Build/Products/Debug-watchos -F /Applications/Xcode-27.0.0-Release.Candidate.app/Contents/Developer/Platforms/WatchOS.platform/Developer/Library/Frameworks -F /Applications/Xcode-27.0.0-Release.Candidate.app/Contents/Developer/Platforms/WatchOS.platform/Developer/SDKs/WatchOS27.0.sdk/Developer/Library/Frameworks -c -j10 -enable-batch-mode -incremental -Xcc -ivfsstatcache -Xcc /Users/admin/builder/spi-builder-workspace/.derivedData/SDKStatCaches.noindex/watchos27.0-24R360-e829b21a6f8c9b70876ba0858053c04477534ef55a1706bf4c1112bbb242f0a2.sdkstatcache -output-file-map /Users/admin/builder/spi-builder-workspace/.derivedData/Build/Intermediates.noindex/BarKit.build/Debug-watchos/BarKit-t.build/Objects-normal/arm64_32/BarKit-OutputFileMap.json -save-temps -no-color-diagnostics -explicit-module-build -module-cache-path /Users/admin/builder/spi-builder-workspace/.derivedData/Build/Intermediates.noindex/SwiftExplicitPrecompiledModules -clang-scanner-module-cache-path /Users/admin/builder/spi-builder-workspace/.derivedData/ModuleCache.noindex -sdk-module-cache-path /Users/admin/builder/spi-builder-workspace/.derivedData/SDKExplicitPrecompiledModules -emit-dependencies -emit-module -emit-module-path /Users/admin/builder/spi-builder-workspace/.derivedData/Build/Intermediates.noindex/BarKit.build/Debug-watchos/BarKit-t.build/Objects-normal/arm64_32/BarKit.swiftmodule -serialize-diagnostics -dependency-scan-serialize-diagnostics-path /Users/admin/builder/spi-builder-workspace/.derivedData/Build/Intermediates.noindex/BarKit.build/Debug-watchos/BarKit-t.build/Objects-normal/arm64_32/BarKit-dependency-scan.dia -validate-clang-modules-once -clang-build-session-file /Users/admin/builder/spi-builder-workspace/.derivedData/ModuleCache.noindex/Session.modulevalidation -Xcc -fmodules-prune-interval\=86400 -Xcc -fmodules-prune-after\=345600 -package-name spi_builder_workspace -emit-const-values -const-gather-protocols-list /Users/admin/builder/spi-builder-workspace/.derivedData/Build/Intermediates.noindex/BarKit.build/Debug-watchos/BarKit-t.build/Objects-normal/arm64_32/BarKit_const_extract_protocols.json -Xcc -I/Users/admin/builder/spi-builder-workspace/.derivedData/Build/Products/Debug-watchos/include -Xcc -I/Users/admin/builder/spi-builder-workspace/.derivedData/Build/Intermediates.noindex/BarKit.build/Debug-watchos/BarKit-t.build/DerivedSources-normal/arm64_32 -Xcc -I/Users/admin/builder/spi-builder-workspace/.derivedData/Build/Intermediates.noindex/BarKit.build/Debug-watchos/BarKit-t.build/DerivedSources/arm64_32 -Xcc -I/Users/admin/builder/spi-builder-workspace/.derivedData/Build/Intermediates.noindex/BarKit.build/Debug-watchos/BarKit-t.build/DerivedSources -Xcc -DSWIFT_PACKAGE -Xcc -DDEBUG\=1 -emit-objc-header -emit-objc-header-path /Users/admin/builder/spi-builder-workspace/.derivedData/Build/Intermediates.noindex/BarKit.build/Debug-watchos/BarKit-t.build/Objects-normal/arm64_32/BarKit-Swift.h -working-directory /Users/admin/builder/spi-builder-workspace/.swiftpm/xcode -experimental-emit-module-separately -disable-cmo
SwiftCompile normal arm64 Compiling\ IndicatorEffect.swift,\ LensDistortionConfiguration.swift,\ SelectionIndicatorConfiguration.swift,\ SelectionScaleEffect.swift,\ BadgeValue.swift /Users/admin/builder/spi-builder-workspace/Sources/BarKit/BarConfiguration/SelectionIndicator/IndicatorEffect.swift /Users/admin/builder/spi-builder-workspace/Sources/BarKit/BarConfiguration/SelectionIndicator/LensDistortionConfiguration.swift /Users/admin/builder/spi-builder-workspace/Sources/BarKit/BarConfiguration/SelectionIndicator/SelectionIndicatorConfiguration.swift /Users/admin/builder/spi-builder-workspace/Sources/BarKit/BarConfiguration/SelectionIndicator/SelectionScaleEffect.swift /Users/admin/builder/spi-builder-workspace/Sources/BarKit/BarModels/BadgeValue.swift (in target 'BarKit' from project 'BarKit')
SwiftCompile normal arm64 /Users/admin/builder/spi-builder-workspace/Sources/BarKit/BarConfiguration/SelectionIndicator/IndicatorEffect.swift (in target 'BarKit' from project 'BarKit')
cd /Users/admin/builder/spi-builder-workspace/.swiftpm/xcode
builtin-SwiftPerFileCompile IndicatorEffect.swift
SwiftCompile normal arm64 /Users/admin/builder/spi-builder-workspace/Sources/BarKit/BarConfiguration/SelectionIndicator/LensDistortionConfiguration.swift (in target 'BarKit' from project 'BarKit')
cd /Users/admin/builder/spi-builder-workspace/.swiftpm/xcode
builtin-SwiftPerFileCompile LensDistortionConfiguration.swift
SwiftCompile normal arm64 /Users/admin/builder/spi-builder-workspace/Sources/BarKit/BarConfiguration/SelectionIndicator/SelectionIndicatorConfiguration.swift (in target 'BarKit' from project 'BarKit')
cd /Users/admin/builder/spi-builder-workspace/.swiftpm/xcode
builtin-SwiftPerFileCompile SelectionIndicatorConfiguration.swift
SwiftCompile normal arm64 /Users/admin/builder/spi-builder-workspace/Sources/BarKit/BarConfiguration/SelectionIndicator/SelectionScaleEffect.swift (in target 'BarKit' from project 'BarKit')
cd /Users/admin/builder/spi-builder-workspace/.swiftpm/xcode
builtin-SwiftPerFileCompile SelectionScaleEffect.swift
SwiftCompile normal arm64 /Users/admin/builder/spi-builder-workspace/Sources/BarKit/BarModels/BadgeValue.swift (in target 'BarKit' from project 'BarKit')
cd /Users/admin/builder/spi-builder-workspace/.swiftpm/xcode
builtin-SwiftPerFileCompile BadgeValue.swift
SwiftCompile normal arm64 Compiling\ CustomBlurConfiguration.swift,\ BadgeConfiguration.swift,\ BarConfiguration.swift,\ BarLayoutAxis.swift,\ HapticFeedbackConfiguration.swift /Users/admin/builder/spi-builder-workspace/Sources/BarKit/BarConfiguration/Background/CustomBlurConfiguration.swift /Users/admin/builder/spi-builder-workspace/Sources/BarKit/BarConfiguration/Bar/BadgeConfiguration.swift /Users/admin/builder/spi-builder-workspace/Sources/BarKit/BarConfiguration/Bar/BarConfiguration.swift /Users/admin/builder/spi-builder-workspace/Sources/BarKit/BarConfiguration/Bar/BarLayoutAxis.swift /Users/admin/builder/spi-builder-workspace/Sources/BarKit/BarConfiguration/Bar/HapticFeedbackConfiguration.swift (in target 'BarKit' from project 'BarKit')
SwiftCompile normal arm64 /Users/admin/builder/spi-builder-workspace/Sources/BarKit/BarConfiguration/Background/CustomBlurConfiguration.swift (in target 'BarKit' from project 'BarKit')
cd /Users/admin/builder/spi-builder-workspace/.swiftpm/xcode
builtin-SwiftPerFileCompile CustomBlurConfiguration.swift
SwiftCompile normal arm64 /Users/admin/builder/spi-builder-workspace/Sources/BarKit/BarConfiguration/Bar/BadgeConfiguration.swift (in target 'BarKit' from project 'BarKit')
cd /Users/admin/builder/spi-builder-workspace/.swiftpm/xcode
builtin-SwiftPerFileCompile BadgeConfiguration.swift
SwiftCompile normal arm64 /Users/admin/builder/spi-builder-workspace/Sources/BarKit/BarConfiguration/Bar/BarConfiguration.swift (in target 'BarKit' from project 'BarKit')
cd /Users/admin/builder/spi-builder-workspace/.swiftpm/xcode
builtin-SwiftPerFileCompile BarConfiguration.swift
SwiftCompile normal arm64 /Users/admin/builder/spi-builder-workspace/Sources/BarKit/BarConfiguration/Bar/BarLayoutAxis.swift (in target 'BarKit' from project 'BarKit')
cd /Users/admin/builder/spi-builder-workspace/.swiftpm/xcode
builtin-SwiftPerFileCompile BarLayoutAxis.swift
SwiftCompile normal arm64 /Users/admin/builder/spi-builder-workspace/Sources/BarKit/BarConfiguration/Bar/HapticFeedbackConfiguration.swift (in target 'BarKit' from project 'BarKit')
cd /Users/admin/builder/spi-builder-workspace/.swiftpm/xcode
builtin-SwiftPerFileCompile HapticFeedbackConfiguration.swift
SwiftCompile normal arm64 Compiling\ resource_bundle_accessor.swift,\ AnimationParameters.swift,\ BarAnimation.swift,\ BarBackground.swift,\ BarMaterial.swift /Users/admin/builder/spi-builder-workspace/.derivedData/Build/Intermediates.noindex/BarKit.build/Debug-watchos/BarKit-t.build/DerivedSources/resource_bundle_accessor.swift /Users/admin/builder/spi-builder-workspace/Sources/BarKit/BarConfiguration/Animation/AnimationParameters.swift /Users/admin/builder/spi-builder-workspace/Sources/BarKit/BarConfiguration/Animation/BarAnimation.swift /Users/admin/builder/spi-builder-workspace/Sources/BarKit/BarConfiguration/Background/BarBackground.swift /Users/admin/builder/spi-builder-workspace/Sources/BarKit/BarConfiguration/Background/BarMaterial.swift (in target 'BarKit' from project 'BarKit')
/Users/admin/builder/spi-builder-workspace/Sources/BarKit/BarConfiguration/Background/BarMaterial.swift:21:26: error: 'bar' is unavailable in watchOS
19 | var resolved: Material {
20 | switch self {
21 | case .bar: .bar
| `- error: 'bar' is unavailable in watchOS
22 | case .ultraThin: .ultraThinMaterial
23 | case .thin: .thinMaterial
SwiftUI.Material.bar:2:19: note: 'bar' has been explicitly marked unavailable here
1 | struct Material {
2 | public static let bar: Material}
| `- note: 'bar' has been explicitly marked unavailable here
3 |
/Users/admin/builder/spi-builder-workspace/Sources/BarKit/BarConfiguration/Background/BarMaterial.swift:22:27: error: 'ultraThinMaterial' is only available in watchOS 10.0 or newer
9 |
10 | /// The available system material styles for a bar background.
11 | public enum BarMaterial {
| `- note: add '@available' attribute to enclosing enum
12 | case bar
13 | case ultraThin
:
17 |
18 | /// The corresponding SwiftUI `Material` value.
19 | var resolved: Material {
| `- note: add '@available' attribute to enclosing property
20 | switch self {
21 | case .bar: .bar
22 | case .ultraThin: .ultraThinMaterial
| |- error: 'ultraThinMaterial' is only available in watchOS 10.0 or newer
| `- note: add 'if #available' version check
23 | case .thin: .thinMaterial
24 | case .regular: .regularMaterial
/Users/admin/builder/spi-builder-workspace/Sources/BarKit/BarConfiguration/Background/BarMaterial.swift:23:27: error: 'thinMaterial' is only available in watchOS 10.0 or newer
9 |
10 | /// The available system material styles for a bar background.
11 | public enum BarMaterial {
| `- note: add '@available' attribute to enclosing enum
12 | case bar
13 | case ultraThin
:
17 |
18 | /// The corresponding SwiftUI `Material` value.
19 | var resolved: Material {
| `- note: add '@available' attribute to enclosing property
20 | switch self {
21 | case .bar: .bar
22 | case .ultraThin: .ultraThinMaterial
23 | case .thin: .thinMaterial
| |- error: 'thinMaterial' is only available in watchOS 10.0 or newer
| `- note: add 'if #available' version check
24 | case .regular: .regularMaterial
25 | case .thick: .thickMaterial
/Users/admin/builder/spi-builder-workspace/Sources/BarKit/BarConfiguration/Background/BarMaterial.swift:24:27: error: 'regularMaterial' is only available in watchOS 10.0 or newer
9 |
10 | /// The available system material styles for a bar background.
11 | public enum BarMaterial {
| `- note: add '@available' attribute to enclosing enum
12 | case bar
13 | case ultraThin
:
17 |
18 | /// The corresponding SwiftUI `Material` value.
19 | var resolved: Material {
| `- note: add '@available' attribute to enclosing property
20 | switch self {
21 | case .bar: .bar
22 | case .ultraThin: .ultraThinMaterial
23 | case .thin: .thinMaterial
24 | case .regular: .regularMaterial
| |- error: 'regularMaterial' is only available in watchOS 10.0 or newer
| `- note: add 'if #available' version check
25 | case .thick: .thickMaterial
26 | }
SwiftCompile normal arm64 /Users/admin/builder/spi-builder-workspace/.derivedData/Build/Intermediates.noindex/BarKit.build/Debug-watchos/BarKit-t.build/DerivedSources/resource_bundle_accessor.swift (in target 'BarKit' from project 'BarKit')
cd /Users/admin/builder/spi-builder-workspace/.swiftpm/xcode
builtin-SwiftPerFileCompile resource_bundle_accessor.swift
SwiftCompile normal arm64 /Users/admin/builder/spi-builder-workspace/Sources/BarKit/BarConfiguration/Animation/AnimationParameters.swift (in target 'BarKit' from project 'BarKit')
cd /Users/admin/builder/spi-builder-workspace/.swiftpm/xcode
builtin-SwiftPerFileCompile AnimationParameters.swift
SwiftCompile normal arm64 /Users/admin/builder/spi-builder-workspace/Sources/BarKit/BarConfiguration/Animation/BarAnimation.swift (in target 'BarKit' from project 'BarKit')
cd /Users/admin/builder/spi-builder-workspace/.swiftpm/xcode
builtin-SwiftPerFileCompile BarAnimation.swift
SwiftCompile normal arm64 /Users/admin/builder/spi-builder-workspace/Sources/BarKit/BarConfiguration/Background/BarBackground.swift (in target 'BarKit' from project 'BarKit')
cd /Users/admin/builder/spi-builder-workspace/.swiftpm/xcode
builtin-SwiftPerFileCompile BarBackground.swift
SwiftCompile normal arm64 /Users/admin/builder/spi-builder-workspace/Sources/BarKit/BarConfiguration/Background/BarMaterial.swift (in target 'BarKit' from project 'BarKit')
cd /Users/admin/builder/spi-builder-workspace/.swiftpm/xcode
builtin-SwiftPerFileCompile BarMaterial.swift
SwiftCompile normal arm64 Compiling\ View+Frame.swift,\ View+adaptiveCoordinateSpace.swift,\ View+barShadow.swift,\ View+capturePreference.swift,\ View+hapticFeedback.swift /Users/admin/builder/spi-builder-workspace/Sources/BarKit/Extensions/View+Frame.swift /Users/admin/builder/spi-builder-workspace/Sources/BarKit/Extensions/View+adaptiveCoordinateSpace.swift /Users/admin/builder/spi-builder-workspace/Sources/BarKit/Extensions/View+barShadow.swift /Users/admin/builder/spi-builder-workspace/Sources/BarKit/Extensions/View+capturePreference.swift /Users/admin/builder/spi-builder-workspace/Sources/BarKit/Extensions/View+hapticFeedback.swift (in target 'BarKit' from project 'BarKit')
/Users/admin/builder/spi-builder-workspace/Sources/BarKit/Extensions/View+adaptiveCoordinateSpace.swift:15:18: error: 'coordinateSpace' is only available in watchOS 10.0 or newer
8 | import SwiftUI
9 |
10 | extension View {
| `- note: add '@available' attribute to enclosing extension
11 | /// Applies a named coordinate space using the appropriate API for the current OS version.
12 | @ViewBuilder
13 | func adaptiveCoordinateSpace(name: String) -> some View {
| `- note: add '@available' attribute to enclosing instance method
14 | if #available(iOS 17.0, *) {
15 | self.coordinateSpace(.named(name))
| |- error: 'coordinateSpace' is only available in watchOS 10.0 or newer
| `- note: add 'if #available' version check
16 | } else {
17 | self.coordinateSpace(name: name)
/Users/admin/builder/spi-builder-workspace/Sources/BarKit/Extensions/View+adaptiveCoordinateSpace.swift:15:35: error: 'named' is only available in watchOS 10.0 or newer
8 | import SwiftUI
9 |
10 | extension View {
| `- note: add '@available' attribute to enclosing extension
11 | /// Applies a named coordinate space using the appropriate API for the current OS version.
12 | @ViewBuilder
13 | func adaptiveCoordinateSpace(name: String) -> some View {
| `- note: add '@available' attribute to enclosing instance method
14 | if #available(iOS 17.0, *) {
15 | self.coordinateSpace(.named(name))
| |- error: 'named' is only available in watchOS 10.0 or newer
| `- note: add 'if #available' version check
16 | } else {
17 | self.coordinateSpace(name: name)
SwiftCompile normal arm64 /Users/admin/builder/spi-builder-workspace/Sources/BarKit/Extensions/View+Frame.swift (in target 'BarKit' from project 'BarKit')
cd /Users/admin/builder/spi-builder-workspace/.swiftpm/xcode
builtin-SwiftPerFileCompile View+Frame.swift
SwiftCompile normal arm64 /Users/admin/builder/spi-builder-workspace/Sources/BarKit/Extensions/View+adaptiveCoordinateSpace.swift (in target 'BarKit' from project 'BarKit')
cd /Users/admin/builder/spi-builder-workspace/.swiftpm/xcode
builtin-SwiftPerFileCompile View+adaptiveCoordinateSpace.swift
SwiftCompile normal arm64 /Users/admin/builder/spi-builder-workspace/Sources/BarKit/Extensions/View+barShadow.swift (in target 'BarKit' from project 'BarKit')
cd /Users/admin/builder/spi-builder-workspace/.swiftpm/xcode
builtin-SwiftPerFileCompile View+barShadow.swift
SwiftCompile normal arm64 /Users/admin/builder/spi-builder-workspace/Sources/BarKit/Extensions/View+capturePreference.swift (in target 'BarKit' from project 'BarKit')
cd /Users/admin/builder/spi-builder-workspace/.swiftpm/xcode
builtin-SwiftPerFileCompile View+capturePreference.swift
SwiftCompile normal arm64 /Users/admin/builder/spi-builder-workspace/Sources/BarKit/Extensions/View+hapticFeedback.swift (in target 'BarKit' from project 'BarKit')
cd /Users/admin/builder/spi-builder-workspace/.swiftpm/xcode
builtin-SwiftPerFileCompile View+hapticFeedback.swift
SwiftCompile normal arm64 Compiling\ View+hideBar.swift,\ View+indicatorLens.swift,\ View+indicatorLensEffect.swift,\ View+registerBarVisibility.swift,\ EnvironmentKeys.swift /Users/admin/builder/spi-builder-workspace/Sources/BarKit/Extensions/View+hideBar.swift /Users/admin/builder/spi-builder-workspace/Sources/BarKit/Extensions/View+indicatorLens.swift /Users/admin/builder/spi-builder-workspace/Sources/BarKit/Extensions/View+indicatorLensEffect.swift /Users/admin/builder/spi-builder-workspace/Sources/BarKit/Extensions/View+registerBarVisibility.swift /Users/admin/builder/spi-builder-workspace/Sources/BarKit/Keys/EnvironmentKeys.swift (in target 'BarKit' from project 'BarKit')
SwiftCompile normal arm64 /Users/admin/builder/spi-builder-workspace/Sources/BarKit/Extensions/View+hideBar.swift (in target 'BarKit' from project 'BarKit')
cd /Users/admin/builder/spi-builder-workspace/.swiftpm/xcode
builtin-SwiftPerFileCompile View+hideBar.swift
SwiftCompile normal arm64 /Users/admin/builder/spi-builder-workspace/Sources/BarKit/Extensions/View+indicatorLens.swift (in target 'BarKit' from project 'BarKit')
cd /Users/admin/builder/spi-builder-workspace/.swiftpm/xcode
builtin-SwiftPerFileCompile View+indicatorLens.swift
SwiftCompile normal arm64 /Users/admin/builder/spi-builder-workspace/Sources/BarKit/Extensions/View+indicatorLensEffect.swift (in target 'BarKit' from project 'BarKit')
cd /Users/admin/builder/spi-builder-workspace/.swiftpm/xcode
builtin-SwiftPerFileCompile View+indicatorLensEffect.swift
SwiftCompile normal arm64 /Users/admin/builder/spi-builder-workspace/Sources/BarKit/Extensions/View+registerBarVisibility.swift (in target 'BarKit' from project 'BarKit')
cd /Users/admin/builder/spi-builder-workspace/.swiftpm/xcode
builtin-SwiftPerFileCompile View+registerBarVisibility.swift
SwiftCompile normal arm64 /Users/admin/builder/spi-builder-workspace/Sources/BarKit/Keys/EnvironmentKeys.swift (in target 'BarKit' from project 'BarKit')
cd /Users/admin/builder/spi-builder-workspace/.swiftpm/xcode
builtin-SwiftPerFileCompile EnvironmentKeys.swift
/Users/admin/builder/spi-builder-workspace/Sources/BarKit/Extensions/View+indicatorLensEffect.swift:34:27: error: 'ShaderLibrary' is unavailable in watchOS
32 | ) -> some View {
33 | if #available(iOS 17.0, *) {
34 | let library = ShaderLibrary.indicatorLibrary
| `- error: 'ShaderLibrary' is unavailable in watchOS
35 | self.layerEffect(
36 | library.indicatorLensEffect(
SwiftUI.ShaderLibrary:3:36: note: 'ShaderLibrary' has been explicitly marked unavailable here
1 | @available(iOS 17.0, macOS 14.0, tvOS 17.0, *)
2 | @available(watchOS, unavailable)
3 | @dynamicMemberLookup public struct ShaderLibrary : Equatable, @unchecked Sendable {
| `- note: 'ShaderLibrary' has been explicitly marked unavailable here
4 | public static let `default`: ShaderLibrary
5 | public static func bundle(_ bundle: Bundle) -> ShaderLibrary
SwiftCompile normal arm64 Compiling\ PreferenceKeys.swift,\ BarContainerAccessibilityModifier.swift,\ BarItemAccessibilityModifier.swift,\ DebugVisualsModifier.swift /Users/admin/builder/spi-builder-workspace/Sources/BarKit/Keys/PreferenceKeys.swift /Users/admin/builder/spi-builder-workspace/Sources/BarKit/ViewModifiers/BarContainerAccessibilityModifier.swift /Users/admin/builder/spi-builder-workspace/Sources/BarKit/ViewModifiers/BarItemAccessibilityModifier.swift /Users/admin/builder/spi-builder-workspace/Sources/BarKit/ViewModifiers/DebugVisualsModifier.swift (in target 'BarKit' from project 'BarKit')
SwiftCompile normal arm64 /Users/admin/builder/spi-builder-workspace/Sources/BarKit/Keys/PreferenceKeys.swift (in target 'BarKit' from project 'BarKit')
cd /Users/admin/builder/spi-builder-workspace/.swiftpm/xcode
builtin-SwiftPerFileCompile PreferenceKeys.swift
SwiftCompile normal arm64 /Users/admin/builder/spi-builder-workspace/Sources/BarKit/ViewModifiers/BarContainerAccessibilityModifier.swift (in target 'BarKit' from project 'BarKit')
cd /Users/admin/builder/spi-builder-workspace/.swiftpm/xcode
builtin-SwiftPerFileCompile BarContainerAccessibilityModifier.swift
SwiftCompile normal arm64 /Users/admin/builder/spi-builder-workspace/Sources/BarKit/ViewModifiers/BarItemAccessibilityModifier.swift (in target 'BarKit' from project 'BarKit')
cd /Users/admin/builder/spi-builder-workspace/.swiftpm/xcode
builtin-SwiftPerFileCompile BarItemAccessibilityModifier.swift
SwiftCompile normal arm64 /Users/admin/builder/spi-builder-workspace/Sources/BarKit/ViewModifiers/DebugVisualsModifier.swift (in target 'BarKit' from project 'BarKit')
cd /Users/admin/builder/spi-builder-workspace/.swiftpm/xcode
builtin-SwiftPerFileCompile DebugVisualsModifier.swift
SwiftEmitModule normal arm64 Emitting\ module\ for\ BarKit (in target 'BarKit' from project 'BarKit')
/Users/admin/builder/spi-builder-workspace/Sources/BarKit/BarConfiguration/Bar/HapticFeedbackConfiguration.swift:31:26: error: 'SensoryFeedback' is only available in watchOS 10.0 or newer
10 | /// Defines the haptic feedback style triggered when the selected bar item changes.
11 | /// Requires iOS 17 or later; has no effect on earlier versions.
12 | public enum HapticFeedbackConfiguration {
| `- note: add '@available' attribute to enclosing enum
13 |
14 | /// A feedback style that indicates a change in selection.
:
29 | /// Maps to the corresponding `SensoryFeedback` value.
30 | @available(iOS 17.0, *)
31 | var sensoryFeedback: SensoryFeedback {
| | `- error: 'SensoryFeedback' is only available in watchOS 10.0 or newer
| `- note: add '@available' attribute to enclosing property
32 | switch self {
33 | case .selection: .selection
/Users/admin/builder/spi-builder-workspace/Sources/BarKit/BarViews/BarView.swift:493:6: error: 'Previewable()' is only available in watchOS 10.0 or newer
491 | @Previewable @State var selected: PreviewBarItem = .init(title: "Home", icon: .system("house.fill"))
492 | @Previewable @State var selectedTab: Int = 0
493 | @Previewable @State var badges: [AnyHashable: BadgeValue] = [
| |- error: 'Previewable()' is only available in watchOS 10.0 or newer
| `- note: add 'if #available' version check
494 | "Home": .count(333),
495 | "Search": .dot,
/Users/admin/builder/spi-builder-workspace/Sources/BarKit/BarViews/BarView.swift:491:6: error: 'Previewable()' is only available in watchOS 10.0 or newer
489 | @available(iOS 17.0, *)
490 | #Preview("BarView - Horizontal") {
491 | @Previewable @State var selected: PreviewBarItem = .init(title: "Home", icon: .system("house.fill"))
| |- error: 'Previewable()' is only available in watchOS 10.0 or newer
| `- note: add 'if #available' version check
492 | @Previewable @State var selectedTab: Int = 0
493 | @Previewable @State var badges: [AnyHashable: BadgeValue] = [
/Users/admin/builder/spi-builder-workspace/Sources/BarKit/BarViews/BarView.swift:492:6: error: 'Previewable()' is only available in watchOS 10.0 or newer
490 | #Preview("BarView - Horizontal") {
491 | @Previewable @State var selected: PreviewBarItem = .init(title: "Home", icon: .system("house.fill"))
492 | @Previewable @State var selectedTab: Int = 0
| |- error: 'Previewable()' is only available in watchOS 10.0 or newer
| `- note: add 'if #available' version check
493 | @Previewable @State var badges: [AnyHashable: BadgeValue] = [
494 | "Home": .count(333),
/Users/admin/builder/spi-builder-workspace/Sources/BarKit/BarViews/BarView.swift:532:6: error: 'Previewable()' is only available in watchOS 10.0 or newer
530 | #Preview("BarView - Vertical") {
531 | @Previewable @State var selected: PreviewBarItem = .init(title: "Home", icon: .system("house.fill"))
532 | @Previewable @State var badges: [AnyHashable: BadgeValue] = [
| |- error: 'Previewable()' is only available in watchOS 10.0 or newer
| `- note: add 'if #available' version check
533 | "Home": .count(333),
534 | "Search": .dot,
/Users/admin/builder/spi-builder-workspace/Sources/BarKit/BarViews/BarView.swift:531:6: error: 'Previewable()' is only available in watchOS 10.0 or newer
529 | @available(iOS 17.0, *)
530 | #Preview("BarView - Vertical") {
531 | @Previewable @State var selected: PreviewBarItem = .init(title: "Home", icon: .system("house.fill"))
| |- error: 'Previewable()' is only available in watchOS 10.0 or newer
| `- note: add 'if #available' version check
532 | @Previewable @State var badges: [AnyHashable: BadgeValue] = [
533 | "Home": .count(333),
/Users/admin/builder/spi-builder-workspace/Sources/BarKit/BarViews/FloatingTabBarView.swift:127:6: error: 'Previewable()' is only available in watchOS 10.0 or newer
125 | icon: .system("house.fill")
126 | )
127 | @Previewable @State var badges: [AnyHashable: BadgeValue] = [
| |- error: 'Previewable()' is only available in watchOS 10.0 or newer
| `- note: add 'if #available' version check
128 | "Home": .count(3),
129 | "Search": .dot,
/Users/admin/builder/spi-builder-workspace/Sources/BarKit/BarViews/FloatingTabBarView.swift:123:6: error: 'Previewable()' is only available in watchOS 10.0 or newer
121 | @available(iOS 17.0, *)
122 | #Preview("FloatingTabBarView") {
123 | @Previewable @State var selected: PreviewBarItem = .init(
| |- error: 'Previewable()' is only available in watchOS 10.0 or newer
| `- note: add 'if #available' version check
124 | title: "Home",
125 | icon: .system("house.fill")
/Users/admin/builder/spi-builder-workspace/Sources/BarKit/BarViews/PinnedTabBarView.swift:143:6: error: 'Previewable()' is only available in watchOS 10.0 or newer
141 | icon: .system("house.fill")
142 | )
143 | @Previewable @State var badges: [AnyHashable: BadgeValue] = [
| |- error: 'Previewable()' is only available in watchOS 10.0 or newer
| `- note: add 'if #available' version check
144 | "Home": .count(3),
145 | "Search": .dot,
/Users/admin/builder/spi-builder-workspace/Sources/BarKit/BarViews/PinnedTabBarView.swift:139:6: error: 'Previewable()' is only available in watchOS 10.0 or newer
137 | @available(iOS 17.0, *)
138 | #Preview("PinnedTabBarView - Regular") {
139 | @Previewable @State var selected: PreviewBarItem = .init(
| |- error: 'Previewable()' is only available in watchOS 10.0 or newer
| `- note: add 'if #available' version check
140 | title: "Home",
141 | icon: .system("house.fill")
/Users/admin/builder/spi-builder-workspace/Sources/BarKit/BarViews/PinnedTabBarView.swift:169:6: error: 'Previewable()' is only available in watchOS 10.0 or newer
167 | @available(iOS 17.0, *)
168 | #Preview("PinnedTabBarView - Prominent") {
169 | @Previewable @State var selected: PreviewBarItem = .init(
| |- error: 'Previewable()' is only available in watchOS 10.0 or newer
| `- note: add 'if #available' version check
170 | title: "Camera",
171 | icon: .system("camera.fill"),
/Users/admin/builder/spi-builder-workspace/Sources/BarKit/Extensions/ShaderLibrary+indicatorLibrary.swift:14:34: error: 'ShaderLibrary' is unavailable in watchOS
12 | /// The precompiled Metal shader library for the indicator lens effect,
13 | /// selected based on the current runtime environment.
14 | static let indicatorLibrary: ShaderLibrary = {
| `- error: 'ShaderLibrary' is unavailable in watchOS
15 | #if targetEnvironment(simulator)
16 | let name = "IndicatorEffects-iphonesimulator"
SwiftUI.ShaderLibrary:3:36: note: 'ShaderLibrary' has been explicitly marked unavailable here
1 | @available(iOS 17.0, macOS 14.0, tvOS 17.0, *)
2 | @available(watchOS, unavailable)
3 | @dynamicMemberLookup public struct ShaderLibrary : Equatable, @unchecked Sendable {
| `- note: 'ShaderLibrary' has been explicitly marked unavailable here
4 | public static let `default`: ShaderLibrary
5 | public static func bundle(_ bundle: Bundle) -> ShaderLibrary
/Users/admin/builder/spi-builder-workspace/Sources/BarKit/Extensions/ShaderLibrary+indicatorLibrary.swift:27:16: error: 'ShaderLibrary' is unavailable in watchOS
25 | fatalError("BarKit: missing Metal library '\(name).metallib' in bundle.")
26 | }
27 | return ShaderLibrary(url: url)
| `- error: 'ShaderLibrary' is unavailable in watchOS
28 | }()
29 | }
SwiftUI.ShaderLibrary:3:36: note: 'ShaderLibrary' has been explicitly marked unavailable here
1 | @available(iOS 17.0, macOS 14.0, tvOS 17.0, *)
2 | @available(watchOS, unavailable)
3 | @dynamicMemberLookup public struct ShaderLibrary : Equatable, @unchecked Sendable {
| `- note: 'ShaderLibrary' has been explicitly marked unavailable here
4 | public static let `default`: ShaderLibrary
5 | public static func bundle(_ bundle: Bundle) -> ShaderLibrary
/Users/admin/builder/spi-builder-workspace/Sources/BarKit/Extensions/ShaderLibrary+indicatorLibrary.swift:11:11: error: 'ShaderLibrary' is unavailable in watchOS
9 |
10 | @available(iOS 17.0, *)
11 | extension ShaderLibrary {
| `- error: 'ShaderLibrary' is unavailable in watchOS
12 | /// The precompiled Metal shader library for the indicator lens effect,
13 | /// selected based on the current runtime environment.
SwiftUI.ShaderLibrary:3:36: note: 'ShaderLibrary' has been explicitly marked unavailable here
1 | @available(iOS 17.0, macOS 14.0, tvOS 17.0, *)
2 | @available(watchOS, unavailable)
3 | @dynamicMemberLookup public struct ShaderLibrary : Equatable, @unchecked Sendable {
| `- note: 'ShaderLibrary' has been explicitly marked unavailable here
4 | public static let `default`: ShaderLibrary
5 | public static func bundle(_ bundle: Bundle) -> ShaderLibrary
Failed frontend command:
/Applications/Xcode-27.0.0-Release.Candidate.app/Contents/Developer/Toolchains/XcodeDefault.xctoolchain/usr/bin/swift-frontend -frontend -emit-module -experimental-skip-non-inlinable-function-bodies-without-types /Users/admin/builder/spi-builder-workspace/.derivedData/Build/Intermediates.noindex/BarKit.build/Debug-watchos/BarKit-t.build/DerivedSources/resource_bundle_accessor.swift /Users/admin/builder/spi-builder-workspace/Sources/BarKit/BarConfiguration/Animation/AnimationParameters.swift /Users/admin/builder/spi-builder-workspace/Sources/BarKit/BarConfiguration/Animation/BarAnimation.swift /Users/admin/builder/spi-builder-workspace/Sources/BarKit/BarConfiguration/Background/BarBackground.swift /Users/admin/builder/spi-builder-workspace/Sources/BarKit/BarConfiguration/Background/BarMaterial.swift /Users/admin/builder/spi-builder-workspace/Sources/BarKit/BarConfiguration/Background/CustomBlurConfiguration.swift /Users/admin/builder/spi-builder-workspace/Sources/BarKit/BarConfiguration/Bar/BadgeConfiguration.swift /Users/admin/builder/spi-builder-workspace/Sources/BarKit/BarConfiguration/Bar/BarConfiguration.swift /Users/admin/builder/spi-builder-workspace/Sources/BarKit/BarConfiguration/Bar/BarLayoutAxis.swift /Users/admin/builder/spi-builder-workspace/Sources/BarKit/BarConfiguration/Bar/HapticFeedbackConfiguration.swift /Users/admin/builder/spi-builder-workspace/Sources/BarKit/BarConfiguration/Bar/ShadowConfiguration.swift /Users/admin/builder/spi-builder-workspace/Sources/BarKit/BarConfiguration/Item/ItemConfiguration.swift /Users/admin/builder/spi-builder-workspace/Sources/BarKit/BarConfiguration/Item/ItemContentAxis.swift /Users/admin/builder/spi-builder-workspace/Sources/BarKit/BarConfiguration/SelectionIndicator/BorderConfiguration.swift /Users/admin/builder/spi-builder-workspace/Sources/BarKit/BarConfiguration/SelectionIndicator/ChromaticAberrationConfiguration.swift /Users/admin/builder/spi-builder-workspace/Sources/BarKit/BarConfiguration/SelectionIndicator/IndicatorEffect.swift /Users/admin/builder/spi-builder-workspace/Sources/BarKit/BarConfiguration/SelectionIndicator/LensDistortionConfiguration.swift /Users/admin/builder/spi-builder-workspace/Sources/BarKit/BarConfiguration/SelectionIndicator/SelectionIndicatorConfiguration.swift /Users/admin/builder/spi-builder-workspace/Sources/BarKit/BarConfiguration/SelectionIndicator/SelectionScaleEffect.swift /Users/admin/builder/spi-builder-workspace/Sources/BarKit/BarModels/BadgeValue.swift /Users/admin/builder/spi-builder-workspace/Sources/BarKit/BarModels/BarIcon.swift /Users/admin/builder/spi-builder-workspace/Sources/BarKit/BarModels/BarItemAlignment.swift /Users/admin/builder/spi-builder-workspace/Sources/BarKit/BarModels/BarItemProtocol.swift /Users/admin/builder/spi-builder-workspace/Sources/BarKit/BarModels/BarItemStyle.swift /Users/admin/builder/spi-builder-workspace/Sources/BarKit/BarViews/BadgeView.swift /Users/admin/builder/spi-builder-workspace/Sources/BarKit/BarViews/BarIconView.swift /Users/admin/builder/spi-builder-workspace/Sources/BarKit/BarViews/BarItemOverlayView.swift /Users/admin/builder/spi-builder-workspace/Sources/BarKit/BarViews/BarItemView.swift /Users/admin/builder/spi-builder-workspace/Sources/BarKit/BarViews/BarView.swift /Users/admin/builder/spi-builder-workspace/Sources/BarKit/BarViews/FloatingTabBarView.swift /Users/admin/builder/spi-builder-workspace/Sources/BarKit/BarViews/PinnedTabBarView.swift /Users/admin/builder/spi-builder-workspace/Sources/BarKit/Extensions/CGRect+scaled.swift /Users/admin/builder/spi-builder-workspace/Sources/BarKit/Extensions/Font+UITextStyle.swift /Users/admin/builder/spi-builder-workspace/Sources/BarKit/Extensions/ShaderLibrary+indicatorLibrary.swift /Users/admin/builder/spi-builder-workspace/Sources/BarKit/Extensions/View+Debug.swift /Users/admin/builder/spi-builder-workspace/Sources/BarKit/Extensions/View+Frame.swift /Users/admin/builder/spi-builder-workspace/Sources/BarKit/Extensions/View+adaptiveCoordinateSpace.swift /Users/admin/builder/spi-builder-workspace/Sources/BarKit/Extensions/View+barShadow.swift /Users/admin/builder/spi-builder-workspace/Sources/BarKit/Extensions/View+capturePreference.swift /Users/admin/builder/spi-builder-workspace/Sources/BarKit/Extensions/View+hapticFeedback.swift /Users/admin/builder/spi-builder-workspace/Sources/BarKit/Extensions/View+hideBar.swift /Users/admin/builder/spi-builder-workspace/Sources/BarKit/Extensions/View+indicatorLens.swift /Users/admin/builder/spi-builder-workspace/Sources/BarKit/Extensions/View+indicatorLensEffect.swift /Users/admin/builder/spi-builder-workspace/Sources/BarKit/Extensions/View+registerBarVisibility.swift /Users/admin/builder/spi-builder-workspace/Sources/BarKit/Keys/EnvironmentKeys.swift /Users/admin/builder/spi-builder-workspace/Sources/BarKit/Keys/PreferenceKeys.swift /Users/admin/builder/spi-builder-workspace/Sources/BarKit/ViewModifiers/BarContainerAccessibilityModifier.swift /Users/admin/builder/spi-builder-workspace/Sources/BarKit/ViewModifiers/BarItemAccessibilityModifier.swift /Users/admin/builder/spi-builder-workspace/Sources/BarKit/ViewModifiers/DebugVisualsModifier.swift -target arm64-apple-watchos9.0 -disable-cross-import-overlay-search -load-resolved-plugin /Applications/Xcode-27.0.0-Release.Candidate.app/Contents/Developer/Platforms/WatchOS.platform/Developer/usr/lib/swift/host/plugins/libFoundationMacros.dylib\#/Applications/Xcode-27.0.0-Release.Candidate.app/Contents/Developer/Platforms/WatchOS.platform/Developer/usr/bin/swift-plugin-server\#FoundationMacros -load-resolved-plugin /Applications/Xcode-27.0.0-Release.Candidate.app/Contents/Developer/Platforms/WatchOS.platform/Developer/usr/lib/swift/host/plugins/libObservationMacros.dylib\#/Applications/Xcode-27.0.0-Release.Candidate.app/Contents/Developer/Platforms/WatchOS.platform/Developer/usr/bin/swift-plugin-server\#ObservationMacros -load-resolved-plugin /Applications/Xcode-27.0.0-Release.Candidate.app/Contents/Developer/Platforms/WatchOS.platform/Developer/usr/lib/swift/host/plugins/libPreviewsMacros.dylib\#/Applications/Xcode-27.0.0-Release.Candidate.app/Contents/Developer/Platforms/WatchOS.platform/Developer/usr/bin/swift-plugin-server\#PreviewsMacros -load-resolved-plugin /Applications/Xcode-27.0.0-Release.Candidate.app/Contents/Developer/Platforms/WatchOS.platform/Developer/usr/lib/swift/host/plugins/libSwiftMacros.dylib\#/Applications/Xcode-27.0.0-Release.Candidate.app/Contents/Developer/Platforms/WatchOS.platform/Developer/usr/bin/swift-plugin-server\#SwiftMacros -load-resolved-plugin /Applications/Xcode-27.0.0-Release.Candidate.app/Contents/Developer/Platforms/WatchOS.platform/Developer/usr/lib/swift/host/plugins/libSwiftUIMacros.dylib\#/Applications/Xcode-27.0.0-Release.Candidate.app/Contents/Developer/Platforms/WatchOS.platform/Developer/usr/bin/swift-plugin-server\#SwiftUIMacros -disable-implicit-swift-modules -Xcc -fno-implicit-modules -Xcc -fno-implicit-module-maps -explicit-swift-module-map-file /Users/admin/builder/spi-builder-workspace/.derivedData/Build/Intermediates.noindex/BarKit.build/Debug-watchos/BarKit-t.build/Objects-normal/arm64/BarKit-dependencies-1.json -Xllvm -aarch64-use-tbi -enable-objc-interop -stack-check -sdk /Applications/Xcode-27.0.0-Release.Candidate.app/Contents/Developer/Platforms/WatchOS.platform/Developer/SDKs/WatchOS27.0.sdk -I /Users/admin/builder/spi-builder-workspace/.derivedData/Build/Products/Debug-watchos -Isystem /Applications/Xcode-27.0.0-Release.Candidate.app/Contents/Developer/Platforms/WatchOS.platform/Developer/usr/lib -F /Users/admin/builder/spi-builder-workspace/.derivedData/Build/Products/Debug-watchos -F /Applications/Xcode-27.0.0-Release.Candidate.app/Contents/Developer/Platforms/WatchOS.platform/Developer/Library/Frameworks -F /Applications/Xcode-27.0.0-Release.Candidate.app/Contents/Developer/Platforms/WatchOS.platform/Developer/SDKs/WatchOS27.0.sdk/Developer/Library/Frameworks -module-cache-path /Users/admin/builder/spi-builder-workspace/.derivedData/Build/Intermediates.noindex/SwiftExplicitPrecompiledModules -no-color-diagnostics -Xcc -fno-color-diagnostics -enable-testing -g -debug-info-format\=dwarf -dwarf-version\=4 -swift-version 6 -Onone -D SWIFT_PACKAGE -D DEBUG -D SWIFT_MODULE_RESOURCE_BUNDLE_AVAILABLE -D Xcode -serialize-debugging-options -enable-experimental-feature DebugDescriptionMacro -empty-abi-descriptor -validate-clang-modules-once -clang-build-session-file /Users/admin/builder/spi-builder-workspace/.derivedData/ModuleCache.noindex/Session.modulevalidation -Xcc -working-directory -Xcc /Users/admin/builder/spi-builder-workspace/.swiftpm/xcode -enable-anonymous-context-mangled-names -file-compilation-dir /Users/admin/builder/spi-builder-workspace/.swiftpm/xcode -Xcc -D_LIBCPP_HARDENING_MODE\=_LIBCPP_HARDENING_MODE_DEBUG -Xcc -ivfsstatcache -Xcc /Users/admin/builder/spi-builder-workspace/.derivedData/SDKStatCaches.noindex/watchos27.0-24R360-e829b21a6f8c9b70876ba0858053c04477534ef55a1706bf4c1112bbb242f0a2.sdkstatcache -Xcc -fmodules-prune-interval\=86400 -Xcc -fmodules-prune-after\=345600 -Xcc -I/Users/admin/builder/spi-builder-workspace/.derivedData/Build/Products/Debug-watchos/include -Xcc -I/Users/admin/builder/spi-builder-workspace/.derivedData/Build/Intermediates.noindex/BarKit.build/Debug-watchos/BarKit-t.build/DerivedSources-normal/arm64 -Xcc -I/Users/admin/builder/spi-builder-workspace/.derivedData/Build/Intermediates.noindex/BarKit.build/Debug-watchos/BarKit-t.build/DerivedSources/arm64 -Xcc -I/Users/admin/builder/spi-builder-workspace/.derivedData/Build/Intermediates.noindex/BarKit.build/Debug-watchos/BarKit-t.build/DerivedSources -Xcc -DSWIFT_PACKAGE -Xcc -DDEBUG\=1 -no-auto-bridging-header-chaining -module-name BarKit -package-name spi_builder_workspace -const-gather-protocols-file /Users/admin/builder/spi-builder-workspace/.derivedData/Build/Intermediates.noindex/BarKit.build/Debug-watchos/BarKit-t.build/Objects-normal/arm64/BarKit_const_extract_protocols.json -disable-clang-spi -clang-target arm64-apple-watchos27.0 -target-sdk-version 27.0 -target-sdk-name watchos27.0 -in-process-plugin-server-path /Applications/Xcode-27.0.0-Release.Candidate.app/Contents/Developer/Toolchains/XcodeDefault.xctoolchain/usr/lib/swift/host/libSwiftInProcPluginServer.dylib -emit-module-doc-path /Users/admin/builder/spi-builder-workspace/.derivedData/Build/Intermediates.noindex/BarKit.build/Debug-watchos/BarKit-t.build/Objects-normal/arm64/BarKit.swiftdoc -emit-module-source-info-path /Users/admin/builder/spi-builder-workspace/.derivedData/Build/Intermediates.noindex/BarKit.build/Debug-watchos/BarKit-t.build/Objects-normal/arm64/BarKit.swiftsourceinfo -emit-objc-header-path /Users/admin/builder/spi-builder-workspace/.derivedData/Build/Intermediates.noindex/BarKit.build/Debug-watchos/BarKit-t.build/Objects-normal/arm64/BarKit-Swift.h -serialize-diagnostics-path /Users/admin/builder/spi-builder-workspace/.derivedData/Build/Intermediates.noindex/BarKit.build/Debug-watchos/BarKit-t.build/Objects-normal/arm64/BarKit-primary-emit-module.dia -emit-dependencies-path /Users/admin/builder/spi-builder-workspace/.derivedData/Build/Intermediates.noindex/BarKit.build/Debug-watchos/BarKit-t.build/Objects-normal/arm64/BarKit-primary-emit-module.d -parse-as-library -o /Users/admin/builder/spi-builder-workspace/.derivedData/Build/Intermediates.noindex/BarKit.build/Debug-watchos/BarKit-t.build/Objects-normal/arm64/BarKit.swiftmodule -emit-abi-descriptor-path /Users/admin/builder/spi-builder-workspace/.derivedData/Build/Intermediates.noindex/BarKit.build/Debug-watchos/BarKit-t.build/Objects-normal/arm64/BarKit.abi.json
SwiftCompile normal arm64 (in target 'BarKit' from project 'BarKit')
cd /Users/admin/builder/spi-builder-workspace/.swiftpm/xcode
SwiftCompile normal arm64 Compiling\ BarIcon.swift,\ BarItemAlignment.swift,\ BarItemProtocol.swift,\ BarItemStyle.swift,\ BadgeView.swift /Users/admin/builder/spi-builder-workspace/Sources/BarKit/BarModels/BarIcon.swift /Users/admin/builder/spi-builder-workspace/Sources/BarKit/BarModels/BarItemAlignment.swift /Users/admin/builder/spi-builder-workspace/Sources/BarKit/BarModels/BarItemProtocol.swift /Users/admin/builder/spi-builder-workspace/Sources/BarKit/BarModels/BarItemStyle.swift /Users/admin/builder/spi-builder-workspace/Sources/BarKit/BarViews/BadgeView.swift (in target 'BarKit' from project 'BarKit')
SwiftCompile normal arm64 /Users/admin/builder/spi-builder-workspace/Sources/BarKit/BarModels/BarIcon.swift (in target 'BarKit' from project 'BarKit')
cd /Users/admin/builder/spi-builder-workspace/.swiftpm/xcode
builtin-SwiftPerFileCompile BarIcon.swift
SwiftCompile normal arm64 /Users/admin/builder/spi-builder-workspace/Sources/BarKit/BarModels/BarItemAlignment.swift (in target 'BarKit' from project 'BarKit')
cd /Users/admin/builder/spi-builder-workspace/.swiftpm/xcode
builtin-SwiftPerFileCompile BarItemAlignment.swift
SwiftCompile normal arm64 /Users/admin/builder/spi-builder-workspace/Sources/BarKit/BarModels/BarItemProtocol.swift (in target 'BarKit' from project 'BarKit')
cd /Users/admin/builder/spi-builder-workspace/.swiftpm/xcode
builtin-SwiftPerFileCompile BarItemProtocol.swift
SwiftCompile normal arm64 /Users/admin/builder/spi-builder-workspace/Sources/BarKit/BarModels/BarItemStyle.swift (in target 'BarKit' from project 'BarKit')
cd /Users/admin/builder/spi-builder-workspace/.swiftpm/xcode
builtin-SwiftPerFileCompile BarItemStyle.swift
SwiftCompile normal arm64 /Users/admin/builder/spi-builder-workspace/Sources/BarKit/BarViews/BadgeView.swift (in target 'BarKit' from project 'BarKit')
cd /Users/admin/builder/spi-builder-workspace/.swiftpm/xcode
builtin-SwiftPerFileCompile BadgeView.swift
SwiftCompile normal arm64 Compiling\ PinnedTabBarView.swift,\ CGRect+scaled.swift,\ Font+UITextStyle.swift,\ ShaderLibrary+indicatorLibrary.swift,\ View+Debug.swift /Users/admin/builder/spi-builder-workspace/Sources/BarKit/BarViews/PinnedTabBarView.swift /Users/admin/builder/spi-builder-workspace/Sources/BarKit/Extensions/CGRect+scaled.swift /Users/admin/builder/spi-builder-workspace/Sources/BarKit/Extensions/Font+UITextStyle.swift /Users/admin/builder/spi-builder-workspace/Sources/BarKit/Extensions/ShaderLibrary+indicatorLibrary.swift /Users/admin/builder/spi-builder-workspace/Sources/BarKit/Extensions/View+Debug.swift (in target 'BarKit' from project 'BarKit')
/Users/admin/builder/spi-builder-workspace/Sources/BarKit/BarViews/PinnedTabBarView.swift:143:6: error: 'Previewable()' is only available in watchOS 10.0 or newer
141 | icon: .system("house.fill")
142 | )
143 | @Previewable @State var badges: [AnyHashable: BadgeValue] = [
| |- error: 'Previewable()' is only available in watchOS 10.0 or newer
| `- note: add 'if #available' version check
144 | "Home": .count(3),
145 | "Search": .dot,
/Users/admin/builder/spi-builder-workspace/Sources/BarKit/BarViews/PinnedTabBarView.swift:139:6: error: 'Previewable()' is only available in watchOS 10.0 or newer
137 | @available(iOS 17.0, *)
138 | #Preview("PinnedTabBarView - Regular") {
139 | @Previewable @State var selected: PreviewBarItem = .init(
| |- error: 'Previewable()' is only available in watchOS 10.0 or newer
| `- note: add 'if #available' version check
140 | title: "Home",
141 | icon: .system("house.fill")
/Users/admin/builder/spi-builder-workspace/Sources/BarKit/BarViews/BarView.swift:493:6: error: 'Previewable()' is only available in watchOS 10.0 or newer
491 | @Previewable @State var selected: PreviewBarItem = .init(title: "Home", icon: .system("house.fill"))
492 | @Previewable @State var selectedTab: Int = 0
493 | @Previewable @State var badges: [AnyHashable: BadgeValue] = [
| |- error: 'Previewable()' is only available in watchOS 10.0 or newer
| `- note: add 'if #available' version check
494 | "Home": .count(333),
495 | "Search": .dot,
/Users/admin/builder/spi-builder-workspace/Sources/BarKit/BarViews/BarView.swift:491:6: error: 'Previewable()' is only available in watchOS 10.0 or newer
489 | @available(iOS 17.0, *)
490 | #Preview("BarView - Horizontal") {
491 | @Previewable @State var selected: PreviewBarItem = .init(title: "Home", icon: .system("house.fill"))
| |- error: 'Previewable()' is only available in watchOS 10.0 or newer
| `- note: add 'if #available' version check
492 | @Previewable @State var selectedTab: Int = 0
493 | @Previewable @State var badges: [AnyHashable: BadgeValue] = [
/Users/admin/builder/spi-builder-workspace/Sources/BarKit/BarViews/BarView.swift:492:6: error: 'Previewable()' is only available in watchOS 10.0 or newer
490 | #Preview("BarView - Horizontal") {
491 | @Previewable @State var selected: PreviewBarItem = .init(title: "Home", icon: .system("house.fill"))
492 | @Previewable @State var selectedTab: Int = 0
| |- error: 'Previewable()' is only available in watchOS 10.0 or newer
| `- note: add 'if #available' version check
493 | @Previewable @State var badges: [AnyHashable: BadgeValue] = [
494 | "Home": .count(333),
/Users/admin/builder/spi-builder-workspace/Sources/BarKit/BarViews/BarView.swift:532:6: error: 'Previewable()' is only available in watchOS 10.0 or newer
530 | #Preview("BarView - Vertical") {
531 | @Previewable @State var selected: PreviewBarItem = .init(title: "Home", icon: .system("house.fill"))
532 | @Previewable @State var badges: [AnyHashable: BadgeValue] = [
| |- error: 'Previewable()' is only available in watchOS 10.0 or newer
| `- note: add 'if #available' version check
533 | "Home": .count(333),
534 | "Search": .dot,
/Users/admin/builder/spi-builder-workspace/Sources/BarKit/BarViews/BarView.swift:531:6: error: 'Previewable()' is only available in watchOS 10.0 or newer
529 | @available(iOS 17.0, *)
530 | #Preview("BarView - Vertical") {
531 | @Previewable @State var selected: PreviewBarItem = .init(title: "Home", icon: .system("house.fill"))
| |- error: 'Previewable()' is only available in watchOS 10.0 or newer
| `- note: add 'if #available' version check
532 | @Previewable @State var badges: [AnyHashable: BadgeValue] = [
533 | "Home": .count(333),
/Users/admin/builder/spi-builder-workspace/Sources/BarKit/BarViews/FloatingTabBarView.swift:127:6: error: 'Previewable()' is only available in watchOS 10.0 or newer
125 | icon: .system("house.fill")
126 | )
127 | @Previewable @State var badges: [AnyHashable: BadgeValue] = [
| |- error: 'Previewable()' is only available in watchOS 10.0 or newer
| `- note: add 'if #available' version check
128 | "Home": .count(3),
129 | "Search": .dot,
/Users/admin/builder/spi-builder-workspace/Sources/BarKit/BarViews/FloatingTabBarView.swift:123:6: error: 'Previewable()' is only available in watchOS 10.0 or newer
121 | @available(iOS 17.0, *)
122 | #Preview("FloatingTabBarView") {
123 | @Previewable @State var selected: PreviewBarItem = .init(
| |- error: 'Previewable()' is only available in watchOS 10.0 or newer
| `- note: add 'if #available' version check
124 | title: "Home",
125 | icon: .system("house.fill")
/Users/admin/builder/spi-builder-workspace/Sources/BarKit/BarViews/PinnedTabBarView.swift:169:6: error: 'Previewable()' is only available in watchOS 10.0 or newer
167 | @available(iOS 17.0, *)
168 | #Preview("PinnedTabBarView - Prominent") {
169 | @Previewable @State var selected: PreviewBarItem = .init(
| |- error: 'Previewable()' is only available in watchOS 10.0 or newer
| `- note: add 'if #available' version check
170 | title: "Camera",
171 | icon: .system("camera.fill"),
/Users/admin/builder/spi-builder-workspace/Sources/BarKit/Extensions/ShaderLibrary+indicatorLibrary.swift:14:34: error: 'ShaderLibrary' is unavailable in watchOS
12 | /// The precompiled Metal shader library for the indicator lens effect,
13 | /// selected based on the current runtime environment.
14 | static let indicatorLibrary: ShaderLibrary = {
| `- error: 'ShaderLibrary' is unavailable in watchOS
15 | #if targetEnvironment(simulator)
16 | let name = "IndicatorEffects-iphonesimulator"
SwiftUI.ShaderLibrary:3:36: note: 'ShaderLibrary' has been explicitly marked unavailable here
1 | @available(iOS 17.0, macOS 14.0, tvOS 17.0, *)
2 | @available(watchOS, unavailable)
3 | @dynamicMemberLookup public struct ShaderLibrary : Equatable, @unchecked Sendable {
| `- note: 'ShaderLibrary' has been explicitly marked unavailable here
4 | public static let `default`: ShaderLibrary
5 | public static func bundle(_ bundle: Bundle) -> ShaderLibrary
/Users/admin/builder/spi-builder-workspace/Sources/BarKit/Extensions/ShaderLibrary+indicatorLibrary.swift:27:16: error: 'ShaderLibrary' is unavailable in watchOS
25 | fatalError("BarKit: missing Metal library '\(name).metallib' in bundle.")
26 | }
27 | return ShaderLibrary(url: url)
| `- error: 'ShaderLibrary' is unavailable in watchOS
28 | }()
29 | }
SwiftUI.ShaderLibrary:3:36: note: 'ShaderLibrary' has been explicitly marked unavailable here
1 | @available(iOS 17.0, macOS 14.0, tvOS 17.0, *)
2 | @available(watchOS, unavailable)
3 | @dynamicMemberLookup public struct ShaderLibrary : Equatable, @unchecked Sendable {
| `- note: 'ShaderLibrary' has been explicitly marked unavailable here
4 | public static let `default`: ShaderLibrary
5 | public static func bundle(_ bundle: Bundle) -> ShaderLibrary
SwiftCompile normal arm64 /Users/admin/builder/spi-builder-workspace/Sources/BarKit/BarViews/PinnedTabBarView.swift (in target 'BarKit' from project 'BarKit')
cd /Users/admin/builder/spi-builder-workspace/.swiftpm/xcode
builtin-SwiftPerFileCompile PinnedTabBarView.swift
SwiftCompile normal arm64 /Users/admin/builder/spi-builder-workspace/Sources/BarKit/Extensions/CGRect+scaled.swift (in target 'BarKit' from project 'BarKit')
cd /Users/admin/builder/spi-builder-workspace/.swiftpm/xcode
builtin-SwiftPerFileCompile CGRect+scaled.swift
SwiftCompile normal arm64 /Users/admin/builder/spi-builder-workspace/Sources/BarKit/Extensions/Font+UITextStyle.swift (in target 'BarKit' from project 'BarKit')
cd /Users/admin/builder/spi-builder-workspace/.swiftpm/xcode
builtin-SwiftPerFileCompile Font+UITextStyle.swift
SwiftCompile normal arm64 /Users/admin/builder/spi-builder-workspace/Sources/BarKit/Extensions/ShaderLibrary+indicatorLibrary.swift (in target 'BarKit' from project 'BarKit')
cd /Users/admin/builder/spi-builder-workspace/.swiftpm/xcode
builtin-SwiftPerFileCompile ShaderLibrary+indicatorLibrary.swift
SwiftCompile normal arm64 /Users/admin/builder/spi-builder-workspace/Sources/BarKit/Extensions/View+Debug.swift (in target 'BarKit' from project 'BarKit')
cd /Users/admin/builder/spi-builder-workspace/.swiftpm/xcode
builtin-SwiftPerFileCompile View+Debug.swift
SwiftCompile normal arm64 Compiling\ ShadowConfiguration.swift,\ ItemConfiguration.swift,\ ItemContentAxis.swift,\ BorderConfiguration.swift,\ ChromaticAberrationConfiguration.swift /Users/admin/builder/spi-builder-workspace/Sources/BarKit/BarConfiguration/Bar/ShadowConfiguration.swift /Users/admin/builder/spi-builder-workspace/Sources/BarKit/BarConfiguration/Item/ItemConfiguration.swift /Users/admin/builder/spi-builder-workspace/Sources/BarKit/BarConfiguration/Item/ItemContentAxis.swift /Users/admin/builder/spi-builder-workspace/Sources/BarKit/BarConfiguration/SelectionIndicator/BorderConfiguration.swift /Users/admin/builder/spi-builder-workspace/Sources/BarKit/BarConfiguration/SelectionIndicator/ChromaticAberrationConfiguration.swift (in target 'BarKit' from project 'BarKit')
SwiftCompile normal arm64 /Users/admin/builder/spi-builder-workspace/Sources/BarKit/BarConfiguration/Bar/ShadowConfiguration.swift (in target 'BarKit' from project 'BarKit')
cd /Users/admin/builder/spi-builder-workspace/.swiftpm/xcode
builtin-SwiftPerFileCompile ShadowConfiguration.swift
SwiftCompile normal arm64 /Users/admin/builder/spi-builder-workspace/Sources/BarKit/BarConfiguration/Item/ItemConfiguration.swift (in target 'BarKit' from project 'BarKit')
cd /Users/admin/builder/spi-builder-workspace/.swiftpm/xcode
builtin-SwiftPerFileCompile ItemConfiguration.swift
SwiftCompile normal arm64 /Users/admin/builder/spi-builder-workspace/Sources/BarKit/BarConfiguration/Item/ItemContentAxis.swift (in target 'BarKit' from project 'BarKit')
cd /Users/admin/builder/spi-builder-workspace/.swiftpm/xcode
builtin-SwiftPerFileCompile ItemContentAxis.swift
SwiftCompile normal arm64 /Users/admin/builder/spi-builder-workspace/Sources/BarKit/BarConfiguration/SelectionIndicator/BorderConfiguration.swift (in target 'BarKit' from project 'BarKit')
cd /Users/admin/builder/spi-builder-workspace/.swiftpm/xcode
builtin-SwiftPerFileCompile BorderConfiguration.swift
SwiftCompile normal arm64 /Users/admin/builder/spi-builder-workspace/Sources/BarKit/BarConfiguration/SelectionIndicator/ChromaticAberrationConfiguration.swift (in target 'BarKit' from project 'BarKit')
cd /Users/admin/builder/spi-builder-workspace/.swiftpm/xcode
builtin-SwiftPerFileCompile ChromaticAberrationConfiguration.swift
SwiftExplicitDependencyGeneratePcm arm64_32 /Users/admin/builder/spi-builder-workspace/.derivedData/SDKExplicitPrecompiledModules/SwiftUI-6DR5UJH94SD7QMITGWNAX9FBI.pcm
PruneExplicitPrecompiledModules /Users/admin/builder/spi-builder-workspace/.derivedData/SDKExplicitPrecompiledModules
PruneExplicitPrecompiledModules /Users/admin/builder/spi-builder-workspace/.derivedData/Build/Intermediates.noindex/SwiftExplicitPrecompiledModules
PruneExplicitPrecompiledModules /Users/admin/builder/spi-builder-workspace/.derivedData/Build/Intermediates.noindex/ExplicitPrecompiledModules
2026-09-25 08:07:37.389 xcodebuild[846:4803] [MT] IDERunDestination: Supported platforms for the buildables in the current scheme is empty.
** BUILD FAILED **
The following build commands failed:
SwiftEmitModule normal arm64 Emitting\ module\ for\ BarKit (in target 'BarKit' from project 'BarKit')
SwiftCompile normal arm64 (in target 'BarKit' from project 'BarKit')
Building workspace BarKit with scheme BarKit
(3 failures)
BUILD FAILURE 6.4 watchOS