The Swift Package Index logo.Swift Package Index

Build Information

Failed to build Pillarbox, reference main (b9fc6b), with Swift 6.2 for tvOS using Xcode 26.3 on 13 Oct 2026 21:41:35 UTC.

Build Command

No build command. This typically means the build failed at an early stage where we determine the build command.

Build Log

========================================
RunAll
========================================
Builder version: 5.1.2
Interrupt handler set up.
========================================
Checkout
========================================
Clone URL: https://github.com/SRGSSR/pillarbox-apple.git
Reference: main
Initialized empty Git repository in /Users/admin/builder/spi-builder-workspace/.git/
From https://github.com/SRGSSR/pillarbox-apple
 * branch            main       -> FETCH_HEAD
 * [new branch]      main       -> origin/main
HEAD is now at b9fc6bb Bump mikepenz/action-junit-report from 6.5.0 to 6.6.0 in the actions group (#1600)
Cloned https://github.com/SRGSSR/pillarbox-apple.git
Revision (git rev-parse @):
b9fc6bb566029b729284cc4db9089e47e31551a9
SPI manifest file found: $PWD/.spi.yml
SUCCESS checkout https://github.com/SRGSSR/pillarbox-apple.git at main
========================================
Build
========================================
Selected platform:         tvOS
Swift version:             6.2
Building package at path:  $PWD
https://github.com/SRGSSR/pillarbox-apple.git
Command line invocation:
    /Applications/Xcode-26.3.0.app/Contents/Developer/usr/bin/xcodebuild -IDEClonedSourcePackagesDirPathOverride=/Users/admin/builder/spi-builder-workspace/.dependencies -resolvePackageDependencies
Resolve Package Graph
package 'spi-builder-workspace' is using Swift tools version 6.4.0 but the installed version is 6.2.4
Resolve Package Graph
package 'spi-builder-workspace' is using Swift tools version 6.4.0 but the installed version is 6.2.4
Resolved source packages:
  spi-builder-workspace: (null)
2026-10-13 17:41:26.805 xcodebuild[539:3118] [MT] IDERunDestination: Supported platforms for the buildables in the current scheme is empty.
2026-10-13 17:41:34.365 xcodebuild[539:3118] [MT] IDERunDestination: Supported platforms for the buildables in the current scheme is empty.
2026-10-13 17:41:34.418 xcodebuild[539:3118] Writing error result bundle to /var/folders/xq/y_g06wb113726d38xsyx71_h0000gn/T/ResultBundle_2026-13-10_17-41-0034.xcresult
xcodebuild: error: Could not resolve package dependencies:
  package 'spi-builder-workspace' is using Swift tools version 6.4.0 but the installed version is 6.2.4
Command line invocation:
    /Applications/Xcode-26.3.0.app/Contents/Developer/usr/bin/xcodebuild -IDEClonedSourcePackagesDirPathOverride=/Users/admin/builder/spi-builder-workspace/.dependencies -resolvePackageDependencies
Resolve Package Graph
package 'spi-builder-workspace' is using Swift tools version 6.4.0 but the installed version is 6.2.4
Resolved source packages:
  spi-builder-workspace: (null)
2026-10-13 17:41:35.242 xcodebuild[601:3660] [MT] IDERunDestination: Supported platforms for the buildables in the current scheme is empty.
2026-10-13 17:41:35.403 xcodebuild[601:3660] [MT] IDERunDestination: Supported platforms for the buildables in the current scheme is empty.
2026-10-13 17:41:35.413 xcodebuild[601:3660] Writing error result bundle to /var/folders/xq/y_g06wb113726d38xsyx71_h0000gn/T/ResultBundle_2026-13-10_17-41-0035.xcresult
xcodebuild: error: Could not resolve package dependencies:
  package 'spi-builder-workspace' is using Swift tools version 6.4.0 but the installed version is 6.2.4
BUILD FAILURE 6.2 tvOS