Build Information
Failed to build tripadvisor-swift, reference main (4ad1c9), with Swift 6.2 for Wasm on 22 Sep 2026 09:35:50 UTC.
Build Command
bash -c docker run --pull=always --rm -v "checkouts-53886770-0":/host -w "$PWD" -e JAVA_HOME="/root/.sdkman/candidates/java/current" -e SPI_BUILD="1" -e SPI_PROCESSING="1" registry.gitlab.com/saguaro1/spi-images:wasm-6.2-latest swift build --swift-sdk swift-6.2-RELEASE_wasm 2>&1Build Log
========================================
RunAll
========================================
Builder version: 5.1.0
Interrupt handler set up.
========================================
Checkout
========================================
Clone URL: https://github.com/zunda-pixel/tripadvisor-swift.git
Reference: main
Initialized empty Git repository in /host/spi-builder-workspace/.git/
hint: Using 'master' as the name for the initial branch. This default branch name
hint: is subject to change. To configure the initial branch name to use in all
hint: of your new repositories, which will suppress this warning, call:
hint:
hint: git config --global init.defaultBranch <name>
hint:
hint: Names commonly chosen instead of 'master' are 'main', 'trunk' and
hint: 'development'. The just-created branch can be renamed via this command:
hint:
hint: git branch -m <name>
From https://github.com/zunda-pixel/tripadvisor-swift
* branch main -> FETCH_HEAD
* [new branch] main -> origin/main
HEAD is now at 4ad1c9e Bump github.com/apple/swift-http-types from 1.7.0 to 1.8.0 (#46)
Cloned https://github.com/zunda-pixel/tripadvisor-swift.git
Revision (git rev-parse @):
4ad1c9e7e6f5b45e80e06ccf3a9e1fb9908e816a
SUCCESS checkout https://github.com/zunda-pixel/tripadvisor-swift.git at main
========================================
Build
========================================
Selected platform: wasm
Swift version: 6.2
Building package at path: $PWD
https://github.com/zunda-pixel/tripadvisor-swift.git
Running build ...
bash -c docker run --pull=always --rm -v "checkouts-53886770-0":/host -w "$PWD" -e JAVA_HOME="/root/.sdkman/candidates/java/current" -e SPI_BUILD="1" -e SPI_PROCESSING="1" registry.gitlab.com/saguaro1/spi-images:wasm-6.2-latest swift build --swift-sdk swift-6.2-RELEASE_wasm 2>&1
wasm-6.2-latest: Pulling from saguaro1/spi-images
Digest: sha256:ff44196b45f83e5a0a99a627b185f548850d9bc1242e3dee2178fb1570812fe8
Status: Image is up to date for registry.gitlab.com/saguaro1/spi-images:wasm-6.2-latest
Fetching https://github.com/zunda-pixel/swift-currency
Fetching https://github.com/zunda-pixel/http-client
Fetching https://github.com/apple/swift-http-types
Fetching https://github.com/pointfreeco/swift-tagged
[1/1218] Fetching swift-tagged
[184/3153] Fetching swift-tagged, swift-http-types
[3154/3384] Fetching swift-tagged, swift-http-types, http-client
[3323/3402] Fetching swift-tagged, swift-http-types, http-client, swift-currency
Fetched https://github.com/apple/swift-http-types from cache (0.50s)
Fetched https://github.com/pointfreeco/swift-tagged from cache (0.50s)
Fetched https://github.com/zunda-pixel/swift-currency from cache (0.51s)
[171/231] Fetching http-client
Fetched https://github.com/zunda-pixel/http-client from cache (0.54s)
Computing version for https://github.com/zunda-pixel/swift-currency
Computed https://github.com/zunda-pixel/swift-currency at 0.0.1 (0.69s)
Computing version for https://github.com/pointfreeco/swift-tagged
Computed https://github.com/pointfreeco/swift-tagged at 0.10.0 (0.85s)
Computing version for https://github.com/zunda-pixel/http-client
Computed https://github.com/zunda-pixel/http-client at 0.4.0 (0.15s)
Fetching https://github.com/swift-server/async-http-client.git
[1/16197] Fetching async-http-client
Fetched https://github.com/swift-server/async-http-client.git from cache (0.92s)
Computing version for https://github.com/swift-server/async-http-client.git
Computed https://github.com/swift-server/async-http-client.git at 1.36.1 (1.10s)
Fetching https://github.com/apple/swift-distributed-tracing.git
Fetching https://github.com/apple/swift-log.git
Fetching https://github.com/apple/swift-service-context.git
Fetching https://github.com/apple/swift-configuration.git
Fetching https://github.com/apple/swift-nio.git
Fetching https://github.com/apple/swift-nio-http2.git
[1/8132] Fetching swift-log
[2685/11911] Fetching swift-log, swift-configuration
[11912/24163] Fetching swift-log, swift-configuration, swift-nio-http2
[11913/30483] Fetching swift-log, swift-configuration, swift-nio-http2, swift-distributed-tracing
Fetched https://github.com/apple/swift-log.git from cache (0.65s)
[14755/22351] Fetching swift-configuration, swift-nio-http2, swift-distributed-tracing
Fetching https://github.com/apple/swift-algorithms.git
[22352/23715] Fetching swift-configuration, swift-nio-http2, swift-distributed-tracing, swift-service-context
[22434/109780] Fetching swift-configuration, swift-nio-http2, swift-distributed-tracing, swift-service-context, swift-nio
Fetched https://github.com/apple/swift-nio-http2.git from cache (0.88s)
[11165/97528] Fetching swift-configuration, swift-distributed-tracing, swift-service-context, swift-nio
Fetching https://github.com/apple/swift-nio-extras.git
Fetched https://github.com/apple/swift-distributed-tracing.git from cache (0.98s)
Fetching https://github.com/apple/swift-nio-ssl.git
[12889/91208] Fetching swift-configuration, swift-service-context, swift-nio
[31825/97353] Fetching swift-configuration, swift-service-context, swift-nio, swift-algorithms
Fetched https://github.com/apple/swift-algorithms.git from cache (0.55s)
Fetching https://github.com/apple/swift-atomics.git
[54201/91208] Fetching swift-configuration, swift-service-context, swift-nio
[62808/97898] Fetching swift-configuration, swift-service-context, swift-nio, swift-nio-extras
[68955/113963] Fetching swift-configuration, swift-service-context, swift-nio, swift-nio-extras, swift-nio-ssl
Fetched https://github.com/apple/swift-nio-extras.git from cache (0.60s)
Fetching https://github.com/apple/swift-nio-transport-services.git
[65653/107273] Fetching swift-configuration, swift-service-context, swift-nio, swift-nio-ssl
[75477/109148] Fetching swift-configuration, swift-service-context, swift-nio, swift-nio-ssl, swift-atomics
Fetched https://github.com/apple/swift-atomics.git from cache (0.56s)
[85930/107273] Fetching swift-configuration, swift-service-context, swift-nio, swift-nio-ssl
[93504/110136] Fetching swift-configuration, swift-service-context, swift-nio, swift-nio-ssl, swift-nio-transport-services
Fetched https://github.com/apple/swift-nio-transport-services.git from cache (0.54s)
Fetched https://github.com/apple/swift-nio-ssl.git from cache (1.04s)
[90348/91208] Fetching swift-configuration, swift-service-context, swift-nio
Fetched https://github.com/apple/swift-service-context.git from cache (2.94s)
Fetched https://github.com/apple/swift-configuration.git from cache (2.94s)
Fetched https://github.com/apple/swift-nio.git from cache (2.97s)
Computing version for https://github.com/apple/swift-service-context.git
Computed https://github.com/apple/swift-service-context.git at 1.3.0 (3.12s)
Computing version for https://github.com/apple/swift-algorithms.git
Computed https://github.com/apple/swift-algorithms.git at 1.2.1 (0.16s)
Fetching https://github.com/apple/swift-numerics.git
[1/6640] Fetching swift-numerics
Fetched https://github.com/apple/swift-numerics.git from cache (1.09s)
Computing version for https://github.com/apple/swift-distributed-tracing.git
Computed https://github.com/apple/swift-distributed-tracing.git at 1.5.0 (1.25s)
Computing version for https://github.com/apple/swift-configuration.git
Computed https://github.com/apple/swift-configuration.git at 1.2.1 (0.79s)
Fetching https://github.com/swift-server/swift-service-lifecycle
Fetching https://github.com/apple/swift-system
Fetching https://github.com/apple/swift-collections
[1/2843] Fetching swift-service-lifecycle
Fetched https://github.com/swift-server/swift-service-lifecycle from cache (0.54s)
[1/6916] Fetching swift-system
[6848/34570] Fetching swift-system, swift-collections
Fetched https://github.com/apple/swift-system from cache (0.69s)
[2213/27654] Fetching swift-collections
Fetched https://github.com/apple/swift-collections from cache (1.23s)
Computing version for https://github.com/apple/swift-atomics.git
Computed https://github.com/apple/swift-atomics.git at 1.3.1 (1.38s)
Computing version for https://github.com/apple/swift-numerics.git
Computed https://github.com/apple/swift-numerics.git at 1.1.1 (0.14s)
Computing version for https://github.com/apple/swift-collections
Computed https://github.com/apple/swift-collections at 1.6.0 (0.23s)
Computing version for https://github.com/apple/swift-nio-transport-services.git
Computed https://github.com/apple/swift-nio-transport-services.git at 1.28.0 (0.16s)
Computing version for https://github.com/apple/swift-nio.git
Computed https://github.com/apple/swift-nio.git at 2.103.0 (0.34s)
Computing version for https://github.com/swift-server/swift-service-lifecycle
Computed https://github.com/swift-server/swift-service-lifecycle at 2.12.0 (0.15s)
Fetching https://github.com/apple/swift-async-algorithms.git
[1/6723] Fetching swift-async-algorithms
Fetched https://github.com/apple/swift-async-algorithms.git from cache (1.06s)
Computing version for https://github.com/apple/swift-log.git
Computed https://github.com/apple/swift-log.git at 1.15.1 (1.22s)
Computing version for https://github.com/apple/swift-async-algorithms.git
Computed https://github.com/apple/swift-async-algorithms.git at 1.1.5 (0.20s)
Computing version for https://github.com/apple/swift-http-types
Computed https://github.com/apple/swift-http-types at 1.8.0 (0.17s)
Computing version for https://github.com/apple/swift-nio-http2.git
Computed https://github.com/apple/swift-nio-http2.git at 1.46.0 (0.16s)
Computing version for https://github.com/apple/swift-nio-ssl.git
Computed https://github.com/apple/swift-nio-ssl.git at 2.37.5 (0.18s)
Computing version for https://github.com/apple/swift-system
Computed https://github.com/apple/swift-system at 1.8.1 (0.17s)
Computing version for https://github.com/apple/swift-nio-extras.git
Computed https://github.com/apple/swift-nio-extras.git at 1.35.1 (0.38s)
Fetching https://github.com/apple/swift-certificates.git
Fetching https://github.com/apple/swift-asn1.git
Fetching https://github.com/apple/swift-http-structured-headers.git
[1/1983] Fetching swift-asn1
[41/3236] Fetching swift-asn1, swift-http-structured-headers
[3237/10810] Fetching swift-asn1, swift-http-structured-headers, swift-certificates
Fetched https://github.com/apple/swift-asn1.git from cache (0.49s)
Fetched https://github.com/apple/swift-http-structured-headers.git from cache (0.49s)
[152/7574] Fetching swift-certificates
Fetched https://github.com/apple/swift-certificates.git from cache (0.59s)
Computing version for https://github.com/apple/swift-http-structured-headers.git
Computed https://github.com/apple/swift-http-structured-headers.git at 1.7.0 (0.75s)
Computing version for https://github.com/apple/swift-asn1.git
Computed https://github.com/apple/swift-asn1.git at 1.7.3 (0.18s)
Computing version for https://github.com/apple/swift-certificates.git
Computed https://github.com/apple/swift-certificates.git at 1.20.0 (0.21s)
Fetching https://github.com/apple/swift-crypto.git
[1/18549] Fetching swift-crypto
Fetched https://github.com/apple/swift-crypto.git from cache (1.13s)
Computing version for https://github.com/apple/swift-crypto.git
Computed https://github.com/apple/swift-crypto.git at 4.5.2 (1.60s)
Creating working copy for https://github.com/swift-server/async-http-client.git
Working copy of https://github.com/swift-server/async-http-client.git resolved at 1.36.1
Creating working copy for https://github.com/apple/swift-asn1.git
Working copy of https://github.com/apple/swift-asn1.git resolved at 1.7.3
Creating working copy for https://github.com/apple/swift-nio-ssl.git
Working copy of https://github.com/apple/swift-nio-ssl.git resolved at 2.37.5
Creating working copy for https://github.com/apple/swift-nio-http2.git
Working copy of https://github.com/apple/swift-nio-http2.git resolved at 1.46.0
Creating working copy for https://github.com/apple/swift-nio.git
Working copy of https://github.com/apple/swift-nio.git resolved at 2.103.0
Creating working copy for https://github.com/apple/swift-system
Working copy of https://github.com/apple/swift-system resolved at 1.8.1
Creating working copy for https://github.com/apple/swift-log.git
Working copy of https://github.com/apple/swift-log.git resolved at 1.15.1
Creating working copy for https://github.com/apple/swift-certificates.git
Working copy of https://github.com/apple/swift-certificates.git resolved at 1.20.0
Creating working copy for https://github.com/apple/swift-nio-extras.git
Working copy of https://github.com/apple/swift-nio-extras.git resolved at 1.35.1
Creating working copy for https://github.com/apple/swift-numerics.git
Working copy of https://github.com/apple/swift-numerics.git resolved at 1.1.1
Creating working copy for https://github.com/apple/swift-atomics.git
Working copy of https://github.com/apple/swift-atomics.git resolved at 1.3.1
Creating working copy for https://github.com/apple/swift-crypto.git
Working copy of https://github.com/apple/swift-crypto.git resolved at 4.5.2
Creating working copy for https://github.com/apple/swift-algorithms.git
Working copy of https://github.com/apple/swift-algorithms.git resolved at 1.2.1
Creating working copy for https://github.com/apple/swift-http-structured-headers.git
Working copy of https://github.com/apple/swift-http-structured-headers.git resolved at 1.7.0
Creating working copy for https://github.com/pointfreeco/swift-tagged
Working copy of https://github.com/pointfreeco/swift-tagged resolved at 0.10.0
Creating working copy for https://github.com/swift-server/swift-service-lifecycle
Working copy of https://github.com/swift-server/swift-service-lifecycle resolved at 2.12.0
Creating working copy for https://github.com/zunda-pixel/swift-currency
Working copy of https://github.com/zunda-pixel/swift-currency resolved at 0.0.1
Creating working copy for https://github.com/apple/swift-service-context.git
Working copy of https://github.com/apple/swift-service-context.git resolved at 1.3.0
Creating working copy for https://github.com/apple/swift-http-types
Working copy of https://github.com/apple/swift-http-types resolved at 1.8.0
Creating working copy for https://github.com/apple/swift-configuration.git
Working copy of https://github.com/apple/swift-configuration.git resolved at 1.2.1
Creating working copy for https://github.com/apple/swift-distributed-tracing.git
Working copy of https://github.com/apple/swift-distributed-tracing.git resolved at 1.5.0
Creating working copy for https://github.com/apple/swift-collections
Working copy of https://github.com/apple/swift-collections resolved at 1.6.0
Creating working copy for https://github.com/zunda-pixel/http-client
Working copy of https://github.com/zunda-pixel/http-client resolved at 0.4.0
Creating working copy for https://github.com/apple/swift-async-algorithms.git
Working copy of https://github.com/apple/swift-async-algorithms.git resolved at 1.1.5
Creating working copy for https://github.com/apple/swift-nio-transport-services.git
Working copy of https://github.com/apple/swift-nio-transport-services.git resolved at 1.28.0
Building for debugging...
[0/461] Write sources
[30/461] Compiling _CWASI _CWASI.c
[31/461] Compiling CNIOWindows shim.c
[31/461] Compiling CNIOWindows WSAStartup.c
[33/461] Compiling _NumericsShims _NumericsShims.c
[34/461] Compiling CNIOWASI CNIOWASI.c
[34/461] Compiling _AtomicsShims.c
[36/461] Compiling CSystem shims.c
[37/461] Compiling CNIOLinux shim.c
[38/461] Compiling CNIOLinux liburing_shims.c
[38/461] Compiling CNIOOpenBSD shim.c
[38/461] Compiling CNIOPosix event_loop_id.c
[41/461] Compiling CNIOFreeBSD shim.c
[42/461] Compiling CNIOLLHTTP c_nio_http.c
[43/461] Compiling CNIOExtrasZlib zutil.c
[44/461] Compiling CNIOExtrasZlib inftrees.c
[44/461] Write swift-version-24593BA9C3E375BF.txt
[46/461] Compiling CNIOLLHTTP c_nio_api.c
[47/461] Compiling CNIOExtrasZlib inffast.c
[48/461] Compiling CNIOExtrasZlib adler32.c
[48/461] Compiling CNIOExtrasZlib trees.c
[50/461] Compiling CNIOExtrasZlib crc32.c
[51/467] Compiling CNIOExtrasZlib inflate.c
[52/473] Compiling CNIOExtrasZlib deflate.c
[54/528] Emitting module ServiceContextModule
[55/532] Emitting module SystemPackage
[55/537] Compiling CNIOLLHTTP c_nio_llhttp.c
[57/555] Compiling InternalCollectionsUtilities UnsafeMutableRawBufferPointer+Extras.swift
[58/555] Compiling InternalCollectionsUtilities UnsafeRawBufferPointer+Extras.swift
[59/555] Compiling InternalCollectionsUtilities UnsafeBufferPointer+Extras.swift
[60/555] Compiling InternalCollectionsUtilities UnsafeMutableBufferPointer+Extras.swift
[61/557] Compiling _NIOBase64 Base64.swift
[62/557] Compiling InternalCollectionsUtilities _SortedCollection.swift
[63/557] Compiling InternalCollectionsUtilities _UniqueCollection.swift
[64/557] Emitting module _NIOBase64
[65/558] Compiling Logging Logger+With.swift
[67/559] Compiling SystemPackage SystemString.swift
[68/559] Compiling SystemPackage Util+StringArray.swift
[69/559] Compiling SystemPackage Util.swift
[70/559] Compiling SystemPackage UtilConsumers.swift
[71/559] Compiling SystemPackage WinSDK+Overlay.swift
[72/559] Compiling InternalCollectionsUtilities FixedWidthInteger+roundUpToPowerOfTwo.swift
[73/559] Compiling InternalCollectionsUtilities Integer rank.swift
[74/559] Compiling InternalCollectionsUtilities Debugging.swift
[75/559] Compiling InternalCollectionsUtilities Descriptions.swift
[76/559] Emitting module RealModule
[80/560] Compiling SystemPackage IORing.swift
[81/560] Compiling SystemPackage RawIORequest.swift
[82/560] Compiling InternalCollectionsUtilities UInt+first and last set bit.swift
[83/560] Compiling InternalCollectionsUtilities UInt+reversed.swift
[84/570] Compiling InternalCollectionsUtilities _UnsafeBitSet+_Word.swift
[85/570] Compiling InternalCollectionsUtilities _UnsafeBitSet.swift
[86/570] Compiling InternalCollectionsUtilities LifetimeOverride.swift
[87/570] Compiling InternalCollectionsUtilities RandomAccessCollection+Offsets.swift
[88/570] Compiling InternalCollectionsUtilities Span+Extras.swift
[89/570] Compiling HTTPTypes HTTPFieldName.swift
[92/570] Compiling RealModule RelaxedArithmetic.swift
[93/570] Compiling RealModule Real.swift
[94/570] Compiling RealModule RealFunctions.swift
[95/570] Compiling RealModule Float80+Real.swift
[96/570] Compiling RealModule Float16+Real.swift
[97/571] Compiling HTTPTypes HTTP2ErrorCode.swift
[98/571] Compiling HTTPTypes HTTP3ErrorCode.swift
[99/571] Compiling HTTPTypes HTTPField.swift
[103/571] Emitting module InternalCollectionsUtilities
[107/571] Compiling InternalCollectionsUtilities String+Padding.swift
[108/571] Compiling InternalCollectionsUtilities _UnsafeBitSet+Index.swift
[109/572] Compiling ServiceContextModule ServiceContextKey.swift
[113/572] Compiling Logging Logger+Attributes.swift
[114/572] Compiling Logging Logger.swift
[115/572] Compiling Logging LoggingSystem.swift
[117/572] Compiling ServiceContextModule ServiceContext.swift
[119/575] Compiling _NIODataStructures _TinyArray.swift
[120/575] Compiling _NIODataStructures PriorityQueue.swift
[121/575] Emitting module Logging
[125/587] Compiling CNIODarwin shim.c
[127/611] Emitting module Currency
[128/611] Compiling Logging MetadataProvider.swift
[129/612] Compiling ContainersPreview Producer+Reduce.swift
[130/612] Emitting module _NIODataStructures
[131/612] Compiling ContainersPreview Producer.swift
[132/612] Compiling ContainersPreview InputSpan.swift
[133/612] Compiling ContainersPreview MutableRef.swift
[134/612] Compiling ContainersPreview Drain+Map.swift
[135/612] Compiling _NIODataStructures Heap.swift
[136/612] Compiling ContainersPreview PermutableContainer.swift
[137/613] Compiling ContainersPreview RandomAccessContainer.swift
[138/613] Compiling ContainersPreview RangeExpression2.swift
[139/613] Compiling ContainersPreview RangeReplaceableContainer.swift
[140/613] Compiling ContainersPreview Strideable+Limits.swift
[142/617] Compiling ContainersPreview Drain+Reduce.swift
[143/617] Compiling ContainersPreview Drain.swift
[144/617] Compiling ContainersPreview Producer+Collect.swift
[145/617] Compiling ContainersPreview Producer+Filter.swift
[146/617] Compiling ContainersPreview Ref.swift
[147/617] Compiling ContainersPreview BorrowingIteratorProtocol+Map.swift
[148/617] Compiling ContainersPreview BorrowingIteratorProtocol+Reduce.swift
[149/617] Compiling ContainersPreview BorrowingIteratorProtocol+SpanwiseZip.swift
[150/617] Compiling ContainersPreview BorrowingIteratorProtocol.swift
[151/617] Compiling ContainersPreview BorrowingSequence+Algorithms.swift
[153/617] Compiling Tagged UUID.swift
[154/622] Compiling ContainersPreview Container.swift
[155/622] Compiling ContainersPreview ContainerIterator.swift
[156/622] Compiling ContainersPreview DynamicContainer.swift
[157/622] Compiling ContainersPreview MutableContainer.swift
[158/622] Compiling ContainersPreview Producer+Map.swift
[159/623] Compiling ContainersPreview Container+SpanwiseZip.swift
[164/623] Compiling ContainersPreview BorrowingSequence+Standard Conformances.swift
[165/623] Compiling ContainersPreview BorrowingSequence+Utilities.swift
[166/623] Compiling ContainersPreview BorrowingSequence.swift
[167/623] Compiling ContainersPreview BidirectionalContainer.swift
[168/623] Compiling ContainersPreview Container+Filter.swift
[178/623] Compiling fiat_p256_adx_sqr.S
[185/623] Compiling ContainersPreview TemporaryAllocation.swift
[186/623] Compiling ContainersPreview BorrowingIteratorProtocol+Copy.swift
[187/623] Compiling ContainersPreview BorrowingIteratorProtocol+ElementsEqual.swift
[188/623] Compiling ContainersPreview BorrowingIteratorProtocol+Filter.swift
[190/623] Compiling Instrumentation NoOpInstrument.swift
[191/623] Compiling Tagged Tagged.swift
[192/623] Emitting module Tagged
[192/625] Compiling fiat_p256_adx_mul.S
[195/625] Compiling ContainersPreview Shared.swift
[196/625] Compiling ContainersPreview SpanIterator.swift
[197/625] Compiling ContainersPreview UniqueBox.swift
[198/625] Compiling Currency Currency.swift
[200/626] Compiling Instrumentation Locks.swift
[201/626] Compiling Instrumentation MultiplexInstrument.swift
[202/626] Compiling fiat_curve25519_adx_square.S
[204/626] Compiling ContainersPreview OutputSpan+Extras.swift
[209/626] Emitting module ContainersPreview
[210/627] Compiling fiat_curve25519_adx_mul.S
[213/627] Compiling Instrumentation Instrument.swift
[214/627] Compiling Instrumentation InstrumentationSystem.swift
[215/627] Emitting module Instrumentation
[216/628] Compiling CNIOBoringSSLShims shims.c
[218/677] Compiling DequeModule UniqueDeque+Container.swift
[219/677] Compiling DequeModule UniqueDeque+Deprecated.swift
[220/677] Compiling DequeModule UniqueDeque+Descriptions.swift
[221/677] Compiling DequeModule UniqueDeque+Equatable.swift
[222/677] Compiling DequeModule UniqueDeque+Experimental.swift
[223/682] Compiling Tracing TracingTime.swift
[224/683] Compiling Tracing TracerProtocol.swift
[225/683] Compiling Tracing WithTracer.swift
[226/683] Compiling DequeModule UniqueDeque+Hashable.swift
[227/683] Compiling DequeModule UniqueDeque+Initializers.swift
[228/683] Compiling DequeModule UniqueDeque+Insertions.swift
[229/683] Compiling DequeModule UniqueDeque+Prepend.swift
[230/683] Compiling DequeModule UniqueDeque+Removals.swift
[231/683] Compiling DequeModule _DequeBuffer.swift
[232/683] Compiling DequeModule _DequeBufferHeader.swift
[233/683] Compiling DequeModule RigidDeque+Append.swift
[234/683] Compiling DequeModule RigidDeque+Consumption.swift
[235/683] Compiling DequeModule RigidDeque+Container.swift
[236/683] Compiling DequeModule RigidDeque+Descriptions.swift
[237/683] Compiling Tracing Tracer.swift
[238/683] Compiling Tracing TracerProtocol+Legacy.swift
[239/683] Compiling DequeModule RigidDeque+Removals.swift
[240/683] Compiling DequeModule RigidDeque+Replacements.swift
[241/683] Compiling DequeModule RigidDeque+Testing.swift
[242/683] Compiling DequeModule RigidDeque.swift
[243/683] Compiling DequeModule UniqueDeque+Append.swift
[244/683] Compiling DequeModule UniqueDeque+Consumption.swift
[245/683] Compiling DequeModule RigidDeque+Equatable.swift
[246/683] Compiling DequeModule RigidDeque+Experimental.swift
[247/683] Compiling DequeModule RigidDeque+Hashable.swift
[248/683] Compiling DequeModule RigidDeque+Initializers.swift
[249/683] Compiling DequeModule RigidDeque+Insertions.swift
[250/683] Compiling DequeModule RigidDeque+Prepend.swift
[251/683] Compiling HTTPTypes HTTPRequest+URL.swift
[252/684] Compiling Tracing SpanProtocol.swift
[253/684] Emitting module Tracing
[254/684] Compiling Tracing NoOpTracer.swift
[255/684] Compiling Tracing InstrumentationSystem+Tracing.swift
[257/685] Compiling DequeModule Deque+Codable.swift
[258/685] Compiling DequeModule Deque+Collection.swift
[259/685] Compiling HTTPTypes HTTPParsedFields.swift
[259/685] Compiling tls_method.cc
[263/685] Compiling DequeModule Deque+CustomReflectable.swift
[264/685] Compiling DequeModule Deque+Descriptions.swift
[265/685] Compiling DequeModule Deque+Equatable.swift
[266/685] Compiling DequeModule Deque+ExpressibleByArrayLiteral.swift
[266/685] Compiling tls13_enc.cc
[267/685] Compiling tls_record.cc
[271/685] Compiling HTTPTypes HTTPFieldValue.swift
[272/685] Compiling DequeModule Deque+Extras.swift
[273/685] Compiling DequeModule Deque+Hashable.swift
[274/685] Compiling DequeModule Deque+Testing.swift
[275/685] Compiling DequeModule Deque._Storage.swift
[276/685] Compiling DequeModule Deque._UnsafeHandle.swift
[277/685] Compiling DequeModule Deque.swift
[278/685] Compiling HTTPTypes HTTPRequest.swift
[279/685] Compiling HTTPTypes HTTPFields.swift
[280/685] Emitting module HTTPTypes
[280/685] Compiling tls13_server.cc
[281/685] Compiling tls13_client.cc
[283/685] Compiling HTTPTypes HTTPResponse.swift
[284/686] Compiling t1_enc.cc
[285/686] Compiling tls13_both.cc
[286/686] Compiling ssl_versions.cc
[287/692] Compiling ssl_stat.cc
[288/692] Compiling ssl_x509.cc
[289/692] Compiling ssl_transcript.cc
[291/692] Compiling HTTPTypesFoundation URLSession+HTTPTypes.swift
/host/spi-builder-workspace/.build/checkouts/swift-http-types/Sources/HTTPTypesFoundation/URLSession+HTTPTypes.swift:50:1: error: non-nominal type 'URLSession' (aka 'AnyObject') cannot be extended [#NominalTypes]
48 | @available(macOS 12.0, iOS 15.0, watchOS 8.0, tvOS 15.0, *)
49 | @available(HTTPTypes 1.0, *)
50 | extension URLSession {
| `- error: non-nominal type 'URLSession' (aka 'AnyObject') cannot be extended [#NominalTypes]
51 | /// Convenience method to load data using an `HTTPRequest`; creates and resumes a `URLSessionDataTask` internally.
52 | ///
/host/spi-builder-workspace/.build/checkouts/swift-http-types/Sources/HTTPTypesFoundation/URLSession+HTTPTypes.swift:155:1: error: non-nominal type 'URLSession' (aka 'AnyObject') cannot be extended [#NominalTypes]
153 | @available(macOS 10.15, iOS 13.0, watchOS 6.0, tvOS 13.0, *)
154 | @available(HTTPTypes 1.0, *)
155 | extension URLSession {
| `- error: non-nominal type 'URLSession' (aka 'AnyObject') cannot be extended [#NominalTypes]
156 | /// Convenience method to load data using an `HTTPRequest`; creates and resumes a `URLSessionDataTask` internally.
157 | ///
/host/spi-builder-workspace/.build/checkouts/swift-http-types/Sources/HTTPTypesFoundation/URLSession+HTTPTypes.swift:58:19: error: cannot find type 'URLSessionTaskDelegate' in scope
56 | public func data(
57 | for request: HTTPRequest,
58 | delegate: URLSessionTaskDelegate? = nil
| `- error: cannot find type 'URLSessionTaskDelegate' in scope
59 | ) async throws -> (Data, HTTPResponse) {
60 | guard let urlRequest = URLRequest(httpRequest: request) else {
/host/spi-builder-workspace/.build/checkouts/swift-http-types/Sources/HTTPTypesFoundation/URLSession+HTTPTypes.swift:79:19: error: cannot find type 'URLSessionTaskDelegate' in scope
77 | for request: HTTPRequest,
78 | fromFile fileURL: URL,
79 | delegate: URLSessionTaskDelegate? = nil
| `- error: cannot find type 'URLSessionTaskDelegate' in scope
80 | ) async throws -> (Data, HTTPResponse) {
81 | guard let urlRequest = URLRequest(httpRequest: request) else {
/host/spi-builder-workspace/.build/checkouts/swift-http-types/Sources/HTTPTypesFoundation/URLSession+HTTPTypes.swift:100:19: error: cannot find type 'URLSessionTaskDelegate' in scope
98 | for request: HTTPRequest,
99 | from bodyData: Data,
100 | delegate: URLSessionTaskDelegate? = nil
| `- error: cannot find type 'URLSessionTaskDelegate' in scope
101 | ) async throws -> (Data, HTTPResponse) {
102 | guard let urlRequest = URLRequest(httpRequest: request) else {
/host/spi-builder-workspace/.build/checkouts/swift-http-types/Sources/HTTPTypesFoundation/URLSession+HTTPTypes.swift:119:19: error: cannot find type 'URLSessionTaskDelegate' in scope
117 | public func download(
118 | for request: HTTPRequest,
119 | delegate: URLSessionTaskDelegate? = nil
| `- error: cannot find type 'URLSessionTaskDelegate' in scope
120 | ) async throws -> (URL, HTTPResponse) {
121 | guard let urlRequest = URLRequest(httpRequest: request) else {
[#NominalTypes]: <https://docs.swift.org/compiler/documentation/diagnostics/nominal-types>
error: emit-module command failed with exit code 1 (use -v to see invocation)
[292/692] Emitting module HTTPTypesFoundation
/host/spi-builder-workspace/.build/checkouts/swift-http-types/Sources/HTTPTypesFoundation/URLSession+HTTPTypes.swift:50:1: error: non-nominal type 'URLSession' (aka 'AnyObject') cannot be extended [#NominalTypes]
48 | @available(macOS 12.0, iOS 15.0, watchOS 8.0, tvOS 15.0, *)
49 | @available(HTTPTypes 1.0, *)
50 | extension URLSession {
| `- error: non-nominal type 'URLSession' (aka 'AnyObject') cannot be extended [#NominalTypes]
51 | /// Convenience method to load data using an `HTTPRequest`; creates and resumes a `URLSessionDataTask` internally.
52 | ///
/host/spi-builder-workspace/.build/checkouts/swift-http-types/Sources/HTTPTypesFoundation/URLSession+HTTPTypes.swift:155:1: error: non-nominal type 'URLSession' (aka 'AnyObject') cannot be extended [#NominalTypes]
153 | @available(macOS 10.15, iOS 13.0, watchOS 6.0, tvOS 13.0, *)
154 | @available(HTTPTypes 1.0, *)
155 | extension URLSession {
| `- error: non-nominal type 'URLSession' (aka 'AnyObject') cannot be extended [#NominalTypes]
156 | /// Convenience method to load data using an `HTTPRequest`; creates and resumes a `URLSessionDataTask` internally.
157 | ///
[#NominalTypes]: <https://docs.swift.org/compiler/documentation/diagnostics/nominal-types>
[293/692] Compiling HTTPTypesFoundation URLResponse+HTTPTypes.swift
[294/692] Compiling HTTPTypesFoundation HTTPTypesFoundation.swift
[295/692] Compiling HTTPTypesFoundation URLRequest+HTTPTypes.swift
[296/692] Emitting module DequeModule
[296/692] Compiling ssl_session.cc
[298/692] Compiling HTTPTypesFoundation HTTPTypes+ISOLatin1.swift
[298/692] Compiling ssl_file.cc
[298/692] Compiling ssl_credential.cc
[298/692] Compiling ssl_privkey.cc
[298/692] Compiling ssl_lib.cc
[298/692] Compiling ssl_cipher.cc
[298/692] Compiling ssl_key_share.cc
BUILD FAILURE 6.2 wasm