The Swift Package Index logo.Swift Package Index

Build Information

Failed to build Swiftline, reference 0.5.6 (200b14), with Swift 6.4 for watchOS using Xcode 27.0 on 20 Sep 2026 03:32:41 UTC.

Build Command

env DEVELOPER_DIR=/Applications/Xcode-27.0.0-Release.Candidate.app xcrun xcodebuild -IDEClonedSourcePackagesDirPathOverride=$PWD/.dependencies -skipMacroValidation -skipPackagePluginValidation -derivedDataPath $PWD/.derivedData build -scheme Swiftline -destination generic/platform=watchOS

Build Log

WriteAuxiliaryFile /Users/admin/builder/spi-builder-workspace/.derivedData/Build/Intermediates.noindex/Swiftline.build/Debug-watchos/Swiftline-t.build/Objects-normal/arm64_32/Swiftline_const_extract_protocols.json (in target 'Swiftline' from project 'Swiftline')
    cd /Users/admin/builder/spi-builder-workspace
    write-file /Users/admin/builder/spi-builder-workspace/.derivedData/Build/Intermediates.noindex/Swiftline.build/Debug-watchos/Swiftline-t.build/Objects-normal/arm64_32/Swiftline_const_extract_protocols.json
WriteAuxiliaryFile /Users/admin/builder/spi-builder-workspace/.derivedData/Build/Intermediates.noindex/Swiftline.build/Debug-watchos/Swiftline-t.build/Objects-normal/arm64_32/Swiftline.SwiftFileList (in target 'Swiftline' from project 'Swiftline')
    cd /Users/admin/builder/spi-builder-workspace
    write-file /Users/admin/builder/spi-builder-workspace/.derivedData/Build/Intermediates.noindex/Swiftline.build/Debug-watchos/Swiftline-t.build/Objects-normal/arm64_32/Swiftline.SwiftFileList
WriteAuxiliaryFile /Users/admin/builder/spi-builder-workspace/.derivedData/Build/Intermediates.noindex/Swiftline.build/Debug-watchos/Swiftline-t.build/Objects-normal/arm64_32/Swiftline.SwiftConstValuesFileList (in target 'Swiftline' from project 'Swiftline')
    cd /Users/admin/builder/spi-builder-workspace
    write-file /Users/admin/builder/spi-builder-workspace/.derivedData/Build/Intermediates.noindex/Swiftline.build/Debug-watchos/Swiftline-t.build/Objects-normal/arm64_32/Swiftline.SwiftConstValuesFileList
WriteAuxiliaryFile /Users/admin/builder/spi-builder-workspace/.derivedData/Build/Intermediates.noindex/Swiftline.build/Debug-watchos/Swiftline-t.build/Objects-normal/arm64/Swiftline.SwiftFileList (in target 'Swiftline' from project 'Swiftline')
    cd /Users/admin/builder/spi-builder-workspace
    write-file /Users/admin/builder/spi-builder-workspace/.derivedData/Build/Intermediates.noindex/Swiftline.build/Debug-watchos/Swiftline-t.build/Objects-normal/arm64/Swiftline.SwiftFileList
WriteAuxiliaryFile /Users/admin/builder/spi-builder-workspace/.derivedData/Build/Intermediates.noindex/Swiftline.build/Debug-watchos/Swiftline-t.build/Objects-normal/arm64/Swiftline.LinkFileList (in target 'Swiftline' from project 'Swiftline')
    cd /Users/admin/builder/spi-builder-workspace
    write-file /Users/admin/builder/spi-builder-workspace/.derivedData/Build/Intermediates.noindex/Swiftline.build/Debug-watchos/Swiftline-t.build/Objects-normal/arm64/Swiftline.LinkFileList
WriteAuxiliaryFile /Users/admin/builder/spi-builder-workspace/.derivedData/Build/Intermediates.noindex/Swiftline.build/Debug-watchos/Swiftline-t.build/Objects-normal/arm64/Swiftline.SwiftConstValuesFileList (in target 'Swiftline' from project 'Swiftline')
    cd /Users/admin/builder/spi-builder-workspace
    write-file /Users/admin/builder/spi-builder-workspace/.derivedData/Build/Intermediates.noindex/Swiftline.build/Debug-watchos/Swiftline-t.build/Objects-normal/arm64/Swiftline.SwiftConstValuesFileList
WriteAuxiliaryFile /Users/admin/builder/spi-builder-workspace/.derivedData/Build/Intermediates.noindex/Swiftline.build/Debug-watchos/Swiftline-t.build/Objects-normal/arm64/Swiftline-OutputFileMap.json (in target 'Swiftline' from project 'Swiftline')
    cd /Users/admin/builder/spi-builder-workspace
    write-file /Users/admin/builder/spi-builder-workspace/.derivedData/Build/Intermediates.noindex/Swiftline.build/Debug-watchos/Swiftline-t.build/Objects-normal/arm64/Swiftline-OutputFileMap.json
Copy /Users/admin/builder/spi-builder-workspace/.derivedData/Build/Intermediates.noindex/GeneratedModuleMaps-watchos/Swiftline.modulemap /Users/admin/builder/spi-builder-workspace/.derivedData/Build/Intermediates.noindex/Swiftline.build/Debug-watchos/Swiftline-t.build/Swiftline.modulemap (in target 'Swiftline' from project 'Swiftline')
    cd /Users/admin/builder/spi-builder-workspace
    builtin-copy -exclude .DS_Store -exclude CVS -exclude .svn -exclude .git -exclude .hg -resolve-src-symlinks /Users/admin/builder/spi-builder-workspace/.derivedData/Build/Intermediates.noindex/Swiftline.build/Debug-watchos/Swiftline-t.build/Swiftline.modulemap /Users/admin/builder/spi-builder-workspace/.derivedData/Build/Intermediates.noindex/GeneratedModuleMaps-watchos
SwiftDriver Swiftline normal arm64_32 com.apple.xcode.tools.swift.compiler (in target 'Swiftline' from project 'Swiftline')
    cd /Users/admin/builder/spi-builder-workspace/.swiftpm/xcode
    builtin-SwiftDriver -- /Applications/Xcode-27.0.0-Release.Candidate.app/Contents/Developer/Toolchains/XcodeDefault.xctoolchain/usr/bin/swiftc -parse-as-library -module-name Swiftline -Onone @/Users/admin/builder/spi-builder-workspace/.derivedData/Build/Intermediates.noindex/Swiftline.build/Debug-watchos/Swiftline-t.build/Objects-normal/arm64_32/Swiftline.SwiftFileList -DSWIFT_PACKAGE -DDEBUG -DSWIFT_MODULE_RESOURCE_BUNDLE_UNAVAILABLE -DXcode -plugin-path /Applications/Xcode-27.0.0-Release.Candidate.app/Contents/Developer/Toolchains/XcodeDefault.xctoolchain/usr/lib/swift/host/plugins/testing -enable-experimental-feature DebugDescriptionMacro -sdk /Applications/Xcode-27.0.0-Release.Candidate.app/Contents/Developer/Platforms/WatchOS.platform/Developer/SDKs/WatchOS27.0.sdk -target arm64_32-apple-watchos9.0 -g -module-cache-path /Users/admin/builder/spi-builder-workspace/.derivedData/ModuleCache.noindex -Xfrontend -serialize-debugging-options -profile-coverage-mapping -profile-generate -enable-testing -index-store-path /Users/admin/builder/spi-builder-workspace/.derivedData/Index.noindex/DataStore -Xcc -D_LIBCPP_HARDENING_MODE\=_LIBCPP_HARDENING_MODE_DEBUG -swift-version 5 -I /Users/admin/builder/spi-builder-workspace/.derivedData/Build/Products/Debug-watchos -Isystem /Applications/Xcode-27.0.0-Release.Candidate.app/Contents/Developer/Platforms/WatchOS.platform/Developer/usr/lib -F /Users/admin/builder/spi-builder-workspace/.derivedData/Build/Products/Debug-watchos -F /Applications/Xcode-27.0.0-Release.Candidate.app/Contents/Developer/Platforms/WatchOS.platform/Developer/Library/Frameworks -F /Applications/Xcode-27.0.0-Release.Candidate.app/Contents/Developer/Platforms/WatchOS.platform/Developer/SDKs/WatchOS27.0.sdk/Developer/Library/Frameworks -c -j10 -enable-batch-mode -incremental -Xcc -ivfsstatcache -Xcc /Users/admin/builder/spi-builder-workspace/.derivedData/SDKStatCaches.noindex/watchos27.0-24R360-e829b21a6f8c9b70876ba0858053c04477534ef55a1706bf4c1112bbb242f0a2.sdkstatcache -output-file-map /Users/admin/builder/spi-builder-workspace/.derivedData/Build/Intermediates.noindex/Swiftline.build/Debug-watchos/Swiftline-t.build/Objects-normal/arm64_32/Swiftline-OutputFileMap.json -save-temps -no-color-diagnostics -explicit-module-build -module-cache-path /Users/admin/builder/spi-builder-workspace/.derivedData/Build/Intermediates.noindex/SwiftExplicitPrecompiledModules -clang-scanner-module-cache-path /Users/admin/builder/spi-builder-workspace/.derivedData/ModuleCache.noindex -sdk-module-cache-path /Users/admin/builder/spi-builder-workspace/.derivedData/SDKExplicitPrecompiledModules -emit-dependencies -emit-module -emit-module-path /Users/admin/builder/spi-builder-workspace/.derivedData/Build/Intermediates.noindex/Swiftline.build/Debug-watchos/Swiftline-t.build/Objects-normal/arm64_32/Swiftline.swiftmodule -serialize-diagnostics -dependency-scan-serialize-diagnostics-path /Users/admin/builder/spi-builder-workspace/.derivedData/Build/Intermediates.noindex/Swiftline.build/Debug-watchos/Swiftline-t.build/Objects-normal/arm64_32/Swiftline-dependency-scan.dia -validate-clang-modules-once -clang-build-session-file /Users/admin/builder/spi-builder-workspace/.derivedData/ModuleCache.noindex/Session.modulevalidation -Xcc -fmodules-prune-interval\=86400 -Xcc -fmodules-prune-after\=345600 -emit-const-values -const-gather-protocols-list /Users/admin/builder/spi-builder-workspace/.derivedData/Build/Intermediates.noindex/Swiftline.build/Debug-watchos/Swiftline-t.build/Objects-normal/arm64_32/Swiftline_const_extract_protocols.json -Xcc -I/Users/admin/builder/spi-builder-workspace/.derivedData/Build/Products/Debug-watchos/include -Xcc -I/Users/admin/builder/spi-builder-workspace/.derivedData/Build/Intermediates.noindex/Swiftline.build/Debug-watchos/Swiftline-t.build/DerivedSources-normal/arm64_32 -Xcc -I/Users/admin/builder/spi-builder-workspace/.derivedData/Build/Intermediates.noindex/Swiftline.build/Debug-watchos/Swiftline-t.build/DerivedSources/arm64_32 -Xcc -I/Users/admin/builder/spi-builder-workspace/.derivedData/Build/Intermediates.noindex/Swiftline.build/Debug-watchos/Swiftline-t.build/DerivedSources -Xcc -DSWIFT_PACKAGE -Xcc -DDEBUG\=1 -emit-objc-header -emit-objc-header-path /Users/admin/builder/spi-builder-workspace/.derivedData/Build/Intermediates.noindex/Swiftline.build/Debug-watchos/Swiftline-t.build/Objects-normal/arm64_32/Swiftline-Swift.h -working-directory /Users/admin/builder/spi-builder-workspace/.swiftpm/xcode -experimental-emit-module-separately -disable-cmo
SwiftDriver Swiftline normal arm64 com.apple.xcode.tools.swift.compiler (in target 'Swiftline' from project 'Swiftline')
    cd /Users/admin/builder/spi-builder-workspace/.swiftpm/xcode
    builtin-SwiftDriver -- /Applications/Xcode-27.0.0-Release.Candidate.app/Contents/Developer/Toolchains/XcodeDefault.xctoolchain/usr/bin/swiftc -parse-as-library -module-name Swiftline -Onone @/Users/admin/builder/spi-builder-workspace/.derivedData/Build/Intermediates.noindex/Swiftline.build/Debug-watchos/Swiftline-t.build/Objects-normal/arm64/Swiftline.SwiftFileList -DSWIFT_PACKAGE -DDEBUG -DSWIFT_MODULE_RESOURCE_BUNDLE_UNAVAILABLE -DXcode -plugin-path /Applications/Xcode-27.0.0-Release.Candidate.app/Contents/Developer/Toolchains/XcodeDefault.xctoolchain/usr/lib/swift/host/plugins/testing -enable-experimental-feature DebugDescriptionMacro -sdk /Applications/Xcode-27.0.0-Release.Candidate.app/Contents/Developer/Platforms/WatchOS.platform/Developer/SDKs/WatchOS27.0.sdk -target arm64-apple-watchos9.0 -g -module-cache-path /Users/admin/builder/spi-builder-workspace/.derivedData/ModuleCache.noindex -Xfrontend -serialize-debugging-options -profile-coverage-mapping -profile-generate -enable-testing -index-store-path /Users/admin/builder/spi-builder-workspace/.derivedData/Index.noindex/DataStore -Xcc -D_LIBCPP_HARDENING_MODE\=_LIBCPP_HARDENING_MODE_DEBUG -swift-version 5 -I /Users/admin/builder/spi-builder-workspace/.derivedData/Build/Products/Debug-watchos -Isystem /Applications/Xcode-27.0.0-Release.Candidate.app/Contents/Developer/Platforms/WatchOS.platform/Developer/usr/lib -F /Users/admin/builder/spi-builder-workspace/.derivedData/Build/Products/Debug-watchos -F /Applications/Xcode-27.0.0-Release.Candidate.app/Contents/Developer/Platforms/WatchOS.platform/Developer/Library/Frameworks -F /Applications/Xcode-27.0.0-Release.Candidate.app/Contents/Developer/Platforms/WatchOS.platform/Developer/SDKs/WatchOS27.0.sdk/Developer/Library/Frameworks -c -j10 -enable-batch-mode -incremental -Xcc -ivfsstatcache -Xcc /Users/admin/builder/spi-builder-workspace/.derivedData/SDKStatCaches.noindex/watchos27.0-24R360-e829b21a6f8c9b70876ba0858053c04477534ef55a1706bf4c1112bbb242f0a2.sdkstatcache -output-file-map /Users/admin/builder/spi-builder-workspace/.derivedData/Build/Intermediates.noindex/Swiftline.build/Debug-watchos/Swiftline-t.build/Objects-normal/arm64/Swiftline-OutputFileMap.json -save-temps -no-color-diagnostics -explicit-module-build -module-cache-path /Users/admin/builder/spi-builder-workspace/.derivedData/Build/Intermediates.noindex/SwiftExplicitPrecompiledModules -clang-scanner-module-cache-path /Users/admin/builder/spi-builder-workspace/.derivedData/ModuleCache.noindex -sdk-module-cache-path /Users/admin/builder/spi-builder-workspace/.derivedData/SDKExplicitPrecompiledModules -emit-dependencies -emit-module -emit-module-path /Users/admin/builder/spi-builder-workspace/.derivedData/Build/Intermediates.noindex/Swiftline.build/Debug-watchos/Swiftline-t.build/Objects-normal/arm64/Swiftline.swiftmodule -serialize-diagnostics -dependency-scan-serialize-diagnostics-path /Users/admin/builder/spi-builder-workspace/.derivedData/Build/Intermediates.noindex/Swiftline.build/Debug-watchos/Swiftline-t.build/Objects-normal/arm64/Swiftline-dependency-scan.dia -validate-clang-modules-once -clang-build-session-file /Users/admin/builder/spi-builder-workspace/.derivedData/ModuleCache.noindex/Session.modulevalidation -Xcc -fmodules-prune-interval\=86400 -Xcc -fmodules-prune-after\=345600 -emit-const-values -const-gather-protocols-list /Users/admin/builder/spi-builder-workspace/.derivedData/Build/Intermediates.noindex/Swiftline.build/Debug-watchos/Swiftline-t.build/Objects-normal/arm64/Swiftline_const_extract_protocols.json -Xcc -I/Users/admin/builder/spi-builder-workspace/.derivedData/Build/Products/Debug-watchos/include -Xcc -I/Users/admin/builder/spi-builder-workspace/.derivedData/Build/Intermediates.noindex/Swiftline.build/Debug-watchos/Swiftline-t.build/DerivedSources-normal/arm64 -Xcc -I/Users/admin/builder/spi-builder-workspace/.derivedData/Build/Intermediates.noindex/Swiftline.build/Debug-watchos/Swiftline-t.build/DerivedSources/arm64 -Xcc -I/Users/admin/builder/spi-builder-workspace/.derivedData/Build/Intermediates.noindex/Swiftline.build/Debug-watchos/Swiftline-t.build/DerivedSources -Xcc -DSWIFT_PACKAGE -Xcc -DDEBUG\=1 -emit-objc-header -emit-objc-header-path /Users/admin/builder/spi-builder-workspace/.derivedData/Build/Intermediates.noindex/Swiftline.build/Debug-watchos/Swiftline-t.build/Objects-normal/arm64/Swiftline-Swift.h -working-directory /Users/admin/builder/spi-builder-workspace/.swiftpm/xcode -experimental-emit-module-separately -disable-cmo
SwiftExplicitDependencyGeneratePcm arm64 /Users/admin/builder/spi-builder-workspace/.derivedData/SDKExplicitPrecompiledModules/_Builtin_float-C0CW5Q4HGBQYKE77TC42IAFB5.pcm
SwiftExplicitDependencyGeneratePcm arm64 /Users/admin/builder/spi-builder-workspace/.derivedData/SDKExplicitPrecompiledModules/_Builtin_stddef-1FU30Y8SWFB7OUUHMJQH5J6FM.pcm
SwiftExplicitDependencyGeneratePcm arm64 /Users/admin/builder/spi-builder-workspace/.derivedData/SDKExplicitPrecompiledModules/_SwiftConcurrencyShims-659N52XSKR5F0QSB880BH2FJR.pcm
SwiftExplicitDependencyGeneratePcm arm64 /Users/admin/builder/spi-builder-workspace/.derivedData/SDKExplicitPrecompiledModules/ptrauth-3TZ9WJCGLYD25HQPWH4968ONX.pcm
SwiftExplicitDependencyGeneratePcm arm64 /Users/admin/builder/spi-builder-workspace/.derivedData/SDKExplicitPrecompiledModules/_Builtin_stdbool-83J96QSOFE9VX04AAS6310UAE.pcm
SwiftExplicitDependencyGeneratePcm arm64 /Users/admin/builder/spi-builder-workspace/.derivedData/SDKExplicitPrecompiledModules/SwiftShims-4MXFZPV6FEB0XBYXCGPWAMQGL.pcm
SwiftExplicitDependencyGeneratePcm arm64 /Users/admin/builder/spi-builder-workspace/.derivedData/SDKExplicitPrecompiledModules/ptrcheck-AIF0NDOYZ8ORBNHQAQR5NNB8M.pcm
SwiftExplicitDependencyGeneratePcm arm64 /Users/admin/builder/spi-builder-workspace/.derivedData/SDKExplicitPrecompiledModules/_Builtin_stdarg-A7UU8LE6MP85SM26YO7PBZNUQ.pcm
SwiftExplicitDependencyGeneratePcm arm64 /Users/admin/builder/spi-builder-workspace/.derivedData/SDKExplicitPrecompiledModules/_AvailabilityInternal-BUNV3UXM65NT37THI4W1AM0SF.pcm
SwiftExplicitDependencyGeneratePcm arm64_32 /Users/admin/builder/spi-builder-workspace/.derivedData/SDKExplicitPrecompiledModules/_Builtin_stdarg-D305JG44A2WPI6CJY37X3QJE8.pcm
SwiftExplicitDependencyGeneratePcm arm64_32 /Users/admin/builder/spi-builder-workspace/.derivedData/SDKExplicitPrecompiledModules/_Builtin_stdbool-A967K8W8YUYEC9SN52KJ7OO88.pcm
SwiftExplicitDependencyGeneratePcm arm64_32 /Users/admin/builder/spi-builder-workspace/.derivedData/SDKExplicitPrecompiledModules/ptrauth-BFXF358ME5AK535N5A9Z766WU.pcm
SwiftExplicitDependencyGeneratePcm arm64_32 /Users/admin/builder/spi-builder-workspace/.derivedData/SDKExplicitPrecompiledModules/_Builtin_stddef-H44EFHQX6XSS5MZ7QP6YJZ76.pcm
SwiftExplicitDependencyGeneratePcm arm64_32 /Users/admin/builder/spi-builder-workspace/.derivedData/SDKExplicitPrecompiledModules/_AvailabilityInternal-244WAN3Z1QBT7PIA64EZEFY1R.pcm
SwiftExplicitDependencyGeneratePcm arm64_32 /Users/admin/builder/spi-builder-workspace/.derivedData/SDKExplicitPrecompiledModules/SwiftShims-9CQQGWTSNTN9EB5NSHDWUJICH.pcm
SwiftExplicitDependencyGeneratePcm arm64_32 /Users/admin/builder/spi-builder-workspace/.derivedData/SDKExplicitPrecompiledModules/ptrcheck-7ELIH9BTIGVKX3UBITM9N72WD.pcm
SwiftExplicitDependencyGeneratePcm arm64_32 /Users/admin/builder/spi-builder-workspace/.derivedData/SDKExplicitPrecompiledModules/_Builtin_float-6KO8O3PEWRCA4WC6PPLOYO6WJ.pcm
SwiftExplicitDependencyGeneratePcm arm64_32 /Users/admin/builder/spi-builder-workspace/.derivedData/SDKExplicitPrecompiledModules/_SwiftConcurrencyShims-6RTBPQ03V7BM9SPRK8SUE055H.pcm
SwiftExplicitDependencyGeneratePcm arm64 /Users/admin/builder/spi-builder-workspace/.derivedData/SDKExplicitPrecompiledModules/_DarwinFoundation1-7SPX3MD0HMP55E4OLNCPNDQ53.pcm
SwiftExplicitDependencyGeneratePcm arm64_32 /Users/admin/builder/spi-builder-workspace/.derivedData/SDKExplicitPrecompiledModules/_DarwinFoundation1-2GWF9RFMPLQW4PDHS3NARVI3G.pcm
SwiftExplicitDependencyGeneratePcm arm64 /Users/admin/builder/spi-builder-workspace/.derivedData/SDKExplicitPrecompiledModules/_DarwinFoundation2-D0XAPJU49S5E9XMKYOFGSTB1Q.pcm
SwiftExplicitDependencyGeneratePcm arm64 /Users/admin/builder/spi-builder-workspace/.derivedData/SDKExplicitPrecompiledModules/_Builtin_limits-9GWPA2B0H20DYUNYHYCWKABJG.pcm
SwiftExplicitDependencyGeneratePcm arm64_32 /Users/admin/builder/spi-builder-workspace/.derivedData/SDKExplicitPrecompiledModules/_DarwinFoundation2-9MY8GOSYRO0M9MKNXF6D3MBNK.pcm
SwiftExplicitDependencyGeneratePcm arm64_32 /Users/admin/builder/spi-builder-workspace/.derivedData/SDKExplicitPrecompiledModules/_Builtin_limits-3VKBU2AFTD65PAJZ5CJ3LHFM2.pcm
SwiftExplicitDependencyGeneratePcm arm64 /Users/admin/builder/spi-builder-workspace/.derivedData/SDKExplicitPrecompiledModules/string_h-E6PRXK75PHIPCZFWOFCQ3QBMK.pcm
SwiftExplicitDependencyGeneratePcm arm64 /Users/admin/builder/spi-builder-workspace/.derivedData/SDKExplicitPrecompiledModules/sys_types-2KXQLI78OUCDP779AE68GZJ2.pcm
SwiftExplicitDependencyGeneratePcm arm64 /Users/admin/builder/spi-builder-workspace/.derivedData/SDKExplicitPrecompiledModules/_Builtin_stdint-8XMILLJZEGRN2XG7XZUXZ5RLX.pcm
SwiftExplicitDependencyGeneratePcm arm64 /Users/admin/builder/spi-builder-workspace/.derivedData/SDKExplicitPrecompiledModules/_DarwinFoundation3-B97LRG0E9GON2NUE65TVG81HU.pcm
SwiftExplicitDependencyGeneratePcm arm64_32 /Users/admin/builder/spi-builder-workspace/.derivedData/SDKExplicitPrecompiledModules/sys_types-8TLLMW08ZJWDGIIPKOYFGHHZW.pcm
SwiftExplicitDependencyGeneratePcm arm64_32 /Users/admin/builder/spi-builder-workspace/.derivedData/SDKExplicitPrecompiledModules/string_h-BFVLUQUSBZWYMLCU9QI7VZALW.pcm
SwiftExplicitDependencyGeneratePcm arm64_32 /Users/admin/builder/spi-builder-workspace/.derivedData/SDKExplicitPrecompiledModules/_Builtin_stdint-1HMXWI3V0V4TXHRWZOMZGZ80Y.pcm
SwiftExplicitDependencyGeneratePcm arm64_32 /Users/admin/builder/spi-builder-workspace/.derivedData/SDKExplicitPrecompiledModules/_DarwinFoundation3-3DUTYQDQSD9HUAAVY947NMWOI.pcm
SwiftExplicitDependencyGeneratePcm arm64 /Users/admin/builder/spi-builder-workspace/.derivedData/SDKExplicitPrecompiledModules/_Builtin_inttypes-3UQSCM7WNM9EK4HZML8TY5J3D.pcm
SwiftExplicitDependencyGeneratePcm arm64 /Users/admin/builder/spi-builder-workspace/.derivedData/SDKExplicitPrecompiledModules/Darwin-3984OXKFNSPE77NT743WK8SEX.pcm
SwiftExplicitDependencyGeneratePcm arm64_32 /Users/admin/builder/spi-builder-workspace/.derivedData/SDKExplicitPrecompiledModules/_Builtin_inttypes-D2KPCR4PEX9AQA33NGLUT5SBR.pcm
SwiftExplicitDependencyGeneratePcm arm64_32 /Users/admin/builder/spi-builder-workspace/.derivedData/SDKExplicitPrecompiledModules/Darwin-3FVT1SKLN2ZQ5RVOABMTQBB34.pcm
SwiftExplicitDependencyGeneratePcm arm64 /Users/admin/builder/spi-builder-workspace/.derivedData/SDKExplicitPrecompiledModules/ObjectiveC-72IVD3VS2RS8Q28D9PIMY0KQP.pcm
SwiftExplicitDependencyGeneratePcm arm64_32 /Users/admin/builder/spi-builder-workspace/.derivedData/SDKExplicitPrecompiledModules/ObjectiveC-6IJNELR2E80E7LUKESVCP2KET.pcm
SwiftExplicitDependencyGeneratePcm arm64 /Users/admin/builder/spi-builder-workspace/.derivedData/SDKExplicitPrecompiledModules/os_object-3SDKD7F87FTZ26OON37DRYT6O.pcm
SwiftExplicitDependencyGeneratePcm arm64 /Users/admin/builder/spi-builder-workspace/.derivedData/SDKExplicitPrecompiledModules/os_workgroup-89GG5G7YC2D0ZTK6AZXXQ20DH.pcm
SwiftExplicitDependencyGeneratePcm arm64_32 /Users/admin/builder/spi-builder-workspace/.derivedData/SDKExplicitPrecompiledModules/os_object-5YWTC6L4756IWSTPGXS5NM0D0.pcm
SwiftExplicitDependencyGeneratePcm arm64_32 /Users/admin/builder/spi-builder-workspace/.derivedData/SDKExplicitPrecompiledModules/os_workgroup-5JHTPDMNBUNHLJI8LPHKQK1JK.pcm
SwiftExplicitDependencyGeneratePcm arm64 /Users/admin/builder/spi-builder-workspace/.derivedData/SDKExplicitPrecompiledModules/Dispatch-1NLJOVAK60XP0DUB05XA59EIM.pcm
SwiftExplicitDependencyGeneratePcm arm64_32 /Users/admin/builder/spi-builder-workspace/.derivedData/SDKExplicitPrecompiledModules/Dispatch-2P62F1T4XV63S4P99TUDTOK2Q.pcm
SwiftExplicitDependencyGeneratePcm arm64 /Users/admin/builder/spi-builder-workspace/.derivedData/SDKExplicitPrecompiledModules/XPC-40DR0X1DHKGCV4J1IOLFS8MOU.pcm
SwiftExplicitDependencyGeneratePcm arm64 /Users/admin/builder/spi-builder-workspace/.derivedData/SDKExplicitPrecompiledModules/CoreFoundation-8T2L24YC5NU7WO6WQJWRY7W08.pcm
SwiftExplicitDependencyGeneratePcm arm64_32 /Users/admin/builder/spi-builder-workspace/.derivedData/SDKExplicitPrecompiledModules/CoreFoundation-8E6Y4BA3EXYKUGJ24GT9LGV3N.pcm
SwiftExplicitDependencyGeneratePcm arm64_32 /Users/admin/builder/spi-builder-workspace/.derivedData/SDKExplicitPrecompiledModules/XPC-81Y45QFY96XYYFCW2GT6FY8S4.pcm
SwiftExplicitDependencyGeneratePcm arm64 /Users/admin/builder/spi-builder-workspace/.derivedData/SDKExplicitPrecompiledModules/Security-6RZ6YBRU8WCUHRFFRVUK5WKMM.pcm
SwiftExplicitDependencyGeneratePcm arm64_32 /Users/admin/builder/spi-builder-workspace/.derivedData/SDKExplicitPrecompiledModules/Security-D7TOWF88VWF67TB9HAFP5UWB1.pcm
SwiftExplicitDependencyGeneratePcm arm64 /Users/admin/builder/spi-builder-workspace/.derivedData/SDKExplicitPrecompiledModules/Foundation-DLBKUSGXN8QHAT8W0OARR9S8A.pcm
SwiftExplicitDependencyGeneratePcm arm64_32 /Users/admin/builder/spi-builder-workspace/.derivedData/SDKExplicitPrecompiledModules/Foundation-BJ2VQGI3OGR34500MEQ1VKHPH.pcm
SwiftEmitModule normal arm64 Emitting\ module\ for\ Swiftline (in target 'Swiftline' from project 'Swiftline')
SwiftCompile normal arm64 (in target 'Swiftline' from project 'Swiftline')
    cd /Users/admin/builder/spi-builder-workspace/.swiftpm/xcode

SwiftCompile normal arm64 Compiling\ Choose.swift,\ ChooseSettings.swift,\ Colorizer.swift /Users/admin/builder/spi-builder-workspace/Sources/Choose.swift /Users/admin/builder/spi-builder-workspace/Sources/ChooseSettings.swift /Users/admin/builder/spi-builder-workspace/Sources/Colorizer.swift (in target 'Swiftline' from project 'Swiftline')
SwiftCompile normal arm64 /Users/admin/builder/spi-builder-workspace/Sources/Choose.swift (in target 'Swiftline' from project 'Swiftline')
    cd /Users/admin/builder/spi-builder-workspace/.swiftpm/xcode
    builtin-SwiftPerFileCompile Choose.swift
SwiftCompile normal arm64 /Users/admin/builder/spi-builder-workspace/Sources/ChooseSettings.swift (in target 'Swiftline' from project 'Swiftline')
    cd /Users/admin/builder/spi-builder-workspace/.swiftpm/xcode
    builtin-SwiftPerFileCompile ChooseSettings.swift
SwiftCompile normal arm64 /Users/admin/builder/spi-builder-workspace/Sources/Colorizer.swift (in target 'Swiftline' from project 'Swiftline')
    cd /Users/admin/builder/spi-builder-workspace/.swiftpm/xcode
    builtin-SwiftPerFileCompile Colorizer.swift
SwiftCompile normal arm64 Compiling\ Agree.swift,\ AgreeSettings.swift,\ ArgConvertible.swift /Users/admin/builder/spi-builder-workspace/Sources/Agree.swift /Users/admin/builder/spi-builder-workspace/Sources/AgreeSettings.swift /Users/admin/builder/spi-builder-workspace/Sources/ArgConvertible.swift (in target 'Swiftline' from project 'Swiftline')
SwiftCompile normal arm64 /Users/admin/builder/spi-builder-workspace/Sources/Agree.swift (in target 'Swiftline' from project 'Swiftline')
    cd /Users/admin/builder/spi-builder-workspace/.swiftpm/xcode
    builtin-SwiftPerFileCompile Agree.swift
SwiftCompile normal arm64 /Users/admin/builder/spi-builder-workspace/Sources/AgreeSettings.swift (in target 'Swiftline' from project 'Swiftline')
    cd /Users/admin/builder/spi-builder-workspace/.swiftpm/xcode
    builtin-SwiftPerFileCompile AgreeSettings.swift
SwiftCompile normal arm64 /Users/admin/builder/spi-builder-workspace/Sources/ArgConvertible.swift (in target 'Swiftline' from project 'Swiftline')
    cd /Users/admin/builder/spi-builder-workspace/.swiftpm/xcode
    builtin-SwiftPerFileCompile ArgConvertible.swift
SwiftCompile normal arm64 Compiling\ PromptPrinter.swift,\ PromptReader.swift,\ PromptSettings.swift /Users/admin/builder/spi-builder-workspace/Sources/PromptPrinter.swift /Users/admin/builder/spi-builder-workspace/Sources/PromptReader.swift /Users/admin/builder/spi-builder-workspace/Sources/PromptSettings.swift (in target 'Swiftline' from project 'Swiftline')
SwiftCompile normal arm64 /Users/admin/builder/spi-builder-workspace/Sources/PromptPrinter.swift (in target 'Swiftline' from project 'Swiftline')
    cd /Users/admin/builder/spi-builder-workspace/.swiftpm/xcode
    builtin-SwiftPerFileCompile PromptPrinter.swift
SwiftCompile normal arm64 /Users/admin/builder/spi-builder-workspace/Sources/PromptReader.swift (in target 'Swiftline' from project 'Swiftline')
    cd /Users/admin/builder/spi-builder-workspace/.swiftpm/xcode
    builtin-SwiftPerFileCompile PromptReader.swift
SwiftCompile normal arm64 /Users/admin/builder/spi-builder-workspace/Sources/PromptSettings.swift (in target 'Swiftline' from project 'Swiftline')
    cd /Users/admin/builder/spi-builder-workspace/.swiftpm/xcode
    builtin-SwiftPerFileCompile PromptSettings.swift
SwiftCompile normal arm64 Compiling\ Ask.swift,\ AskSettings.swift,\ AskerValidator.swift /Users/admin/builder/spi-builder-workspace/Sources/Ask.swift /Users/admin/builder/spi-builder-workspace/Sources/AskSettings.swift /Users/admin/builder/spi-builder-workspace/Sources/AskerValidator.swift (in target 'Swiftline' from project 'Swiftline')
SwiftCompile normal arm64 /Users/admin/builder/spi-builder-workspace/Sources/Ask.swift (in target 'Swiftline' from project 'Swiftline')
    cd /Users/admin/builder/spi-builder-workspace/.swiftpm/xcode
    builtin-SwiftPerFileCompile Ask.swift
SwiftCompile normal arm64 /Users/admin/builder/spi-builder-workspace/Sources/AskSettings.swift (in target 'Swiftline' from project 'Swiftline')
    cd /Users/admin/builder/spi-builder-workspace/.swiftpm/xcode
    builtin-SwiftPerFileCompile AskSettings.swift
SwiftCompile normal arm64 /Users/admin/builder/spi-builder-workspace/Sources/AskerValidator.swift (in target 'Swiftline' from project 'Swiftline')
    cd /Users/admin/builder/spi-builder-workspace/.swiftpm/xcode
    builtin-SwiftPerFileCompile AskerValidator.swift
SwiftCompile normal arm64 Compiling\ StringStyleColorizer.swift,\ TaskPipe.swift /Users/admin/builder/spi-builder-workspace/Sources/StringStyleColorizer.swift /Users/admin/builder/spi-builder-workspace/Sources/TaskPipe.swift (in target 'Swiftline' from project 'Swiftline')
SwiftCompile normal arm64 /Users/admin/builder/spi-builder-workspace/Sources/StringStyleColorizer.swift (in target 'Swiftline' from project 'Swiftline')
    cd /Users/admin/builder/spi-builder-workspace/.swiftpm/xcode
    builtin-SwiftPerFileCompile StringStyleColorizer.swift
SwiftCompile normal arm64 /Users/admin/builder/spi-builder-workspace/Sources/TaskPipe.swift (in target 'Swiftline' from project 'Swiftline')
    cd /Users/admin/builder/spi-builder-workspace/.swiftpm/xcode
    builtin-SwiftPerFileCompile TaskPipe.swift
SwiftCompile normal arm64 Compiling\ RunResults.swift,\ Runner.swift,\ RunnerSettings.swift /Users/admin/builder/spi-builder-workspace/Sources/RunResults.swift /Users/admin/builder/spi-builder-workspace/Sources/Runner.swift /Users/admin/builder/spi-builder-workspace/Sources/RunnerSettings.swift (in target 'Swiftline' from project 'Swiftline')
SwiftCompile normal arm64 /Users/admin/builder/spi-builder-workspace/Sources/RunResults.swift (in target 'Swiftline' from project 'Swiftline')
    cd /Users/admin/builder/spi-builder-workspace/.swiftpm/xcode
    builtin-SwiftPerFileCompile RunResults.swift
SwiftCompile normal arm64 /Users/admin/builder/spi-builder-workspace/Sources/Runner.swift (in target 'Swiftline' from project 'Swiftline')
    cd /Users/admin/builder/spi-builder-workspace/.swiftpm/xcode
    builtin-SwiftPerFileCompile Runner.swift
SwiftCompile normal arm64 /Users/admin/builder/spi-builder-workspace/Sources/RunnerSettings.swift (in target 'Swiftline' from project 'Swiftline')
    cd /Users/admin/builder/spi-builder-workspace/.swiftpm/xcode
    builtin-SwiftPerFileCompile RunnerSettings.swift
SwiftCompile normal arm64 Compiling\ Args.swift,\ ArgsParser.swift,\ Argument.swift /Users/admin/builder/spi-builder-workspace/Sources/Args.swift /Users/admin/builder/spi-builder-workspace/Sources/ArgsParser.swift /Users/admin/builder/spi-builder-workspace/Sources/Argument.swift (in target 'Swiftline' from project 'Swiftline')
SwiftCompile normal arm64 /Users/admin/builder/spi-builder-workspace/Sources/Args.swift (in target 'Swiftline' from project 'Swiftline')
    cd /Users/admin/builder/spi-builder-workspace/.swiftpm/xcode
    builtin-SwiftPerFileCompile Args.swift
SwiftCompile normal arm64 /Users/admin/builder/spi-builder-workspace/Sources/ArgsParser.swift (in target 'Swiftline' from project 'Swiftline')
    cd /Users/admin/builder/spi-builder-workspace/.swiftpm/xcode
    builtin-SwiftPerFileCompile ArgsParser.swift
SwiftCompile normal arm64 /Users/admin/builder/spi-builder-workspace/Sources/Argument.swift (in target 'Swiftline' from project 'Swiftline')
    cd /Users/admin/builder/spi-builder-workspace/.swiftpm/xcode
    builtin-SwiftPerFileCompile Argument.swift
SwiftCompile normal arm64 Compiling\ CommandExecutor.swift,\ Env.swift,\ ProcessInfo.swift /Users/admin/builder/spi-builder-workspace/Sources/CommandExecutor.swift /Users/admin/builder/spi-builder-workspace/Sources/Env.swift /Users/admin/builder/spi-builder-workspace/Sources/ProcessInfo.swift (in target 'Swiftline' from project 'Swiftline')
/Users/admin/builder/spi-builder-workspace/Sources/CommandExecutor.swift:62:20: error: cannot find 'Process' in scope
 60 |         group.enter()
 61 |
 62 |         let task = Process()
    |                    `- error: cannot find 'Process' in scope
 63 |         task.executableURL = URL(fileURLWithPath: "/usr/bin/env")
 64 |         task.arguments = commandParts
/Users/admin/builder/spi-builder-workspace/Sources/CommandExecutor.swift:71:37: error: cannot infer type of closure parameter '_' without a type annotation
 69 |         task.standardOutput = stdoutPipe
 70 |         task.standardError = stderrPipe
 71 |         task.terminationHandler = { _ in group.leave() }
    |                                     `- error: cannot infer type of closure parameter '_' without a type annotation
 72 |         do {
 73 |             try task.run()
/Users/admin/builder/spi-builder-workspace/Sources/CommandExecutor.swift:106:9: error: 'posix_spawn_file_actions_init' is unavailable in watchOS
104 |
105 |         var childFDActions = STDLIB._make_posix_spawn_file_actions_t()
106 |         posix_spawn_file_actions_init(&childFDActions)
    |         `- error: 'posix_spawn_file_actions_init' is unavailable in watchOS
107 |         posix_spawn_file_actions_adddup2(&childFDActions, outputPipe[1], 1)
108 |         posix_spawn_file_actions_adddup2(&childFDActions, outputPipe[1], 2)
/Applications/Xcode-27.0.0-Release.Candidate.app/Contents/Developer/Platforms/WatchOS.platform/Developer/SDKs/WatchOS27.0.sdk/usr/include/spawn.h:89:9: note: 'posix_spawn_file_actions_init' has been explicitly marked unavailable here
 87 | int     posix_spawn_file_actions_destroy(posix_spawn_file_actions_t *) __API_AVAILABLE(macos(10.5), ios(2.0)) __API_UNAVAILABLE(watchos, tvos);
 88 |
 89 | int     posix_spawn_file_actions_init(posix_spawn_file_actions_t *) __API_AVAILABLE(macos(10.5), ios(2.0)) __API_UNAVAILABLE(watchos, tvos);
    |         `- note: 'posix_spawn_file_actions_init' has been explicitly marked unavailable here
 90 |
 91 | int     posix_spawnattr_destroy(posix_spawnattr_t *) __API_AVAILABLE(macos(10.5), ios(2.0)) __API_UNAVAILABLE(watchos, tvos);
/Users/admin/builder/spi-builder-workspace/Sources/CommandExecutor.swift:106:9: warning: result of call to 'posix_spawn_file_actions_init' is unused [#NoUsage]
104 |
105 |         var childFDActions = STDLIB._make_posix_spawn_file_actions_t()
106 |         posix_spawn_file_actions_init(&childFDActions)
    |         `- warning: result of call to 'posix_spawn_file_actions_init' is unused [#NoUsage]
107 |         posix_spawn_file_actions_adddup2(&childFDActions, outputPipe[1], 1)
108 |         posix_spawn_file_actions_adddup2(&childFDActions, outputPipe[1], 2)
/Users/admin/builder/spi-builder-workspace/Sources/CommandExecutor.swift:107:9: error: 'posix_spawn_file_actions_adddup2' is unavailable in watchOS
105 |         var childFDActions = STDLIB._make_posix_spawn_file_actions_t()
106 |         posix_spawn_file_actions_init(&childFDActions)
107 |         posix_spawn_file_actions_adddup2(&childFDActions, outputPipe[1], 1)
    |         `- error: 'posix_spawn_file_actions_adddup2' is unavailable in watchOS
108 |         posix_spawn_file_actions_adddup2(&childFDActions, outputPipe[1], 2)
109 |         posix_spawn_file_actions_addclose(&childFDActions, outputPipe[0])
/Applications/Xcode-27.0.0-Release.Candidate.app/Contents/Developer/Platforms/WatchOS.platform/Developer/SDKs/WatchOS27.0.sdk/usr/include/spawn.h:80:9: note: 'posix_spawn_file_actions_adddup2' has been explicitly marked unavailable here
 78 | int     posix_spawn_file_actions_addclose(posix_spawn_file_actions_t *, int) __API_AVAILABLE(macos(10.5), ios(2.0)) __API_UNAVAILABLE(watchos, tvos);
 79 |
 80 | int     posix_spawn_file_actions_adddup2(posix_spawn_file_actions_t *, int,
    |         `- note: 'posix_spawn_file_actions_adddup2' has been explicitly marked unavailable here
 81 |     int) __API_AVAILABLE(macos(10.5), ios(2.0)) __API_UNAVAILABLE(watchos, tvos);
 82 |
/Users/admin/builder/spi-builder-workspace/Sources/CommandExecutor.swift:107:9: warning: result of call to 'posix_spawn_file_actions_adddup2' is unused [#NoUsage]
105 |         var childFDActions = STDLIB._make_posix_spawn_file_actions_t()
106 |         posix_spawn_file_actions_init(&childFDActions)
107 |         posix_spawn_file_actions_adddup2(&childFDActions, outputPipe[1], 1)
    |         `- warning: result of call to 'posix_spawn_file_actions_adddup2' is unused [#NoUsage]
108 |         posix_spawn_file_actions_adddup2(&childFDActions, outputPipe[1], 2)
109 |         posix_spawn_file_actions_addclose(&childFDActions, outputPipe[0])
/Users/admin/builder/spi-builder-workspace/Sources/CommandExecutor.swift:108:9: error: 'posix_spawn_file_actions_adddup2' is unavailable in watchOS
106 |         posix_spawn_file_actions_init(&childFDActions)
107 |         posix_spawn_file_actions_adddup2(&childFDActions, outputPipe[1], 1)
108 |         posix_spawn_file_actions_adddup2(&childFDActions, outputPipe[1], 2)
    |         `- error: 'posix_spawn_file_actions_adddup2' is unavailable in watchOS
109 |         posix_spawn_file_actions_addclose(&childFDActions, outputPipe[0])
110 |         posix_spawn_file_actions_addclose(&childFDActions, outputPipe[1])
/Applications/Xcode-27.0.0-Release.Candidate.app/Contents/Developer/Platforms/WatchOS.platform/Developer/SDKs/WatchOS27.0.sdk/usr/include/spawn.h:80:9: note: 'posix_spawn_file_actions_adddup2' has been explicitly marked unavailable here
 78 | int     posix_spawn_file_actions_addclose(posix_spawn_file_actions_t *, int) __API_AVAILABLE(macos(10.5), ios(2.0)) __API_UNAVAILABLE(watchos, tvos);
 79 |
 80 | int     posix_spawn_file_actions_adddup2(posix_spawn_file_actions_t *, int,
    |         `- note: 'posix_spawn_file_actions_adddup2' has been explicitly marked unavailable here
 81 |     int) __API_AVAILABLE(macos(10.5), ios(2.0)) __API_UNAVAILABLE(watchos, tvos);
 82 |
/Users/admin/builder/spi-builder-workspace/Sources/CommandExecutor.swift:108:9: warning: result of call to 'posix_spawn_file_actions_adddup2' is unused [#NoUsage]
106 |         posix_spawn_file_actions_init(&childFDActions)
107 |         posix_spawn_file_actions_adddup2(&childFDActions, outputPipe[1], 1)
108 |         posix_spawn_file_actions_adddup2(&childFDActions, outputPipe[1], 2)
    |         `- warning: result of call to 'posix_spawn_file_actions_adddup2' is unused [#NoUsage]
109 |         posix_spawn_file_actions_addclose(&childFDActions, outputPipe[0])
110 |         posix_spawn_file_actions_addclose(&childFDActions, outputPipe[1])
/Users/admin/builder/spi-builder-workspace/Sources/CommandExecutor.swift:109:9: error: 'posix_spawn_file_actions_addclose' is unavailable in watchOS
107 |         posix_spawn_file_actions_adddup2(&childFDActions, outputPipe[1], 1)
108 |         posix_spawn_file_actions_adddup2(&childFDActions, outputPipe[1], 2)
109 |         posix_spawn_file_actions_addclose(&childFDActions, outputPipe[0])
    |         `- error: 'posix_spawn_file_actions_addclose' is unavailable in watchOS
110 |         posix_spawn_file_actions_addclose(&childFDActions, outputPipe[1])
111 |
/Applications/Xcode-27.0.0-Release.Candidate.app/Contents/Developer/Platforms/WatchOS.platform/Developer/SDKs/WatchOS27.0.sdk/usr/include/spawn.h:78:9: note: 'posix_spawn_file_actions_addclose' has been explicitly marked unavailable here
 76 |     int) __API_AVAILABLE(macos(26.0)) __API_UNAVAILABLE(ios, tvos, watchos, visionos);
 77 |
 78 | int     posix_spawn_file_actions_addclose(posix_spawn_file_actions_t *, int) __API_AVAILABLE(macos(10.5), ios(2.0)) __API_UNAVAILABLE(watchos, tvos);
    |         `- note: 'posix_spawn_file_actions_addclose' has been explicitly marked unavailable here
 79 |
 80 | int     posix_spawn_file_actions_adddup2(posix_spawn_file_actions_t *, int,
/Users/admin/builder/spi-builder-workspace/Sources/CommandExecutor.swift:109:9: warning: result of call to 'posix_spawn_file_actions_addclose' is unused [#NoUsage]
107 |         posix_spawn_file_actions_adddup2(&childFDActions, outputPipe[1], 1)
108 |         posix_spawn_file_actions_adddup2(&childFDActions, outputPipe[1], 2)
109 |         posix_spawn_file_actions_addclose(&childFDActions, outputPipe[0])
    |         `- warning: result of call to 'posix_spawn_file_actions_addclose' is unused [#NoUsage]
110 |         posix_spawn_file_actions_addclose(&childFDActions, outputPipe[1])
111 |
/Users/admin/builder/spi-builder-workspace/Sources/CommandExecutor.swift:110:9: error: 'posix_spawn_file_actions_addclose' is unavailable in watchOS
108 |         posix_spawn_file_actions_adddup2(&childFDActions, outputPipe[1], 2)
109 |         posix_spawn_file_actions_addclose(&childFDActions, outputPipe[0])
110 |         posix_spawn_file_actions_addclose(&childFDActions, outputPipe[1])
    |         `- error: 'posix_spawn_file_actions_addclose' is unavailable in watchOS
111 |
112 |         var pid: pid_t = 0
/Applications/Xcode-27.0.0-Release.Candidate.app/Contents/Developer/Platforms/WatchOS.platform/Developer/SDKs/WatchOS27.0.sdk/usr/include/spawn.h:78:9: note: 'posix_spawn_file_actions_addclose' has been explicitly marked unavailable here
 76 |     int) __API_AVAILABLE(macos(26.0)) __API_UNAVAILABLE(ios, tvos, watchos, visionos);
 77 |
 78 | int     posix_spawn_file_actions_addclose(posix_spawn_file_actions_t *, int) __API_AVAILABLE(macos(10.5), ios(2.0)) __API_UNAVAILABLE(watchos, tvos);
    |         `- note: 'posix_spawn_file_actions_addclose' has been explicitly marked unavailable here
 79 |
 80 | int     posix_spawn_file_actions_adddup2(posix_spawn_file_actions_t *, int,
/Users/admin/builder/spi-builder-workspace/Sources/CommandExecutor.swift:110:9: warning: result of call to 'posix_spawn_file_actions_addclose' is unused [#NoUsage]
108 |         posix_spawn_file_actions_adddup2(&childFDActions, outputPipe[1], 2)
109 |         posix_spawn_file_actions_addclose(&childFDActions, outputPipe[0])
110 |         posix_spawn_file_actions_addclose(&childFDActions, outputPipe[1])
    |         `- warning: result of call to 'posix_spawn_file_actions_addclose' is unused [#NoUsage]
111 |
112 |         var pid: pid_t = 0
/Users/admin/builder/spi-builder-workspace/Sources/CommandExecutor.swift:114:22: error: 'posix_spawn' is unavailable in watchOS
112 |         var pid: pid_t = 0
113 |         let argvPointer: UnsafePointer<CChar>! = UnsafePointer(argv[0])
114 |         let result = posix_spawn(&pid, argvPointer, &childFDActions, nil, argv + [nil], ActualTaskExecutor.environment)
    |                      `- error: 'posix_spawn' is unavailable in watchOS
115 |
116 |         return (Int(result), "", "")
/Applications/Xcode-27.0.0-Release.Candidate.app/Contents/Developer/Platforms/WatchOS.platform/Developer/SDKs/WatchOS27.0.sdk/usr/include/spawn.h:60:9: note: 'posix_spawn' has been explicitly marked unavailable here
 58 |  */
 59 |
 60 | int     posix_spawn(pid_t * __restrict, const char * __restrict,
    |         `- note: 'posix_spawn' has been explicitly marked unavailable here
 61 |     const posix_spawn_file_actions_t *,
 62 |     const posix_spawnattr_t * __restrict,
/Users/admin/builder/spi-builder-workspace/Sources/CommandExecutor.swift:137:13: error: 'posix_spawn_file_actions_addclose' is unavailable in watchOS
135 |         defer {
136 |             for case let arg? in argv { free(arg) }
137 |             posix_spawn_file_actions_addclose(&childFDActions, outputPipe)
    |             `- error: 'posix_spawn_file_actions_addclose' is unavailable in watchOS
138 |             posix_spawn_file_actions_addclose(&childFDActions, outerrPipe)
139 |             posix_spawn_file_actions_destroy(&childFDActions)
/Applications/Xcode-27.0.0-Release.Candidate.app/Contents/Developer/Platforms/WatchOS.platform/Developer/SDKs/WatchOS27.0.sdk/usr/include/spawn.h:78:9: note: 'posix_spawn_file_actions_addclose' has been explicitly marked unavailable here
 76 |     int) __API_AVAILABLE(macos(26.0)) __API_UNAVAILABLE(ios, tvos, watchos, visionos);
 77 |
 78 | int     posix_spawn_file_actions_addclose(posix_spawn_file_actions_t *, int) __API_AVAILABLE(macos(10.5), ios(2.0)) __API_UNAVAILABLE(watchos, tvos);
    |         `- note: 'posix_spawn_file_actions_addclose' has been explicitly marked unavailable here
 79 |
 80 | int     posix_spawn_file_actions_adddup2(posix_spawn_file_actions_t *, int,
/Users/admin/builder/spi-builder-workspace/Sources/CommandExecutor.swift:137:13: warning: result of call to 'posix_spawn_file_actions_addclose' is unused [#NoUsage]
135 |         defer {
136 |             for case let arg? in argv { free(arg) }
137 |             posix_spawn_file_actions_addclose(&childFDActions, outputPipe)
    |             `- warning: result of call to 'posix_spawn_file_actions_addclose' is unused [#NoUsage]
138 |             posix_spawn_file_actions_addclose(&childFDActions, outerrPipe)
139 |             posix_spawn_file_actions_destroy(&childFDActions)
/Users/admin/builder/spi-builder-workspace/Sources/CommandExecutor.swift:138:13: error: 'posix_spawn_file_actions_addclose' is unavailable in watchOS
136 |             for case let arg? in argv { free(arg) }
137 |             posix_spawn_file_actions_addclose(&childFDActions, outputPipe)
138 |             posix_spawn_file_actions_addclose(&childFDActions, outerrPipe)
    |             `- error: 'posix_spawn_file_actions_addclose' is unavailable in watchOS
139 |             posix_spawn_file_actions_destroy(&childFDActions)
140 |         }
/Applications/Xcode-27.0.0-Release.Candidate.app/Contents/Developer/Platforms/WatchOS.platform/Developer/SDKs/WatchOS27.0.sdk/usr/include/spawn.h:78:9: note: 'posix_spawn_file_actions_addclose' has been explicitly marked unavailable here
 76 |     int) __API_AVAILABLE(macos(26.0)) __API_UNAVAILABLE(ios, tvos, watchos, visionos);
 77 |
 78 | int     posix_spawn_file_actions_addclose(posix_spawn_file_actions_t *, int) __API_AVAILABLE(macos(10.5), ios(2.0)) __API_UNAVAILABLE(watchos, tvos);
    |         `- note: 'posix_spawn_file_actions_addclose' has been explicitly marked unavailable here
 79 |
 80 | int     posix_spawn_file_actions_adddup2(posix_spawn_file_actions_t *, int,
/Users/admin/builder/spi-builder-workspace/Sources/CommandExecutor.swift:138:13: warning: result of call to 'posix_spawn_file_actions_addclose' is unused [#NoUsage]
136 |             for case let arg? in argv { free(arg) }
137 |             posix_spawn_file_actions_addclose(&childFDActions, outputPipe)
138 |             posix_spawn_file_actions_addclose(&childFDActions, outerrPipe)
    |             `- warning: result of call to 'posix_spawn_file_actions_addclose' is unused [#NoUsage]
139 |             posix_spawn_file_actions_destroy(&childFDActions)
140 |         }
/Users/admin/builder/spi-builder-workspace/Sources/CommandExecutor.swift:139:13: error: 'posix_spawn_file_actions_destroy' is unavailable in watchOS
137 |             posix_spawn_file_actions_addclose(&childFDActions, outputPipe)
138 |             posix_spawn_file_actions_addclose(&childFDActions, outerrPipe)
139 |             posix_spawn_file_actions_destroy(&childFDActions)
    |             `- error: 'posix_spawn_file_actions_destroy' is unavailable in watchOS
140 |         }
141 |
/Applications/Xcode-27.0.0-Release.Candidate.app/Contents/Developer/Platforms/WatchOS.platform/Developer/SDKs/WatchOS27.0.sdk/usr/include/spawn.h:87:9: note: 'posix_spawn_file_actions_destroy' has been explicitly marked unavailable here
 85 | 	const char * __restrict, int, mode_t) __API_AVAILABLE(macos(10.5), ios(2.0)) __API_UNAVAILABLE(watchos, tvos);
 86 |
 87 | int     posix_spawn_file_actions_destroy(posix_spawn_file_actions_t *) __API_AVAILABLE(macos(10.5), ios(2.0)) __API_UNAVAILABLE(watchos, tvos);
    |         `- note: 'posix_spawn_file_actions_destroy' has been explicitly marked unavailable here
 88 |
 89 | int     posix_spawn_file_actions_init(posix_spawn_file_actions_t *) __API_AVAILABLE(macos(10.5), ios(2.0)) __API_UNAVAILABLE(watchos, tvos);
/Users/admin/builder/spi-builder-workspace/Sources/CommandExecutor.swift:139:13: warning: result of call to 'posix_spawn_file_actions_destroy' is unused [#NoUsage]
137 |             posix_spawn_file_actions_addclose(&childFDActions, outputPipe)
138 |             posix_spawn_file_actions_addclose(&childFDActions, outerrPipe)
139 |             posix_spawn_file_actions_destroy(&childFDActions)
    |             `- warning: result of call to 'posix_spawn_file_actions_destroy' is unused [#NoUsage]
140 |         }
141 |
/Users/admin/builder/spi-builder-workspace/Sources/CommandExecutor.swift:142:9: error: 'posix_spawn_file_actions_init' is unavailable in watchOS
140 |         }
141 |
142 |         posix_spawn_file_actions_init(&childFDActions)
    |         `- error: 'posix_spawn_file_actions_init' is unavailable in watchOS
143 |         posix_spawn_file_actions_addopen(&childFDActions, outputPipe, stdoutLogPath, O_CREAT | O_TRUNC | O_WRONLY, ~0)
144 |         posix_spawn_file_actions_addopen(&childFDActions, outerrPipe, stderrLogPath, O_CREAT | O_TRUNC | O_WRONLY, ~0)
/Applications/Xcode-27.0.0-Release.Candidate.app/Contents/Developer/Platforms/WatchOS.platform/Developer/SDKs/WatchOS27.0.sdk/usr/include/spawn.h:89:9: note: 'posix_spawn_file_actions_init' has been explicitly marked unavailable here
 87 | int     posix_spawn_file_actions_destroy(posix_spawn_file_actions_t *) __API_AVAILABLE(macos(10.5), ios(2.0)) __API_UNAVAILABLE(watchos, tvos);
 88 |
 89 | int     posix_spawn_file_actions_init(posix_spawn_file_actions_t *) __API_AVAILABLE(macos(10.5), ios(2.0)) __API_UNAVAILABLE(watchos, tvos);
    |         `- note: 'posix_spawn_file_actions_init' has been explicitly marked unavailable here
 90 |
 91 | int     posix_spawnattr_destroy(posix_spawnattr_t *) __API_AVAILABLE(macos(10.5), ios(2.0)) __API_UNAVAILABLE(watchos, tvos);
/Users/admin/builder/spi-builder-workspace/Sources/CommandExecutor.swift:142:9: warning: result of call to 'posix_spawn_file_actions_init' is unused [#NoUsage]
140 |         }
141 |
142 |         posix_spawn_file_actions_init(&childFDActions)
    |         `- warning: result of call to 'posix_spawn_file_actions_init' is unused [#NoUsage]
143 |         posix_spawn_file_actions_addopen(&childFDActions, outputPipe, stdoutLogPath, O_CREAT | O_TRUNC | O_WRONLY, ~0)
144 |         posix_spawn_file_actions_addopen(&childFDActions, outerrPipe, stderrLogPath, O_CREAT | O_TRUNC | O_WRONLY, ~0)
/Users/admin/builder/spi-builder-workspace/Sources/CommandExecutor.swift:143:9: error: 'posix_spawn_file_actions_addopen' is unavailable in watchOS
141 |
142 |         posix_spawn_file_actions_init(&childFDActions)
143 |         posix_spawn_file_actions_addopen(&childFDActions, outputPipe, stdoutLogPath, O_CREAT | O_TRUNC | O_WRONLY, ~0)
    |         `- error: 'posix_spawn_file_actions_addopen' is unavailable in watchOS
144 |         posix_spawn_file_actions_addopen(&childFDActions, outerrPipe, stderrLogPath, O_CREAT | O_TRUNC | O_WRONLY, ~0)
145 |         posix_spawn_file_actions_adddup2(&childFDActions, outputPipe, 1)
/Applications/Xcode-27.0.0-Release.Candidate.app/Contents/Developer/Platforms/WatchOS.platform/Developer/SDKs/WatchOS27.0.sdk/usr/include/spawn.h:83:9: note: 'posix_spawn_file_actions_addopen' has been explicitly marked unavailable here
 81 |     int) __API_AVAILABLE(macos(10.5), ios(2.0)) __API_UNAVAILABLE(watchos, tvos);
 82 |
 83 | int     posix_spawn_file_actions_addopen(
    |         `- note: 'posix_spawn_file_actions_addopen' has been explicitly marked unavailable here
 84 | 	posix_spawn_file_actions_t * __restrict, int,
 85 | 	const char * __restrict, int, mode_t) __API_AVAILABLE(macos(10.5), ios(2.0)) __API_UNAVAILABLE(watchos, tvos);
/Users/admin/builder/spi-builder-workspace/Sources/CommandExecutor.swift:143:9: warning: result of call to 'posix_spawn_file_actions_addopen' is unused [#NoUsage]
141 |
142 |         posix_spawn_file_actions_init(&childFDActions)
143 |         posix_spawn_file_actions_addopen(&childFDActions, outputPipe, stdoutLogPath, O_CREAT | O_TRUNC | O_WRONLY, ~0)
    |         `- warning: result of call to 'posix_spawn_file_actions_addopen' is unused [#NoUsage]
144 |         posix_spawn_file_actions_addopen(&childFDActions, outerrPipe, stderrLogPath, O_CREAT | O_TRUNC | O_WRONLY, ~0)
145 |         posix_spawn_file_actions_adddup2(&childFDActions, outputPipe, 1)
/Users/admin/builder/spi-builder-workspace/Sources/CommandExecutor.swift:144:9: error: 'posix_spawn_file_actions_addopen' is unavailable in watchOS
142 |         posix_spawn_file_actions_init(&childFDActions)
143 |         posix_spawn_file_actions_addopen(&childFDActions, outputPipe, stdoutLogPath, O_CREAT | O_TRUNC | O_WRONLY, ~0)
144 |         posix_spawn_file_actions_addopen(&childFDActions, outerrPipe, stderrLogPath, O_CREAT | O_TRUNC | O_WRONLY, ~0)
    |         `- error: 'posix_spawn_file_actions_addopen' is unavailable in watchOS
145 |         posix_spawn_file_actions_adddup2(&childFDActions, outputPipe, 1)
146 |         posix_spawn_file_actions_adddup2(&childFDActions, outerrPipe, 2)
/Applications/Xcode-27.0.0-Release.Candidate.app/Contents/Developer/Platforms/WatchOS.platform/Developer/SDKs/WatchOS27.0.sdk/usr/include/spawn.h:83:9: note: 'posix_spawn_file_actions_addopen' has been explicitly marked unavailable here
 81 |     int) __API_AVAILABLE(macos(10.5), ios(2.0)) __API_UNAVAILABLE(watchos, tvos);
 82 |
 83 | int     posix_spawn_file_actions_addopen(
    |         `- note: 'posix_spawn_file_actions_addopen' has been explicitly marked unavailable here
 84 | 	posix_spawn_file_actions_t * __restrict, int,
 85 | 	const char * __restrict, int, mode_t) __API_AVAILABLE(macos(10.5), ios(2.0)) __API_UNAVAILABLE(watchos, tvos);
/Users/admin/builder/spi-builder-workspace/Sources/CommandExecutor.swift:144:9: warning: result of call to 'posix_spawn_file_actions_addopen' is unused [#NoUsage]
142 |         posix_spawn_file_actions_init(&childFDActions)
143 |         posix_spawn_file_actions_addopen(&childFDActions, outputPipe, stdoutLogPath, O_CREAT | O_TRUNC | O_WRONLY, ~0)
144 |         posix_spawn_file_actions_addopen(&childFDActions, outerrPipe, stderrLogPath, O_CREAT | O_TRUNC | O_WRONLY, ~0)
    |         `- warning: result of call to 'posix_spawn_file_actions_addopen' is unused [#NoUsage]
145 |         posix_spawn_file_actions_adddup2(&childFDActions, outputPipe, 1)
146 |         posix_spawn_file_actions_adddup2(&childFDActions, outerrPipe, 2)
/Users/admin/builder/spi-builder-workspace/Sources/CommandExecutor.swift:145:9: error: 'posix_spawn_file_actions_adddup2' is unavailable in watchOS
143 |         posix_spawn_file_actions_addopen(&childFDActions, outputPipe, stdoutLogPath, O_CREAT | O_TRUNC | O_WRONLY, ~0)
144 |         posix_spawn_file_actions_addopen(&childFDActions, outerrPipe, stderrLogPath, O_CREAT | O_TRUNC | O_WRONLY, ~0)
145 |         posix_spawn_file_actions_adddup2(&childFDActions, outputPipe, 1)
    |         `- error: 'posix_spawn_file_actions_adddup2' is unavailable in watchOS
146 |         posix_spawn_file_actions_adddup2(&childFDActions, outerrPipe, 2)
147 |
/Applications/Xcode-27.0.0-Release.Candidate.app/Contents/Developer/Platforms/WatchOS.platform/Developer/SDKs/WatchOS27.0.sdk/usr/include/spawn.h:80:9: note: 'posix_spawn_file_actions_adddup2' has been explicitly marked unavailable here
 78 | int     posix_spawn_file_actions_addclose(posix_spawn_file_actions_t *, int) __API_AVAILABLE(macos(10.5), ios(2.0)) __API_UNAVAILABLE(watchos, tvos);
 79 |
 80 | int     posix_spawn_file_actions_adddup2(posix_spawn_file_actions_t *, int,
    |         `- note: 'posix_spawn_file_actions_adddup2' has been explicitly marked unavailable here
 81 |     int) __API_AVAILABLE(macos(10.5), ios(2.0)) __API_UNAVAILABLE(watchos, tvos);
 82 |
/Users/admin/builder/spi-builder-workspace/Sources/CommandExecutor.swift:145:9: warning: result of call to 'posix_spawn_file_actions_adddup2' is unused [#NoUsage]
143 |         posix_spawn_file_actions_addopen(&childFDActions, outputPipe, stdoutLogPath, O_CREAT | O_TRUNC | O_WRONLY, ~0)
144 |         posix_spawn_file_actions_addopen(&childFDActions, outerrPipe, stderrLogPath, O_CREAT | O_TRUNC | O_WRONLY, ~0)
145 |         posix_spawn_file_actions_adddup2(&childFDActions, outputPipe, 1)
    |         `- warning: result of call to 'posix_spawn_file_actions_adddup2' is unused [#NoUsage]
146 |         posix_spawn_file_actions_adddup2(&childFDActions, outerrPipe, 2)
147 |
/Users/admin/builder/spi-builder-workspace/Sources/CommandExecutor.swift:146:9: error: 'posix_spawn_file_actions_adddup2' is unavailable in watchOS
144 |         posix_spawn_file_actions_addopen(&childFDActions, outerrPipe, stderrLogPath, O_CREAT | O_TRUNC | O_WRONLY, ~0)
145 |         posix_spawn_file_actions_adddup2(&childFDActions, outputPipe, 1)
146 |         posix_spawn_file_actions_adddup2(&childFDActions, outerrPipe, 2)
    |         `- error: 'posix_spawn_file_actions_adddup2' is unavailable in watchOS
147 |
148 |         let argvPointer: UnsafePointer<CChar>! = UnsafePointer(argv[0])
/Applications/Xcode-27.0.0-Release.Candidate.app/Contents/Developer/Platforms/WatchOS.platform/Developer/SDKs/WatchOS27.0.sdk/usr/include/spawn.h:80:9: note: 'posix_spawn_file_actions_adddup2' has been explicitly marked unavailable here
 78 | int     posix_spawn_file_actions_addclose(posix_spawn_file_actions_t *, int) __API_AVAILABLE(macos(10.5), ios(2.0)) __API_UNAVAILABLE(watchos, tvos);
 79 |
 80 | int     posix_spawn_file_actions_adddup2(posix_spawn_file_actions_t *, int,
    |         `- note: 'posix_spawn_file_actions_adddup2' has been explicitly marked unavailable here
 81 |     int) __API_AVAILABLE(macos(10.5), ios(2.0)) __API_UNAVAILABLE(watchos, tvos);
 82 |
/Users/admin/builder/spi-builder-workspace/Sources/CommandExecutor.swift:146:9: warning: result of call to 'posix_spawn_file_actions_adddup2' is unused [#NoUsage]
144 |         posix_spawn_file_actions_addopen(&childFDActions, outerrPipe, stderrLogPath, O_CREAT | O_TRUNC | O_WRONLY, ~0)
145 |         posix_spawn_file_actions_adddup2(&childFDActions, outputPipe, 1)
146 |         posix_spawn_file_actions_adddup2(&childFDActions, outerrPipe, 2)
    |         `- warning: result of call to 'posix_spawn_file_actions_adddup2' is unused [#NoUsage]
147 |
148 |         let argvPointer: UnsafePointer<CChar>! = UnsafePointer(argv[0])
/Users/admin/builder/spi-builder-workspace/Sources/CommandExecutor.swift:149:22: error: 'posix_spawn' is unavailable in watchOS
147 |
148 |         let argvPointer: UnsafePointer<CChar>! = UnsafePointer(argv[0])
149 |         var result = posix_spawn(&pid, argvPointer, &childFDActions, nil, argv + [nil], ActualTaskExecutor.environment)
    |                      `- error: 'posix_spawn' is unavailable in watchOS
150 |         guard result == 0 else { return (Int(result), "", "") }
151 |         waitpid(pid, &result, 0)
/Applications/Xcode-27.0.0-Release.Candidate.app/Contents/Developer/Platforms/WatchOS.platform/Developer/SDKs/WatchOS27.0.sdk/usr/include/spawn.h:60:9: note: 'posix_spawn' has been explicitly marked unavailable here
 58 |  */
 59 |
 60 | int     posix_spawn(pid_t * __restrict, const char * __restrict,
    |         `- note: 'posix_spawn' has been explicitly marked unavailable here
 61 |     const posix_spawn_file_actions_t *,
 62 |     const posix_spawnattr_t * __restrict,
[#NoUsage]: <https://docs.swift.org/compiler/documentation/diagnostics/no-usage>
Failed frontend command:
/Applications/Xcode-27.0.0-Release.Candidate.app/Contents/Developer/Toolchains/XcodeDefault.xctoolchain/usr/bin/swift-frontend -frontend -c /Users/admin/builder/spi-builder-workspace/Sources/Agree.swift /Users/admin/builder/spi-builder-workspace/Sources/AgreeSettings.swift /Users/admin/builder/spi-builder-workspace/Sources/ArgConvertible.swift /Users/admin/builder/spi-builder-workspace/Sources/Args.swift /Users/admin/builder/spi-builder-workspace/Sources/ArgsParser.swift /Users/admin/builder/spi-builder-workspace/Sources/Argument.swift /Users/admin/builder/spi-builder-workspace/Sources/Ask.swift /Users/admin/builder/spi-builder-workspace/Sources/AskSettings.swift /Users/admin/builder/spi-builder-workspace/Sources/AskerValidator.swift /Users/admin/builder/spi-builder-workspace/Sources/Choose.swift /Users/admin/builder/spi-builder-workspace/Sources/ChooseSettings.swift /Users/admin/builder/spi-builder-workspace/Sources/Colorizer.swift -primary-file /Users/admin/builder/spi-builder-workspace/Sources/CommandExecutor.swift -primary-file /Users/admin/builder/spi-builder-workspace/Sources/Env.swift -primary-file /Users/admin/builder/spi-builder-workspace/Sources/ProcessInfo.swift /Users/admin/builder/spi-builder-workspace/Sources/PromptPrinter.swift /Users/admin/builder/spi-builder-workspace/Sources/PromptReader.swift /Users/admin/builder/spi-builder-workspace/Sources/PromptSettings.swift /Users/admin/builder/spi-builder-workspace/Sources/RunResults.swift /Users/admin/builder/spi-builder-workspace/Sources/Runner.swift /Users/admin/builder/spi-builder-workspace/Sources/RunnerSettings.swift /Users/admin/builder/spi-builder-workspace/Sources/ShortHandRunner.swift /Users/admin/builder/spi-builder-workspace/Sources/StringBackgroundColorizer.swift /Users/admin/builder/spi-builder-workspace/Sources/StringForegroundColorizer.swift /Users/admin/builder/spi-builder-workspace/Sources/StringStyle.swift /Users/admin/builder/spi-builder-workspace/Sources/StringStyleColorizer.swift /Users/admin/builder/spi-builder-workspace/Sources/TaskPipe.swift -supplementary-output-file-map /Users/admin/builder/spi-builder-workspace/.derivedData/Build/Intermediates.noindex/Swiftline.build/Debug-watchos/Swiftline-t.build/Objects-normal/arm64/supplementaryOutputs-11 -target arm64-apple-watchos9.0 -disable-cross-import-overlay-search -load-resolved-plugin /Applications/Xcode-27.0.0-Release.Candidate.app/Contents/Developer/Platforms/WatchOS.platform/Developer/usr/lib/swift/host/plugins/libFoundationMacros.dylib\#/Applications/Xcode-27.0.0-Release.Candidate.app/Contents/Developer/Platforms/WatchOS.platform/Developer/usr/bin/swift-plugin-server\#FoundationMacros -load-resolved-plugin /Applications/Xcode-27.0.0-Release.Candidate.app/Contents/Developer/Platforms/WatchOS.platform/Developer/usr/lib/swift/host/plugins/libObservationMacros.dylib\#/Applications/Xcode-27.0.0-Release.Candidate.app/Contents/Developer/Platforms/WatchOS.platform/Developer/usr/bin/swift-plugin-server\#ObservationMacros -load-resolved-plugin /Applications/Xcode-27.0.0-Release.Candidate.app/Contents/Developer/Platforms/WatchOS.platform/Developer/usr/lib/swift/host/plugins/libSwiftMacros.dylib\#/Applications/Xcode-27.0.0-Release.Candidate.app/Contents/Developer/Platforms/WatchOS.platform/Developer/usr/bin/swift-plugin-server\#SwiftMacros -disable-implicit-swift-modules -Xcc -fno-implicit-modules -Xcc -fno-implicit-module-maps -explicit-swift-module-map-file /Users/admin/builder/spi-builder-workspace/.derivedData/Build/Intermediates.noindex/Swiftline.build/Debug-watchos/Swiftline-t.build/Objects-normal/arm64/Swiftline-dependencies-2.json -Xllvm -aarch64-use-tbi -enable-objc-interop -stack-check -sdk /Applications/Xcode-27.0.0-Release.Candidate.app/Contents/Developer/Platforms/WatchOS.platform/Developer/SDKs/WatchOS27.0.sdk -I /Users/admin/builder/spi-builder-workspace/.derivedData/Build/Products/Debug-watchos -Isystem /Applications/Xcode-27.0.0-Release.Candidate.app/Contents/Developer/Platforms/WatchOS.platform/Developer/usr/lib -F /Users/admin/builder/spi-builder-workspace/.derivedData/Build/Products/Debug-watchos -F /Applications/Xcode-27.0.0-Release.Candidate.app/Contents/Developer/Platforms/WatchOS.platform/Developer/Library/Frameworks -F /Applications/Xcode-27.0.0-Release.Candidate.app/Contents/Developer/Platforms/WatchOS.platform/Developer/SDKs/WatchOS27.0.sdk/Developer/Library/Frameworks -module-cache-path /Users/admin/builder/spi-builder-workspace/.derivedData/Build/Intermediates.noindex/SwiftExplicitPrecompiledModules -no-color-diagnostics -Xcc -fno-color-diagnostics -enable-testing -g -debug-info-format\=dwarf -dwarf-version\=4 -profile-generate -profile-coverage-mapping -swift-version 5 -Onone -D SWIFT_PACKAGE -D DEBUG -D SWIFT_MODULE_RESOURCE_BUNDLE_UNAVAILABLE -D Xcode -serialize-debugging-options -enable-experimental-feature DebugDescriptionMacro -empty-abi-descriptor -validate-clang-modules-once -clang-build-session-file /Users/admin/builder/spi-builder-workspace/.derivedData/ModuleCache.noindex/Session.modulevalidation -Xcc -working-directory -Xcc /Users/admin/builder/spi-builder-workspace/.swiftpm/xcode -enable-anonymous-context-mangled-names -file-compilation-dir /Users/admin/builder/spi-builder-workspace/.swiftpm/xcode -Xcc -D_LIBCPP_HARDENING_MODE\=_LIBCPP_HARDENING_MODE_DEBUG -Xcc -ivfsstatcache -Xcc /Users/admin/builder/spi-builder-workspace/.derivedData/SDKStatCaches.noindex/watchos27.0-24R360-e829b21a6f8c9b70876ba0858053c04477534ef55a1706bf4c1112bbb242f0a2.sdkstatcache -Xcc -fmodules-prune-interval\=86400 -Xcc -fmodules-prune-after\=345600 -Xcc -I/Users/admin/builder/spi-builder-workspace/.derivedData/Build/Products/Debug-watchos/include -Xcc -I/Users/admin/builder/spi-builder-workspace/.derivedData/Build/Intermediates.noindex/Swiftline.build/Debug-watchos/Swiftline-t.build/DerivedSources-normal/arm64 -Xcc -I/Users/admin/builder/spi-builder-workspace/.derivedData/Build/Intermediates.noindex/Swiftline.build/Debug-watchos/Swiftline-t.build/DerivedSources/arm64 -Xcc -I/Users/admin/builder/spi-builder-workspace/.derivedData/Build/Intermediates.noindex/Swiftline.build/Debug-watchos/Swiftline-t.build/DerivedSources -Xcc -DSWIFT_PACKAGE -Xcc -DDEBUG\=1 -no-auto-bridging-header-chaining -module-name Swiftline -const-gather-protocols-file /Users/admin/builder/spi-builder-workspace/.derivedData/Build/Intermediates.noindex/Swiftline.build/Debug-watchos/Swiftline-t.build/Objects-normal/arm64/Swiftline_const_extract_protocols.json -disable-clang-spi -clang-target arm64-apple-watchos27.0 -target-sdk-version 27.0 -target-sdk-name watchos27.0 -in-process-plugin-server-path /Applications/Xcode-27.0.0-Release.Candidate.app/Contents/Developer/Toolchains/XcodeDefault.xctoolchain/usr/lib/swift/host/libSwiftInProcPluginServer.dylib -parse-as-library -o /Users/admin/builder/spi-builder-workspace/.derivedData/Build/Intermediates.noindex/Swiftline.build/Debug-watchos/Swiftline-t.build/Objects-normal/arm64/CommandExecutor.o -o /Users/admin/builder/spi-builder-workspace/.derivedData/Build/Intermediates.noindex/Swiftline.build/Debug-watchos/Swiftline-t.build/Objects-normal/arm64/Env.o -o /Users/admin/builder/spi-builder-workspace/.derivedData/Build/Intermediates.noindex/Swiftline.build/Debug-watchos/Swiftline-t.build/Objects-normal/arm64/ProcessInfo.o -debug-module-path /Users/admin/builder/spi-builder-workspace/.derivedData/Build/Intermediates.noindex/Swiftline.build/Debug-watchos/Swiftline-t.build/Objects-normal/arm64/Swiftline.swiftmodule -index-unit-output-path /Swiftline.build/Debug-watchos/Swiftline-t.build/Objects-normal/arm64/CommandExecutor.o -index-unit-output-path /Swiftline.build/Debug-watchos/Swiftline-t.build/Objects-normal/arm64/Env.o -index-unit-output-path /Swiftline.build/Debug-watchos/Swiftline-t.build/Objects-normal/arm64/ProcessInfo.o -index-store-path /Users/admin/builder/spi-builder-workspace/.derivedData/Index.noindex/DataStore -index-system-modules
SwiftCompile normal arm64 /Users/admin/builder/spi-builder-workspace/Sources/CommandExecutor.swift (in target 'Swiftline' from project 'Swiftline')
    cd /Users/admin/builder/spi-builder-workspace/.swiftpm/xcode
    builtin-SwiftPerFileCompile CommandExecutor.swift
SwiftCompile normal arm64 /Users/admin/builder/spi-builder-workspace/Sources/Env.swift (in target 'Swiftline' from project 'Swiftline')
    cd /Users/admin/builder/spi-builder-workspace/.swiftpm/xcode
    builtin-SwiftPerFileCompile Env.swift
SwiftCompile normal arm64 /Users/admin/builder/spi-builder-workspace/Sources/ProcessInfo.swift (in target 'Swiftline' from project 'Swiftline')
    cd /Users/admin/builder/spi-builder-workspace/.swiftpm/xcode
    builtin-SwiftPerFileCompile ProcessInfo.swift
SwiftCompile normal arm64 Compiling\ StringForegroundColorizer.swift,\ StringStyle.swift /Users/admin/builder/spi-builder-workspace/Sources/StringForegroundColorizer.swift /Users/admin/builder/spi-builder-workspace/Sources/StringStyle.swift (in target 'Swiftline' from project 'Swiftline')
SwiftCompile normal arm64 /Users/admin/builder/spi-builder-workspace/Sources/StringForegroundColorizer.swift (in target 'Swiftline' from project 'Swiftline')
    cd /Users/admin/builder/spi-builder-workspace/.swiftpm/xcode
    builtin-SwiftPerFileCompile StringForegroundColorizer.swift
SwiftCompile normal arm64 /Users/admin/builder/spi-builder-workspace/Sources/StringStyle.swift (in target 'Swiftline' from project 'Swiftline')
    cd /Users/admin/builder/spi-builder-workspace/.swiftpm/xcode
    builtin-SwiftPerFileCompile StringStyle.swift
SwiftEmitModule normal arm64_32 Emitting\ module\ for\ Swiftline (in target 'Swiftline' from project 'Swiftline')
SwiftCompile normal arm64_32 (in target 'Swiftline' from project 'Swiftline')
    cd /Users/admin/builder/spi-builder-workspace/.swiftpm/xcode

SwiftDriverJobDiscovery normal arm64 Emitting module for Swiftline (in target 'Swiftline' from project 'Swiftline')
SwiftDriver\ Compilation\ Requirements Swiftline normal arm64 com.apple.xcode.tools.swift.compiler (in target 'Swiftline' from project 'Swiftline')
    cd /Users/admin/builder/spi-builder-workspace/.swiftpm/xcode
    builtin-Swift-Compilation-Requirements -- /Applications/Xcode-27.0.0-Release.Candidate.app/Contents/Developer/Toolchains/XcodeDefault.xctoolchain/usr/bin/swiftc -parse-as-library -module-name Swiftline -Onone @/Users/admin/builder/spi-builder-workspace/.derivedData/Build/Intermediates.noindex/Swiftline.build/Debug-watchos/Swiftline-t.build/Objects-normal/arm64/Swiftline.SwiftFileList -DSWIFT_PACKAGE -DDEBUG -DSWIFT_MODULE_RESOURCE_BUNDLE_UNAVAILABLE -DXcode -plugin-path /Applications/Xcode-27.0.0-Release.Candidate.app/Contents/Developer/Toolchains/XcodeDefault.xctoolchain/usr/lib/swift/host/plugins/testing -enable-experimental-feature DebugDescriptionMacro -sdk /Applications/Xcode-27.0.0-Release.Candidate.app/Contents/Developer/Platforms/WatchOS.platform/Developer/SDKs/WatchOS27.0.sdk -target arm64-apple-watchos9.0 -g -module-cache-path /Users/admin/builder/spi-builder-workspace/.derivedData/ModuleCache.noindex -Xfrontend -serialize-debugging-options -profile-coverage-mapping -profile-generate -enable-testing -index-store-path /Users/admin/builder/spi-builder-workspace/.derivedData/Index.noindex/DataStore -Xcc -D_LIBCPP_HARDENING_MODE\=_LIBCPP_HARDENING_MODE_DEBUG -swift-version 5 -I /Users/admin/builder/spi-builder-workspace/.derivedData/Build/Products/Debug-watchos -Isystem /Applications/Xcode-27.0.0-Release.Candidate.app/Contents/Developer/Platforms/WatchOS.platform/Developer/usr/lib -F /Users/admin/builder/spi-builder-workspace/.derivedData/Build/Products/Debug-watchos -F /Applications/Xcode-27.0.0-Release.Candidate.app/Contents/Developer/Platforms/WatchOS.platform/Developer/Library/Frameworks -F /Applications/Xcode-27.0.0-Release.Candidate.app/Contents/Developer/Platforms/WatchOS.platform/Developer/SDKs/WatchOS27.0.sdk/Developer/Library/Frameworks -c -j10 -enable-batch-mode -incremental -Xcc -ivfsstatcache -Xcc /Users/admin/builder/spi-builder-workspace/.derivedData/SDKStatCaches.noindex/watchos27.0-24R360-e829b21a6f8c9b70876ba0858053c04477534ef55a1706bf4c1112bbb242f0a2.sdkstatcache -output-file-map /Users/admin/builder/spi-builder-workspace/.derivedData/Build/Intermediates.noindex/Swiftline.build/Debug-watchos/Swiftline-t.build/Objects-normal/arm64/Swiftline-OutputFileMap.json -save-temps -no-color-diagnostics -explicit-module-build -module-cache-path /Users/admin/builder/spi-builder-workspace/.derivedData/Build/Intermediates.noindex/SwiftExplicitPrecompiledModules -clang-scanner-module-cache-path /Users/admin/builder/spi-builder-workspace/.derivedData/ModuleCache.noindex -sdk-module-cache-path /Users/admin/builder/spi-builder-workspace/.derivedData/SDKExplicitPrecompiledModules -emit-dependencies -emit-module -emit-module-path /Users/admin/builder/spi-builder-workspace/.derivedData/Build/Intermediates.noindex/Swiftline.build/Debug-watchos/Swiftline-t.build/Objects-normal/arm64/Swiftline.swiftmodule -serialize-diagnostics -dependency-scan-serialize-diagnostics-path /Users/admin/builder/spi-builder-workspace/.derivedData/Build/Intermediates.noindex/Swiftline.build/Debug-watchos/Swiftline-t.build/Objects-normal/arm64/Swiftline-dependency-scan.dia -validate-clang-modules-once -clang-build-session-file /Users/admin/builder/spi-builder-workspace/.derivedData/ModuleCache.noindex/Session.modulevalidation -Xcc -fmodules-prune-interval\=86400 -Xcc -fmodules-prune-after\=345600 -emit-const-values -const-gather-protocols-list /Users/admin/builder/spi-builder-workspace/.derivedData/Build/Intermediates.noindex/Swiftline.build/Debug-watchos/Swiftline-t.build/Objects-normal/arm64/Swiftline_const_extract_protocols.json -Xcc -I/Users/admin/builder/spi-builder-workspace/.derivedData/Build/Products/Debug-watchos/include -Xcc -I/Users/admin/builder/spi-builder-workspace/.derivedData/Build/Intermediates.noindex/Swiftline.build/Debug-watchos/Swiftline-t.build/DerivedSources-normal/arm64 -Xcc -I/Users/admin/builder/spi-builder-workspace/.derivedData/Build/Intermediates.noindex/Swiftline.build/Debug-watchos/Swiftline-t.build/DerivedSources/arm64 -Xcc -I/Users/admin/builder/spi-builder-workspace/.derivedData/Build/Intermediates.noindex/Swiftline.build/Debug-watchos/Swiftline-t.build/DerivedSources -Xcc -DSWIFT_PACKAGE -Xcc -DDEBUG\=1 -emit-objc-header -emit-objc-header-path /Users/admin/builder/spi-builder-workspace/.derivedData/Build/Intermediates.noindex/Swiftline.build/Debug-watchos/Swiftline-t.build/Objects-normal/arm64/Swiftline-Swift.h -working-directory /Users/admin/builder/spi-builder-workspace/.swiftpm/xcode -experimental-emit-module-separately -disable-cmo
SwiftDriverJobDiscovery normal arm64_32 Emitting module for Swiftline (in target 'Swiftline' from project 'Swiftline')
SwiftDriver\ Compilation\ Requirements Swiftline normal arm64_32 com.apple.xcode.tools.swift.compiler (in target 'Swiftline' from project 'Swiftline')
    cd /Users/admin/builder/spi-builder-workspace/.swiftpm/xcode
    builtin-Swift-Compilation-Requirements -- /Applications/Xcode-27.0.0-Release.Candidate.app/Contents/Developer/Toolchains/XcodeDefault.xctoolchain/usr/bin/swiftc -parse-as-library -module-name Swiftline -Onone @/Users/admin/builder/spi-builder-workspace/.derivedData/Build/Intermediates.noindex/Swiftline.build/Debug-watchos/Swiftline-t.build/Objects-normal/arm64_32/Swiftline.SwiftFileList -DSWIFT_PACKAGE -DDEBUG -DSWIFT_MODULE_RESOURCE_BUNDLE_UNAVAILABLE -DXcode -plugin-path /Applications/Xcode-27.0.0-Release.Candidate.app/Contents/Developer/Toolchains/XcodeDefault.xctoolchain/usr/lib/swift/host/plugins/testing -enable-experimental-feature DebugDescriptionMacro -sdk /Applications/Xcode-27.0.0-Release.Candidate.app/Contents/Developer/Platforms/WatchOS.platform/Developer/SDKs/WatchOS27.0.sdk -target arm64_32-apple-watchos9.0 -g -module-cache-path /Users/admin/builder/spi-builder-workspace/.derivedData/ModuleCache.noindex -Xfrontend -serialize-debugging-options -profile-coverage-mapping -profile-generate -enable-testing -index-store-path /Users/admin/builder/spi-builder-workspace/.derivedData/Index.noindex/DataStore -Xcc -D_LIBCPP_HARDENING_MODE\=_LIBCPP_HARDENING_MODE_DEBUG -swift-version 5 -I /Users/admin/builder/spi-builder-workspace/.derivedData/Build/Products/Debug-watchos -Isystem /Applications/Xcode-27.0.0-Release.Candidate.app/Contents/Developer/Platforms/WatchOS.platform/Developer/usr/lib -F /Users/admin/builder/spi-builder-workspace/.derivedData/Build/Products/Debug-watchos -F /Applications/Xcode-27.0.0-Release.Candidate.app/Contents/Developer/Platforms/WatchOS.platform/Developer/Library/Frameworks -F /Applications/Xcode-27.0.0-Release.Candidate.app/Contents/Developer/Platforms/WatchOS.platform/Developer/SDKs/WatchOS27.0.sdk/Developer/Library/Frameworks -c -j10 -enable-batch-mode -incremental -Xcc -ivfsstatcache -Xcc /Users/admin/builder/spi-builder-workspace/.derivedData/SDKStatCaches.noindex/watchos27.0-24R360-e829b21a6f8c9b70876ba0858053c04477534ef55a1706bf4c1112bbb242f0a2.sdkstatcache -output-file-map /Users/admin/builder/spi-builder-workspace/.derivedData/Build/Intermediates.noindex/Swiftline.build/Debug-watchos/Swiftline-t.build/Objects-normal/arm64_32/Swiftline-OutputFileMap.json -save-temps -no-color-diagnostics -explicit-module-build -module-cache-path /Users/admin/builder/spi-builder-workspace/.derivedData/Build/Intermediates.noindex/SwiftExplicitPrecompiledModules -clang-scanner-module-cache-path /Users/admin/builder/spi-builder-workspace/.derivedData/ModuleCache.noindex -sdk-module-cache-path /Users/admin/builder/spi-builder-workspace/.derivedData/SDKExplicitPrecompiledModules -emit-dependencies -emit-module -emit-module-path /Users/admin/builder/spi-builder-workspace/.derivedData/Build/Intermediates.noindex/Swiftline.build/Debug-watchos/Swiftline-t.build/Objects-normal/arm64_32/Swiftline.swiftmodule -serialize-diagnostics -dependency-scan-serialize-diagnostics-path /Users/admin/builder/spi-builder-workspace/.derivedData/Build/Intermediates.noindex/Swiftline.build/Debug-watchos/Swiftline-t.build/Objects-normal/arm64_32/Swiftline-dependency-scan.dia -validate-clang-modules-once -clang-build-session-file /Users/admin/builder/spi-builder-workspace/.derivedData/ModuleCache.noindex/Session.modulevalidation -Xcc -fmodules-prune-interval\=86400 -Xcc -fmodules-prune-after\=345600 -emit-const-values -const-gather-protocols-list /Users/admin/builder/spi-builder-workspace/.derivedData/Build/Intermediates.noindex/Swiftline.build/Debug-watchos/Swiftline-t.build/Objects-normal/arm64_32/Swiftline_const_extract_protocols.json -Xcc -I/Users/admin/builder/spi-builder-workspace/.derivedData/Build/Products/Debug-watchos/include -Xcc -I/Users/admin/builder/spi-builder-workspace/.derivedData/Build/Intermediates.noindex/Swiftline.build/Debug-watchos/Swiftline-t.build/DerivedSources-normal/arm64_32 -Xcc -I/Users/admin/builder/spi-builder-workspace/.derivedData/Build/Intermediates.noindex/Swiftline.build/Debug-watchos/Swiftline-t.build/DerivedSources/arm64_32 -Xcc -I/Users/admin/builder/spi-builder-workspace/.derivedData/Build/Intermediates.noindex/Swiftline.build/Debug-watchos/Swiftline-t.build/DerivedSources -Xcc -DSWIFT_PACKAGE -Xcc -DDEBUG\=1 -emit-objc-header -emit-objc-header-path /Users/admin/builder/spi-builder-workspace/.derivedData/Build/Intermediates.noindex/Swiftline.build/Debug-watchos/Swiftline-t.build/Objects-normal/arm64_32/Swiftline-Swift.h -working-directory /Users/admin/builder/spi-builder-workspace/.swiftpm/xcode -experimental-emit-module-separately -disable-cmo
Copy /Users/admin/builder/spi-builder-workspace/.derivedData/Build/Products/Debug-watchos/Swiftline.swiftmodule/arm64-apple-watchos.swiftmodule /Users/admin/builder/spi-builder-workspace/.derivedData/Build/Intermediates.noindex/Swiftline.build/Debug-watchos/Swiftline-t.build/Objects-normal/arm64/Swiftline.swiftmodule (in target 'Swiftline' from project 'Swiftline')
    cd /Users/admin/builder/spi-builder-workspace
    builtin-copy -exclude .DS_Store -exclude CVS -exclude .svn -exclude .git -exclude .hg -resolve-src-symlinks -rename /Users/admin/builder/spi-builder-workspace/.derivedData/Build/Intermediates.noindex/Swiftline.build/Debug-watchos/Swiftline-t.build/Objects-normal/arm64/Swiftline.swiftmodule /Users/admin/builder/spi-builder-workspace/.derivedData/Build/Products/Debug-watchos/Swiftline.swiftmodule/arm64-apple-watchos.swiftmodule
SwiftMergeGeneratedHeaders /Users/admin/builder/spi-builder-workspace/.derivedData/Build/Intermediates.noindex/GeneratedModuleMaps-watchos/Swiftline-Swift.h /Users/admin/builder/spi-builder-workspace/.derivedData/Build/Intermediates.noindex/Swiftline.build/Debug-watchos/Swiftline-t.build/Objects-normal/arm64/Swiftline-Swift.h /Users/admin/builder/spi-builder-workspace/.derivedData/Build/Intermediates.noindex/Swiftline.build/Debug-watchos/Swiftline-t.build/Objects-normal/arm64_32/Swiftline-Swift.h (in target 'Swiftline' from project 'Swiftline')
    cd /Users/admin/builder/spi-builder-workspace
    builtin-swiftHeaderTool -arch arm64 /Users/admin/builder/spi-builder-workspace/.derivedData/Build/Intermediates.noindex/Swiftline.build/Debug-watchos/Swiftline-t.build/Objects-normal/arm64/Swiftline-Swift.h -arch arm64_32 /Users/admin/builder/spi-builder-workspace/.derivedData/Build/Intermediates.noindex/Swiftline.build/Debug-watchos/Swiftline-t.build/Objects-normal/arm64_32/Swiftline-Swift.h -o /Users/admin/builder/spi-builder-workspace/.derivedData/Build/Intermediates.noindex/GeneratedModuleMaps-watchos/Swiftline-Swift.h
Copy /Users/admin/builder/spi-builder-workspace/.derivedData/Build/Products/Debug-watchos/Swiftline.swiftmodule/arm64_32-apple-watchos.swiftmodule /Users/admin/builder/spi-builder-workspace/.derivedData/Build/Intermediates.noindex/Swiftline.build/Debug-watchos/Swiftline-t.build/Objects-normal/arm64_32/Swiftline.swiftmodule (in target 'Swiftline' from project 'Swiftline')
    cd /Users/admin/builder/spi-builder-workspace
    builtin-copy -exclude .DS_Store -exclude CVS -exclude .svn -exclude .git -exclude .hg -resolve-src-symlinks -rename /Users/admin/builder/spi-builder-workspace/.derivedData/Build/Intermediates.noindex/Swiftline.build/Debug-watchos/Swiftline-t.build/Objects-normal/arm64_32/Swiftline.swiftmodule /Users/admin/builder/spi-builder-workspace/.derivedData/Build/Products/Debug-watchos/Swiftline.swiftmodule/arm64_32-apple-watchos.swiftmodule
Copy /Users/admin/builder/spi-builder-workspace/.derivedData/Build/Products/Debug-watchos/Swiftline.swiftmodule/arm64_32-apple-watchos.swiftdoc /Users/admin/builder/spi-builder-workspace/.derivedData/Build/Intermediates.noindex/Swiftline.build/Debug-watchos/Swiftline-t.build/Objects-normal/arm64_32/Swiftline.swiftdoc (in target 'Swiftline' from project 'Swiftline')
    cd /Users/admin/builder/spi-builder-workspace
    builtin-copy -exclude .DS_Store -exclude CVS -exclude .svn -exclude .git -exclude .hg -resolve-src-symlinks -rename /Users/admin/builder/spi-builder-workspace/.derivedData/Build/Intermediates.noindex/Swiftline.build/Debug-watchos/Swiftline-t.build/Objects-normal/arm64_32/Swiftline.swiftdoc /Users/admin/builder/spi-builder-workspace/.derivedData/Build/Products/Debug-watchos/Swiftline.swiftmodule/arm64_32-apple-watchos.swiftdoc
Copy /Users/admin/builder/spi-builder-workspace/.derivedData/Build/Products/Debug-watchos/Swiftline.swiftmodule/arm64_32-apple-watchos.abi.json /Users/admin/builder/spi-builder-workspace/.derivedData/Build/Intermediates.noindex/Swiftline.build/Debug-watchos/Swiftline-t.build/Objects-normal/arm64_32/Swiftline.abi.json (in target 'Swiftline' from project 'Swiftline')
    cd /Users/admin/builder/spi-builder-workspace
    builtin-copy -exclude .DS_Store -exclude CVS -exclude .svn -exclude .git -exclude .hg -resolve-src-symlinks -rename /Users/admin/builder/spi-builder-workspace/.derivedData/Build/Intermediates.noindex/Swiftline.build/Debug-watchos/Swiftline-t.build/Objects-normal/arm64_32/Swiftline.abi.json /Users/admin/builder/spi-builder-workspace/.derivedData/Build/Products/Debug-watchos/Swiftline.swiftmodule/arm64_32-apple-watchos.abi.json
Copy /Users/admin/builder/spi-builder-workspace/.derivedData/Build/Products/Debug-watchos/Swiftline.swiftmodule/arm64-apple-watchos.swiftdoc /Users/admin/builder/spi-builder-workspace/.derivedData/Build/Intermediates.noindex/Swiftline.build/Debug-watchos/Swiftline-t.build/Objects-normal/arm64/Swiftline.swiftdoc (in target 'Swiftline' from project 'Swiftline')
    cd /Users/admin/builder/spi-builder-workspace
    builtin-copy -exclude .DS_Store -exclude CVS -exclude .svn -exclude .git -exclude .hg -resolve-src-symlinks -rename /Users/admin/builder/spi-builder-workspace/.derivedData/Build/Intermediates.noindex/Swiftline.build/Debug-watchos/Swiftline-t.build/Objects-normal/arm64/Swiftline.swiftdoc /Users/admin/builder/spi-builder-workspace/.derivedData/Build/Products/Debug-watchos/Swiftline.swiftmodule/arm64-apple-watchos.swiftdoc
Copy /Users/admin/builder/spi-builder-workspace/.derivedData/Build/Products/Debug-watchos/Swiftline.swiftmodule/arm64-apple-watchos.abi.json /Users/admin/builder/spi-builder-workspace/.derivedData/Build/Intermediates.noindex/Swiftline.build/Debug-watchos/Swiftline-t.build/Objects-normal/arm64/Swiftline.abi.json (in target 'Swiftline' from project 'Swiftline')
    cd /Users/admin/builder/spi-builder-workspace
    builtin-copy -exclude .DS_Store -exclude CVS -exclude .svn -exclude .git -exclude .hg -resolve-src-symlinks -rename /Users/admin/builder/spi-builder-workspace/.derivedData/Build/Intermediates.noindex/Swiftline.build/Debug-watchos/Swiftline-t.build/Objects-normal/arm64/Swiftline.abi.json /Users/admin/builder/spi-builder-workspace/.derivedData/Build/Products/Debug-watchos/Swiftline.swiftmodule/arm64-apple-watchos.abi.json
Copy /Users/admin/builder/spi-builder-workspace/.derivedData/Build/Products/Debug-watchos/Swiftline.swiftmodule/Project/arm64_32-apple-watchos.swiftsourceinfo /Users/admin/builder/spi-builder-workspace/.derivedData/Build/Intermediates.noindex/Swiftline.build/Debug-watchos/Swiftline-t.build/Objects-normal/arm64_32/Swiftline.swiftsourceinfo (in target 'Swiftline' from project 'Swiftline')
    cd /Users/admin/builder/spi-builder-workspace
    builtin-copy -exclude .DS_Store -exclude CVS -exclude .svn -exclude .git -exclude .hg -resolve-src-symlinks -rename /Users/admin/builder/spi-builder-workspace/.derivedData/Build/Intermediates.noindex/Swiftline.build/Debug-watchos/Swiftline-t.build/Objects-normal/arm64_32/Swiftline.swiftsourceinfo /Users/admin/builder/spi-builder-workspace/.derivedData/Build/Products/Debug-watchos/Swiftline.swiftmodule/Project/arm64_32-apple-watchos.swiftsourceinfo
Copy /Users/admin/builder/spi-builder-workspace/.derivedData/Build/Products/Debug-watchos/Swiftline.swiftmodule/Project/arm64-apple-watchos.swiftsourceinfo /Users/admin/builder/spi-builder-workspace/.derivedData/Build/Intermediates.noindex/Swiftline.build/Debug-watchos/Swiftline-t.build/Objects-normal/arm64/Swiftline.swiftsourceinfo (in target 'Swiftline' from project 'Swiftline')
    cd /Users/admin/builder/spi-builder-workspace
    builtin-copy -exclude .DS_Store -exclude CVS -exclude .svn -exclude .git -exclude .hg -resolve-src-symlinks -rename /Users/admin/builder/spi-builder-workspace/.derivedData/Build/Intermediates.noindex/Swiftline.build/Debug-watchos/Swiftline-t.build/Objects-normal/arm64/Swiftline.swiftsourceinfo /Users/admin/builder/spi-builder-workspace/.derivedData/Build/Products/Debug-watchos/Swiftline.swiftmodule/Project/arm64-apple-watchos.swiftsourceinfo
SwiftCompile normal arm64_32 Compiling\ CommandExecutor.swift,\ Env.swift,\ ProcessInfo.swift /Users/admin/builder/spi-builder-workspace/Sources/CommandExecutor.swift /Users/admin/builder/spi-builder-workspace/Sources/Env.swift /Users/admin/builder/spi-builder-workspace/Sources/ProcessInfo.swift (in target 'Swiftline' from project 'Swiftline')
/Users/admin/builder/spi-builder-workspace/Sources/CommandExecutor.swift:62:20: error: cannot find 'Process' in scope
 60 |         group.enter()
 61 |
 62 |         let task = Process()
    |                    `- error: cannot find 'Process' in scope
 63 |         task.executableURL = URL(fileURLWithPath: "/usr/bin/env")
 64 |         task.arguments = commandParts
/Users/admin/builder/spi-builder-workspace/Sources/CommandExecutor.swift:71:37: error: cannot infer type of closure parameter '_' without a type annotation
 69 |         task.standardOutput = stdoutPipe
 70 |         task.standardError = stderrPipe
 71 |         task.terminationHandler = { _ in group.leave() }
    |                                     `- error: cannot infer type of closure parameter '_' without a type annotation
 72 |         do {
 73 |             try task.run()
/Users/admin/builder/spi-builder-workspace/Sources/CommandExecutor.swift:106:9: error: 'posix_spawn_file_actions_init' is unavailable in watchOS
104 |
105 |         var childFDActions = STDLIB._make_posix_spawn_file_actions_t()
106 |         posix_spawn_file_actions_init(&childFDActions)
    |         `- error: 'posix_spawn_file_actions_init' is unavailable in watchOS
107 |         posix_spawn_file_actions_adddup2(&childFDActions, outputPipe[1], 1)
108 |         posix_spawn_file_actions_adddup2(&childFDActions, outputPipe[1], 2)
/Applications/Xcode-27.0.0-Release.Candidate.app/Contents/Developer/Platforms/WatchOS.platform/Developer/SDKs/WatchOS27.0.sdk/usr/include/spawn.h:89:9: note: 'posix_spawn_file_actions_init' has been explicitly marked unavailable here
 87 | int     posix_spawn_file_actions_destroy(posix_spawn_file_actions_t *) __API_AVAILABLE(macos(10.5), ios(2.0)) __API_UNAVAILABLE(watchos, tvos);
 88 |
 89 | int     posix_spawn_file_actions_init(posix_spawn_file_actions_t *) __API_AVAILABLE(macos(10.5), ios(2.0)) __API_UNAVAILABLE(watchos, tvos);
    |         `- note: 'posix_spawn_file_actions_init' has been explicitly marked unavailable here
 90 |
 91 | int     posix_spawnattr_destroy(posix_spawnattr_t *) __API_AVAILABLE(macos(10.5), ios(2.0)) __API_UNAVAILABLE(watchos, tvos);
/Users/admin/builder/spi-builder-workspace/Sources/CommandExecutor.swift:106:9: warning: result of call to 'posix_spawn_file_actions_init' is unused [#NoUsage]
104 |
105 |         var childFDActions = STDLIB._make_posix_spawn_file_actions_t()
106 |         posix_spawn_file_actions_init(&childFDActions)
    |         `- warning: result of call to 'posix_spawn_file_actions_init' is unused [#NoUsage]
107 |         posix_spawn_file_actions_adddup2(&childFDActions, outputPipe[1], 1)
108 |         posix_spawn_file_actions_adddup2(&childFDActions, outputPipe[1], 2)
/Users/admin/builder/spi-builder-workspace/Sources/CommandExecutor.swift:107:9: error: 'posix_spawn_file_actions_adddup2' is unavailable in watchOS
105 |         var childFDActions = STDLIB._make_posix_spawn_file_actions_t()
106 |         posix_spawn_file_actions_init(&childFDActions)
107 |         posix_spawn_file_actions_adddup2(&childFDActions, outputPipe[1], 1)
    |         `- error: 'posix_spawn_file_actions_adddup2' is unavailable in watchOS
108 |         posix_spawn_file_actions_adddup2(&childFDActions, outputPipe[1], 2)
109 |         posix_spawn_file_actions_addclose(&childFDActions, outputPipe[0])
/Applications/Xcode-27.0.0-Release.Candidate.app/Contents/Developer/Platforms/WatchOS.platform/Developer/SDKs/WatchOS27.0.sdk/usr/include/spawn.h:80:9: note: 'posix_spawn_file_actions_adddup2' has been explicitly marked unavailable here
 78 | int     posix_spawn_file_actions_addclose(posix_spawn_file_actions_t *, int) __API_AVAILABLE(macos(10.5), ios(2.0)) __API_UNAVAILABLE(watchos, tvos);
 79 |
 80 | int     posix_spawn_file_actions_adddup2(posix_spawn_file_actions_t *, int,
    |         `- note: 'posix_spawn_file_actions_adddup2' has been explicitly marked unavailable here
 81 |     int) __API_AVAILABLE(macos(10.5), ios(2.0)) __API_UNAVAILABLE(watchos, tvos);
 82 |
/Users/admin/builder/spi-builder-workspace/Sources/CommandExecutor.swift:107:9: warning: result of call to 'posix_spawn_file_actions_adddup2' is unused [#NoUsage]
105 |         var childFDActions = STDLIB._make_posix_spawn_file_actions_t()
106 |         posix_spawn_file_actions_init(&childFDActions)
107 |         posix_spawn_file_actions_adddup2(&childFDActions, outputPipe[1], 1)
    |         `- warning: result of call to 'posix_spawn_file_actions_adddup2' is unused [#NoUsage]
108 |         posix_spawn_file_actions_adddup2(&childFDActions, outputPipe[1], 2)
109 |         posix_spawn_file_actions_addclose(&childFDActions, outputPipe[0])
/Users/admin/builder/spi-builder-workspace/Sources/CommandExecutor.swift:108:9: error: 'posix_spawn_file_actions_adddup2' is unavailable in watchOS
106 |         posix_spawn_file_actions_init(&childFDActions)
107 |         posix_spawn_file_actions_adddup2(&childFDActions, outputPipe[1], 1)
108 |         posix_spawn_file_actions_adddup2(&childFDActions, outputPipe[1], 2)
    |         `- error: 'posix_spawn_file_actions_adddup2' is unavailable in watchOS
109 |         posix_spawn_file_actions_addclose(&childFDActions, outputPipe[0])
110 |         posix_spawn_file_actions_addclose(&childFDActions, outputPipe[1])
/Applications/Xcode-27.0.0-Release.Candidate.app/Contents/Developer/Platforms/WatchOS.platform/Developer/SDKs/WatchOS27.0.sdk/usr/include/spawn.h:80:9: note: 'posix_spawn_file_actions_adddup2' has been explicitly marked unavailable here
 78 | int     posix_spawn_file_actions_addclose(posix_spawn_file_actions_t *, int) __API_AVAILABLE(macos(10.5), ios(2.0)) __API_UNAVAILABLE(watchos, tvos);
 79 |
 80 | int     posix_spawn_file_actions_adddup2(posix_spawn_file_actions_t *, int,
    |         `- note: 'posix_spawn_file_actions_adddup2' has been explicitly marked unavailable here
 81 |     int) __API_AVAILABLE(macos(10.5), ios(2.0)) __API_UNAVAILABLE(watchos, tvos);
 82 |
/Users/admin/builder/spi-builder-workspace/Sources/CommandExecutor.swift:108:9: warning: result of call to 'posix_spawn_file_actions_adddup2' is unused [#NoUsage]
106 |         posix_spawn_file_actions_init(&childFDActions)
107 |         posix_spawn_file_actions_adddup2(&childFDActions, outputPipe[1], 1)
108 |         posix_spawn_file_actions_adddup2(&childFDActions, outputPipe[1], 2)
    |         `- warning: result of call to 'posix_spawn_file_actions_adddup2' is unused [#NoUsage]
109 |         posix_spawn_file_actions_addclose(&childFDActions, outputPipe[0])
110 |         posix_spawn_file_actions_addclose(&childFDActions, outputPipe[1])
/Users/admin/builder/spi-builder-workspace/Sources/CommandExecutor.swift:109:9: error: 'posix_spawn_file_actions_addclose' is unavailable in watchOS
107 |         posix_spawn_file_actions_adddup2(&childFDActions, outputPipe[1], 1)
108 |         posix_spawn_file_actions_adddup2(&childFDActions, outputPipe[1], 2)
109 |         posix_spawn_file_actions_addclose(&childFDActions, outputPipe[0])
    |         `- error: 'posix_spawn_file_actions_addclose' is unavailable in watchOS
110 |         posix_spawn_file_actions_addclose(&childFDActions, outputPipe[1])
111 |
/Applications/Xcode-27.0.0-Release.Candidate.app/Contents/Developer/Platforms/WatchOS.platform/Developer/SDKs/WatchOS27.0.sdk/usr/include/spawn.h:78:9: note: 'posix_spawn_file_actions_addclose' has been explicitly marked unavailable here
 76 |     int) __API_AVAILABLE(macos(26.0)) __API_UNAVAILABLE(ios, tvos, watchos, visionos);
 77 |
 78 | int     posix_spawn_file_actions_addclose(posix_spawn_file_actions_t *, int) __API_AVAILABLE(macos(10.5), ios(2.0)) __API_UNAVAILABLE(watchos, tvos);
    |         `- note: 'posix_spawn_file_actions_addclose' has been explicitly marked unavailable here
 79 |
 80 | int     posix_spawn_file_actions_adddup2(posix_spawn_file_actions_t *, int,
/Users/admin/builder/spi-builder-workspace/Sources/CommandExecutor.swift:109:9: warning: result of call to 'posix_spawn_file_actions_addclose' is unused [#NoUsage]
107 |         posix_spawn_file_actions_adddup2(&childFDActions, outputPipe[1], 1)
108 |         posix_spawn_file_actions_adddup2(&childFDActions, outputPipe[1], 2)
109 |         posix_spawn_file_actions_addclose(&childFDActions, outputPipe[0])
    |         `- warning: result of call to 'posix_spawn_file_actions_addclose' is unused [#NoUsage]
110 |         posix_spawn_file_actions_addclose(&childFDActions, outputPipe[1])
111 |
/Users/admin/builder/spi-builder-workspace/Sources/CommandExecutor.swift:110:9: error: 'posix_spawn_file_actions_addclose' is unavailable in watchOS
108 |         posix_spawn_file_actions_adddup2(&childFDActions, outputPipe[1], 2)
109 |         posix_spawn_file_actions_addclose(&childFDActions, outputPipe[0])
110 |         posix_spawn_file_actions_addclose(&childFDActions, outputPipe[1])
    |         `- error: 'posix_spawn_file_actions_addclose' is unavailable in watchOS
111 |
112 |         var pid: pid_t = 0
/Applications/Xcode-27.0.0-Release.Candidate.app/Contents/Developer/Platforms/WatchOS.platform/Developer/SDKs/WatchOS27.0.sdk/usr/include/spawn.h:78:9: note: 'posix_spawn_file_actions_addclose' has been explicitly marked unavailable here
 76 |     int) __API_AVAILABLE(macos(26.0)) __API_UNAVAILABLE(ios, tvos, watchos, visionos);
 77 |
 78 | int     posix_spawn_file_actions_addclose(posix_spawn_file_actions_t *, int) __API_AVAILABLE(macos(10.5), ios(2.0)) __API_UNAVAILABLE(watchos, tvos);
    |         `- note: 'posix_spawn_file_actions_addclose' has been explicitly marked unavailable here
 79 |
 80 | int     posix_spawn_file_actions_adddup2(posix_spawn_file_actions_t *, int,
/Users/admin/builder/spi-builder-workspace/Sources/CommandExecutor.swift:110:9: warning: result of call to 'posix_spawn_file_actions_addclose' is unused [#NoUsage]
108 |         posix_spawn_file_actions_adddup2(&childFDActions, outputPipe[1], 2)
109 |         posix_spawn_file_actions_addclose(&childFDActions, outputPipe[0])
110 |         posix_spawn_file_actions_addclose(&childFDActions, outputPipe[1])
    |         `- warning: result of call to 'posix_spawn_file_actions_addclose' is unused [#NoUsage]
111 |
112 |         var pid: pid_t = 0
/Users/admin/builder/spi-builder-workspace/Sources/CommandExecutor.swift:114:22: error: 'posix_spawn' is unavailable in watchOS
112 |         var pid: pid_t = 0
113 |         let argvPointer: UnsafePointer<CChar>! = UnsafePointer(argv[0])
114 |         let result = posix_spawn(&pid, argvPointer, &childFDActions, nil, argv + [nil], ActualTaskExecutor.environment)
    |                      `- error: 'posix_spawn' is unavailable in watchOS
115 |
116 |         return (Int(result), "", "")
/Applications/Xcode-27.0.0-Release.Candidate.app/Contents/Developer/Platforms/WatchOS.platform/Developer/SDKs/WatchOS27.0.sdk/usr/include/spawn.h:60:9: note: 'posix_spawn' has been explicitly marked unavailable here
 58 |  */
 59 |
 60 | int     posix_spawn(pid_t * __restrict, const char * __restrict,
    |         `- note: 'posix_spawn' has been explicitly marked unavailable here
 61 |     const posix_spawn_file_actions_t *,
 62 |     const posix_spawnattr_t * __restrict,
/Users/admin/builder/spi-builder-workspace/Sources/CommandExecutor.swift:137:13: error: 'posix_spawn_file_actions_addclose' is unavailable in watchOS
135 |         defer {
136 |             for case let arg? in argv { free(arg) }
137 |             posix_spawn_file_actions_addclose(&childFDActions, outputPipe)
    |             `- error: 'posix_spawn_file_actions_addclose' is unavailable in watchOS
138 |             posix_spawn_file_actions_addclose(&childFDActions, outerrPipe)
139 |             posix_spawn_file_actions_destroy(&childFDActions)
/Applications/Xcode-27.0.0-Release.Candidate.app/Contents/Developer/Platforms/WatchOS.platform/Developer/SDKs/WatchOS27.0.sdk/usr/include/spawn.h:78:9: note: 'posix_spawn_file_actions_addclose' has been explicitly marked unavailable here
 76 |     int) __API_AVAILABLE(macos(26.0)) __API_UNAVAILABLE(ios, tvos, watchos, visionos);
 77 |
 78 | int     posix_spawn_file_actions_addclose(posix_spawn_file_actions_t *, int) __API_AVAILABLE(macos(10.5), ios(2.0)) __API_UNAVAILABLE(watchos, tvos);
    |         `- note: 'posix_spawn_file_actions_addclose' has been explicitly marked unavailable here
 79 |
 80 | int     posix_spawn_file_actions_adddup2(posix_spawn_file_actions_t *, int,
/Users/admin/builder/spi-builder-workspace/Sources/CommandExecutor.swift:137:13: warning: result of call to 'posix_spawn_file_actions_addclose' is unused [#NoUsage]
135 |         defer {
136 |             for case let arg? in argv { free(arg) }
137 |             posix_spawn_file_actions_addclose(&childFDActions, outputPipe)
    |             `- warning: result of call to 'posix_spawn_file_actions_addclose' is unused [#NoUsage]
138 |             posix_spawn_file_actions_addclose(&childFDActions, outerrPipe)
139 |             posix_spawn_file_actions_destroy(&childFDActions)
/Users/admin/builder/spi-builder-workspace/Sources/CommandExecutor.swift:138:13: error: 'posix_spawn_file_actions_addclose' is unavailable in watchOS
136 |             for case let arg? in argv { free(arg) }
137 |             posix_spawn_file_actions_addclose(&childFDActions, outputPipe)
138 |             posix_spawn_file_actions_addclose(&childFDActions, outerrPipe)
    |             `- error: 'posix_spawn_file_actions_addclose' is unavailable in watchOS
139 |             posix_spawn_file_actions_destroy(&childFDActions)
140 |         }
/Applications/Xcode-27.0.0-Release.Candidate.app/Contents/Developer/Platforms/WatchOS.platform/Developer/SDKs/WatchOS27.0.sdk/usr/include/spawn.h:78:9: note: 'posix_spawn_file_actions_addclose' has been explicitly marked unavailable here
 76 |     int) __API_AVAILABLE(macos(26.0)) __API_UNAVAILABLE(ios, tvos, watchos, visionos);
 77 |
 78 | int     posix_spawn_file_actions_addclose(posix_spawn_file_actions_t *, int) __API_AVAILABLE(macos(10.5), ios(2.0)) __API_UNAVAILABLE(watchos, tvos);
    |         `- note: 'posix_spawn_file_actions_addclose' has been explicitly marked unavailable here
 79 |
 80 | int     posix_spawn_file_actions_adddup2(posix_spawn_file_actions_t *, int,
/Users/admin/builder/spi-builder-workspace/Sources/CommandExecutor.swift:138:13: warning: result of call to 'posix_spawn_file_actions_addclose' is unused [#NoUsage]
136 |             for case let arg? in argv { free(arg) }
137 |             posix_spawn_file_actions_addclose(&childFDActions, outputPipe)
138 |             posix_spawn_file_actions_addclose(&childFDActions, outerrPipe)
    |             `- warning: result of call to 'posix_spawn_file_actions_addclose' is unused [#NoUsage]
139 |             posix_spawn_file_actions_destroy(&childFDActions)
140 |         }
/Users/admin/builder/spi-builder-workspace/Sources/CommandExecutor.swift:139:13: error: 'posix_spawn_file_actions_destroy' is unavailable in watchOS
137 |             posix_spawn_file_actions_addclose(&childFDActions, outputPipe)
138 |             posix_spawn_file_actions_addclose(&childFDActions, outerrPipe)
139 |             posix_spawn_file_actions_destroy(&childFDActions)
    |             `- error: 'posix_spawn_file_actions_destroy' is unavailable in watchOS
140 |         }
141 |
/Applications/Xcode-27.0.0-Release.Candidate.app/Contents/Developer/Platforms/WatchOS.platform/Developer/SDKs/WatchOS27.0.sdk/usr/include/spawn.h:87:9: note: 'posix_spawn_file_actions_destroy' has been explicitly marked unavailable here
 85 | 	const char * __restrict, int, mode_t) __API_AVAILABLE(macos(10.5), ios(2.0)) __API_UNAVAILABLE(watchos, tvos);
 86 |
 87 | int     posix_spawn_file_actions_destroy(posix_spawn_file_actions_t *) __API_AVAILABLE(macos(10.5), ios(2.0)) __API_UNAVAILABLE(watchos, tvos);
    |         `- note: 'posix_spawn_file_actions_destroy' has been explicitly marked unavailable here
 88 |
 89 | int     posix_spawn_file_actions_init(posix_spawn_file_actions_t *) __API_AVAILABLE(macos(10.5), ios(2.0)) __API_UNAVAILABLE(watchos, tvos);
/Users/admin/builder/spi-builder-workspace/Sources/CommandExecutor.swift:139:13: warning: result of call to 'posix_spawn_file_actions_destroy' is unused [#NoUsage]
137 |             posix_spawn_file_actions_addclose(&childFDActions, outputPipe)
138 |             posix_spawn_file_actions_addclose(&childFDActions, outerrPipe)
139 |             posix_spawn_file_actions_destroy(&childFDActions)
    |             `- warning: result of call to 'posix_spawn_file_actions_destroy' is unused [#NoUsage]
140 |         }
141 |
/Users/admin/builder/spi-builder-workspace/Sources/CommandExecutor.swift:142:9: error: 'posix_spawn_file_actions_init' is unavailable in watchOS
140 |         }
141 |
142 |         posix_spawn_file_actions_init(&childFDActions)
    |         `- error: 'posix_spawn_file_actions_init' is unavailable in watchOS
143 |         posix_spawn_file_actions_addopen(&childFDActions, outputPipe, stdoutLogPath, O_CREAT | O_TRUNC | O_WRONLY, ~0)
144 |         posix_spawn_file_actions_addopen(&childFDActions, outerrPipe, stderrLogPath, O_CREAT | O_TRUNC | O_WRONLY, ~0)
/Applications/Xcode-27.0.0-Release.Candidate.app/Contents/Developer/Platforms/WatchOS.platform/Developer/SDKs/WatchOS27.0.sdk/usr/include/spawn.h:89:9: note: 'posix_spawn_file_actions_init' has been explicitly marked unavailable here
 87 | int     posix_spawn_file_actions_destroy(posix_spawn_file_actions_t *) __API_AVAILABLE(macos(10.5), ios(2.0)) __API_UNAVAILABLE(watchos, tvos);
 88 |
 89 | int     posix_spawn_file_actions_init(posix_spawn_file_actions_t *) __API_AVAILABLE(macos(10.5), ios(2.0)) __API_UNAVAILABLE(watchos, tvos);
    |         `- note: 'posix_spawn_file_actions_init' has been explicitly marked unavailable here
 90 |
 91 | int     posix_spawnattr_destroy(posix_spawnattr_t *) __API_AVAILABLE(macos(10.5), ios(2.0)) __API_UNAVAILABLE(watchos, tvos);
/Users/admin/builder/spi-builder-workspace/Sources/CommandExecutor.swift:142:9: warning: result of call to 'posix_spawn_file_actions_init' is unused [#NoUsage]
140 |         }
141 |
142 |         posix_spawn_file_actions_init(&childFDActions)
    |         `- warning: result of call to 'posix_spawn_file_actions_init' is unused [#NoUsage]
143 |         posix_spawn_file_actions_addopen(&childFDActions, outputPipe, stdoutLogPath, O_CREAT | O_TRUNC | O_WRONLY, ~0)
144 |         posix_spawn_file_actions_addopen(&childFDActions, outerrPipe, stderrLogPath, O_CREAT | O_TRUNC | O_WRONLY, ~0)
/Users/admin/builder/spi-builder-workspace/Sources/CommandExecutor.swift:143:9: error: 'posix_spawn_file_actions_addopen' is unavailable in watchOS
141 |
142 |         posix_spawn_file_actions_init(&childFDActions)
143 |         posix_spawn_file_actions_addopen(&childFDActions, outputPipe, stdoutLogPath, O_CREAT | O_TRUNC | O_WRONLY, ~0)
    |         `- error: 'posix_spawn_file_actions_addopen' is unavailable in watchOS
144 |         posix_spawn_file_actions_addopen(&childFDActions, outerrPipe, stderrLogPath, O_CREAT | O_TRUNC | O_WRONLY, ~0)
145 |         posix_spawn_file_actions_adddup2(&childFDActions, outputPipe, 1)
/Applications/Xcode-27.0.0-Release.Candidate.app/Contents/Developer/Platforms/WatchOS.platform/Developer/SDKs/WatchOS27.0.sdk/usr/include/spawn.h:83:9: note: 'posix_spawn_file_actions_addopen' has been explicitly marked unavailable here
 81 |     int) __API_AVAILABLE(macos(10.5), ios(2.0)) __API_UNAVAILABLE(watchos, tvos);
 82 |
 83 | int     posix_spawn_file_actions_addopen(
    |         `- note: 'posix_spawn_file_actions_addopen' has been explicitly marked unavailable here
 84 | 	posix_spawn_file_actions_t * __restrict, int,
 85 | 	const char * __restrict, int, mode_t) __API_AVAILABLE(macos(10.5), ios(2.0)) __API_UNAVAILABLE(watchos, tvos);
SwiftCompile normal arm64_32 /Users/admin/builder/spi-builder-workspace/Sources/CommandExecutor.swift (in target 'Swiftline' from project 'Swiftline')
    cd /Users/admin/builder/spi-builder-workspace/.swiftpm/xcode
    builtin-SwiftPerFileCompile CommandExecutor.swift
SwiftCompile normal arm64_32 /Users/admin/builder/spi-builder-workspace/Sources/Env.swift (in target 'Swiftline' from project 'Swiftline')
    cd /Users/admin/builder/spi-builder-workspace/.swiftpm/xcode
    builtin-SwiftPerFileCompile Env.swift
SwiftCompile normal arm64_32 /Users/admin/builder/spi-builder-workspace/Sources/ProcessInfo.swift (in target 'Swiftline' from project 'Swiftline')
    cd /Users/admin/builder/spi-builder-workspace/.swiftpm/xcode
    builtin-SwiftPerFileCompile ProcessInfo.swift
/Users/admin/builder/spi-builder-workspace/Sources/CommandExecutor.swift:143:9: warning: result of call to 'posix_spawn_file_actions_addopen' is unused [#NoUsage]
141 |
142 |         posix_spawn_file_actions_init(&childFDActions)
143 |         posix_spawn_file_actions_addopen(&childFDActions, outputPipe, stdoutLogPath, O_CREAT | O_TRUNC | O_WRONLY, ~0)
    |         `- warning: result of call to 'posix_spawn_file_actions_addopen' is unused [#NoUsage]
144 |         posix_spawn_file_actions_addopen(&childFDActions, outerrPipe, stderrLogPath, O_CREAT | O_TRUNC | O_WRONLY, ~0)
145 |         posix_spawn_file_actions_adddup2(&childFDActions, outputPipe, 1)
/Users/admin/builder/spi-builder-workspace/Sources/CommandExecutor.swift:144:9: error: 'posix_spawn_file_actions_addopen' is unavailable in watchOS
142 |         posix_spawn_file_actions_init(&childFDActions)
143 |         posix_spawn_file_actions_addopen(&childFDActions, outputPipe, stdoutLogPath, O_CREAT | O_TRUNC | O_WRONLY, ~0)
144 |         posix_spawn_file_actions_addopen(&childFDActions, outerrPipe, stderrLogPath, O_CREAT | O_TRUNC | O_WRONLY, ~0)
    |         `- error: 'posix_spawn_file_actions_addopen' is unavailable in watchOS
145 |         posix_spawn_file_actions_adddup2(&childFDActions, outputPipe, 1)
146 |         posix_spawn_file_actions_adddup2(&childFDActions, outerrPipe, 2)
/Applications/Xcode-27.0.0-Release.Candidate.app/Contents/Developer/Platforms/WatchOS.platform/Developer/SDKs/WatchOS27.0.sdk/usr/include/spawn.h:83:9: note: 'posix_spawn_file_actions_addopen' has been explicitly marked unavailable here
 81 |     int) __API_AVAILABLE(macos(10.5), ios(2.0)) __API_UNAVAILABLE(watchos, tvos);
 82 |
 83 | int     posix_spawn_file_actions_addopen(
    |         `- note: 'posix_spawn_file_actions_addopen' has been explicitly marked unavailable here
 84 | 	posix_spawn_file_actions_t * __restrict, int,
 85 | 	const char * __restrict, int, mode_t) __API_AVAILABLE(macos(10.5), ios(2.0)) __API_UNAVAILABLE(watchos, tvos);
/Users/admin/builder/spi-builder-workspace/Sources/CommandExecutor.swift:144:9: warning: result of call to 'posix_spawn_file_actions_addopen' is unused [#NoUsage]
142 |         posix_spawn_file_actions_init(&childFDActions)
143 |         posix_spawn_file_actions_addopen(&childFDActions, outputPipe, stdoutLogPath, O_CREAT | O_TRUNC | O_WRONLY, ~0)
144 |         posix_spawn_file_actions_addopen(&childFDActions, outerrPipe, stderrLogPath, O_CREAT | O_TRUNC | O_WRONLY, ~0)
    |         `- warning: result of call to 'posix_spawn_file_actions_addopen' is unused [#NoUsage]
145 |         posix_spawn_file_actions_adddup2(&childFDActions, outputPipe, 1)
146 |         posix_spawn_file_actions_adddup2(&childFDActions, outerrPipe, 2)
/Users/admin/builder/spi-builder-workspace/Sources/CommandExecutor.swift:145:9: error: 'posix_spawn_file_actions_adddup2' is unavailable in watchOS
143 |         posix_spawn_file_actions_addopen(&childFDActions, outputPipe, stdoutLogPath, O_CREAT | O_TRUNC | O_WRONLY, ~0)
144 |         posix_spawn_file_actions_addopen(&childFDActions, outerrPipe, stderrLogPath, O_CREAT | O_TRUNC | O_WRONLY, ~0)
145 |         posix_spawn_file_actions_adddup2(&childFDActions, outputPipe, 1)
    |         `- error: 'posix_spawn_file_actions_adddup2' is unavailable in watchOS
146 |         posix_spawn_file_actions_adddup2(&childFDActions, outerrPipe, 2)
147 |
/Applications/Xcode-27.0.0-Release.Candidate.app/Contents/Developer/Platforms/WatchOS.platform/Developer/SDKs/WatchOS27.0.sdk/usr/include/spawn.h:80:9: note: 'posix_spawn_file_actions_adddup2' has been explicitly marked unavailable here
 78 | int     posix_spawn_file_actions_addclose(posix_spawn_file_actions_t *, int) __API_AVAILABLE(macos(10.5), ios(2.0)) __API_UNAVAILABLE(watchos, tvos);
 79 |
 80 | int     posix_spawn_file_actions_adddup2(posix_spawn_file_actions_t *, int,
    |         `- note: 'posix_spawn_file_actions_adddup2' has been explicitly marked unavailable here
 81 |     int) __API_AVAILABLE(macos(10.5), ios(2.0)) __API_UNAVAILABLE(watchos, tvos);
 82 |
/Users/admin/builder/spi-builder-workspace/Sources/CommandExecutor.swift:145:9: warning: result of call to 'posix_spawn_file_actions_adddup2' is unused [#NoUsage]
143 |         posix_spawn_file_actions_addopen(&childFDActions, outputPipe, stdoutLogPath, O_CREAT | O_TRUNC | O_WRONLY, ~0)
144 |         posix_spawn_file_actions_addopen(&childFDActions, outerrPipe, stderrLogPath, O_CREAT | O_TRUNC | O_WRONLY, ~0)
145 |         posix_spawn_file_actions_adddup2(&childFDActions, outputPipe, 1)
    |         `- warning: result of call to 'posix_spawn_file_actions_adddup2' is unused [#NoUsage]
146 |         posix_spawn_file_actions_adddup2(&childFDActions, outerrPipe, 2)
147 |
/Users/admin/builder/spi-builder-workspace/Sources/CommandExecutor.swift:146:9: error: 'posix_spawn_file_actions_adddup2' is unavailable in watchOS
144 |         posix_spawn_file_actions_addopen(&childFDActions, outerrPipe, stderrLogPath, O_CREAT | O_TRUNC | O_WRONLY, ~0)
145 |         posix_spawn_file_actions_adddup2(&childFDActions, outputPipe, 1)
146 |         posix_spawn_file_actions_adddup2(&childFDActions, outerrPipe, 2)
    |         `- error: 'posix_spawn_file_actions_adddup2' is unavailable in watchOS
147 |
148 |         let argvPointer: UnsafePointer<CChar>! = UnsafePointer(argv[0])
/Applications/Xcode-27.0.0-Release.Candidate.app/Contents/Developer/Platforms/WatchOS.platform/Developer/SDKs/WatchOS27.0.sdk/usr/include/spawn.h:80:9: note: 'posix_spawn_file_actions_adddup2' has been explicitly marked unavailable here
 78 | int     posix_spawn_file_actions_addclose(posix_spawn_file_actions_t *, int) __API_AVAILABLE(macos(10.5), ios(2.0)) __API_UNAVAILABLE(watchos, tvos);
 79 |
 80 | int     posix_spawn_file_actions_adddup2(posix_spawn_file_actions_t *, int,
    |         `- note: 'posix_spawn_file_actions_adddup2' has been explicitly marked unavailable here
 81 |     int) __API_AVAILABLE(macos(10.5), ios(2.0)) __API_UNAVAILABLE(watchos, tvos);
 82 |
/Users/admin/builder/spi-builder-workspace/Sources/CommandExecutor.swift:146:9: warning: result of call to 'posix_spawn_file_actions_adddup2' is unused [#NoUsage]
144 |         posix_spawn_file_actions_addopen(&childFDActions, outerrPipe, stderrLogPath, O_CREAT | O_TRUNC | O_WRONLY, ~0)
145 |         posix_spawn_file_actions_adddup2(&childFDActions, outputPipe, 1)
146 |         posix_spawn_file_actions_adddup2(&childFDActions, outerrPipe, 2)
    |         `- warning: result of call to 'posix_spawn_file_actions_adddup2' is unused [#NoUsage]
147 |
148 |         let argvPointer: UnsafePointer<CChar>! = UnsafePointer(argv[0])
SwiftCompile normal arm64_32 Compiling\ Ask.swift,\ AskSettings.swift,\ AskerValidator.swift /Users/admin/builder/spi-builder-workspace/Sources/Ask.swift /Users/admin/builder/spi-builder-workspace/Sources/AskSettings.swift /Users/admin/builder/spi-builder-workspace/Sources/AskerValidator.swift (in target 'Swiftline' from project 'Swiftline')
SwiftCompile normal arm64_32 /Users/admin/builder/spi-builder-workspace/Sources/Ask.swift (in target 'Swiftline' from project 'Swiftline')
    cd /Users/admin/builder/spi-builder-workspace/.swiftpm/xcode
    builtin-SwiftPerFileCompile Ask.swift
SwiftCompile normal arm64_32 /Users/admin/builder/spi-builder-workspace/Sources/AskSettings.swift (in target 'Swiftline' from project 'Swiftline')
    cd /Users/admin/builder/spi-builder-workspace/.swiftpm/xcode
    builtin-SwiftPerFileCompile AskSettings.swift
SwiftCompile normal arm64_32 /Users/admin/builder/spi-builder-workspace/Sources/AskerValidator.swift (in target 'Swiftline' from project 'Swiftline')
    cd /Users/admin/builder/spi-builder-workspace/.swiftpm/xcode
    builtin-SwiftPerFileCompile AskerValidator.swift
SwiftDriverJobDiscovery normal arm64 Compiling Ask.swift, AskSettings.swift, AskerValidator.swift (in target 'Swiftline' from project 'Swiftline')
SwiftCompile normal arm64_32 Compiling\ Choose.swift,\ ChooseSettings.swift,\ Colorizer.swift /Users/admin/builder/spi-builder-workspace/Sources/Choose.swift /Users/admin/builder/spi-builder-workspace/Sources/ChooseSettings.swift /Users/admin/builder/spi-builder-workspace/Sources/Colorizer.swift (in target 'Swiftline' from project 'Swiftline')
SwiftCompile normal arm64_32 /Users/admin/builder/spi-builder-workspace/Sources/Choose.swift (in target 'Swiftline' from project 'Swiftline')
    cd /Users/admin/builder/spi-builder-workspace/.swiftpm/xcode
    builtin-SwiftPerFileCompile Choose.swift
SwiftCompile normal arm64_32 /Users/admin/builder/spi-builder-workspace/Sources/ChooseSettings.swift (in target 'Swiftline' from project 'Swiftline')
    cd /Users/admin/builder/spi-builder-workspace/.swiftpm/xcode
    builtin-SwiftPerFileCompile ChooseSettings.swift
SwiftCompile normal arm64_32 /Users/admin/builder/spi-builder-workspace/Sources/Colorizer.swift (in target 'Swiftline' from project 'Swiftline')
    cd /Users/admin/builder/spi-builder-workspace/.swiftpm/xcode
    builtin-SwiftPerFileCompile Colorizer.swift
SwiftDriverJobDiscovery normal arm64 Compiling Agree.swift, AgreeSettings.swift, ArgConvertible.swift (in target 'Swiftline' from project 'Swiftline')
SwiftCompile normal arm64_32 Compiling\ Agree.swift,\ AgreeSettings.swift,\ ArgConvertible.swift /Users/admin/builder/spi-builder-workspace/Sources/Agree.swift /Users/admin/builder/spi-builder-workspace/Sources/AgreeSettings.swift /Users/admin/builder/spi-builder-workspace/Sources/ArgConvertible.swift (in target 'Swiftline' from project 'Swiftline')
SwiftCompile normal arm64_32 /Users/admin/builder/spi-builder-workspace/Sources/Agree.swift (in target 'Swiftline' from project 'Swiftline')
    cd /Users/admin/builder/spi-builder-workspace/.swiftpm/xcode
    builtin-SwiftPerFileCompile Agree.swift
SwiftCompile normal arm64_32 /Users/admin/builder/spi-builder-workspace/Sources/AgreeSettings.swift (in target 'Swiftline' from project 'Swiftline')
    cd /Users/admin/builder/spi-builder-workspace/.swiftpm/xcode
    builtin-SwiftPerFileCompile AgreeSettings.swift
SwiftCompile normal arm64_32 /Users/admin/builder/spi-builder-workspace/Sources/ArgConvertible.swift (in target 'Swiftline' from project 'Swiftline')
    cd /Users/admin/builder/spi-builder-workspace/.swiftpm/xcode
    builtin-SwiftPerFileCompile ArgConvertible.swift
SwiftDriverJobDiscovery normal arm64 Compiling PromptPrinter.swift, PromptReader.swift, PromptSettings.swift (in target 'Swiftline' from project 'Swiftline')
SwiftCompile normal arm64_32 Compiling\ RunResults.swift,\ Runner.swift,\ RunnerSettings.swift /Users/admin/builder/spi-builder-workspace/Sources/RunResults.swift /Users/admin/builder/spi-builder-workspace/Sources/Runner.swift /Users/admin/builder/spi-builder-workspace/Sources/RunnerSettings.swift (in target 'Swiftline' from project 'Swiftline')
SwiftCompile normal arm64_32 /Users/admin/builder/spi-builder-workspace/Sources/RunResults.swift (in target 'Swiftline' from project 'Swiftline')
    cd /Users/admin/builder/spi-builder-workspace/.swiftpm/xcode
    builtin-SwiftPerFileCompile RunResults.swift
SwiftCompile normal arm64_32 /Users/admin/builder/spi-builder-workspace/Sources/Runner.swift (in target 'Swiftline' from project 'Swiftline')
    cd /Users/admin/builder/spi-builder-workspace/.swiftpm/xcode
    builtin-SwiftPerFileCompile Runner.swift
SwiftCompile normal arm64_32 /Users/admin/builder/spi-builder-workspace/Sources/RunnerSettings.swift (in target 'Swiftline' from project 'Swiftline')
    cd /Users/admin/builder/spi-builder-workspace/.swiftpm/xcode
    builtin-SwiftPerFileCompile RunnerSettings.swift
SwiftDriverJobDiscovery normal arm64 Compiling Choose.swift, ChooseSettings.swift, Colorizer.swift (in target 'Swiftline' from project 'Swiftline')
SwiftDriverJobDiscovery normal arm64_32 Compiling Agree.swift, AgreeSettings.swift, ArgConvertible.swift (in target 'Swiftline' from project 'Swiftline')
SwiftCompile normal arm64_32 Compiling\ StringForegroundColorizer.swift,\ StringStyle.swift /Users/admin/builder/spi-builder-workspace/Sources/StringForegroundColorizer.swift /Users/admin/builder/spi-builder-workspace/Sources/StringStyle.swift (in target 'Swiftline' from project 'Swiftline')
SwiftCompile normal arm64_32 /Users/admin/builder/spi-builder-workspace/Sources/StringForegroundColorizer.swift (in target 'Swiftline' from project 'Swiftline')
    cd /Users/admin/builder/spi-builder-workspace/.swiftpm/xcode
    builtin-SwiftPerFileCompile StringForegroundColorizer.swift
SwiftCompile normal arm64_32 /Users/admin/builder/spi-builder-workspace/Sources/StringStyle.swift (in target 'Swiftline' from project 'Swiftline')
    cd /Users/admin/builder/spi-builder-workspace/.swiftpm/xcode
    builtin-SwiftPerFileCompile StringStyle.swift
SwiftCompile normal arm64_32 Compiling\ StringStyleColorizer.swift,\ TaskPipe.swift /Users/admin/builder/spi-builder-workspace/Sources/StringStyleColorizer.swift /Users/admin/builder/spi-builder-workspace/Sources/TaskPipe.swift (in target 'Swiftline' from project 'Swiftline')
SwiftCompile normal arm64_32 /Users/admin/builder/spi-builder-workspace/Sources/StringStyleColorizer.swift (in target 'Swiftline' from project 'Swiftline')
    cd /Users/admin/builder/spi-builder-workspace/.swiftpm/xcode
    builtin-SwiftPerFileCompile StringStyleColorizer.swift
SwiftCompile normal arm64_32 /Users/admin/builder/spi-builder-workspace/Sources/TaskPipe.swift (in target 'Swiftline' from project 'Swiftline')
    cd /Users/admin/builder/spi-builder-workspace/.swiftpm/xcode
    builtin-SwiftPerFileCompile TaskPipe.swift
SwiftDriverJobDiscovery normal arm64_32 Compiling Ask.swift, AskSettings.swift, AskerValidator.swift (in target 'Swiftline' from project 'Swiftline')
SwiftDriverJobDiscovery normal arm64_32 Compiling Choose.swift, ChooseSettings.swift, Colorizer.swift (in target 'Swiftline' from project 'Swiftline')
SwiftCompile normal arm64_32 Compiling\ ShortHandRunner.swift,\ StringBackgroundColorizer.swift /Users/admin/builder/spi-builder-workspace/Sources/ShortHandRunner.swift /Users/admin/builder/spi-builder-workspace/Sources/StringBackgroundColorizer.swift (in target 'Swiftline' from project 'Swiftline')
SwiftCompile normal arm64_32 /Users/admin/builder/spi-builder-workspace/Sources/ShortHandRunner.swift (in target 'Swiftline' from project 'Swiftline')
    cd /Users/admin/builder/spi-builder-workspace/.swiftpm/xcode
    builtin-SwiftPerFileCompile ShortHandRunner.swift
SwiftCompile normal arm64_32 /Users/admin/builder/spi-builder-workspace/Sources/StringBackgroundColorizer.swift (in target 'Swiftline' from project 'Swiftline')
    cd /Users/admin/builder/spi-builder-workspace/.swiftpm/xcode
    builtin-SwiftPerFileCompile StringBackgroundColorizer.swift
SwiftDriverJobDiscovery normal arm64_32 Compiling ShortHandRunner.swift, StringBackgroundColorizer.swift (in target 'Swiftline' from project 'Swiftline')
SwiftCompile normal arm64_32 Compiling\ PromptPrinter.swift,\ PromptReader.swift,\ PromptSettings.swift /Users/admin/builder/spi-builder-workspace/Sources/PromptPrinter.swift /Users/admin/builder/spi-builder-workspace/Sources/PromptReader.swift /Users/admin/builder/spi-builder-workspace/Sources/PromptSettings.swift (in target 'Swiftline' from project 'Swiftline')
SwiftCompile normal arm64_32 /Users/admin/builder/spi-builder-workspace/Sources/PromptPrinter.swift (in target 'Swiftline' from project 'Swiftline')
    cd /Users/admin/builder/spi-builder-workspace/.swiftpm/xcode
    builtin-SwiftPerFileCompile PromptPrinter.swift
SwiftCompile normal arm64_32 /Users/admin/builder/spi-builder-workspace/Sources/PromptReader.swift (in target 'Swiftline' from project 'Swiftline')
    cd /Users/admin/builder/spi-builder-workspace/.swiftpm/xcode
    builtin-SwiftPerFileCompile PromptReader.swift
SwiftCompile normal arm64_32 /Users/admin/builder/spi-builder-workspace/Sources/PromptSettings.swift (in target 'Swiftline' from project 'Swiftline')
    cd /Users/admin/builder/spi-builder-workspace/.swiftpm/xcode
    builtin-SwiftPerFileCompile PromptSettings.swift
SwiftCompile normal arm64_32 Compiling\ Args.swift,\ ArgsParser.swift,\ Argument.swift /Users/admin/builder/spi-builder-workspace/Sources/Args.swift /Users/admin/builder/spi-builder-workspace/Sources/ArgsParser.swift /Users/admin/builder/spi-builder-workspace/Sources/Argument.swift (in target 'Swiftline' from project 'Swiftline')
SwiftCompile normal arm64_32 /Users/admin/builder/spi-builder-workspace/Sources/Args.swift (in target 'Swiftline' from project 'Swiftline')
    cd /Users/admin/builder/spi-builder-workspace/.swiftpm/xcode
    builtin-SwiftPerFileCompile Args.swift
SwiftCompile normal arm64_32 /Users/admin/builder/spi-builder-workspace/Sources/ArgsParser.swift (in target 'Swiftline' from project 'Swiftline')
    cd /Users/admin/builder/spi-builder-workspace/.swiftpm/xcode
    builtin-SwiftPerFileCompile ArgsParser.swift
SwiftCompile normal arm64_32 /Users/admin/builder/spi-builder-workspace/Sources/Argument.swift (in target 'Swiftline' from project 'Swiftline')
    cd /Users/admin/builder/spi-builder-workspace/.swiftpm/xcode
    builtin-SwiftPerFileCompile Argument.swift
SwiftDriverJobDiscovery normal arm64_32 Compiling PromptPrinter.swift, PromptReader.swift, PromptSettings.swift (in target 'Swiftline' from project 'Swiftline')
SwiftCompile normal arm64 Compiling\ ShortHandRunner.swift,\ StringBackgroundColorizer.swift /Users/admin/builder/spi-builder-workspace/Sources/ShortHandRunner.swift /Users/admin/builder/spi-builder-workspace/Sources/StringBackgroundColorizer.swift (in target 'Swiftline' from project 'Swiftline')
SwiftCompile normal arm64 /Users/admin/builder/spi-builder-workspace/Sources/ShortHandRunner.swift (in target 'Swiftline' from project 'Swiftline')
    cd /Users/admin/builder/spi-builder-workspace/.swiftpm/xcode
    builtin-SwiftPerFileCompile ShortHandRunner.swift
SwiftCompile normal arm64 /Users/admin/builder/spi-builder-workspace/Sources/StringBackgroundColorizer.swift (in target 'Swiftline' from project 'Swiftline')
    cd /Users/admin/builder/spi-builder-workspace/.swiftpm/xcode
    builtin-SwiftPerFileCompile StringBackgroundColorizer.swift
SwiftDriverJobDiscovery normal arm64 Compiling StringStyleColorizer.swift, TaskPipe.swift (in target 'Swiftline' from project 'Swiftline')
PruneExplicitPrecompiledModules /Users/admin/builder/spi-builder-workspace/.derivedData/Build/Intermediates.noindex/ExplicitPrecompiledModules
PruneExplicitPrecompiledModules /Users/admin/builder/spi-builder-workspace/.derivedData/Build/Intermediates.noindex/SwiftExplicitPrecompiledModules
PruneExplicitPrecompiledModules /Users/admin/builder/spi-builder-workspace/.derivedData/SDKExplicitPrecompiledModules
2026-09-19 23:32:31.070 xcodebuild[876:4933] [MT] IDERunDestination: Supported platforms for the buildables in the current scheme is empty.
** BUILD FAILED **
The following build commands failed:
	SwiftCompile normal arm64 Compiling\ CommandExecutor.swift,\ Env.swift,\ ProcessInfo.swift /Users/admin/builder/spi-builder-workspace/Sources/CommandExecutor.swift /Users/admin/builder/spi-builder-workspace/Sources/Env.swift /Users/admin/builder/spi-builder-workspace/Sources/ProcessInfo.swift (in target 'Swiftline' from project 'Swiftline')
	SwiftCompile normal arm64 /Users/admin/builder/spi-builder-workspace/Sources/CommandExecutor.swift (in target 'Swiftline' from project 'Swiftline')
	Building workspace Swiftline with scheme Swiftline
(3 failures)
Command line invocation:
    /Applications/Xcode-27.0.0-Release.Candidate.app/Contents/Developer/usr/bin/xcodebuild -IDEClonedSourcePackagesDirPathOverride=/Users/admin/builder/spi-builder-workspace/.dependencies -resolvePackageDependencies
Resolve Package Graph
Resolved source packages:
  Nimble: https://github.com/Quick/Nimble.git @ 9.2.1
  Swiftline: /Users/admin/builder/spi-builder-workspace
  CwlPreconditionTesting: https://github.com/mattgallagher/CwlPreconditionTesting.git @ 2.2.2
  Quick: https://github.com/Quick/Quick.git @ 4.0.0
  CwlCatchException: https://github.com/mattgallagher/CwlCatchException.git @ 2.2.1
resolved source packages: Nimble, Swiftline, CwlPreconditionTesting, Quick, CwlCatchException
2026-09-19 23:32:37.465 xcodebuild[998:5507] [MT] IDERunDestination: Supported platforms for the buildables in the current scheme is empty.
{
  "dependencies" : [
    {
      "identity" : "quick",
      "requirement" : {
        "range" : [
          {
            "lower_bound" : "4.0.0",
            "upper_bound" : "5.0.0"
          }
        ]
      },
      "type" : "sourceControl",
      "url" : "https://github.com/Quick/Quick.git"
    },
    {
      "identity" : "nimble",
      "requirement" : {
        "range" : [
          {
            "lower_bound" : "9.0.0",
            "upper_bound" : "10.0.0"
          }
        ]
      },
      "type" : "sourceControl",
      "url" : "https://github.com/Quick/Nimble.git"
    }
  ],
  "manifest_display_name" : "Swiftline",
  "name" : "Swiftline",
  "path" : "/Users/admin/builder/spi-builder-workspace",
  "platforms" : [
    {
      "name" : "macos",
      "version" : "10.13"
    }
  ],
  "products" : [
    {
      "name" : "Swiftline",
      "targets" : [
        "Swiftline"
      ],
      "type" : {
        "library" : [
          "automatic"
        ]
      }
    }
  ],
  "targets" : [
    {
      "c99name" : "SwiftlineTests",
      "module_type" : "SwiftTarget",
      "name" : "SwiftlineTests",
      "path" : "Tests",
      "product_dependencies" : [
        "Quick",
        "Nimble"
      ],
      "sources" : [
        "AgreeSettingsTest.swift",
        "AgreeTests.swift",
        "ArgsTests.swift",
        "AskSettingsTests.swift",
        "AskTests.swift",
        "ChooseSettingsTests.swift",
        "ChooseTests.swift",
        "ColorizerTest.swift",
        "ENVTests.swift",
        "RunnerTests.swift"
      ],
      "target_dependencies" : [
        "Swiftline"
      ],
      "type" : "test"
    },
    {
      "c99name" : "Swiftline",
      "module_type" : "SwiftTarget",
      "name" : "Swiftline",
      "path" : "Sources",
      "product_memberships" : [
        "Swiftline"
      ],
      "sources" : [
        "Agree.swift",
        "AgreeSettings.swift",
        "ArgConvertible.swift",
        "Args.swift",
        "ArgsParser.swift",
        "Argument.swift",
        "Ask.swift",
        "AskSettings.swift",
        "AskerValidator.swift",
        "Choose.swift",
        "ChooseSettings.swift",
        "Colorizer.swift",
        "CommandExecutor.swift",
        "Env.swift",
        "ProcessInfo.swift",
        "PromptPrinter.swift",
        "PromptReader.swift",
        "PromptSettings.swift",
        "RunResults.swift",
        "Runner.swift",
        "RunnerSettings.swift",
        "ShortHandRunner.swift",
        "StringBackgroundColorizer.swift",
        "StringForegroundColorizer.swift",
        "StringStyle.swift",
        "StringStyleColorizer.swift",
        "TaskPipe.swift"
      ],
      "type" : "library"
    }
  ],
  "tools_version" : "5.1"
}
{
  "workspace" : {
    "name" : "Swiftline",
    "schemes" : [
      "Swiftline"
    ]
  }
}
2026-09-19 23:32:38.739 xcodebuild[1006:5574] [MT] IDERunDestination: Supported platforms for the buildables in the current scheme is empty.
Running build ...
env DEVELOPER_DIR=/Applications/Xcode-27.0.0-Release.Candidate.app xcrun xcodebuild -IDEClonedSourcePackagesDirPathOverride=$PWD/.dependencies -skipMacroValidation -skipPackagePluginValidation -derivedDataPath $PWD/.derivedData build -scheme Swiftline -destination generic/platform=watchOS
Command line invocation:
    /Applications/Xcode-27.0.0-Release.Candidate.app/Contents/Developer/usr/bin/xcodebuild -IDEClonedSourcePackagesDirPathOverride=/Users/admin/builder/spi-builder-workspace/.dependencies -skipMacroValidation -skipPackagePluginValidation -derivedDataPath /Users/admin/builder/spi-builder-workspace/.derivedData build -scheme Swiftline -destination generic/platform=watchOS
Resolve Package Graph
Resolved source packages:
  CwlCatchException: https://github.com/mattgallagher/CwlCatchException.git @ 2.2.1
  CwlPreconditionTesting: https://github.com/mattgallagher/CwlPreconditionTesting.git @ 2.2.2
  Quick: https://github.com/Quick/Quick.git @ 4.0.0
  Nimble: https://github.com/Quick/Nimble.git @ 9.2.1
  Swiftline: /Users/admin/builder/spi-builder-workspace
ComputePackagePrebuildTargetDependencyGraph
Prepare packages
CreateBuildRequest
SendProjectDescription
CreateBuildOperation
ComputeTargetDependencyGraph
note: Building targets in dependency order
note: Target dependency graph (2 targets)
    Target 'Swiftline-product' in project 'Swiftline'
        ➜ Explicit dependency on target 'Swiftline' in project 'Swiftline'
    Target 'Swiftline' in project 'Swiftline' (no dependencies)
GatherProvisioningInputs
CreateBuildDescription
ClangStatCache /Applications/Xcode-27.0.0-Release.Candidate.app/Contents/Developer/Toolchains/XcodeDefault.xctoolchain/usr/bin/clang-stat-cache /Applications/Xcode-27.0.0-Release.Candidate.app/Contents/Developer/Platforms/WatchOS.platform/Developer/SDKs/WatchOS27.0.sdk /Users/admin/builder/spi-builder-workspace/.derivedData/SDKStatCaches.noindex/watchos27.0-24R360-e829b21a6f8c9b70876ba0858053c04477534ef55a1706bf4c1112bbb242f0a2.sdkstatcache
    cd /Users/admin/builder/spi-builder-workspace/.swiftpm/xcode
    /Applications/Xcode-27.0.0-Release.Candidate.app/Contents/Developer/Toolchains/XcodeDefault.xctoolchain/usr/bin/clang-stat-cache /Applications/Xcode-27.0.0-Release.Candidate.app/Contents/Developer/Platforms/WatchOS.platform/Developer/SDKs/WatchOS27.0.sdk -o /Users/admin/builder/spi-builder-workspace/.derivedData/SDKStatCaches.noindex/watchos27.0-24R360-e829b21a6f8c9b70876ba0858053c04477534ef55a1706bf4c1112bbb242f0a2.sdkstatcache
SwiftDriver Swiftline normal arm64 com.apple.xcode.tools.swift.compiler (in target 'Swiftline' from project 'Swiftline')
    cd /Users/admin/builder/spi-builder-workspace/.swiftpm/xcode
    builtin-SwiftDriver -- /Applications/Xcode-27.0.0-Release.Candidate.app/Contents/Developer/Toolchains/XcodeDefault.xctoolchain/usr/bin/swiftc -parse-as-library -module-name Swiftline -Onone @/Users/admin/builder/spi-builder-workspace/.derivedData/Build/Intermediates.noindex/Swiftline.build/Debug-watchos/Swiftline-t.build/Objects-normal/arm64/Swiftline.SwiftFileList -DSWIFT_PACKAGE -DDEBUG -DSWIFT_MODULE_RESOURCE_BUNDLE_UNAVAILABLE -DXcode -plugin-path /Applications/Xcode-27.0.0-Release.Candidate.app/Contents/Developer/Toolchains/XcodeDefault.xctoolchain/usr/lib/swift/host/plugins/testing -enable-experimental-feature DebugDescriptionMacro -sdk /Applications/Xcode-27.0.0-Release.Candidate.app/Contents/Developer/Platforms/WatchOS.platform/Developer/SDKs/WatchOS27.0.sdk -target arm64-apple-watchos9.0 -g -module-cache-path /Users/admin/builder/spi-builder-workspace/.derivedData/ModuleCache.noindex -Xfrontend -serialize-debugging-options -profile-coverage-mapping -profile-generate -enable-testing -index-store-path /Users/admin/builder/spi-builder-workspace/.derivedData/Index.noindex/DataStore -Xcc -D_LIBCPP_HARDENING_MODE\=_LIBCPP_HARDENING_MODE_DEBUG -swift-version 5 -I /Users/admin/builder/spi-builder-workspace/.derivedData/Build/Products/Debug-watchos -Isystem /Applications/Xcode-27.0.0-Release.Candidate.app/Contents/Developer/Platforms/WatchOS.platform/Developer/usr/lib -F /Users/admin/builder/spi-builder-workspace/.derivedData/Build/Products/Debug-watchos -F /Applications/Xcode-27.0.0-Release.Candidate.app/Contents/Developer/Platforms/WatchOS.platform/Developer/Library/Frameworks -F /Applications/Xcode-27.0.0-Release.Candidate.app/Contents/Developer/Platforms/WatchOS.platform/Developer/SDKs/WatchOS27.0.sdk/Developer/Library/Frameworks -c -j10 -enable-batch-mode -incremental -Xcc -ivfsstatcache -Xcc /Users/admin/builder/spi-builder-workspace/.derivedData/SDKStatCaches.noindex/watchos27.0-24R360-e829b21a6f8c9b70876ba0858053c04477534ef55a1706bf4c1112bbb242f0a2.sdkstatcache -output-file-map /Users/admin/builder/spi-builder-workspace/.derivedData/Build/Intermediates.noindex/Swiftline.build/Debug-watchos/Swiftline-t.build/Objects-normal/arm64/Swiftline-OutputFileMap.json -save-temps -no-color-diagnostics -explicit-module-build -module-cache-path /Users/admin/builder/spi-builder-workspace/.derivedData/Build/Intermediates.noindex/SwiftExplicitPrecompiledModules -clang-scanner-module-cache-path /Users/admin/builder/spi-builder-workspace/.derivedData/ModuleCache.noindex -sdk-module-cache-path /Users/admin/builder/spi-builder-workspace/.derivedData/SDKExplicitPrecompiledModules -emit-dependencies -emit-module -emit-module-path /Users/admin/builder/spi-builder-workspace/.derivedData/Build/Intermediates.noindex/Swiftline.build/Debug-watchos/Swiftline-t.build/Objects-normal/arm64/Swiftline.swiftmodule -serialize-diagnostics -dependency-scan-serialize-diagnostics-path /Users/admin/builder/spi-builder-workspace/.derivedData/Build/Intermediates.noindex/Swiftline.build/Debug-watchos/Swiftline-t.build/Objects-normal/arm64/Swiftline-dependency-scan.dia -validate-clang-modules-once -clang-build-session-file /Users/admin/builder/spi-builder-workspace/.derivedData/ModuleCache.noindex/Session.modulevalidation -Xcc -fmodules-prune-interval\=86400 -Xcc -fmodules-prune-after\=345600 -emit-const-values -const-gather-protocols-list /Users/admin/builder/spi-builder-workspace/.derivedData/Build/Intermediates.noindex/Swiftline.build/Debug-watchos/Swiftline-t.build/Objects-normal/arm64/Swiftline_const_extract_protocols.json -Xcc -I/Users/admin/builder/spi-builder-workspace/.derivedData/Build/Products/Debug-watchos/include -Xcc -I/Users/admin/builder/spi-builder-workspace/.derivedData/Build/Intermediates.noindex/Swiftline.build/Debug-watchos/Swiftline-t.build/DerivedSources-normal/arm64 -Xcc -I/Users/admin/builder/spi-builder-workspace/.derivedData/Build/Intermediates.noindex/Swiftline.build/Debug-watchos/Swiftline-t.build/DerivedSources/arm64 -Xcc -I/Users/admin/builder/spi-builder-workspace/.derivedData/Build/Intermediates.noindex/Swiftline.build/Debug-watchos/Swiftline-t.build/DerivedSources -Xcc -DSWIFT_PACKAGE -Xcc -DDEBUG\=1 -emit-objc-header -emit-objc-header-path /Users/admin/builder/spi-builder-workspace/.derivedData/Build/Intermediates.noindex/Swiftline.build/Debug-watchos/Swiftline-t.build/Objects-normal/arm64/Swiftline-Swift.h -working-directory /Users/admin/builder/spi-builder-workspace/.swiftpm/xcode -experimental-emit-module-separately -disable-cmo
SwiftDriver Swiftline normal arm64_32 com.apple.xcode.tools.swift.compiler (in target 'Swiftline' from project 'Swiftline')
    cd /Users/admin/builder/spi-builder-workspace/.swiftpm/xcode
    builtin-SwiftDriver -- /Applications/Xcode-27.0.0-Release.Candidate.app/Contents/Developer/Toolchains/XcodeDefault.xctoolchain/usr/bin/swiftc -parse-as-library -module-name Swiftline -Onone @/Users/admin/builder/spi-builder-workspace/.derivedData/Build/Intermediates.noindex/Swiftline.build/Debug-watchos/Swiftline-t.build/Objects-normal/arm64_32/Swiftline.SwiftFileList -DSWIFT_PACKAGE -DDEBUG -DSWIFT_MODULE_RESOURCE_BUNDLE_UNAVAILABLE -DXcode -plugin-path /Applications/Xcode-27.0.0-Release.Candidate.app/Contents/Developer/Toolchains/XcodeDefault.xctoolchain/usr/lib/swift/host/plugins/testing -enable-experimental-feature DebugDescriptionMacro -sdk /Applications/Xcode-27.0.0-Release.Candidate.app/Contents/Developer/Platforms/WatchOS.platform/Developer/SDKs/WatchOS27.0.sdk -target arm64_32-apple-watchos9.0 -g -module-cache-path /Users/admin/builder/spi-builder-workspace/.derivedData/ModuleCache.noindex -Xfrontend -serialize-debugging-options -profile-coverage-mapping -profile-generate -enable-testing -index-store-path /Users/admin/builder/spi-builder-workspace/.derivedData/Index.noindex/DataStore -Xcc -D_LIBCPP_HARDENING_MODE\=_LIBCPP_HARDENING_MODE_DEBUG -swift-version 5 -I /Users/admin/builder/spi-builder-workspace/.derivedData/Build/Products/Debug-watchos -Isystem /Applications/Xcode-27.0.0-Release.Candidate.app/Contents/Developer/Platforms/WatchOS.platform/Developer/usr/lib -F /Users/admin/builder/spi-builder-workspace/.derivedData/Build/Products/Debug-watchos -F /Applications/Xcode-27.0.0-Release.Candidate.app/Contents/Developer/Platforms/WatchOS.platform/Developer/Library/Frameworks -F /Applications/Xcode-27.0.0-Release.Candidate.app/Contents/Developer/Platforms/WatchOS.platform/Developer/SDKs/WatchOS27.0.sdk/Developer/Library/Frameworks -c -j10 -enable-batch-mode -incremental -Xcc -ivfsstatcache -Xcc /Users/admin/builder/spi-builder-workspace/.derivedData/SDKStatCaches.noindex/watchos27.0-24R360-e829b21a6f8c9b70876ba0858053c04477534ef55a1706bf4c1112bbb242f0a2.sdkstatcache -output-file-map /Users/admin/builder/spi-builder-workspace/.derivedData/Build/Intermediates.noindex/Swiftline.build/Debug-watchos/Swiftline-t.build/Objects-normal/arm64_32/Swiftline-OutputFileMap.json -save-temps -no-color-diagnostics -explicit-module-build -module-cache-path /Users/admin/builder/spi-builder-workspace/.derivedData/Build/Intermediates.noindex/SwiftExplicitPrecompiledModules -clang-scanner-module-cache-path /Users/admin/builder/spi-builder-workspace/.derivedData/ModuleCache.noindex -sdk-module-cache-path /Users/admin/builder/spi-builder-workspace/.derivedData/SDKExplicitPrecompiledModules -emit-dependencies -emit-module -emit-module-path /Users/admin/builder/spi-builder-workspace/.derivedData/Build/Intermediates.noindex/Swiftline.build/Debug-watchos/Swiftline-t.build/Objects-normal/arm64_32/Swiftline.swiftmodule -serialize-diagnostics -dependency-scan-serialize-diagnostics-path /Users/admin/builder/spi-builder-workspace/.derivedData/Build/Intermediates.noindex/Swiftline.build/Debug-watchos/Swiftline-t.build/Objects-normal/arm64_32/Swiftline-dependency-scan.dia -validate-clang-modules-once -clang-build-session-file /Users/admin/builder/spi-builder-workspace/.derivedData/ModuleCache.noindex/Session.modulevalidation -Xcc -fmodules-prune-interval\=86400 -Xcc -fmodules-prune-after\=345600 -emit-const-values -const-gather-protocols-list /Users/admin/builder/spi-builder-workspace/.derivedData/Build/Intermediates.noindex/Swiftline.build/Debug-watchos/Swiftline-t.build/Objects-normal/arm64_32/Swiftline_const_extract_protocols.json -Xcc -I/Users/admin/builder/spi-builder-workspace/.derivedData/Build/Products/Debug-watchos/include -Xcc -I/Users/admin/builder/spi-builder-workspace/.derivedData/Build/Intermediates.noindex/Swiftline.build/Debug-watchos/Swiftline-t.build/DerivedSources-normal/arm64_32 -Xcc -I/Users/admin/builder/spi-builder-workspace/.derivedData/Build/Intermediates.noindex/Swiftline.build/Debug-watchos/Swiftline-t.build/DerivedSources/arm64_32 -Xcc -I/Users/admin/builder/spi-builder-workspace/.derivedData/Build/Intermediates.noindex/Swiftline.build/Debug-watchos/Swiftline-t.build/DerivedSources -Xcc -DSWIFT_PACKAGE -Xcc -DDEBUG\=1 -emit-objc-header -emit-objc-header-path /Users/admin/builder/spi-builder-workspace/.derivedData/Build/Intermediates.noindex/Swiftline.build/Debug-watchos/Swiftline-t.build/Objects-normal/arm64_32/Swiftline-Swift.h -working-directory /Users/admin/builder/spi-builder-workspace/.swiftpm/xcode -experimental-emit-module-separately -disable-cmo
SwiftCompile normal arm64_32 Compiling\ Args.swift,\ ArgsParser.swift /Users/admin/builder/spi-builder-workspace/Sources/Args.swift /Users/admin/builder/spi-builder-workspace/Sources/ArgsParser.swift (in target 'Swiftline' from project 'Swiftline')
SwiftCompile normal arm64_32 /Users/admin/builder/spi-builder-workspace/Sources/Args.swift (in target 'Swiftline' from project 'Swiftline')
    cd /Users/admin/builder/spi-builder-workspace/.swiftpm/xcode
    builtin-SwiftPerFileCompile Args.swift
SwiftCompile normal arm64_32 /Users/admin/builder/spi-builder-workspace/Sources/ArgsParser.swift (in target 'Swiftline' from project 'Swiftline')
    cd /Users/admin/builder/spi-builder-workspace/.swiftpm/xcode
    builtin-SwiftPerFileCompile ArgsParser.swift
SwiftCompile normal arm64_32 Compiling\ RunnerSettings.swift /Users/admin/builder/spi-builder-workspace/Sources/RunnerSettings.swift (in target 'Swiftline' from project 'Swiftline')
SwiftCompile normal arm64_32 /Users/admin/builder/spi-builder-workspace/Sources/RunnerSettings.swift (in target 'Swiftline' from project 'Swiftline')
    cd /Users/admin/builder/spi-builder-workspace/.swiftpm/xcode
    builtin-SwiftPerFileCompile RunnerSettings.swift
SwiftCompile normal arm64_32 Compiling\ Env.swift,\ ProcessInfo.swift /Users/admin/builder/spi-builder-workspace/Sources/Env.swift /Users/admin/builder/spi-builder-workspace/Sources/ProcessInfo.swift (in target 'Swiftline' from project 'Swiftline')
SwiftCompile normal arm64_32 /Users/admin/builder/spi-builder-workspace/Sources/Env.swift (in target 'Swiftline' from project 'Swiftline')
    cd /Users/admin/builder/spi-builder-workspace/.swiftpm/xcode
    builtin-SwiftPerFileCompile Env.swift
SwiftCompile normal arm64_32 /Users/admin/builder/spi-builder-workspace/Sources/ProcessInfo.swift (in target 'Swiftline' from project 'Swiftline')
    cd /Users/admin/builder/spi-builder-workspace/.swiftpm/xcode
    builtin-SwiftPerFileCompile ProcessInfo.swift
SwiftCompile normal arm64_32 Compiling\ Argument.swift,\ CommandExecutor.swift /Users/admin/builder/spi-builder-workspace/Sources/Argument.swift /Users/admin/builder/spi-builder-workspace/Sources/CommandExecutor.swift (in target 'Swiftline' from project 'Swiftline')
/Users/admin/builder/spi-builder-workspace/Sources/CommandExecutor.swift:62:20: error: cannot find 'Process' in scope
 60 |         group.enter()
 61 |
 62 |         let task = Process()
    |                    `- error: cannot find 'Process' in scope
 63 |         task.executableURL = URL(fileURLWithPath: "/usr/bin/env")
 64 |         task.arguments = commandParts
/Users/admin/builder/spi-builder-workspace/Sources/CommandExecutor.swift:71:37: error: cannot infer type of closure parameter '_' without a type annotation
 69 |         task.standardOutput = stdoutPipe
 70 |         task.standardError = stderrPipe
 71 |         task.terminationHandler = { _ in group.leave() }
    |                                     `- error: cannot infer type of closure parameter '_' without a type annotation
 72 |         do {
 73 |             try task.run()
/Users/admin/builder/spi-builder-workspace/Sources/CommandExecutor.swift:106:9: error: 'posix_spawn_file_actions_init' is unavailable in watchOS
104 |
105 |         var childFDActions = STDLIB._make_posix_spawn_file_actions_t()
106 |         posix_spawn_file_actions_init(&childFDActions)
    |         `- error: 'posix_spawn_file_actions_init' is unavailable in watchOS
107 |         posix_spawn_file_actions_adddup2(&childFDActions, outputPipe[1], 1)
108 |         posix_spawn_file_actions_adddup2(&childFDActions, outputPipe[1], 2)
/Applications/Xcode-27.0.0-Release.Candidate.app/Contents/Developer/Platforms/WatchOS.platform/Developer/SDKs/WatchOS27.0.sdk/usr/include/spawn.h:89:9: note: 'posix_spawn_file_actions_init' has been explicitly marked unavailable here
 87 | int     posix_spawn_file_actions_destroy(posix_spawn_file_actions_t *) __API_AVAILABLE(macos(10.5), ios(2.0)) __API_UNAVAILABLE(watchos, tvos);
 88 |
 89 | int     posix_spawn_file_actions_init(posix_spawn_file_actions_t *) __API_AVAILABLE(macos(10.5), ios(2.0)) __API_UNAVAILABLE(watchos, tvos);
    |         `- note: 'posix_spawn_file_actions_init' has been explicitly marked unavailable here
 90 |
 91 | int     posix_spawnattr_destroy(posix_spawnattr_t *) __API_AVAILABLE(macos(10.5), ios(2.0)) __API_UNAVAILABLE(watchos, tvos);
/Users/admin/builder/spi-builder-workspace/Sources/CommandExecutor.swift:106:9: warning: result of call to 'posix_spawn_file_actions_init' is unused [#NoUsage]
104 |
105 |         var childFDActions = STDLIB._make_posix_spawn_file_actions_t()
106 |         posix_spawn_file_actions_init(&childFDActions)
    |         `- warning: result of call to 'posix_spawn_file_actions_init' is unused [#NoUsage]
107 |         posix_spawn_file_actions_adddup2(&childFDActions, outputPipe[1], 1)
108 |         posix_spawn_file_actions_adddup2(&childFDActions, outputPipe[1], 2)
/Users/admin/builder/spi-builder-workspace/Sources/CommandExecutor.swift:107:9: error: 'posix_spawn_file_actions_adddup2' is unavailable in watchOS
105 |         var childFDActions = STDLIB._make_posix_spawn_file_actions_t()
106 |         posix_spawn_file_actions_init(&childFDActions)
107 |         posix_spawn_file_actions_adddup2(&childFDActions, outputPipe[1], 1)
    |         `- error: 'posix_spawn_file_actions_adddup2' is unavailable in watchOS
108 |         posix_spawn_file_actions_adddup2(&childFDActions, outputPipe[1], 2)
109 |         posix_spawn_file_actions_addclose(&childFDActions, outputPipe[0])
/Applications/Xcode-27.0.0-Release.Candidate.app/Contents/Developer/Platforms/WatchOS.platform/Developer/SDKs/WatchOS27.0.sdk/usr/include/spawn.h:80:9: note: 'posix_spawn_file_actions_adddup2' has been explicitly marked unavailable here
 78 | int     posix_spawn_file_actions_addclose(posix_spawn_file_actions_t *, int) __API_AVAILABLE(macos(10.5), ios(2.0)) __API_UNAVAILABLE(watchos, tvos);
 79 |
 80 | int     posix_spawn_file_actions_adddup2(posix_spawn_file_actions_t *, int,
    |         `- note: 'posix_spawn_file_actions_adddup2' has been explicitly marked unavailable here
 81 |     int) __API_AVAILABLE(macos(10.5), ios(2.0)) __API_UNAVAILABLE(watchos, tvos);
 82 |
/Users/admin/builder/spi-builder-workspace/Sources/CommandExecutor.swift:107:9: warning: result of call to 'posix_spawn_file_actions_adddup2' is unused [#NoUsage]
105 |         var childFDActions = STDLIB._make_posix_spawn_file_actions_t()
106 |         posix_spawn_file_actions_init(&childFDActions)
107 |         posix_spawn_file_actions_adddup2(&childFDActions, outputPipe[1], 1)
    |         `- warning: result of call to 'posix_spawn_file_actions_adddup2' is unused [#NoUsage]
108 |         posix_spawn_file_actions_adddup2(&childFDActions, outputPipe[1], 2)
109 |         posix_spawn_file_actions_addclose(&childFDActions, outputPipe[0])
/Users/admin/builder/spi-builder-workspace/Sources/CommandExecutor.swift:108:9: error: 'posix_spawn_file_actions_adddup2' is unavailable in watchOS
106 |         posix_spawn_file_actions_init(&childFDActions)
107 |         posix_spawn_file_actions_adddup2(&childFDActions, outputPipe[1], 1)
108 |         posix_spawn_file_actions_adddup2(&childFDActions, outputPipe[1], 2)
    |         `- error: 'posix_spawn_file_actions_adddup2' is unavailable in watchOS
109 |         posix_spawn_file_actions_addclose(&childFDActions, outputPipe[0])
110 |         posix_spawn_file_actions_addclose(&childFDActions, outputPipe[1])
/Applications/Xcode-27.0.0-Release.Candidate.app/Contents/Developer/Platforms/WatchOS.platform/Developer/SDKs/WatchOS27.0.sdk/usr/include/spawn.h:80:9: note: 'posix_spawn_file_actions_adddup2' has been explicitly marked unavailable here
 78 | int     posix_spawn_file_actions_addclose(posix_spawn_file_actions_t *, int) __API_AVAILABLE(macos(10.5), ios(2.0)) __API_UNAVAILABLE(watchos, tvos);
 79 |
 80 | int     posix_spawn_file_actions_adddup2(posix_spawn_file_actions_t *, int,
    |         `- note: 'posix_spawn_file_actions_adddup2' has been explicitly marked unavailable here
 81 |     int) __API_AVAILABLE(macos(10.5), ios(2.0)) __API_UNAVAILABLE(watchos, tvos);
 82 |
/Users/admin/builder/spi-builder-workspace/Sources/CommandExecutor.swift:108:9: warning: result of call to 'posix_spawn_file_actions_adddup2' is unused [#NoUsage]
106 |         posix_spawn_file_actions_init(&childFDActions)
107 |         posix_spawn_file_actions_adddup2(&childFDActions, outputPipe[1], 1)
108 |         posix_spawn_file_actions_adddup2(&childFDActions, outputPipe[1], 2)
    |         `- warning: result of call to 'posix_spawn_file_actions_adddup2' is unused [#NoUsage]
109 |         posix_spawn_file_actions_addclose(&childFDActions, outputPipe[0])
110 |         posix_spawn_file_actions_addclose(&childFDActions, outputPipe[1])
/Users/admin/builder/spi-builder-workspace/Sources/CommandExecutor.swift:109:9: error: 'posix_spawn_file_actions_addclose' is unavailable in watchOS
107 |         posix_spawn_file_actions_adddup2(&childFDActions, outputPipe[1], 1)
108 |         posix_spawn_file_actions_adddup2(&childFDActions, outputPipe[1], 2)
109 |         posix_spawn_file_actions_addclose(&childFDActions, outputPipe[0])
    |         `- error: 'posix_spawn_file_actions_addclose' is unavailable in watchOS
110 |         posix_spawn_file_actions_addclose(&childFDActions, outputPipe[1])
111 |
/Applications/Xcode-27.0.0-Release.Candidate.app/Contents/Developer/Platforms/WatchOS.platform/Developer/SDKs/WatchOS27.0.sdk/usr/include/spawn.h:78:9: note: 'posix_spawn_file_actions_addclose' has been explicitly marked unavailable here
 76 |     int) __API_AVAILABLE(macos(26.0)) __API_UNAVAILABLE(ios, tvos, watchos, visionos);
 77 |
 78 | int     posix_spawn_file_actions_addclose(posix_spawn_file_actions_t *, int) __API_AVAILABLE(macos(10.5), ios(2.0)) __API_UNAVAILABLE(watchos, tvos);
    |         `- note: 'posix_spawn_file_actions_addclose' has been explicitly marked unavailable here
 79 |
 80 | int     posix_spawn_file_actions_adddup2(posix_spawn_file_actions_t *, int,
/Users/admin/builder/spi-builder-workspace/Sources/CommandExecutor.swift:109:9: warning: result of call to 'posix_spawn_file_actions_addclose' is unused [#NoUsage]
107 |         posix_spawn_file_actions_adddup2(&childFDActions, outputPipe[1], 1)
108 |         posix_spawn_file_actions_adddup2(&childFDActions, outputPipe[1], 2)
109 |         posix_spawn_file_actions_addclose(&childFDActions, outputPipe[0])
    |         `- warning: result of call to 'posix_spawn_file_actions_addclose' is unused [#NoUsage]
110 |         posix_spawn_file_actions_addclose(&childFDActions, outputPipe[1])
111 |
/Users/admin/builder/spi-builder-workspace/Sources/CommandExecutor.swift:110:9: error: 'posix_spawn_file_actions_addclose' is unavailable in watchOS
108 |         posix_spawn_file_actions_adddup2(&childFDActions, outputPipe[1], 2)
109 |         posix_spawn_file_actions_addclose(&childFDActions, outputPipe[0])
110 |         posix_spawn_file_actions_addclose(&childFDActions, outputPipe[1])
    |         `- error: 'posix_spawn_file_actions_addclose' is unavailable in watchOS
111 |
112 |         var pid: pid_t = 0
/Applications/Xcode-27.0.0-Release.Candidate.app/Contents/Developer/Platforms/WatchOS.platform/Developer/SDKs/WatchOS27.0.sdk/usr/include/spawn.h:78:9: note: 'posix_spawn_file_actions_addclose' has been explicitly marked unavailable here
 76 |     int) __API_AVAILABLE(macos(26.0)) __API_UNAVAILABLE(ios, tvos, watchos, visionos);
 77 |
 78 | int     posix_spawn_file_actions_addclose(posix_spawn_file_actions_t *, int) __API_AVAILABLE(macos(10.5), ios(2.0)) __API_UNAVAILABLE(watchos, tvos);
    |         `- note: 'posix_spawn_file_actions_addclose' has been explicitly marked unavailable here
 79 |
 80 | int     posix_spawn_file_actions_adddup2(posix_spawn_file_actions_t *, int,
/Users/admin/builder/spi-builder-workspace/Sources/CommandExecutor.swift:110:9: warning: result of call to 'posix_spawn_file_actions_addclose' is unused [#NoUsage]
108 |         posix_spawn_file_actions_adddup2(&childFDActions, outputPipe[1], 2)
109 |         posix_spawn_file_actions_addclose(&childFDActions, outputPipe[0])
110 |         posix_spawn_file_actions_addclose(&childFDActions, outputPipe[1])
    |         `- warning: result of call to 'posix_spawn_file_actions_addclose' is unused [#NoUsage]
111 |
112 |         var pid: pid_t = 0
/Users/admin/builder/spi-builder-workspace/Sources/CommandExecutor.swift:114:22: error: 'posix_spawn' is unavailable in watchOS
112 |         var pid: pid_t = 0
113 |         let argvPointer: UnsafePointer<CChar>! = UnsafePointer(argv[0])
114 |         let result = posix_spawn(&pid, argvPointer, &childFDActions, nil, argv + [nil], ActualTaskExecutor.environment)
    |                      `- error: 'posix_spawn' is unavailable in watchOS
115 |
116 |         return (Int(result), "", "")
/Applications/Xcode-27.0.0-Release.Candidate.app/Contents/Developer/Platforms/WatchOS.platform/Developer/SDKs/WatchOS27.0.sdk/usr/include/spawn.h:60:9: note: 'posix_spawn' has been explicitly marked unavailable here
 58 |  */
 59 |
 60 | int     posix_spawn(pid_t * __restrict, const char * __restrict,
    |         `- note: 'posix_spawn' has been explicitly marked unavailable here
 61 |     const posix_spawn_file_actions_t *,
 62 |     const posix_spawnattr_t * __restrict,
/Users/admin/builder/spi-builder-workspace/Sources/CommandExecutor.swift:137:13: error: 'posix_spawn_file_actions_addclose' is unavailable in watchOS
135 |         defer {
136 |             for case let arg? in argv { free(arg) }
137 |             posix_spawn_file_actions_addclose(&childFDActions, outputPipe)
    |             `- error: 'posix_spawn_file_actions_addclose' is unavailable in watchOS
138 |             posix_spawn_file_actions_addclose(&childFDActions, outerrPipe)
139 |             posix_spawn_file_actions_destroy(&childFDActions)
/Applications/Xcode-27.0.0-Release.Candidate.app/Contents/Developer/Platforms/WatchOS.platform/Developer/SDKs/WatchOS27.0.sdk/usr/include/spawn.h:78:9: note: 'posix_spawn_file_actions_addclose' has been explicitly marked unavailable here
 76 |     int) __API_AVAILABLE(macos(26.0)) __API_UNAVAILABLE(ios, tvos, watchos, visionos);
 77 |
 78 | int     posix_spawn_file_actions_addclose(posix_spawn_file_actions_t *, int) __API_AVAILABLE(macos(10.5), ios(2.0)) __API_UNAVAILABLE(watchos, tvos);
    |         `- note: 'posix_spawn_file_actions_addclose' has been explicitly marked unavailable here
 79 |
 80 | int     posix_spawn_file_actions_adddup2(posix_spawn_file_actions_t *, int,
/Users/admin/builder/spi-builder-workspace/Sources/CommandExecutor.swift:137:13: warning: result of call to 'posix_spawn_file_actions_addclose' is unused [#NoUsage]
135 |         defer {
136 |             for case let arg? in argv { free(arg) }
137 |             posix_spawn_file_actions_addclose(&childFDActions, outputPipe)
    |             `- warning: result of call to 'posix_spawn_file_actions_addclose' is unused [#NoUsage]
138 |             posix_spawn_file_actions_addclose(&childFDActions, outerrPipe)
139 |             posix_spawn_file_actions_destroy(&childFDActions)
/Users/admin/builder/spi-builder-workspace/Sources/CommandExecutor.swift:138:13: error: 'posix_spawn_file_actions_addclose' is unavailable in watchOS
136 |             for case let arg? in argv { free(arg) }
137 |             posix_spawn_file_actions_addclose(&childFDActions, outputPipe)
138 |             posix_spawn_file_actions_addclose(&childFDActions, outerrPipe)
    |             `- error: 'posix_spawn_file_actions_addclose' is unavailable in watchOS
139 |             posix_spawn_file_actions_destroy(&childFDActions)
140 |         }
/Applications/Xcode-27.0.0-Release.Candidate.app/Contents/Developer/Platforms/WatchOS.platform/Developer/SDKs/WatchOS27.0.sdk/usr/include/spawn.h:78:9: note: 'posix_spawn_file_actions_addclose' has been explicitly marked unavailable here
 76 |     int) __API_AVAILABLE(macos(26.0)) __API_UNAVAILABLE(ios, tvos, watchos, visionos);
 77 |
 78 | int     posix_spawn_file_actions_addclose(posix_spawn_file_actions_t *, int) __API_AVAILABLE(macos(10.5), ios(2.0)) __API_UNAVAILABLE(watchos, tvos);
    |         `- note: 'posix_spawn_file_actions_addclose' has been explicitly marked unavailable here
 79 |
 80 | int     posix_spawn_file_actions_adddup2(posix_spawn_file_actions_t *, int,
/Users/admin/builder/spi-builder-workspace/Sources/CommandExecutor.swift:138:13: warning: result of call to 'posix_spawn_file_actions_addclose' is unused [#NoUsage]
136 |             for case let arg? in argv { free(arg) }
137 |             posix_spawn_file_actions_addclose(&childFDActions, outputPipe)
138 |             posix_spawn_file_actions_addclose(&childFDActions, outerrPipe)
    |             `- warning: result of call to 'posix_spawn_file_actions_addclose' is unused [#NoUsage]
139 |             posix_spawn_file_actions_destroy(&childFDActions)
140 |         }
/Users/admin/builder/spi-builder-workspace/Sources/CommandExecutor.swift:139:13: error: 'posix_spawn_file_actions_destroy' is unavailable in watchOS
137 |             posix_spawn_file_actions_addclose(&childFDActions, outputPipe)
138 |             posix_spawn_file_actions_addclose(&childFDActions, outerrPipe)
139 |             posix_spawn_file_actions_destroy(&childFDActions)
    |             `- error: 'posix_spawn_file_actions_destroy' is unavailable in watchOS
140 |         }
141 |
/Applications/Xcode-27.0.0-Release.Candidate.app/Contents/Developer/Platforms/WatchOS.platform/Developer/SDKs/WatchOS27.0.sdk/usr/include/spawn.h:87:9: note: 'posix_spawn_file_actions_destroy' has been explicitly marked unavailable here
 85 | 	const char * __restrict, int, mode_t) __API_AVAILABLE(macos(10.5), ios(2.0)) __API_UNAVAILABLE(watchos, tvos);
 86 |
 87 | int     posix_spawn_file_actions_destroy(posix_spawn_file_actions_t *) __API_AVAILABLE(macos(10.5), ios(2.0)) __API_UNAVAILABLE(watchos, tvos);
    |         `- note: 'posix_spawn_file_actions_destroy' has been explicitly marked unavailable here
 88 |
 89 | int     posix_spawn_file_actions_init(posix_spawn_file_actions_t *) __API_AVAILABLE(macos(10.5), ios(2.0)) __API_UNAVAILABLE(watchos, tvos);
/Users/admin/builder/spi-builder-workspace/Sources/CommandExecutor.swift:139:13: warning: result of call to 'posix_spawn_file_actions_destroy' is unused [#NoUsage]
137 |             posix_spawn_file_actions_addclose(&childFDActions, outputPipe)
138 |             posix_spawn_file_actions_addclose(&childFDActions, outerrPipe)
139 |             posix_spawn_file_actions_destroy(&childFDActions)
    |             `- warning: result of call to 'posix_spawn_file_actions_destroy' is unused [#NoUsage]
140 |         }
141 |
/Users/admin/builder/spi-builder-workspace/Sources/CommandExecutor.swift:142:9: error: 'posix_spawn_file_actions_init' is unavailable in watchOS
140 |         }
141 |
142 |         posix_spawn_file_actions_init(&childFDActions)
    |         `- error: 'posix_spawn_file_actions_init' is unavailable in watchOS
143 |         posix_spawn_file_actions_addopen(&childFDActions, outputPipe, stdoutLogPath, O_CREAT | O_TRUNC | O_WRONLY, ~0)
144 |         posix_spawn_file_actions_addopen(&childFDActions, outerrPipe, stderrLogPath, O_CREAT | O_TRUNC | O_WRONLY, ~0)
/Applications/Xcode-27.0.0-Release.Candidate.app/Contents/Developer/Platforms/WatchOS.platform/Developer/SDKs/WatchOS27.0.sdk/usr/include/spawn.h:89:9: note: 'posix_spawn_file_actions_init' has been explicitly marked unavailable here
 87 | int     posix_spawn_file_actions_destroy(posix_spawn_file_actions_t *) __API_AVAILABLE(macos(10.5), ios(2.0)) __API_UNAVAILABLE(watchos, tvos);
 88 |
 89 | int     posix_spawn_file_actions_init(posix_spawn_file_actions_t *) __API_AVAILABLE(macos(10.5), ios(2.0)) __API_UNAVAILABLE(watchos, tvos);
    |         `- note: 'posix_spawn_file_actions_init' has been explicitly marked unavailable here
 90 |
 91 | int     posix_spawnattr_destroy(posix_spawnattr_t *) __API_AVAILABLE(macos(10.5), ios(2.0)) __API_UNAVAILABLE(watchos, tvos);
/Users/admin/builder/spi-builder-workspace/Sources/CommandExecutor.swift:142:9: warning: result of call to 'posix_spawn_file_actions_init' is unused [#NoUsage]
140 |         }
141 |
142 |         posix_spawn_file_actions_init(&childFDActions)
    |         `- warning: result of call to 'posix_spawn_file_actions_init' is unused [#NoUsage]
143 |         posix_spawn_file_actions_addopen(&childFDActions, outputPipe, stdoutLogPath, O_CREAT | O_TRUNC | O_WRONLY, ~0)
144 |         posix_spawn_file_actions_addopen(&childFDActions, outerrPipe, stderrLogPath, O_CREAT | O_TRUNC | O_WRONLY, ~0)
/Users/admin/builder/spi-builder-workspace/Sources/CommandExecutor.swift:143:9: error: 'posix_spawn_file_actions_addopen' is unavailable in watchOS
141 |
142 |         posix_spawn_file_actions_init(&childFDActions)
143 |         posix_spawn_file_actions_addopen(&childFDActions, outputPipe, stdoutLogPath, O_CREAT | O_TRUNC | O_WRONLY, ~0)
    |         `- error: 'posix_spawn_file_actions_addopen' is unavailable in watchOS
144 |         posix_spawn_file_actions_addopen(&childFDActions, outerrPipe, stderrLogPath, O_CREAT | O_TRUNC | O_WRONLY, ~0)
145 |         posix_spawn_file_actions_adddup2(&childFDActions, outputPipe, 1)
/Applications/Xcode-27.0.0-Release.Candidate.app/Contents/Developer/Platforms/WatchOS.platform/Developer/SDKs/WatchOS27.0.sdk/usr/include/spawn.h:83:9: note: 'posix_spawn_file_actions_addopen' has been explicitly marked unavailable here
 81 |     int) __API_AVAILABLE(macos(10.5), ios(2.0)) __API_UNAVAILABLE(watchos, tvos);
 82 |
 83 | int     posix_spawn_file_actions_addopen(
    |         `- note: 'posix_spawn_file_actions_addopen' has been explicitly marked unavailable here
 84 | 	posix_spawn_file_actions_t * __restrict, int,
 85 | 	const char * __restrict, int, mode_t) __API_AVAILABLE(macos(10.5), ios(2.0)) __API_UNAVAILABLE(watchos, tvos);
/Users/admin/builder/spi-builder-workspace/Sources/CommandExecutor.swift:143:9: warning: result of call to 'posix_spawn_file_actions_addopen' is unused [#NoUsage]
141 |
142 |         posix_spawn_file_actions_init(&childFDActions)
143 |         posix_spawn_file_actions_addopen(&childFDActions, outputPipe, stdoutLogPath, O_CREAT | O_TRUNC | O_WRONLY, ~0)
    |         `- warning: result of call to 'posix_spawn_file_actions_addopen' is unused [#NoUsage]
144 |         posix_spawn_file_actions_addopen(&childFDActions, outerrPipe, stderrLogPath, O_CREAT | O_TRUNC | O_WRONLY, ~0)
145 |         posix_spawn_file_actions_adddup2(&childFDActions, outputPipe, 1)
/Users/admin/builder/spi-builder-workspace/Sources/CommandExecutor.swift:144:9: error: 'posix_spawn_file_actions_addopen' is unavailable in watchOS
142 |         posix_spawn_file_actions_init(&childFDActions)
143 |         posix_spawn_file_actions_addopen(&childFDActions, outputPipe, stdoutLogPath, O_CREAT | O_TRUNC | O_WRONLY, ~0)
144 |         posix_spawn_file_actions_addopen(&childFDActions, outerrPipe, stderrLogPath, O_CREAT | O_TRUNC | O_WRONLY, ~0)
    |         `- error: 'posix_spawn_file_actions_addopen' is unavailable in watchOS
145 |         posix_spawn_file_actions_adddup2(&childFDActions, outputPipe, 1)
146 |         posix_spawn_file_actions_adddup2(&childFDActions, outerrPipe, 2)
/Applications/Xcode-27.0.0-Release.Candidate.app/Contents/Developer/Platforms/WatchOS.platform/Developer/SDKs/WatchOS27.0.sdk/usr/include/spawn.h:83:9: note: 'posix_spawn_file_actions_addopen' has been explicitly marked unavailable here
 81 |     int) __API_AVAILABLE(macos(10.5), ios(2.0)) __API_UNAVAILABLE(watchos, tvos);
 82 |
 83 | int     posix_spawn_file_actions_addopen(
    |         `- note: 'posix_spawn_file_actions_addopen' has been explicitly marked unavailable here
 84 | 	posix_spawn_file_actions_t * __restrict, int,
 85 | 	const char * __restrict, int, mode_t) __API_AVAILABLE(macos(10.5), ios(2.0)) __API_UNAVAILABLE(watchos, tvos);
/Users/admin/builder/spi-builder-workspace/Sources/CommandExecutor.swift:144:9: warning: result of call to 'posix_spawn_file_actions_addopen' is unused [#NoUsage]
142 |         posix_spawn_file_actions_init(&childFDActions)
143 |         posix_spawn_file_actions_addopen(&childFDActions, outputPipe, stdoutLogPath, O_CREAT | O_TRUNC | O_WRONLY, ~0)
144 |         posix_spawn_file_actions_addopen(&childFDActions, outerrPipe, stderrLogPath, O_CREAT | O_TRUNC | O_WRONLY, ~0)
    |         `- warning: result of call to 'posix_spawn_file_actions_addopen' is unused [#NoUsage]
145 |         posix_spawn_file_actions_adddup2(&childFDActions, outputPipe, 1)
146 |         posix_spawn_file_actions_adddup2(&childFDActions, outerrPipe, 2)
/Users/admin/builder/spi-builder-workspace/Sources/CommandExecutor.swift:145:9: error: 'posix_spawn_file_actions_adddup2' is unavailable in watchOS
143 |         posix_spawn_file_actions_addopen(&childFDActions, outputPipe, stdoutLogPath, O_CREAT | O_TRUNC | O_WRONLY, ~0)
144 |         posix_spawn_file_actions_addopen(&childFDActions, outerrPipe, stderrLogPath, O_CREAT | O_TRUNC | O_WRONLY, ~0)
145 |         posix_spawn_file_actions_adddup2(&childFDActions, outputPipe, 1)
    |         `- error: 'posix_spawn_file_actions_adddup2' is unavailable in watchOS
146 |         posix_spawn_file_actions_adddup2(&childFDActions, outerrPipe, 2)
147 |
/Applications/Xcode-27.0.0-Release.Candidate.app/Contents/Developer/Platforms/WatchOS.platform/Developer/SDKs/WatchOS27.0.sdk/usr/include/spawn.h:80:9: note: 'posix_spawn_file_actions_adddup2' has been explicitly marked unavailable here
 78 | int     posix_spawn_file_actions_addclose(posix_spawn_file_actions_t *, int) __API_AVAILABLE(macos(10.5), ios(2.0)) __API_UNAVAILABLE(watchos, tvos);
 79 |
 80 | int     posix_spawn_file_actions_adddup2(posix_spawn_file_actions_t *, int,
    |         `- note: 'posix_spawn_file_actions_adddup2' has been explicitly marked unavailable here
 81 |     int) __API_AVAILABLE(macos(10.5), ios(2.0)) __API_UNAVAILABLE(watchos, tvos);
 82 |
/Users/admin/builder/spi-builder-workspace/Sources/CommandExecutor.swift:145:9: warning: result of call to 'posix_spawn_file_actions_adddup2' is unused [#NoUsage]
143 |         posix_spawn_file_actions_addopen(&childFDActions, outputPipe, stdoutLogPath, O_CREAT | O_TRUNC | O_WRONLY, ~0)
144 |         posix_spawn_file_actions_addopen(&childFDActions, outerrPipe, stderrLogPath, O_CREAT | O_TRUNC | O_WRONLY, ~0)
145 |         posix_spawn_file_actions_adddup2(&childFDActions, outputPipe, 1)
    |         `- warning: result of call to 'posix_spawn_file_actions_adddup2' is unused [#NoUsage]
146 |         posix_spawn_file_actions_adddup2(&childFDActions, outerrPipe, 2)
147 |
/Users/admin/builder/spi-builder-workspace/Sources/CommandExecutor.swift:146:9: error: 'posix_spawn_file_actions_adddup2' is unavailable in watchOS
144 |         posix_spawn_file_actions_addopen(&childFDActions, outerrPipe, stderrLogPath, O_CREAT | O_TRUNC | O_WRONLY, ~0)
145 |         posix_spawn_file_actions_adddup2(&childFDActions, outputPipe, 1)
146 |         posix_spawn_file_actions_adddup2(&childFDActions, outerrPipe, 2)
    |         `- error: 'posix_spawn_file_actions_adddup2' is unavailable in watchOS
147 |
148 |         let argvPointer: UnsafePointer<CChar>! = UnsafePointer(argv[0])
/Applications/Xcode-27.0.0-Release.Candidate.app/Contents/Developer/Platforms/WatchOS.platform/Developer/SDKs/WatchOS27.0.sdk/usr/include/spawn.h:80:9: note: 'posix_spawn_file_actions_adddup2' has been explicitly marked unavailable here
 78 | int     posix_spawn_file_actions_addclose(posix_spawn_file_actions_t *, int) __API_AVAILABLE(macos(10.5), ios(2.0)) __API_UNAVAILABLE(watchos, tvos);
 79 |
 80 | int     posix_spawn_file_actions_adddup2(posix_spawn_file_actions_t *, int,
    |         `- note: 'posix_spawn_file_actions_adddup2' has been explicitly marked unavailable here
 81 |     int) __API_AVAILABLE(macos(10.5), ios(2.0)) __API_UNAVAILABLE(watchos, tvos);
 82 |
/Users/admin/builder/spi-builder-workspace/Sources/CommandExecutor.swift:146:9: warning: result of call to 'posix_spawn_file_actions_adddup2' is unused [#NoUsage]
144 |         posix_spawn_file_actions_addopen(&childFDActions, outerrPipe, stderrLogPath, O_CREAT | O_TRUNC | O_WRONLY, ~0)
145 |         posix_spawn_file_actions_adddup2(&childFDActions, outputPipe, 1)
146 |         posix_spawn_file_actions_adddup2(&childFDActions, outerrPipe, 2)
    |         `- warning: result of call to 'posix_spawn_file_actions_adddup2' is unused [#NoUsage]
147 |
148 |         let argvPointer: UnsafePointer<CChar>! = UnsafePointer(argv[0])
/Users/admin/builder/spi-builder-workspace/Sources/CommandExecutor.swift:149:22: error: 'posix_spawn' is unavailable in watchOS
147 |
148 |         let argvPointer: UnsafePointer<CChar>! = UnsafePointer(argv[0])
149 |         var result = posix_spawn(&pid, argvPointer, &childFDActions, nil, argv + [nil], ActualTaskExecutor.environment)
    |                      `- error: 'posix_spawn' is unavailable in watchOS
150 |         guard result == 0 else { return (Int(result), "", "") }
151 |         waitpid(pid, &result, 0)
/Applications/Xcode-27.0.0-Release.Candidate.app/Contents/Developer/Platforms/WatchOS.platform/Developer/SDKs/WatchOS27.0.sdk/usr/include/spawn.h:60:9: note: 'posix_spawn' has been explicitly marked unavailable here
 58 |  */
 59 |
 60 | int     posix_spawn(pid_t * __restrict, const char * __restrict,
    |         `- note: 'posix_spawn' has been explicitly marked unavailable here
 61 |     const posix_spawn_file_actions_t *,
 62 |     const posix_spawnattr_t * __restrict,
[#NoUsage]: <https://docs.swift.org/compiler/documentation/diagnostics/no-usage>
Failed frontend command:
SwiftCompile normal arm64_32 /Users/admin/builder/spi-builder-workspace/Sources/Argument.swift (in target 'Swiftline' from project 'Swiftline')
    cd /Users/admin/builder/spi-builder-workspace/.swiftpm/xcode
    builtin-SwiftPerFileCompile Argument.swift
SwiftCompile normal arm64_32 /Users/admin/builder/spi-builder-workspace/Sources/CommandExecutor.swift (in target 'Swiftline' from project 'Swiftline')
    cd /Users/admin/builder/spi-builder-workspace/.swiftpm/xcode
    builtin-SwiftPerFileCompile CommandExecutor.swift
/Applications/Xcode-27.0.0-Release.Candidate.app/Contents/Developer/Toolchains/XcodeDefault.xctoolchain/usr/bin/swift-frontend -frontend -c /Users/admin/builder/spi-builder-workspace/Sources/Agree.swift /Users/admin/builder/spi-builder-workspace/Sources/AgreeSettings.swift /Users/admin/builder/spi-builder-workspace/Sources/ArgConvertible.swift /Users/admin/builder/spi-builder-workspace/Sources/Args.swift /Users/admin/builder/spi-builder-workspace/Sources/ArgsParser.swift -primary-file /Users/admin/builder/spi-builder-workspace/Sources/Argument.swift /Users/admin/builder/spi-builder-workspace/Sources/Ask.swift /Users/admin/builder/spi-builder-workspace/Sources/AskSettings.swift /Users/admin/builder/spi-builder-workspace/Sources/AskerValidator.swift /Users/admin/builder/spi-builder-workspace/Sources/Choose.swift /Users/admin/builder/spi-builder-workspace/Sources/ChooseSettings.swift /Users/admin/builder/spi-builder-workspace/Sources/Colorizer.swift -primary-file /Users/admin/builder/spi-builder-workspace/Sources/CommandExecutor.swift /Users/admin/builder/spi-builder-workspace/Sources/Env.swift /Users/admin/builder/spi-builder-workspace/Sources/ProcessInfo.swift /Users/admin/builder/spi-builder-workspace/Sources/PromptPrinter.swift /Users/admin/builder/spi-builder-workspace/Sources/PromptReader.swift /Users/admin/builder/spi-builder-workspace/Sources/PromptSettings.swift /Users/admin/builder/spi-builder-workspace/Sources/RunResults.swift /Users/admin/builder/spi-builder-workspace/Sources/Runner.swift /Users/admin/builder/spi-builder-workspace/Sources/RunnerSettings.swift /Users/admin/builder/spi-builder-workspace/Sources/ShortHandRunner.swift /Users/admin/builder/spi-builder-workspace/Sources/StringBackgroundColorizer.swift /Users/admin/builder/spi-builder-workspace/Sources/StringForegroundColorizer.swift /Users/admin/builder/spi-builder-workspace/Sources/StringStyle.swift /Users/admin/builder/spi-builder-workspace/Sources/StringStyleColorizer.swift /Users/admin/builder/spi-builder-workspace/Sources/TaskPipe.swift -emit-dependencies-path /Users/admin/builder/spi-builder-workspace/.derivedData/Build/Intermediates.noindex/Swiftline.build/Debug-watchos/Swiftline-t.build/Objects-normal/arm64_32/Argument.d -emit-const-values-path /Users/admin/builder/spi-builder-workspace/.derivedData/Build/Intermediates.noindex/Swiftline.build/Debug-watchos/Swiftline-t.build/Objects-normal/arm64_32/Argument.swiftconstvalues -emit-reference-dependencies-path /Users/admin/builder/spi-builder-workspace/.derivedData/Build/Intermediates.noindex/Swiftline.build/Debug-watchos/Swiftline-t.build/Objects-normal/arm64_32/Argument.swiftdeps -serialize-diagnostics-path /Users/admin/builder/spi-builder-workspace/.derivedData/Build/Intermediates.noindex/Swiftline.build/Debug-watchos/Swiftline-t.build/Objects-normal/arm64_32/Argument.dia -emit-dependencies-path /Users/admin/builder/spi-builder-workspace/.derivedData/Build/Intermediates.noindex/Swiftline.build/Debug-watchos/Swiftline-t.build/Objects-normal/arm64_32/CommandExecutor.d -emit-const-values-path /Users/admin/builder/spi-builder-workspace/.derivedData/Build/Intermediates.noindex/Swiftline.build/Debug-watchos/Swiftline-t.build/Objects-normal/arm64_32/CommandExecutor.swiftconstvalues -emit-reference-dependencies-path /Users/admin/builder/spi-builder-workspace/.derivedData/Build/Intermediates.noindex/Swiftline.build/Debug-watchos/Swiftline-t.build/Objects-normal/arm64_32/CommandExecutor.swiftdeps -serialize-diagnostics-path /Users/admin/builder/spi-builder-workspace/.derivedData/Build/Intermediates.noindex/Swiftline.build/Debug-watchos/Swiftline-t.build/Objects-normal/arm64_32/CommandExecutor.dia -target arm64_32-apple-watchos9.0 -disable-cross-import-overlay-search -load-resolved-plugin /Applications/Xcode-27.0.0-Release.Candidate.app/Contents/Developer/Platforms/WatchOS.platform/Developer/usr/lib/swift/host/plugins/libFoundationMacros.dylib\#/Applications/Xcode-27.0.0-Release.Candidate.app/Contents/Developer/Platforms/WatchOS.platform/Developer/usr/bin/swift-plugin-server\#FoundationMacros -load-resolved-plugin /Applications/Xcode-27.0.0-Release.Candidate.app/Contents/Developer/Platforms/WatchOS.platform/Developer/usr/lib/swift/host/plugins/libObservationMacros.dylib\#/Applications/Xcode-27.0.0-Release.Candidate.app/Contents/Developer/Platforms/WatchOS.platform/Developer/usr/bin/swift-plugin-server\#ObservationMacros -load-resolved-plugin /Applications/Xcode-27.0.0-Release.Candidate.app/Contents/Developer/Platforms/WatchOS.platform/Developer/usr/lib/swift/host/plugins/libSwiftMacros.dylib\#/Applications/Xcode-27.0.0-Release.Candidate.app/Contents/Developer/Platforms/WatchOS.platform/Developer/usr/bin/swift-plugin-server\#SwiftMacros -disable-implicit-swift-modules -Xcc -fno-implicit-modules -Xcc -fno-implicit-module-maps -explicit-swift-module-map-file /Users/admin/builder/spi-builder-workspace/.derivedData/Build/Intermediates.noindex/Swiftline.build/Debug-watchos/Swiftline-t.build/Objects-normal/arm64_32/Swiftline-dependencies-2.json -enable-objc-interop -sdk /Applications/Xcode-27.0.0-Release.Candidate.app/Contents/Developer/Platforms/WatchOS.platform/Developer/SDKs/WatchOS27.0.sdk -I /Users/admin/builder/spi-builder-workspace/.derivedData/Build/Products/Debug-watchos -Isystem /Applications/Xcode-27.0.0-Release.Candidate.app/Contents/Developer/Platforms/WatchOS.platform/Developer/usr/lib -F /Users/admin/builder/spi-builder-workspace/.derivedData/Build/Products/Debug-watchos -F /Applications/Xcode-27.0.0-Release.Candidate.app/Contents/Developer/Platforms/WatchOS.platform/Developer/Library/Frameworks -F /Applications/Xcode-27.0.0-Release.Candidate.app/Contents/Developer/Platforms/WatchOS.platform/Developer/SDKs/WatchOS27.0.sdk/Developer/Library/Frameworks -module-cache-path /Users/admin/builder/spi-builder-workspace/.derivedData/Build/Intermediates.noindex/SwiftExplicitPrecompiledModules -no-color-diagnostics -Xcc -fno-color-diagnostics -enable-testing -g -debug-info-format\=dwarf -dwarf-version\=4 -profile-generate -profile-coverage-mapping -swift-version 5 -Onone -D SWIFT_PACKAGE -D DEBUG -D SWIFT_MODULE_RESOURCE_BUNDLE_UNAVAILABLE -D Xcode -serialize-debugging-options -enable-experimental-feature DebugDescriptionMacro -empty-abi-descriptor -validate-clang-modules-once -clang-build-session-file /Users/admin/builder/spi-builder-workspace/.derivedData/ModuleCache.noindex/Session.modulevalidation -Xcc -working-directory -Xcc /Users/admin/builder/spi-builder-workspace/.swiftpm/xcode -enable-anonymous-context-mangled-names -file-compilation-dir /Users/admin/builder/spi-builder-workspace/.swiftpm/xcode -Xcc -D_LIBCPP_HARDENING_MODE\=_LIBCPP_HARDENING_MODE_DEBUG -Xcc -ivfsstatcache -Xcc /Users/admin/builder/spi-builder-workspace/.derivedData/SDKStatCaches.noindex/watchos27.0-24R360-e829b21a6f8c9b70876ba0858053c04477534ef55a1706bf4c1112bbb242f0a2.sdkstatcache -Xcc -fmodules-prune-interval\=86400 -Xcc -fmodules-prune-after\=345600 -Xcc -I/Users/admin/builder/spi-builder-workspace/.derivedData/Build/Products/Debug-watchos/include -Xcc -I/Users/admin/builder/spi-builder-workspace/.derivedData/Build/Intermediates.noindex/Swiftline.build/Debug-watchos/Swiftline-t.build/DerivedSources-normal/arm64_32 -Xcc -I/Users/admin/builder/spi-builder-workspace/.derivedData/Build/Intermediates.noindex/Swiftline.build/Debug-watchos/Swiftline-t.build/DerivedSources/arm64_32 -Xcc -I/Users/admin/builder/spi-builder-workspace/.derivedData/Build/Intermediates.noindex/Swiftline.build/Debug-watchos/Swiftline-t.build/DerivedSources -Xcc -DSWIFT_PACKAGE -Xcc -DDEBUG\=1 -no-auto-bridging-header-chaining -module-name Swiftline -const-gather-protocols-file /Users/admin/builder/spi-builder-workspace/.derivedData/Build/Intermediates.noindex/Swiftline.build/Debug-watchos/Swiftline-t.build/Objects-normal/arm64_32/Swiftline_const_extract_protocols.json -disable-clang-spi -clang-target arm64_32-apple-watchos27.0 -target-sdk-version 27.0 -target-sdk-name watchos27.0 -in-process-plugin-server-path /Applications/Xcode-27.0.0-Release.Candidate.app/Contents/Developer/Toolchains/XcodeDefault.xctoolchain/usr/lib/swift/host/libSwiftInProcPluginServer.dylib -parse-as-library -o /Users/admin/builder/spi-builder-workspace/.derivedData/Build/Intermediates.noindex/Swiftline.build/Debug-watchos/Swiftline-t.build/Objects-normal/arm64_32/Argument.o -o /Users/admin/builder/spi-builder-workspace/.derivedData/Build/Intermediates.noindex/Swiftline.build/Debug-watchos/Swiftline-t.build/Objects-normal/arm64_32/CommandExecutor.o -debug-module-path /Users/admin/builder/spi-builder-workspace/.derivedData/Build/Intermediates.noindex/Swiftline.build/Debug-watchos/Swiftline-t.build/Objects-normal/arm64_32/Swiftline.swiftmodule -index-unit-output-path /Swiftline.build/Debug-watchos/Swiftline-t.build/Objects-normal/arm64_32/Argument.o -index-unit-output-path /Swiftline.build/Debug-watchos/Swiftline-t.build/Objects-normal/arm64_32/CommandExecutor.o -index-store-path /Users/admin/builder/spi-builder-workspace/.derivedData/Index.noindex/DataStore -index-system-modules
SwiftCompile normal arm64_32 Compiling\ StringForegroundColorizer.swift /Users/admin/builder/spi-builder-workspace/Sources/StringForegroundColorizer.swift (in target 'Swiftline' from project 'Swiftline')
SwiftCompile normal arm64_32 /Users/admin/builder/spi-builder-workspace/Sources/StringForegroundColorizer.swift (in target 'Swiftline' from project 'Swiftline')
    cd /Users/admin/builder/spi-builder-workspace/.swiftpm/xcode
    builtin-SwiftPerFileCompile StringForegroundColorizer.swift
SwiftCompile normal arm64_32 Compiling\ Runner.swift /Users/admin/builder/spi-builder-workspace/Sources/Runner.swift (in target 'Swiftline' from project 'Swiftline')
SwiftCompile normal arm64_32 /Users/admin/builder/spi-builder-workspace/Sources/Runner.swift (in target 'Swiftline' from project 'Swiftline')
    cd /Users/admin/builder/spi-builder-workspace/.swiftpm/xcode
    builtin-SwiftPerFileCompile Runner.swift
SwiftCompile normal arm64_32 Compiling\ TaskPipe.swift /Users/admin/builder/spi-builder-workspace/Sources/TaskPipe.swift (in target 'Swiftline' from project 'Swiftline')
SwiftCompile normal arm64_32 /Users/admin/builder/spi-builder-workspace/Sources/TaskPipe.swift (in target 'Swiftline' from project 'Swiftline')
    cd /Users/admin/builder/spi-builder-workspace/.swiftpm/xcode
    builtin-SwiftPerFileCompile TaskPipe.swift
SwiftEmitModule normal arm64_32 Emitting\ module\ for\ Swiftline (in target 'Swiftline' from project 'Swiftline')
SwiftCompile normal arm64_32 (in target 'Swiftline' from project 'Swiftline')
    cd /Users/admin/builder/spi-builder-workspace/.swiftpm/xcode

SwiftCompile normal arm64_32 Compiling\ StringStyleColorizer.swift /Users/admin/builder/spi-builder-workspace/Sources/StringStyleColorizer.swift (in target 'Swiftline' from project 'Swiftline')
SwiftCompile normal arm64_32 /Users/admin/builder/spi-builder-workspace/Sources/StringStyleColorizer.swift (in target 'Swiftline' from project 'Swiftline')
    cd /Users/admin/builder/spi-builder-workspace/.swiftpm/xcode
    builtin-SwiftPerFileCompile StringStyleColorizer.swift
SwiftCompile normal arm64_32 Compiling\ StringStyle.swift /Users/admin/builder/spi-builder-workspace/Sources/StringStyle.swift (in target 'Swiftline' from project 'Swiftline')
SwiftCompile normal arm64_32 /Users/admin/builder/spi-builder-workspace/Sources/StringStyle.swift (in target 'Swiftline' from project 'Swiftline')
    cd /Users/admin/builder/spi-builder-workspace/.swiftpm/xcode
    builtin-SwiftPerFileCompile StringStyle.swift
SwiftEmitModule normal arm64 Emitting\ module\ for\ Swiftline (in target 'Swiftline' from project 'Swiftline')
SwiftCompile normal arm64 (in target 'Swiftline' from project 'Swiftline')
    cd /Users/admin/builder/spi-builder-workspace/.swiftpm/xcode

SwiftDriverJobDiscovery normal arm64_32 Compiling StringForegroundColorizer.swift (in target 'Swiftline' from project 'Swiftline')
SwiftCompile normal arm64 Compiling\ RunResults.swift /Users/admin/builder/spi-builder-workspace/Sources/RunResults.swift (in target 'Swiftline' from project 'Swiftline')
SwiftCompile normal arm64 /Users/admin/builder/spi-builder-workspace/Sources/RunResults.swift (in target 'Swiftline' from project 'Swiftline')
    cd /Users/admin/builder/spi-builder-workspace/.swiftpm/xcode
    builtin-SwiftPerFileCompile RunResults.swift
SwiftDriverJobDiscovery normal arm64_32 Compiling StringStyleColorizer.swift (in target 'Swiftline' from project 'Swiftline')
SwiftCompile normal arm64_32 Compiling\ Agree.swift,\ AgreeSettings.swift /Users/admin/builder/spi-builder-workspace/Sources/Agree.swift /Users/admin/builder/spi-builder-workspace/Sources/AgreeSettings.swift (in target 'Swiftline' from project 'Swiftline')
SwiftCompile normal arm64_32 /Users/admin/builder/spi-builder-workspace/Sources/Agree.swift (in target 'Swiftline' from project 'Swiftline')
    cd /Users/admin/builder/spi-builder-workspace/.swiftpm/xcode
    builtin-SwiftPerFileCompile Agree.swift
SwiftCompile normal arm64_32 /Users/admin/builder/spi-builder-workspace/Sources/AgreeSettings.swift (in target 'Swiftline' from project 'Swiftline')
    cd /Users/admin/builder/spi-builder-workspace/.swiftpm/xcode
    builtin-SwiftPerFileCompile AgreeSettings.swift
SwiftDriverJobDiscovery normal arm64_32 Compiling RunnerSettings.swift (in target 'Swiftline' from project 'Swiftline')
SwiftCompile normal arm64_32 Compiling\ StringBackgroundColorizer.swift /Users/admin/builder/spi-builder-workspace/Sources/StringBackgroundColorizer.swift (in target 'Swiftline' from project 'Swiftline')
SwiftCompile normal arm64_32 /Users/admin/builder/spi-builder-workspace/Sources/StringBackgroundColorizer.swift (in target 'Swiftline' from project 'Swiftline')
    cd /Users/admin/builder/spi-builder-workspace/.swiftpm/xcode
    builtin-SwiftPerFileCompile StringBackgroundColorizer.swift
SwiftDriverJobDiscovery normal arm64_32 Compiling Args.swift, ArgsParser.swift (in target 'Swiftline' from project 'Swiftline')
SwiftCompile normal arm64_32 Compiling\ Colorizer.swift /Users/admin/builder/spi-builder-workspace/Sources/Colorizer.swift (in target 'Swiftline' from project 'Swiftline')
SwiftCompile normal arm64_32 /Users/admin/builder/spi-builder-workspace/Sources/Colorizer.swift (in target 'Swiftline' from project 'Swiftline')
    cd /Users/admin/builder/spi-builder-workspace/.swiftpm/xcode
    builtin-SwiftPerFileCompile Colorizer.swift
SwiftCompile normal arm64_32 Compiling\ AskSettings.swift,\ AskerValidator.swift /Users/admin/builder/spi-builder-workspace/Sources/AskSettings.swift /Users/admin/builder/spi-builder-workspace/Sources/AskerValidator.swift (in target 'Swiftline' from project 'Swiftline')
SwiftCompile normal arm64_32 /Users/admin/builder/spi-builder-workspace/Sources/AskSettings.swift (in target 'Swiftline' from project 'Swiftline')
    cd /Users/admin/builder/spi-builder-workspace/.swiftpm/xcode
    builtin-SwiftPerFileCompile AskSettings.swift
SwiftCompile normal arm64_32 /Users/admin/builder/spi-builder-workspace/Sources/AskerValidator.swift (in target 'Swiftline' from project 'Swiftline')
    cd /Users/admin/builder/spi-builder-workspace/.swiftpm/xcode
    builtin-SwiftPerFileCompile AskerValidator.swift
SwiftDriverJobDiscovery normal arm64 Compiling RunResults.swift (in target 'Swiftline' from project 'Swiftline')
SwiftCompile normal arm64 Compiling\ StringStyle.swift /Users/admin/builder/spi-builder-workspace/Sources/StringStyle.swift (in target 'Swiftline' from project 'Swiftline')
SwiftCompile normal arm64 /Users/admin/builder/spi-builder-workspace/Sources/StringStyle.swift (in target 'Swiftline' from project 'Swiftline')
    cd /Users/admin/builder/spi-builder-workspace/.swiftpm/xcode
    builtin-SwiftPerFileCompile StringStyle.swift
SwiftDriverJobDiscovery normal arm64_32 Compiling StringBackgroundColorizer.swift (in target 'Swiftline' from project 'Swiftline')
SwiftCompile normal arm64_32 Compiling\ Choose.swift,\ ChooseSettings.swift /Users/admin/builder/spi-builder-workspace/Sources/Choose.swift /Users/admin/builder/spi-builder-workspace/Sources/ChooseSettings.swift (in target 'Swiftline' from project 'Swiftline')
SwiftCompile normal arm64_32 /Users/admin/builder/spi-builder-workspace/Sources/Choose.swift (in target 'Swiftline' from project 'Swiftline')
    cd /Users/admin/builder/spi-builder-workspace/.swiftpm/xcode
    builtin-SwiftPerFileCompile Choose.swift
SwiftCompile normal arm64_32 /Users/admin/builder/spi-builder-workspace/Sources/ChooseSettings.swift (in target 'Swiftline' from project 'Swiftline')
    cd /Users/admin/builder/spi-builder-workspace/.swiftpm/xcode
    builtin-SwiftPerFileCompile ChooseSettings.swift
SwiftDriverJobDiscovery normal arm64_32 Compiling Agree.swift, AgreeSettings.swift (in target 'Swiftline' from project 'Swiftline')
SwiftCompile normal arm64_32 Compiling\ PromptPrinter.swift /Users/admin/builder/spi-builder-workspace/Sources/PromptPrinter.swift (in target 'Swiftline' from project 'Swiftline')
SwiftCompile normal arm64_32 /Users/admin/builder/spi-builder-workspace/Sources/PromptPrinter.swift (in target 'Swiftline' from project 'Swiftline')
    cd /Users/admin/builder/spi-builder-workspace/.swiftpm/xcode
    builtin-SwiftPerFileCompile PromptPrinter.swift
SwiftDriverJobDiscovery normal arm64_32 Compiling Colorizer.swift (in target 'Swiftline' from project 'Swiftline')
SwiftCompile normal arm64 Compiling\ Env.swift,\ ProcessInfo.swift /Users/admin/builder/spi-builder-workspace/Sources/Env.swift /Users/admin/builder/spi-builder-workspace/Sources/ProcessInfo.swift (in target 'Swiftline' from project 'Swiftline')
SwiftCompile normal arm64 /Users/admin/builder/spi-builder-workspace/Sources/Env.swift (in target 'Swiftline' from project 'Swiftline')
    cd /Users/admin/builder/spi-builder-workspace/.swiftpm/xcode
    builtin-SwiftPerFileCompile Env.swift
SwiftCompile normal arm64 /Users/admin/builder/spi-builder-workspace/Sources/ProcessInfo.swift (in target 'Swiftline' from project 'Swiftline')
    cd /Users/admin/builder/spi-builder-workspace/.swiftpm/xcode
    builtin-SwiftPerFileCompile ProcessInfo.swift
SwiftCompile normal arm64 Compiling\ ShortHandRunner.swift /Users/admin/builder/spi-builder-workspace/Sources/ShortHandRunner.swift (in target 'Swiftline' from project 'Swiftline')
SwiftCompile normal arm64 /Users/admin/builder/spi-builder-workspace/Sources/ShortHandRunner.swift (in target 'Swiftline' from project 'Swiftline')
    cd /Users/admin/builder/spi-builder-workspace/.swiftpm/xcode
    builtin-SwiftPerFileCompile ShortHandRunner.swift
SwiftDriverJobDiscovery normal arm64_32 Compiling AskSettings.swift, AskerValidator.swift (in target 'Swiftline' from project 'Swiftline')
SwiftCompile normal arm64 Compiling\ Args.swift,\ ArgsParser.swift /Users/admin/builder/spi-builder-workspace/Sources/Args.swift /Users/admin/builder/spi-builder-workspace/Sources/ArgsParser.swift (in target 'Swiftline' from project 'Swiftline')
SwiftCompile normal arm64 /Users/admin/builder/spi-builder-workspace/Sources/Args.swift (in target 'Swiftline' from project 'Swiftline')
    cd /Users/admin/builder/spi-builder-workspace/.swiftpm/xcode
    builtin-SwiftPerFileCompile Args.swift
SwiftCompile normal arm64 /Users/admin/builder/spi-builder-workspace/Sources/ArgsParser.swift (in target 'Swiftline' from project 'Swiftline')
    cd /Users/admin/builder/spi-builder-workspace/.swiftpm/xcode
    builtin-SwiftPerFileCompile ArgsParser.swift
SwiftDriverJobDiscovery normal arm64_32 Compiling PromptPrinter.swift (in target 'Swiftline' from project 'Swiftline')
SwiftCompile normal arm64_32 Compiling\ PromptReader.swift /Users/admin/builder/spi-builder-workspace/Sources/PromptReader.swift (in target 'Swiftline' from project 'Swiftline')
SwiftCompile normal arm64_32 /Users/admin/builder/spi-builder-workspace/Sources/PromptReader.swift (in target 'Swiftline' from project 'Swiftline')
    cd /Users/admin/builder/spi-builder-workspace/.swiftpm/xcode
    builtin-SwiftPerFileCompile PromptReader.swift
SwiftDriverJobDiscovery normal arm64 Compiling StringStyle.swift (in target 'Swiftline' from project 'Swiftline')
SwiftCompile normal arm64 Compiling\ Colorizer.swift /Users/admin/builder/spi-builder-workspace/Sources/Colorizer.swift (in target 'Swiftline' from project 'Swiftline')
SwiftCompile normal arm64 /Users/admin/builder/spi-builder-workspace/Sources/Colorizer.swift (in target 'Swiftline' from project 'Swiftline')
    cd /Users/admin/builder/spi-builder-workspace/.swiftpm/xcode
    builtin-SwiftPerFileCompile Colorizer.swift
SwiftDriverJobDiscovery normal arm64 Compiling ShortHandRunner.swift (in target 'Swiftline' from project 'Swiftline')
SwiftCompile normal arm64 Compiling\ Argument.swift,\ CommandExecutor.swift /Users/admin/builder/spi-builder-workspace/Sources/Argument.swift /Users/admin/builder/spi-builder-workspace/Sources/CommandExecutor.swift (in target 'Swiftline' from project 'Swiftline')
SwiftCompile normal arm64 /Users/admin/builder/spi-builder-workspace/Sources/Argument.swift (in target 'Swiftline' from project 'Swiftline')
    cd /Users/admin/builder/spi-builder-workspace/.swiftpm/xcode
    builtin-SwiftPerFileCompile Argument.swift
SwiftCompile normal arm64 /Users/admin/builder/spi-builder-workspace/Sources/CommandExecutor.swift (in target 'Swiftline' from project 'Swiftline')
    cd /Users/admin/builder/spi-builder-workspace/.swiftpm/xcode
    builtin-SwiftPerFileCompile CommandExecutor.swift
SwiftDriverJobDiscovery normal arm64_32 Compiling Choose.swift, ChooseSettings.swift (in target 'Swiftline' from project 'Swiftline')
SwiftCompile normal arm64 Compiling\ Runner.swift /Users/admin/builder/spi-builder-workspace/Sources/Runner.swift (in target 'Swiftline' from project 'Swiftline')
SwiftCompile normal arm64 /Users/admin/builder/spi-builder-workspace/Sources/Runner.swift (in target 'Swiftline' from project 'Swiftline')
    cd /Users/admin/builder/spi-builder-workspace/.swiftpm/xcode
    builtin-SwiftPerFileCompile Runner.swift
SwiftDriverJobDiscovery normal arm64 Compiling Env.swift, ProcessInfo.swift (in target 'Swiftline' from project 'Swiftline')
SwiftCompile normal arm64 Compiling\ StringForegroundColorizer.swift /Users/admin/builder/spi-builder-workspace/Sources/StringForegroundColorizer.swift (in target 'Swiftline' from project 'Swiftline')
SwiftCompile normal arm64 /Users/admin/builder/spi-builder-workspace/Sources/StringForegroundColorizer.swift (in target 'Swiftline' from project 'Swiftline')
    cd /Users/admin/builder/spi-builder-workspace/.swiftpm/xcode
    builtin-SwiftPerFileCompile StringForegroundColorizer.swift
SwiftDriverJobDiscovery normal arm64_32 Compiling TaskPipe.swift (in target 'Swiftline' from project 'Swiftline')
SwiftCompile normal arm64_32 Compiling\ ArgConvertible.swift,\ Ask.swift /Users/admin/builder/spi-builder-workspace/Sources/ArgConvertible.swift /Users/admin/builder/spi-builder-workspace/Sources/Ask.swift (in target 'Swiftline' from project 'Swiftline')
SwiftCompile normal arm64_32 /Users/admin/builder/spi-builder-workspace/Sources/ArgConvertible.swift (in target 'Swiftline' from project 'Swiftline')
    cd /Users/admin/builder/spi-builder-workspace/.swiftpm/xcode
    builtin-SwiftPerFileCompile ArgConvertible.swift
SwiftCompile normal arm64_32 /Users/admin/builder/spi-builder-workspace/Sources/Ask.swift (in target 'Swiftline' from project 'Swiftline')
    cd /Users/admin/builder/spi-builder-workspace/.swiftpm/xcode
    builtin-SwiftPerFileCompile Ask.swift
SwiftDriverJobDiscovery normal arm64_32 Compiling PromptReader.swift (in target 'Swiftline' from project 'Swiftline')
SwiftCompile normal arm64 Compiling\ RunnerSettings.swift /Users/admin/builder/spi-builder-workspace/Sources/RunnerSettings.swift (in target 'Swiftline' from project 'Swiftline')
SwiftCompile normal arm64 /Users/admin/builder/spi-builder-workspace/Sources/RunnerSettings.swift (in target 'Swiftline' from project 'Swiftline')
    cd /Users/admin/builder/spi-builder-workspace/.swiftpm/xcode
    builtin-SwiftPerFileCompile RunnerSettings.swift
SwiftDriverJobDiscovery normal arm64_32 Compiling Runner.swift (in target 'Swiftline' from project 'Swiftline')
SwiftCompile normal arm64_32 Compiling\ ShortHandRunner.swift /Users/admin/builder/spi-builder-workspace/Sources/ShortHandRunner.swift (in target 'Swiftline' from project 'Swiftline')
SwiftCompile normal arm64_32 /Users/admin/builder/spi-builder-workspace/Sources/ShortHandRunner.swift (in target 'Swiftline' from project 'Swiftline')
    cd /Users/admin/builder/spi-builder-workspace/.swiftpm/xcode
    builtin-SwiftPerFileCompile ShortHandRunner.swift
SwiftDriverJobDiscovery normal arm64_32 Compiling StringStyle.swift (in target 'Swiftline' from project 'Swiftline')
SwiftCompile normal arm64 Compiling\ StringBackgroundColorizer.swift /Users/admin/builder/spi-builder-workspace/Sources/StringBackgroundColorizer.swift (in target 'Swiftline' from project 'Swiftline')
SwiftCompile normal arm64 /Users/admin/builder/spi-builder-workspace/Sources/StringBackgroundColorizer.swift (in target 'Swiftline' from project 'Swiftline')
    cd /Users/admin/builder/spi-builder-workspace/.swiftpm/xcode
    builtin-SwiftPerFileCompile StringBackgroundColorizer.swift
SwiftDriverJobDiscovery normal arm64 Compiling Args.swift, ArgsParser.swift (in target 'Swiftline' from project 'Swiftline')
SwiftCompile normal arm64_32 Compiling\ PromptSettings.swift /Users/admin/builder/spi-builder-workspace/Sources/PromptSettings.swift (in target 'Swiftline' from project 'Swiftline')
SwiftCompile normal arm64_32 /Users/admin/builder/spi-builder-workspace/Sources/PromptSettings.swift (in target 'Swiftline' from project 'Swiftline')
    cd /Users/admin/builder/spi-builder-workspace/.swiftpm/xcode
    builtin-SwiftPerFileCompile PromptSettings.swift
SwiftDriverJobDiscovery normal arm64_32 Compiling Env.swift, ProcessInfo.swift (in target 'Swiftline' from project 'Swiftline')
SwiftCompile normal arm64 Compiling\ StringStyleColorizer.swift /Users/admin/builder/spi-builder-workspace/Sources/StringStyleColorizer.swift (in target 'Swiftline' from project 'Swiftline')
SwiftCompile normal arm64 /Users/admin/builder/spi-builder-workspace/Sources/StringStyleColorizer.swift (in target 'Swiftline' from project 'Swiftline')
    cd /Users/admin/builder/spi-builder-workspace/.swiftpm/xcode
    builtin-SwiftPerFileCompile StringStyleColorizer.swift
PruneExplicitPrecompiledModules /Users/admin/builder/spi-builder-workspace/.derivedData/Build/Intermediates.noindex/SwiftExplicitPrecompiledModules
PruneExplicitPrecompiledModules /Users/admin/builder/spi-builder-workspace/.derivedData/SDKExplicitPrecompiledModules
PruneExplicitPrecompiledModules /Users/admin/builder/spi-builder-workspace/.derivedData/Build/Intermediates.noindex/ExplicitPrecompiledModules
2026-09-19 23:32:39.763 xcodebuild[1007:5599] [MT] IDERunDestination: Supported platforms for the buildables in the current scheme is empty.
** BUILD FAILED **
The following build commands failed:
	SwiftCompile normal arm64_32 /Users/admin/builder/spi-builder-workspace/Sources/CommandExecutor.swift (in target 'Swiftline' from project 'Swiftline')
	SwiftCompile normal arm64_32 Compiling\ Argument.swift,\ CommandExecutor.swift /Users/admin/builder/spi-builder-workspace/Sources/Argument.swift /Users/admin/builder/spi-builder-workspace/Sources/CommandExecutor.swift (in target 'Swiftline' from project 'Swiftline')
	Building workspace Swiftline with scheme Swiftline
(3 failures)
BUILD FAILURE 6.4 watchOS