Build Information
Failed to build Phoros, reference main (e6c78c), with Swift 6.2 for Android on 5 Oct 2026 17:16:31 UTC.
Build Command
bash -c docker run --pull=always --rm -v "checkouts-54344843-2":/host -w "$PWD" -e JAVA_HOME="/root/.sdkman/candidates/java/current" -e SPI_BUILD="1" -e SPI_PROCESSING="1" registry.gitlab.com/saguaro1/spi-images:android-6.2-latest swift build --swift-sdk aarch64-unknown-linux-android28 2>&1Build Log
========================================
RunAll
========================================
Builder version: 5.1.1
Interrupt handler set up.
========================================
Checkout
========================================
Clone URL: https://github.com/kevinerikjs/phoros.git
Reference: main
Initialized empty Git repository in /host/spi-builder-workspace/.git/
hint: Using 'master' as the name for the initial branch. This default branch name
hint: is subject to change. To configure the initial branch name to use in all
hint: of your new repositories, which will suppress this warning, call:
hint:
hint: git config --global init.defaultBranch <name>
hint:
hint: Names commonly chosen instead of 'master' are 'main', 'trunk' and
hint: 'development'. The just-created branch can be renamed via this command:
hint:
hint: git branch -m <name>
From https://github.com/kevinerikjs/phoros
* branch main -> FETCH_HEAD
* [new branch] main -> origin/main
HEAD is now at e6c78c7 feat(BEAM-104): encrypt the Phoros connection (X25519 + AES-256-GCM)
Cloned https://github.com/kevinerikjs/phoros.git
Revision (git rev-parse @):
e6c78c744d8e11c2f4726f5158e2579e785b62b9
SPI manifest file found: $PWD/.spi.yml
SUCCESS checkout https://github.com/kevinerikjs/phoros.git at main
========================================
Build
========================================
Selected platform: android
Swift version: 6.2
Building package at path: $PWD
https://github.com/kevinerikjs/phoros.git
Running build ...
bash -c docker run --pull=always --rm -v "checkouts-54344843-2":/host -w "$PWD" -e JAVA_HOME="/root/.sdkman/candidates/java/current" -e SPI_BUILD="1" -e SPI_PROCESSING="1" registry.gitlab.com/saguaro1/spi-images:android-6.2-latest swift build --swift-sdk aarch64-unknown-linux-android28 2>&1
android-6.2-latest: Pulling from saguaro1/spi-images
Digest: sha256:a839c9ce201f1dacc8eb056626ec7ab0a1c6d53d7b77c83feda395f4507c51be
Status: Image is up to date for registry.gitlab.com/saguaro1/spi-images:android-6.2-latest
Downloading binary artifact https://github.com/kevinerikjs/phoros/releases/download/1.4.2/PhorosCore.xcframework.zip
[16375/56921555] Downloading https://github.com/kevinerikjs/phoros/releases/download/1.4.2/PhorosCore.xcframework.zip
Downloaded https://github.com/kevinerikjs/phoros/releases/download/1.4.2/PhorosCore.xcframework.zip (3.13s)
Building for debugging...
[0/7] Write sources
[6/7] Write swift-version--11D90AFD9DD3AB2.txt
[8/20] Compiling Phoros ByteOrder.swift
[9/20] Compiling Phoros FrameDecoder.swift
[10/20] Compiling Phoros PacketHeader.swift
[11/20] Compiling Phoros PairingMessage.swift
[12/20] Emitting module Phoros
[13/21] Compiling Phoros PeerCapabilities.swift
[14/21] Compiling Phoros AudioChunkHeader.swift
[15/21] Compiling Phoros QualityPreset.swift
[16/21] Compiling Phoros Codecs.swift
[17/21] Compiling Phoros ControllerReport.swift
[18/21] Compiling Phoros ControlMessage.swift
[19/21] Compiling Phoros KeyModifiers.swift
[20/21] Compiling Phoros VideoFragmentHeader.swift
[21/21] Compiling Phoros Phoros.swift
[23/49] Compiling PhorosInput VirtualGamepad.swift
/host/spi-builder-workspace/Sources/PhorosInput/FrameMapping.swift:1:8: error: no such module 'CoreGraphics'
1 | import CoreGraphics
| `- error: no such module 'CoreGraphics'
2 | import Foundation
3 |
[24/49] Compiling PhorosInput PhorosInput.swift
/host/spi-builder-workspace/Sources/PhorosInput/FrameMapping.swift:1:8: error: no such module 'CoreGraphics'
1 | import CoreGraphics
| `- error: no such module 'CoreGraphics'
2 | import Foundation
3 |
error: emit-module command failed with exit code 1 (use -v to see invocation)
[25/49] Emitting module PhorosSession
/host/spi-builder-workspace/Sources/PhorosSession/SecureChannel.swift:1:8: error: no such module 'CryptoKit'
1 | import CryptoKit
| `- error: no such module 'CryptoKit'
2 | import Foundation
3 | import Phoros
[26/50] Compiling PhorosMedia AnnexB.swift
/host/spi-builder-workspace/Sources/PhorosMedia/AACDecoder.swift:1:8: error: no such module 'AVFoundation'
1 | import AVFoundation
| `- error: no such module 'AVFoundation'
2 | import Foundation
3 | import Phoros
[27/50] Compiling PhorosSession SendScheduler.swift
/host/spi-builder-workspace/Sources/PhorosSession/SecureChannel.swift:1:8: error: no such module 'CryptoKit'
1 | import CryptoKit
| `- error: no such module 'CryptoKit'
2 | import Foundation
3 | import Phoros
[28/50] Compiling PhorosSession ClockSync.swift
/host/spi-builder-workspace/Sources/PhorosSession/SecureChannel.swift:1:8: error: no such module 'CryptoKit'
1 | import CryptoKit
| `- error: no such module 'CryptoKit'
2 | import Foundation
3 | import Phoros
[29/50] Compiling PhorosSession FrameAssembler.swift
/host/spi-builder-workspace/Sources/PhorosSession/SecureChannel.swift:1:8: error: no such module 'CryptoKit'
1 | import CryptoKit
| `- error: no such module 'CryptoKit'
2 | import Foundation
3 | import Phoros
[30/50] Compiling PhorosSession AudioSequenceGuard.swift
/host/spi-builder-workspace/Sources/PhorosSession/SecureChannel.swift:1:8: error: no such module 'CryptoKit'
1 | import CryptoKit
| `- error: no such module 'CryptoKit'
2 | import Foundation
3 | import Phoros
[31/50] Compiling PhorosSession BitrateController.swift
/host/spi-builder-workspace/Sources/PhorosSession/SecureChannel.swift:1:8: error: no such module 'CryptoKit'
1 | import CryptoKit
| `- error: no such module 'CryptoKit'
2 | import Foundation
3 | import Phoros
[32/50] Compiling PhorosSession SharedSecret.swift
/host/spi-builder-workspace/Sources/PhorosSession/SecureChannel.swift:1:8: error: no such module 'CryptoKit'
1 | import CryptoKit
| `- error: no such module 'CryptoKit'
2 | import Foundation
3 | import Phoros
[33/50] Compiling PhorosSession SecureChannel.swift
/host/spi-builder-workspace/Sources/PhorosSession/SecureChannel.swift:1:8: error: no such module 'CryptoKit'
1 | import CryptoKit
| `- error: no such module 'CryptoKit'
2 | import Foundation
3 | import Phoros
[34/50] Compiling PhorosInput InputReplay.swift
/host/spi-builder-workspace/Sources/PhorosInput/FrameMapping.swift:1:8: error: no such module 'CoreGraphics'
1 | import CoreGraphics
| `- error: no such module 'CoreGraphics'
2 | import Foundation
3 |
[35/50] Compiling PhorosInput GamepadReport.swift
/host/spi-builder-workspace/Sources/PhorosInput/FrameMapping.swift:1:8: error: no such module 'CoreGraphics'
1 | import CoreGraphics
| `- error: no such module 'CoreGraphics'
2 | import Foundation
3 |
[36/50] Compiling PhorosSession LinkHealth.swift
/host/spi-builder-workspace/Sources/PhorosSession/SecureChannel.swift:1:8: error: no such module 'CryptoKit'
1 | import CryptoKit
| `- error: no such module 'CryptoKit'
2 | import Foundation
3 | import Phoros
[37/50] Compiling PhorosSession PairingClient.swift
/host/spi-builder-workspace/Sources/PhorosSession/SecureChannel.swift:1:8: error: no such module 'CryptoKit'
1 | import CryptoKit
| `- error: no such module 'CryptoKit'
2 | import Foundation
3 | import Phoros
[38/50] Compiling PhorosSession RealtimeTransport.swift
/host/spi-builder-workspace/Sources/PhorosSession/SecureChannel.swift:1:8: error: no such module 'CryptoKit'
1 | import CryptoKit
| `- error: no such module 'CryptoKit'
2 | import Foundation
3 | import Phoros
[39/50] Compiling PhorosSession PairingHost.swift
/host/spi-builder-workspace/Sources/PhorosSession/SecureChannel.swift:1:8: error: no such module 'CryptoKit'
1 | import CryptoKit
| `- error: no such module 'CryptoKit'
2 | import Foundation
3 | import Phoros
[40/50] Compiling PhorosSession QualityLadder.swift
/host/spi-builder-workspace/Sources/PhorosSession/SecureChannel.swift:1:8: error: no such module 'CryptoKit'
1 | import CryptoKit
| `- error: no such module 'CryptoKit'
2 | import Foundation
3 | import Phoros
error: emit-module command failed with exit code 1 (use -v to see invocation)
error: emit-module command failed with exit code 1 (use -v to see invocation)
BUILD FAILURE 6.2 android