The Swift Package Index logo.Swift Package Index

Build Information

Failed to build TinkLink, reference 5.1.0 (3d32ee), with Swift 6.4 for tvOS using Xcode 27.0 on 25 Sep 2026 08:19:07 UTC.

Build Command

env DEVELOPER_DIR=/Applications/Xcode-27.0.0-Release.Candidate.app xcrun xcodebuild -IDEClonedSourcePackagesDirPathOverride=$PWD/.dependencies -skipMacroValidation -skipPackagePluginValidation -derivedDataPath $PWD/.derivedData build -scheme TinkLink -destination generic/platform=tvOS

Build Log

========================================
RunAll
========================================
Builder version: 5.1.0
Interrupt handler set up.
========================================
Checkout
========================================
Clone URL: https://github.com/tink-ab/tink-link-ios.git
Reference: 5.1.0
Initialized empty Git repository in /Users/admin/builder/spi-builder-workspace/.git/
From https://github.com/tink-ab/tink-link-ios
 * tag               5.1.0      -> FETCH_HEAD
HEAD is now at 3d32eeb Merge pull request #105 from tink-ab/JASP-782-Release-5.1.0
Cloned https://github.com/tink-ab/tink-link-ios.git
Revision (git rev-parse @):
3d32eeba033192a5620726de52f2529d1d8ef0f8
SUCCESS checkout https://github.com/tink-ab/tink-link-ios.git at 5.1.0
========================================
Build
========================================
Selected platform:         tvOS
Swift version:             6.4
Building package at path:  $PWD
https://github.com/tink-ab/tink-link-ios.git
Command line invocation:
    /Applications/Xcode-27.0.0-Release.Candidate.app/Contents/Developer/usr/bin/xcodebuild -IDEClonedSourcePackagesDirPathOverride=/Users/admin/builder/spi-builder-workspace/.dependencies -resolvePackageDependencies
Resolve Package Graph
Resolve Package Graph
Resolved source packages:
  TinkLink: /Users/admin/builder/spi-builder-workspace
resolved source packages: TinkLink
2026-09-25 04:18:28.977 xcodebuild[525:3011] [MT] IDERunDestination: Supported platforms for the buildables in the current scheme is empty.
{
  "dependencies" : [
  ],
  "manifest_display_name" : "TinkLink",
  "name" : "TinkLink",
  "path" : "/Users/admin/builder/spi-builder-workspace",
  "platforms" : [
    {
      "name" : "ios",
      "version" : "14.0"
    }
  ],
  "products" : [
    {
      "name" : "TinkLink",
      "targets" : [
        "TinkLink"
      ],
      "type" : {
        "library" : [
          "automatic"
        ]
      }
    }
  ],
  "targets" : [
    {
      "c99name" : "TinkLink",
      "module_type" : "BinaryTarget",
      "name" : "TinkLink",
      "path" : "TinkLink.xcframework",
      "product_memberships" : [
        "TinkLink"
      ],
      "sources" : [
      ],
      "type" : "binary"
    }
  ],
  "tools_version" : "5.10"
}
{
  "workspace" : {
    "name" : "TinkLink",
    "schemes" : [
      "TinkLink"
    ]
  }
}
2026-09-25 04:19:01.215 xcodebuild[622:3822] [MT] IDERunDestination: Supported platforms for the buildables in the current scheme is empty.
Running build ...
env DEVELOPER_DIR=/Applications/Xcode-27.0.0-Release.Candidate.app xcrun xcodebuild -IDEClonedSourcePackagesDirPathOverride=$PWD/.dependencies -skipMacroValidation -skipPackagePluginValidation -derivedDataPath $PWD/.derivedData build -scheme TinkLink -destination generic/platform=tvOS
Command line invocation:
    /Applications/Xcode-27.0.0-Release.Candidate.app/Contents/Developer/usr/bin/xcodebuild -IDEClonedSourcePackagesDirPathOverride=/Users/admin/builder/spi-builder-workspace/.dependencies -skipMacroValidation -skipPackagePluginValidation -derivedDataPath /Users/admin/builder/spi-builder-workspace/.derivedData build -scheme TinkLink -destination generic/platform=tvOS
Resolve Package Graph
Resolved source packages:
  TinkLink: /Users/admin/builder/spi-builder-workspace
ComputePackagePrebuildTargetDependencyGraph
Prepare packages
CreateBuildRequest
SendProjectDescription
CreateBuildOperation
ComputeTargetDependencyGraph
note: Building targets in dependency order
note: Target dependency graph (1 target)
    Target 'TinkLink-product' in project 'TinkLink' (no dependencies)
GatherProvisioningInputs
CreateBuildDescription
ExecuteExternalTool /Applications/Xcode-27.0.0-Release.Candidate.app/Contents/Developer/Toolchains/XcodeDefault.xctoolchain/usr/bin/clang -v -E -dM -isysroot /Applications/Xcode-27.0.0-Release.Candidate.app/Contents/Developer/Platforms/AppleTVOS.platform/Developer/SDKs/AppleTVOS27.0.sdk -x c -c /dev/null
Build description signature: 16de52cd5cc5954269be76be1a8df82f
Build description path: /Users/admin/builder/spi-builder-workspace/.derivedData/Build/Intermediates.noindex/XCBuildData/16de52cd5cc5954269be76be1a8df82f.xcbuilddata
/Users/admin/builder/spi-builder-workspace/TinkLink.xcframework:1:1: error: While building for tvOS, no library for this platform was found in '/Users/admin/builder/spi-builder-workspace/TinkLink.xcframework'. (in target 'TinkLink-product' from project 'TinkLink')
2026-09-25 04:19:02.985 xcodebuild[623:3863] [MT] IDERunDestination: Supported platforms for the buildables in the current scheme is empty.
** BUILD FAILED **
The following build commands failed:
	Building workspace TinkLink with scheme TinkLink
(1 failure)
Command line invocation:
    /Applications/Xcode-27.0.0-Release.Candidate.app/Contents/Developer/usr/bin/xcodebuild -IDEClonedSourcePackagesDirPathOverride=/Users/admin/builder/spi-builder-workspace/.dependencies -resolvePackageDependencies
Resolve Package Graph
Resolved source packages:
  TinkLink: /Users/admin/builder/spi-builder-workspace
resolved source packages: TinkLink
2026-09-25 04:19:04.764 xcodebuild[635:3959] [MT] IDERunDestination: Supported platforms for the buildables in the current scheme is empty.
{
  "dependencies" : [
  ],
  "manifest_display_name" : "TinkLink",
  "name" : "TinkLink",
  "path" : "/Users/admin/builder/spi-builder-workspace",
  "platforms" : [
    {
      "name" : "ios",
      "version" : "14.0"
    }
  ],
  "products" : [
    {
      "name" : "TinkLink",
      "targets" : [
        "TinkLink"
      ],
      "type" : {
        "library" : [
          "automatic"
        ]
      }
    }
  ],
  "targets" : [
    {
      "c99name" : "TinkLink",
      "module_type" : "BinaryTarget",
      "name" : "TinkLink",
      "path" : "TinkLink.xcframework",
      "product_memberships" : [
        "TinkLink"
      ],
      "sources" : [
      ],
      "type" : "binary"
    }
  ],
  "tools_version" : "5.10"
}
{
  "workspace" : {
    "name" : "TinkLink",
    "schemes" : [
      "TinkLink"
    ]
  }
}
2026-09-25 04:19:06.269 xcodebuild[643:4016] [MT] IDERunDestination: Supported platforms for the buildables in the current scheme is empty.
Running build ...
env DEVELOPER_DIR=/Applications/Xcode-27.0.0-Release.Candidate.app xcrun xcodebuild -IDEClonedSourcePackagesDirPathOverride=$PWD/.dependencies -skipMacroValidation -skipPackagePluginValidation -derivedDataPath $PWD/.derivedData build -scheme TinkLink -destination generic/platform=tvOS
Command line invocation:
    /Applications/Xcode-27.0.0-Release.Candidate.app/Contents/Developer/usr/bin/xcodebuild -IDEClonedSourcePackagesDirPathOverride=/Users/admin/builder/spi-builder-workspace/.dependencies -skipMacroValidation -skipPackagePluginValidation -derivedDataPath /Users/admin/builder/spi-builder-workspace/.derivedData build -scheme TinkLink -destination generic/platform=tvOS
Resolve Package Graph
Resolved source packages:
  TinkLink: /Users/admin/builder/spi-builder-workspace
ComputePackagePrebuildTargetDependencyGraph
Prepare packages
CreateBuildRequest
SendProjectDescription
CreateBuildOperation
ComputeTargetDependencyGraph
note: Building targets in dependency order
note: Target dependency graph (1 target)
    Target 'TinkLink-product' in project 'TinkLink' (no dependencies)
GatherProvisioningInputs
CreateBuildDescription
/Users/admin/builder/spi-builder-workspace/TinkLink.xcframework:1:1: error: While building for tvOS, no library for this platform was found in '/Users/admin/builder/spi-builder-workspace/TinkLink.xcframework'. (in target 'TinkLink-product' from project 'TinkLink')
2026-09-25 04:19:07.425 xcodebuild[644:4043] [MT] IDERunDestination: Supported platforms for the buildables in the current scheme is empty.
** BUILD FAILED **
The following build commands failed:
	Building workspace TinkLink with scheme TinkLink
(1 failure)
BUILD FAILURE 6.4 tvOS