The Swift Package Index logo.Swift Package Index

Build Information

Failed to build SettingsIconGenerator, reference 2.1.0 (aaed19), with Swift 6.2 for Wasm on 11 Aug 2026 12:41:16 UTC.

Build Command

bash -c docker run --pull=always --rm -v "checkouts-54344847-0":/host -w "$PWD" -e JAVA_HOME="/root/.sdkman/candidates/java/current" -e SPI_BUILD="1" -e SPI_PROCESSING="1" registry.gitlab.com/saguaro1/spi-images:wasm-6.2-latest swift build --swift-sdk swift-6.2-RELEASE_wasm 2>&1

Build Log

========================================
RunAll
========================================
Builder version: 729ceb5fcd9493dc13ee340bc4f0908bd201f85d
Interrupt handler set up.
========================================
Checkout
========================================
Clone URL: https://github.com/sparrowcode/SettingsIconGenerator.git
Reference: 2.1.0
Initialized empty Git repository in /host/spi-builder-workspace/.git/
hint: Using 'master' as the name for the initial branch. This default branch name
hint: is subject to change. To configure the initial branch name to use in all
hint: of your new repositories, which will suppress this warning, call:
hint:
hint: 	git config --global init.defaultBranch <name>
hint:
hint: Names commonly chosen instead of 'master' are 'main', 'trunk' and
hint: 'development'. The just-created branch can be renamed via this command:
hint:
hint: 	git branch -m <name>
From https://github.com/sparrowcode/SettingsIconGenerator
 * tag               2.1.0      -> FETCH_HEAD
HEAD is now at aaed198 feat: add shape option (squircle / circle)
Cloned https://github.com/sparrowcode/SettingsIconGenerator.git
Revision (git rev-parse @):
aaed19873970122d961ef79c08125120080a57dc
SUCCESS checkout https://github.com/sparrowcode/SettingsIconGenerator.git at 2.1.0
========================================
Build
========================================
Selected platform:         wasm
Swift version:             6.2
Building package at path:  $PWD
https://github.com/sparrowcode/SettingsIconGenerator.git
Running build ...
bash -c docker run --pull=always --rm -v "checkouts-54344847-0":/host -w "$PWD" -e JAVA_HOME="/root/.sdkman/candidates/java/current" -e SPI_BUILD="1" -e SPI_PROCESSING="1" registry.gitlab.com/saguaro1/spi-images:wasm-6.2-latest swift build --swift-sdk swift-6.2-RELEASE_wasm 2>&1
wasm-6.2-latest: Pulling from saguaro1/spi-images
Digest: sha256:70428a4f4110aef5b17a27427e965f31cf3855e8cf1dfdc416ed61c780337965
Status: Image is up to date for registry.gitlab.com/saguaro1/spi-images:wasm-6.2-latest
Building for debugging...
[0/2] Write sources
[1/2] Write swift-version-24593BA9C3E375BF.txt
[3/7] Compiling SettingsIconGenerator UIImageExtensions.swift
/host/spi-builder-workspace/Sources/SettingsIconGenerator/SettingsIconSize.swift:1:8: error: no such module 'CoreGraphics'
 1 | import CoreGraphics
   |        `- error: no such module 'CoreGraphics'
 2 |
 3 | /* Размер иконки в стиле Apple Settings.
[4/7] Compiling SettingsIconGenerator SwiftUI+SettingsIcon.swift
/host/spi-builder-workspace/Sources/SettingsIconGenerator/SettingsIconSize.swift:1:8: error: no such module 'CoreGraphics'
 1 | import CoreGraphics
   |        `- error: no such module 'CoreGraphics'
 2 |
 3 | /* Размер иконки в стиле Apple Settings.
[5/7] Compiling SettingsIconGenerator SettingsIconSize.swift
/host/spi-builder-workspace/Sources/SettingsIconGenerator/SettingsIconSize.swift:1:8: error: no such module 'CoreGraphics'
 1 | import CoreGraphics
   |        `- error: no such module 'CoreGraphics'
 2 |
 3 | /* Размер иконки в стиле Apple Settings.
error: emit-module command failed with exit code 1 (use -v to see invocation)
[6/7] Emitting module SettingsIconGenerator
/host/spi-builder-workspace/Sources/SettingsIconGenerator/SettingsIconSize.swift:1:8: error: no such module 'CoreGraphics'
 1 | import CoreGraphics
   |        `- error: no such module 'CoreGraphics'
 2 |
 3 | /* Размер иконки в стиле Apple Settings.
[7/7] Compiling SettingsIconGenerator SettingsIconShape.swift
/host/spi-builder-workspace/Sources/SettingsIconGenerator/SettingsIconSize.swift:1:8: error: no such module 'CoreGraphics'
 1 | import CoreGraphics
   |        `- error: no such module 'CoreGraphics'
 2 |
 3 | /* Размер иконки в стиле Apple Settings.
BUILD FAILURE 6.2 wasm