Build Information
Failed to build AlecrimCoreData, reference 6.0.1 (726c24), with Swift 6.4 for iOS using Xcode 27.0 on 16 Sep 2026 01:51:26 UTC.
Build Command
No build command. This typically means the build failed at an early stage where we determine the build command.Build Log
========================================
RunAll
========================================
Builder version: 5.1.0
Interrupt handler set up.
========================================
Checkout
========================================
Clone URL: https://github.com/Alecrim/AlecrimCoreData.git
Reference: 6.0.1
Initialized empty Git repository in /Users/admin/builder/spi-builder-workspace/.git/
From https://github.com/Alecrim/AlecrimCoreData
* tag 6.0.1 -> FETCH_HEAD
HEAD is now at 726c24f Merge branch 'release/6.0.1'
Cloned https://github.com/Alecrim/AlecrimCoreData.git
Revision (git rev-parse @):
726c24f96ab5dcfc20a44dd2f90701b822a8fe8c
SUCCESS checkout https://github.com/Alecrim/AlecrimCoreData.git at 6.0.1
========================================
Build
========================================
Selected platform: iOS
Swift version: 6.4
Building package at path: $PWD
https://github.com/Alecrim/AlecrimCoreData.git
Command line invocation:
/Applications/Xcode-27.0.0-Release.Candidate.app/Contents/Developer/usr/bin/xcodebuild -IDEClonedSourcePackagesDirPathOverride=/Users/admin/builder/spi-builder-workspace/.dependencies -resolvePackageDependencies
Resolve Package Graph
package 'package.swift' is using Swift tools version 3.1.0 which is no longer supported; consider using '// swift-tools-version: 6.4' to specify the current tools version
Resolved source packages:
spi-builder-workspace: (null)
2026-09-15 21:51:24.189 xcodebuild[529:3028] Writing error result bundle to /var/folders/xq/y_g06wb113726d38xsyx71_h0000gn/T/ResultBundle_2026-15-09_21-51-0024.xcresult
xcodebuild: error: Could not resolve package dependencies:
package 'package.swift' is using Swift tools version 3.1.0 which is no longer supported; consider using '// swift-tools-version: 6.4' to specify the current tools version
Command line invocation:
/Applications/Xcode-27.0.0-Release.Candidate.app/Contents/Developer/usr/bin/xcodebuild -IDEClonedSourcePackagesDirPathOverride=/Users/admin/builder/spi-builder-workspace/.dependencies -resolvePackageDependencies
Resolve Package Graph
package 'package.swift' is using Swift tools version 3.1.0 which is no longer supported; consider using '// swift-tools-version: 6.4' to specify the current tools version
Resolved source packages:
spi-builder-workspace: (null)
2026-09-15 21:51:25.939 xcodebuild[574:3388] Writing error result bundle to /var/folders/xq/y_g06wb113726d38xsyx71_h0000gn/T/ResultBundle_2026-15-09_21-51-0025.xcresult
xcodebuild: error: Could not resolve package dependencies:
package 'package.swift' is using Swift tools version 3.1.0 which is no longer supported; consider using '// swift-tools-version: 6.4' to specify the current tools version
BUILD FAILURE 6.4 iOS