Build Information
Failed to build DiscordKit, reference main (58cf09), with Swift 6.4 for watchOS using Xcode 27.0 on 19 Sep 2026 05:29:13 UTC.
Build Command
env DEVELOPER_DIR=/Applications/Xcode-27.0.0-Release.Candidate.app xcrun xcodebuild -IDEClonedSourcePackagesDirPathOverride=$PWD/.dependencies -skipMacroValidation -skipPackagePluginValidation -derivedDataPath $PWD/.derivedData build -scheme DiscordKit-Package -destination generic/platform=watchOSBuild Log
SwiftExplicitDependencyGeneratePcm arm64_32 /Users/admin/builder/spi-builder-workspace/.derivedData/SDKExplicitPrecompiledModules/os_workgroup-9L9R05BT5LTFRZ2NM68BZTVV2.pcm
SwiftExplicitDependencyGeneratePcm arm64 /Users/admin/builder/spi-builder-workspace/.derivedData/SDKExplicitPrecompiledModules/CoreFoundation-59XKO8YNRGGYNC5U5LK8B4EM.pcm
SwiftExplicitDependencyGeneratePcm arm64 /Users/admin/builder/spi-builder-workspace/.derivedData/SDKExplicitPrecompiledModules/XPC-650JAZBTM6I0OMHYO6CKM0CWJ.pcm
SwiftExplicitDependencyGeneratePcm arm64_32 /Users/admin/builder/spi-builder-workspace/.derivedData/SDKExplicitPrecompiledModules/Dispatch-CGIMI9KQKHNRQHR2IECIPRG14.pcm
SwiftDriverJobDiscovery normal arm64 Compiling Logger.swift (in target 'Logging' from project 'swift-log')
SwiftExplicitDependencyGeneratePcm arm64_32 /Users/admin/builder/spi-builder-workspace/.derivedData/SDKExplicitPrecompiledModules/CoreFoundation-76B9WJP9MDYT33HZQVSNNZQZD.pcm
SwiftExplicitDependencyGeneratePcm arm64_32 /Users/admin/builder/spi-builder-workspace/.derivedData/SDKExplicitPrecompiledModules/XPC-7SLKI45KYLKXH9QET2WYS3UZ4.pcm
SwiftExplicitDependencyGeneratePcm arm64 /Users/admin/builder/spi-builder-workspace/.derivedData/SDKExplicitPrecompiledModules/Security-69WNGEAVQP55EDBQHP3BLE8QU.pcm
SwiftDriverJobDiscovery normal arm64 Compiling MultiplexLogHandler.swift, StreamLogHandler.swift (in target 'Logging' from project 'swift-log')
SwiftCompile normal arm64_32 Compiling\ Logger+With.swift /Users/admin/builder/spi-builder-workspace/.dependencies/checkouts/swift-log/Sources/Logging/Logger+With.swift (in target 'Logging' from project 'swift-log')
SwiftCompile normal arm64_32 /Users/admin/builder/spi-builder-workspace/.dependencies/checkouts/swift-log/Sources/Logging/Logger+With.swift (in target 'Logging' from project 'swift-log')
cd /Users/admin/builder/spi-builder-workspace/.swiftpm/xcode
builtin-SwiftPerFileCompile Logger+With.swift
SwiftCompile normal arm64_32 Compiling\ SwiftLogNoOpLogHandler.swift /Users/admin/builder/spi-builder-workspace/.dependencies/checkouts/swift-log/Sources/Logging/Handlers/SwiftLogNoOpLogHandler.swift (in target 'Logging' from project 'swift-log')
SwiftCompile normal arm64_32 /Users/admin/builder/spi-builder-workspace/.dependencies/checkouts/swift-log/Sources/Logging/Handlers/SwiftLogNoOpLogHandler.swift (in target 'Logging' from project 'swift-log')
cd /Users/admin/builder/spi-builder-workspace/.swiftpm/xcode
builtin-SwiftPerFileCompile SwiftLogNoOpLogHandler.swift
SwiftDriverJobDiscovery normal arm64 Compiling Locks.swift (in target 'Logging' from project 'swift-log')
SwiftCompile normal arm64_32 Compiling\ LoggingSystem.swift /Users/admin/builder/spi-builder-workspace/.dependencies/checkouts/swift-log/Sources/Logging/LoggingSystem.swift (in target 'Logging' from project 'swift-log')
SwiftCompile normal arm64_32 /Users/admin/builder/spi-builder-workspace/.dependencies/checkouts/swift-log/Sources/Logging/LoggingSystem.swift (in target 'Logging' from project 'swift-log')
cd /Users/admin/builder/spi-builder-workspace/.swiftpm/xcode
builtin-SwiftPerFileCompile LoggingSystem.swift
SwiftCompile normal arm64_32 Compiling\ LogEvent.swift /Users/admin/builder/spi-builder-workspace/.dependencies/checkouts/swift-log/Sources/Logging/LogEvent.swift (in target 'Logging' from project 'swift-log')
SwiftCompile normal arm64_32 /Users/admin/builder/spi-builder-workspace/.dependencies/checkouts/swift-log/Sources/Logging/LogEvent.swift (in target 'Logging' from project 'swift-log')
cd /Users/admin/builder/spi-builder-workspace/.swiftpm/xcode
builtin-SwiftPerFileCompile LogEvent.swift
SwiftExplicitDependencyGeneratePcm arm64 /Users/admin/builder/spi-builder-workspace/.derivedData/SDKExplicitPrecompiledModules/Foundation-B3IXODHI7VO4VRX2RWRXLVJZT.pcm
SwiftExplicitDependencyGeneratePcm arm64_32 /Users/admin/builder/spi-builder-workspace/.derivedData/SDKExplicitPrecompiledModules/Security-1W411BS4UH2UNMNII2341429S.pcm
SwiftDriverJobDiscovery normal arm64_32 Compiling LoggingSystem.swift (in target 'Logging' from project 'swift-log')
SwiftCompile normal arm64 Compiling\ SwiftLogNoOpLogHandler.swift /Users/admin/builder/spi-builder-workspace/.dependencies/checkouts/swift-log/Sources/Logging/Handlers/SwiftLogNoOpLogHandler.swift (in target 'Logging' from project 'swift-log')
SwiftCompile normal arm64 /Users/admin/builder/spi-builder-workspace/.dependencies/checkouts/swift-log/Sources/Logging/Handlers/SwiftLogNoOpLogHandler.swift (in target 'Logging' from project 'swift-log')
cd /Users/admin/builder/spi-builder-workspace/.swiftpm/xcode
builtin-SwiftPerFileCompile SwiftLogNoOpLogHandler.swift
SwiftDriverJobDiscovery normal arm64_32 Compiling LogEvent.swift (in target 'Logging' from project 'swift-log')
SwiftCompile normal arm64 Compiling\ MetadataProvider.swift /Users/admin/builder/spi-builder-workspace/.dependencies/checkouts/swift-log/Sources/Logging/MetadataProvider.swift (in target 'Logging' from project 'swift-log')
SwiftCompile normal arm64 /Users/admin/builder/spi-builder-workspace/.dependencies/checkouts/swift-log/Sources/Logging/MetadataProvider.swift (in target 'Logging' from project 'swift-log')
cd /Users/admin/builder/spi-builder-workspace/.swiftpm/xcode
builtin-SwiftPerFileCompile MetadataProvider.swift
SwiftDriverJobDiscovery normal arm64_32 Compiling Logger+Attributes.swift (in target 'Logging' from project 'swift-log')
SwiftCompile normal arm64_32 Compiling\ LogHandler.swift /Users/admin/builder/spi-builder-workspace/.dependencies/checkouts/swift-log/Sources/Logging/LogHandler.swift (in target 'Logging' from project 'swift-log')
SwiftCompile normal arm64_32 /Users/admin/builder/spi-builder-workspace/.dependencies/checkouts/swift-log/Sources/Logging/LogHandler.swift (in target 'Logging' from project 'swift-log')
cd /Users/admin/builder/spi-builder-workspace/.swiftpm/xcode
builtin-SwiftPerFileCompile LogHandler.swift
SwiftDriverJobDiscovery normal arm64_32 Compiling MultiplexLogHandler.swift, StreamLogHandler.swift (in target 'Logging' from project 'swift-log')
SwiftDriverJobDiscovery normal arm64_32 Compiling MetadataProvider.swift (in target 'Logging' from project 'swift-log')
SwiftDriverJobDiscovery normal arm64_32 Compiling Locks.swift (in target 'Logging' from project 'swift-log')
SwiftExplicitDependencyGeneratePcm arm64_32 /Users/admin/builder/spi-builder-workspace/.derivedData/SDKExplicitPrecompiledModules/Foundation-AIQ30TCDC2B0LBUU6FPQZ0HWI.pcm
SwiftDriverJobDiscovery normal arm64_32 Compiling Logger.swift (in target 'Logging' from project 'swift-log')
SwiftDriverJobDiscovery normal arm64 Compiling SwiftLogNoOpLogHandler.swift (in target 'Logging' from project 'swift-log')
SwiftDriverJobDiscovery normal arm64 Compiling MetadataProvider.swift (in target 'Logging' from project 'swift-log')
SwiftDriver\ Compilation Logging normal arm64 com.apple.xcode.tools.swift.compiler (in target 'Logging' from project 'swift-log')
cd /Users/admin/builder/spi-builder-workspace/.swiftpm/xcode
builtin-Swift-Compilation -- /Applications/Xcode-27.0.0-Release.Candidate.app/Contents/Developer/Toolchains/XcodeDefault.xctoolchain/usr/bin/swiftc -parse-as-library -module-name Logging -Onone @/Users/admin/builder/spi-builder-workspace/.derivedData/Build/Intermediates.noindex/swift-log.build/Debug-watchos/Logging-t.build/Objects-normal/arm64/Logging.SwiftFileList -DSWIFT_PACKAGE -DDEBUG -DSWIFT_MODULE_RESOURCE_BUNDLE_UNAVAILABLE -DXcode -enable-upcoming-feature ExistentialAny -enable-upcoming-feature MemberImportVisibility -enable-upcoming-feature InternalImportsByDefault -enable-upcoming-feature NonisolatedNonsendingByDefault -Xfrontend -require-explicit-sendable -plugin-path /Applications/Xcode-27.0.0-Release.Candidate.app/Contents/Developer/Toolchains/XcodeDefault.xctoolchain/usr/lib/swift/host/plugins/testing -enable-experimental-feature DebugDescriptionMacro -sdk /Applications/Xcode-27.0.0-Release.Candidate.app/Contents/Developer/Platforms/WatchOS.platform/Developer/SDKs/WatchOS27.0.sdk -target arm64-apple-watchos9.0 -g -module-cache-path /Users/admin/builder/spi-builder-workspace/.derivedData/ModuleCache.noindex -Xfrontend -serialize-debugging-options -profile-coverage-mapping -profile-generate -enable-testing -suppress-warnings -index-store-path /Users/admin/builder/spi-builder-workspace/.derivedData/Index.noindex/DataStore -Xcc -D_LIBCPP_HARDENING_MODE\=_LIBCPP_HARDENING_MODE_DEBUG -swift-version 6 -I /Users/admin/builder/spi-builder-workspace/.derivedData/Build/Products/Debug-watchos -Isystem /Applications/Xcode-27.0.0-Release.Candidate.app/Contents/Developer/Platforms/WatchOS.platform/Developer/usr/lib -F /Users/admin/builder/spi-builder-workspace/.derivedData/Build/Products/Debug-watchos -F /Applications/Xcode-27.0.0-Release.Candidate.app/Contents/Developer/Platforms/WatchOS.platform/Developer/Library/Frameworks -F /Applications/Xcode-27.0.0-Release.Candidate.app/Contents/Developer/Platforms/WatchOS.platform/Developer/SDKs/WatchOS27.0.sdk/Developer/Library/Frameworks -c -j10 -enable-batch-mode -incremental -Xcc -ivfsstatcache -Xcc /Users/admin/builder/spi-builder-workspace/.derivedData/SDKStatCaches.noindex/watchos27.0-24R360-e829b21a6f8c9b70876ba0858053c04477534ef55a1706bf4c1112bbb242f0a2.sdkstatcache -output-file-map /Users/admin/builder/spi-builder-workspace/.derivedData/Build/Intermediates.noindex/swift-log.build/Debug-watchos/Logging-t.build/Objects-normal/arm64/Logging-OutputFileMap.json -save-temps -no-color-diagnostics -explicit-module-build -module-cache-path /Users/admin/builder/spi-builder-workspace/.derivedData/Build/Intermediates.noindex/SwiftExplicitPrecompiledModules -clang-scanner-module-cache-path /Users/admin/builder/spi-builder-workspace/.derivedData/ModuleCache.noindex -sdk-module-cache-path /Users/admin/builder/spi-builder-workspace/.derivedData/SDKExplicitPrecompiledModules -emit-dependencies -emit-module -emit-module-path /Users/admin/builder/spi-builder-workspace/.derivedData/Build/Intermediates.noindex/swift-log.build/Debug-watchos/Logging-t.build/Objects-normal/arm64/Logging.swiftmodule -serialize-diagnostics -dependency-scan-serialize-diagnostics-path /Users/admin/builder/spi-builder-workspace/.derivedData/Build/Intermediates.noindex/swift-log.build/Debug-watchos/Logging-t.build/Objects-normal/arm64/Logging-dependency-scan.dia -user-module-version 1.15.1 -validate-clang-modules-once -clang-build-session-file /Users/admin/builder/spi-builder-workspace/.derivedData/ModuleCache.noindex/Session.modulevalidation -Xcc -fmodules-prune-interval\=86400 -Xcc -fmodules-prune-after\=345600 -package-name swift_log -emit-const-values -const-gather-protocols-list /Users/admin/builder/spi-builder-workspace/.derivedData/Build/Intermediates.noindex/swift-log.build/Debug-watchos/Logging-t.build/Objects-normal/arm64/Logging_const_extract_protocols.json -Xcc -I/Users/admin/builder/spi-builder-workspace/.derivedData/Build/Products/Debug-watchos/include -Xcc -I/Users/admin/builder/spi-builder-workspace/.derivedData/Build/Intermediates.noindex/swift-log.build/Debug-watchos/Logging-t.build/DerivedSources-normal/arm64 -Xcc -I/Users/admin/builder/spi-builder-workspace/.derivedData/Build/Intermediates.noindex/swift-log.build/Debug-watchos/Logging-t.build/DerivedSources/arm64 -Xcc -I/Users/admin/builder/spi-builder-workspace/.derivedData/Build/Intermediates.noindex/swift-log.build/Debug-watchos/Logging-t.build/DerivedSources -Xcc -DSWIFT_PACKAGE -Xcc -DDEBUG\=1 -emit-objc-header -emit-objc-header-path /Users/admin/builder/spi-builder-workspace/.derivedData/Build/Intermediates.noindex/swift-log.build/Debug-watchos/Logging-t.build/Objects-normal/arm64/Logging-Swift.h -working-directory /Users/admin/builder/spi-builder-workspace/.swiftpm/xcode -experimental-emit-module-separately -disable-cmo
Ld /Users/admin/builder/spi-builder-workspace/.derivedData/Build/Intermediates.noindex/swift-log.build/Debug-watchos/Logging-t.build/Objects-normal/arm64/Binary/Logging.o normal arm64 (in target 'Logging' from project 'swift-log')
cd /Users/admin/builder/spi-builder-workspace/.dependencies/checkouts/swift-log
/Applications/Xcode-27.0.0-Release.Candidate.app/Contents/Developer/Toolchains/XcodeDefault.xctoolchain/usr/bin/clang -Xlinker -reproducible -target arm64-apple-watchos9.0 -r -isysroot /Applications/Xcode-27.0.0-Release.Candidate.app/Contents/Developer/Platforms/WatchOS.platform/Developer/SDKs/WatchOS27.0.sdk -O0 -w -Xlinker -no_warn_duplicate_libraries -F/Users/admin/builder/spi-builder-workspace/.derivedData/Build/Intermediates.noindex/EagerLinkingTBDs/Debug-watchos -F/Users/admin/builder/spi-builder-workspace/.derivedData/Build/Products/Debug-watchos -iframework /Applications/Xcode-27.0.0-Release.Candidate.app/Contents/Developer/Platforms/WatchOS.platform/Developer/Library/Frameworks -iframework /Applications/Xcode-27.0.0-Release.Candidate.app/Contents/Developer/Platforms/WatchOS.platform/Developer/SDKs/WatchOS27.0.sdk/Developer/Library/Frameworks -filelist /Users/admin/builder/spi-builder-workspace/.derivedData/Build/Intermediates.noindex/swift-log.build/Debug-watchos/Logging-t.build/Objects-normal/arm64/Logging.LinkFileList -nostdlib -Xlinker -object_path_lto -Xlinker /Users/admin/builder/spi-builder-workspace/.derivedData/Build/Intermediates.noindex/swift-log.build/Debug-watchos/Logging-t.build/Objects-normal/arm64/Logging_lto.o -Xlinker -no_deduplicate -Xlinker -debug_variant -Xlinker -dependency_info -Xlinker /Users/admin/builder/spi-builder-workspace/.derivedData/Build/Intermediates.noindex/swift-log.build/Debug-watchos/Logging-t.build/Objects-normal/arm64/Logging_dependency_info.dat -fobjc-link-runtime -L/Applications/Xcode-27.0.0-Release.Candidate.app/Contents/Developer/Toolchains/XcodeDefault.xctoolchain/usr/lib/swift/watchos -L/usr/lib/swift -Xlinker -add_ast_path -Xlinker /Users/admin/builder/spi-builder-workspace/.derivedData/Build/Intermediates.noindex/swift-log.build/Debug-watchos/Logging-t.build/Objects-normal/arm64/Logging.swiftmodule -o /Users/admin/builder/spi-builder-workspace/.derivedData/Build/Intermediates.noindex/swift-log.build/Debug-watchos/Logging-t.build/Objects-normal/arm64/Binary/Logging.o
SwiftDriverJobDiscovery normal arm64_32 Compiling LogHandler.swift (in target 'Logging' from project 'swift-log')
SwiftEmitModule normal arm64 Emitting\ module\ for\ SwiftProtobuf (in target 'SwiftProtobuf' from project 'SwiftProtobuf')
SwiftCompile normal arm64 (in target 'SwiftProtobuf' from project 'SwiftProtobuf')
cd /Users/admin/builder/spi-builder-workspace/.swiftpm/xcode
SwiftCompile normal arm64 Compiling\ UnknownStorage.swift,\ UnsafeRawPointer+Shims.swift,\ Varint.swift,\ Version.swift,\ Visitor.swift,\ WireFormat.swift,\ ZigZag.swift,\ any.pb.swift,\ api.pb.swift /Users/admin/builder/spi-builder-workspace/.dependencies/checkouts/swift-protobuf/Sources/SwiftProtobuf/UnknownStorage.swift /Users/admin/builder/spi-builder-workspace/.dependencies/checkouts/swift-protobuf/Sources/SwiftProtobuf/UnsafeRawPointer+Shims.swift /Users/admin/builder/spi-builder-workspace/.dependencies/checkouts/swift-protobuf/Sources/SwiftProtobuf/Varint.swift /Users/admin/builder/spi-builder-workspace/.dependencies/checkouts/swift-protobuf/Sources/SwiftProtobuf/Version.swift /Users/admin/builder/spi-builder-workspace/.dependencies/checkouts/swift-protobuf/Sources/SwiftProtobuf/Visitor.swift /Users/admin/builder/spi-builder-workspace/.dependencies/checkouts/swift-protobuf/Sources/SwiftProtobuf/WireFormat.swift /Users/admin/builder/spi-builder-workspace/.dependencies/checkouts/swift-protobuf/Sources/SwiftProtobuf/ZigZag.swift /Users/admin/builder/spi-builder-workspace/.dependencies/checkouts/swift-protobuf/Sources/SwiftProtobuf/any.pb.swift /Users/admin/builder/spi-builder-workspace/.dependencies/checkouts/swift-protobuf/Sources/SwiftProtobuf/api.pb.swift (in target 'SwiftProtobuf' from project 'SwiftProtobuf')
SwiftCompile normal arm64 /Users/admin/builder/spi-builder-workspace/.dependencies/checkouts/swift-protobuf/Sources/SwiftProtobuf/UnknownStorage.swift (in target 'SwiftProtobuf' from project 'SwiftProtobuf')
cd /Users/admin/builder/spi-builder-workspace/.swiftpm/xcode
builtin-SwiftPerFileCompile UnknownStorage.swift
SwiftCompile normal arm64 /Users/admin/builder/spi-builder-workspace/.dependencies/checkouts/swift-protobuf/Sources/SwiftProtobuf/UnsafeRawPointer+Shims.swift (in target 'SwiftProtobuf' from project 'SwiftProtobuf')
cd /Users/admin/builder/spi-builder-workspace/.swiftpm/xcode
builtin-SwiftPerFileCompile UnsafeRawPointer+Shims.swift
SwiftCompile normal arm64 /Users/admin/builder/spi-builder-workspace/.dependencies/checkouts/swift-protobuf/Sources/SwiftProtobuf/Varint.swift (in target 'SwiftProtobuf' from project 'SwiftProtobuf')
cd /Users/admin/builder/spi-builder-workspace/.swiftpm/xcode
builtin-SwiftPerFileCompile Varint.swift
SwiftCompile normal arm64 /Users/admin/builder/spi-builder-workspace/.dependencies/checkouts/swift-protobuf/Sources/SwiftProtobuf/Version.swift (in target 'SwiftProtobuf' from project 'SwiftProtobuf')
cd /Users/admin/builder/spi-builder-workspace/.swiftpm/xcode
builtin-SwiftPerFileCompile Version.swift
SwiftCompile normal arm64 /Users/admin/builder/spi-builder-workspace/.dependencies/checkouts/swift-protobuf/Sources/SwiftProtobuf/Visitor.swift (in target 'SwiftProtobuf' from project 'SwiftProtobuf')
cd /Users/admin/builder/spi-builder-workspace/.swiftpm/xcode
builtin-SwiftPerFileCompile Visitor.swift
SwiftCompile normal arm64 /Users/admin/builder/spi-builder-workspace/.dependencies/checkouts/swift-protobuf/Sources/SwiftProtobuf/WireFormat.swift (in target 'SwiftProtobuf' from project 'SwiftProtobuf')
cd /Users/admin/builder/spi-builder-workspace/.swiftpm/xcode
builtin-SwiftPerFileCompile WireFormat.swift
SwiftCompile normal arm64 /Users/admin/builder/spi-builder-workspace/.dependencies/checkouts/swift-protobuf/Sources/SwiftProtobuf/ZigZag.swift (in target 'SwiftProtobuf' from project 'SwiftProtobuf')
cd /Users/admin/builder/spi-builder-workspace/.swiftpm/xcode
builtin-SwiftPerFileCompile ZigZag.swift
SwiftCompile normal arm64 /Users/admin/builder/spi-builder-workspace/.dependencies/checkouts/swift-protobuf/Sources/SwiftProtobuf/any.pb.swift (in target 'SwiftProtobuf' from project 'SwiftProtobuf')
cd /Users/admin/builder/spi-builder-workspace/.swiftpm/xcode
builtin-SwiftPerFileCompile any.pb.swift
SwiftCompile normal arm64 /Users/admin/builder/spi-builder-workspace/.dependencies/checkouts/swift-protobuf/Sources/SwiftProtobuf/api.pb.swift (in target 'SwiftProtobuf' from project 'SwiftProtobuf')
cd /Users/admin/builder/spi-builder-workspace/.swiftpm/xcode
builtin-SwiftPerFileCompile api.pb.swift
SwiftCompile normal arm64 Compiling\ SwiftProtobufError.swift,\ TextFormatDecoder.swift,\ TextFormatDecodingError.swift,\ TextFormatDecodingOptions.swift,\ TextFormatEncoder.swift,\ TextFormatEncodingOptions.swift,\ TextFormatEncodingVisitor.swift,\ TextFormatScanner.swift,\ TimeUtils.swift /Users/admin/builder/spi-builder-workspace/.dependencies/checkouts/swift-protobuf/Sources/SwiftProtobuf/SwiftProtobufError.swift /Users/admin/builder/spi-builder-workspace/.dependencies/checkouts/swift-protobuf/Sources/SwiftProtobuf/TextFormatDecoder.swift /Users/admin/builder/spi-builder-workspace/.dependencies/checkouts/swift-protobuf/Sources/SwiftProtobuf/TextFormatDecodingError.swift /Users/admin/builder/spi-builder-workspace/.dependencies/checkouts/swift-protobuf/Sources/SwiftProtobuf/TextFormatDecodingOptions.swift /Users/admin/builder/spi-builder-workspace/.dependencies/checkouts/swift-protobuf/Sources/SwiftProtobuf/TextFormatEncoder.swift /Users/admin/builder/spi-builder-workspace/.dependencies/checkouts/swift-protobuf/Sources/SwiftProtobuf/TextFormatEncodingOptions.swift /Users/admin/builder/spi-builder-workspace/.dependencies/checkouts/swift-protobuf/Sources/SwiftProtobuf/TextFormatEncodingVisitor.swift /Users/admin/builder/spi-builder-workspace/.dependencies/checkouts/swift-protobuf/Sources/SwiftProtobuf/TextFormatScanner.swift /Users/admin/builder/spi-builder-workspace/.dependencies/checkouts/swift-protobuf/Sources/SwiftProtobuf/TimeUtils.swift (in target 'SwiftProtobuf' from project 'SwiftProtobuf')
SwiftCompile normal arm64 /Users/admin/builder/spi-builder-workspace/.dependencies/checkouts/swift-protobuf/Sources/SwiftProtobuf/SwiftProtobufError.swift (in target 'SwiftProtobuf' from project 'SwiftProtobuf')
cd /Users/admin/builder/spi-builder-workspace/.swiftpm/xcode
builtin-SwiftPerFileCompile SwiftProtobufError.swift
SwiftCompile normal arm64 /Users/admin/builder/spi-builder-workspace/.dependencies/checkouts/swift-protobuf/Sources/SwiftProtobuf/TextFormatDecoder.swift (in target 'SwiftProtobuf' from project 'SwiftProtobuf')
cd /Users/admin/builder/spi-builder-workspace/.swiftpm/xcode
builtin-SwiftPerFileCompile TextFormatDecoder.swift
SwiftCompile normal arm64 /Users/admin/builder/spi-builder-workspace/.dependencies/checkouts/swift-protobuf/Sources/SwiftProtobuf/TextFormatDecodingError.swift (in target 'SwiftProtobuf' from project 'SwiftProtobuf')
cd /Users/admin/builder/spi-builder-workspace/.swiftpm/xcode
builtin-SwiftPerFileCompile TextFormatDecodingError.swift
SwiftCompile normal arm64 /Users/admin/builder/spi-builder-workspace/.dependencies/checkouts/swift-protobuf/Sources/SwiftProtobuf/TextFormatDecodingOptions.swift (in target 'SwiftProtobuf' from project 'SwiftProtobuf')
cd /Users/admin/builder/spi-builder-workspace/.swiftpm/xcode
builtin-SwiftPerFileCompile TextFormatDecodingOptions.swift
SwiftCompile normal arm64 /Users/admin/builder/spi-builder-workspace/.dependencies/checkouts/swift-protobuf/Sources/SwiftProtobuf/TextFormatEncoder.swift (in target 'SwiftProtobuf' from project 'SwiftProtobuf')
cd /Users/admin/builder/spi-builder-workspace/.swiftpm/xcode
builtin-SwiftPerFileCompile TextFormatEncoder.swift
SwiftCompile normal arm64 /Users/admin/builder/spi-builder-workspace/.dependencies/checkouts/swift-protobuf/Sources/SwiftProtobuf/TextFormatEncodingOptions.swift (in target 'SwiftProtobuf' from project 'SwiftProtobuf')
cd /Users/admin/builder/spi-builder-workspace/.swiftpm/xcode
builtin-SwiftPerFileCompile TextFormatEncodingOptions.swift
SwiftCompile normal arm64 /Users/admin/builder/spi-builder-workspace/.dependencies/checkouts/swift-protobuf/Sources/SwiftProtobuf/TextFormatEncodingVisitor.swift (in target 'SwiftProtobuf' from project 'SwiftProtobuf')
cd /Users/admin/builder/spi-builder-workspace/.swiftpm/xcode
builtin-SwiftPerFileCompile TextFormatEncodingVisitor.swift
SwiftCompile normal arm64 /Users/admin/builder/spi-builder-workspace/.dependencies/checkouts/swift-protobuf/Sources/SwiftProtobuf/TextFormatScanner.swift (in target 'SwiftProtobuf' from project 'SwiftProtobuf')
cd /Users/admin/builder/spi-builder-workspace/.swiftpm/xcode
builtin-SwiftPerFileCompile TextFormatScanner.swift
SwiftCompile normal arm64 /Users/admin/builder/spi-builder-workspace/.dependencies/checkouts/swift-protobuf/Sources/SwiftProtobuf/TimeUtils.swift (in target 'SwiftProtobuf' from project 'SwiftProtobuf')
cd /Users/admin/builder/spi-builder-workspace/.swiftpm/xcode
builtin-SwiftPerFileCompile TimeUtils.swift
SwiftCompile normal arm64 Compiling\ JSONEncoder.swift,\ JSONEncodingError.swift,\ JSONEncodingOptions.swift,\ JSONEncodingVisitor.swift,\ JSONMapEncodingVisitor.swift,\ JSONScanner.swift,\ MathUtils.swift,\ Message+AnyAdditions.swift,\ Message+BinaryAdditions.swift,\ Message+BinaryAdditions_Data.swift /Users/admin/builder/spi-builder-workspace/.dependencies/checkouts/swift-protobuf/Sources/SwiftProtobuf/JSONEncoder.swift /Users/admin/builder/spi-builder-workspace/.dependencies/checkouts/swift-protobuf/Sources/SwiftProtobuf/JSONEncodingError.swift /Users/admin/builder/spi-builder-workspace/.dependencies/checkouts/swift-protobuf/Sources/SwiftProtobuf/JSONEncodingOptions.swift /Users/admin/builder/spi-builder-workspace/.dependencies/checkouts/swift-protobuf/Sources/SwiftProtobuf/JSONEncodingVisitor.swift /Users/admin/builder/spi-builder-workspace/.dependencies/checkouts/swift-protobuf/Sources/SwiftProtobuf/JSONMapEncodingVisitor.swift /Users/admin/builder/spi-builder-workspace/.dependencies/checkouts/swift-protobuf/Sources/SwiftProtobuf/JSONScanner.swift /Users/admin/builder/spi-builder-workspace/.dependencies/checkouts/swift-protobuf/Sources/SwiftProtobuf/MathUtils.swift /Users/admin/builder/spi-builder-workspace/.dependencies/checkouts/swift-protobuf/Sources/SwiftProtobuf/Message+AnyAdditions.swift /Users/admin/builder/spi-builder-workspace/.dependencies/checkouts/swift-protobuf/Sources/SwiftProtobuf/Message+BinaryAdditions.swift /Users/admin/builder/spi-builder-workspace/.dependencies/checkouts/swift-protobuf/Sources/SwiftProtobuf/Message+BinaryAdditions_Data.swift (in target 'SwiftProtobuf' from project 'SwiftProtobuf')
SwiftCompile normal arm64 /Users/admin/builder/spi-builder-workspace/.dependencies/checkouts/swift-protobuf/Sources/SwiftProtobuf/JSONEncoder.swift (in target 'SwiftProtobuf' from project 'SwiftProtobuf')
cd /Users/admin/builder/spi-builder-workspace/.swiftpm/xcode
builtin-SwiftPerFileCompile JSONEncoder.swift
SwiftCompile normal arm64 /Users/admin/builder/spi-builder-workspace/.dependencies/checkouts/swift-protobuf/Sources/SwiftProtobuf/JSONEncodingError.swift (in target 'SwiftProtobuf' from project 'SwiftProtobuf')
cd /Users/admin/builder/spi-builder-workspace/.swiftpm/xcode
builtin-SwiftPerFileCompile JSONEncodingError.swift
SwiftCompile normal arm64 /Users/admin/builder/spi-builder-workspace/.dependencies/checkouts/swift-protobuf/Sources/SwiftProtobuf/JSONEncodingOptions.swift (in target 'SwiftProtobuf' from project 'SwiftProtobuf')
cd /Users/admin/builder/spi-builder-workspace/.swiftpm/xcode
builtin-SwiftPerFileCompile JSONEncodingOptions.swift
SwiftCompile normal arm64 /Users/admin/builder/spi-builder-workspace/.dependencies/checkouts/swift-protobuf/Sources/SwiftProtobuf/JSONEncodingVisitor.swift (in target 'SwiftProtobuf' from project 'SwiftProtobuf')
cd /Users/admin/builder/spi-builder-workspace/.swiftpm/xcode
builtin-SwiftPerFileCompile JSONEncodingVisitor.swift
SwiftCompile normal arm64 /Users/admin/builder/spi-builder-workspace/.dependencies/checkouts/swift-protobuf/Sources/SwiftProtobuf/JSONMapEncodingVisitor.swift (in target 'SwiftProtobuf' from project 'SwiftProtobuf')
cd /Users/admin/builder/spi-builder-workspace/.swiftpm/xcode
builtin-SwiftPerFileCompile JSONMapEncodingVisitor.swift
SwiftCompile normal arm64 /Users/admin/builder/spi-builder-workspace/.dependencies/checkouts/swift-protobuf/Sources/SwiftProtobuf/JSONScanner.swift (in target 'SwiftProtobuf' from project 'SwiftProtobuf')
cd /Users/admin/builder/spi-builder-workspace/.swiftpm/xcode
builtin-SwiftPerFileCompile JSONScanner.swift
SwiftCompile normal arm64 /Users/admin/builder/spi-builder-workspace/.dependencies/checkouts/swift-protobuf/Sources/SwiftProtobuf/MathUtils.swift (in target 'SwiftProtobuf' from project 'SwiftProtobuf')
cd /Users/admin/builder/spi-builder-workspace/.swiftpm/xcode
builtin-SwiftPerFileCompile MathUtils.swift
SwiftCompile normal arm64 /Users/admin/builder/spi-builder-workspace/.dependencies/checkouts/swift-protobuf/Sources/SwiftProtobuf/Message+AnyAdditions.swift (in target 'SwiftProtobuf' from project 'SwiftProtobuf')
cd /Users/admin/builder/spi-builder-workspace/.swiftpm/xcode
builtin-SwiftPerFileCompile Message+AnyAdditions.swift
SwiftCompile normal arm64 /Users/admin/builder/spi-builder-workspace/.dependencies/checkouts/swift-protobuf/Sources/SwiftProtobuf/Message+BinaryAdditions.swift (in target 'SwiftProtobuf' from project 'SwiftProtobuf')
cd /Users/admin/builder/spi-builder-workspace/.swiftpm/xcode
builtin-SwiftPerFileCompile Message+BinaryAdditions.swift
SwiftCompile normal arm64 /Users/admin/builder/spi-builder-workspace/.dependencies/checkouts/swift-protobuf/Sources/SwiftProtobuf/Message+BinaryAdditions_Data.swift (in target 'SwiftProtobuf' from project 'SwiftProtobuf')
cd /Users/admin/builder/spi-builder-workspace/.swiftpm/xcode
builtin-SwiftPerFileCompile Message+BinaryAdditions_Data.swift
SwiftCompile normal arm64 Compiling\ Google_Protobuf_NullValue+Extensions.swift,\ Google_Protobuf_Struct+Extensions.swift,\ Google_Protobuf_Timestamp+Extensions.swift,\ Google_Protobuf_Value+Extensions.swift,\ Google_Protobuf_Wrappers+Extensions.swift,\ HashVisitor.swift,\ Internal.swift,\ JSONDecoder.swift,\ JSONDecodingError.swift,\ JSONDecodingOptions.swift /Users/admin/builder/spi-builder-workspace/.dependencies/checkouts/swift-protobuf/Sources/SwiftProtobuf/Google_Protobuf_NullValue+Extensions.swift /Users/admin/builder/spi-builder-workspace/.dependencies/checkouts/swift-protobuf/Sources/SwiftProtobuf/Google_Protobuf_Struct+Extensions.swift /Users/admin/builder/spi-builder-workspace/.dependencies/checkouts/swift-protobuf/Sources/SwiftProtobuf/Google_Protobuf_Timestamp+Extensions.swift /Users/admin/builder/spi-builder-workspace/.dependencies/checkouts/swift-protobuf/Sources/SwiftProtobuf/Google_Protobuf_Value+Extensions.swift /Users/admin/builder/spi-builder-workspace/.dependencies/checkouts/swift-protobuf/Sources/SwiftProtobuf/Google_Protobuf_Wrappers+Extensions.swift /Users/admin/builder/spi-builder-workspace/.dependencies/checkouts/swift-protobuf/Sources/SwiftProtobuf/HashVisitor.swift /Users/admin/builder/spi-builder-workspace/.dependencies/checkouts/swift-protobuf/Sources/SwiftProtobuf/Internal.swift /Users/admin/builder/spi-builder-workspace/.dependencies/checkouts/swift-protobuf/Sources/SwiftProtobuf/JSONDecoder.swift /Users/admin/builder/spi-builder-workspace/.dependencies/checkouts/swift-protobuf/Sources/SwiftProtobuf/JSONDecodingError.swift /Users/admin/builder/spi-builder-workspace/.dependencies/checkouts/swift-protobuf/Sources/SwiftProtobuf/JSONDecodingOptions.swift (in target 'SwiftProtobuf' from project 'SwiftProtobuf')
SwiftCompile normal arm64 /Users/admin/builder/spi-builder-workspace/.dependencies/checkouts/swift-protobuf/Sources/SwiftProtobuf/Google_Protobuf_NullValue+Extensions.swift (in target 'SwiftProtobuf' from project 'SwiftProtobuf')
cd /Users/admin/builder/spi-builder-workspace/.swiftpm/xcode
builtin-SwiftPerFileCompile Google_Protobuf_NullValue+Extensions.swift
SwiftCompile normal arm64 /Users/admin/builder/spi-builder-workspace/.dependencies/checkouts/swift-protobuf/Sources/SwiftProtobuf/Google_Protobuf_Struct+Extensions.swift (in target 'SwiftProtobuf' from project 'SwiftProtobuf')
cd /Users/admin/builder/spi-builder-workspace/.swiftpm/xcode
builtin-SwiftPerFileCompile Google_Protobuf_Struct+Extensions.swift
SwiftCompile normal arm64 /Users/admin/builder/spi-builder-workspace/.dependencies/checkouts/swift-protobuf/Sources/SwiftProtobuf/Google_Protobuf_Timestamp+Extensions.swift (in target 'SwiftProtobuf' from project 'SwiftProtobuf')
cd /Users/admin/builder/spi-builder-workspace/.swiftpm/xcode
builtin-SwiftPerFileCompile Google_Protobuf_Timestamp+Extensions.swift
SwiftCompile normal arm64 /Users/admin/builder/spi-builder-workspace/.dependencies/checkouts/swift-protobuf/Sources/SwiftProtobuf/Google_Protobuf_Value+Extensions.swift (in target 'SwiftProtobuf' from project 'SwiftProtobuf')
cd /Users/admin/builder/spi-builder-workspace/.swiftpm/xcode
builtin-SwiftPerFileCompile Google_Protobuf_Value+Extensions.swift
SwiftCompile normal arm64 /Users/admin/builder/spi-builder-workspace/.dependencies/checkouts/swift-protobuf/Sources/SwiftProtobuf/Google_Protobuf_Wrappers+Extensions.swift (in target 'SwiftProtobuf' from project 'SwiftProtobuf')
cd /Users/admin/builder/spi-builder-workspace/.swiftpm/xcode
builtin-SwiftPerFileCompile Google_Protobuf_Wrappers+Extensions.swift
SwiftCompile normal arm64 /Users/admin/builder/spi-builder-workspace/.dependencies/checkouts/swift-protobuf/Sources/SwiftProtobuf/HashVisitor.swift (in target 'SwiftProtobuf' from project 'SwiftProtobuf')
cd /Users/admin/builder/spi-builder-workspace/.swiftpm/xcode
builtin-SwiftPerFileCompile HashVisitor.swift
SwiftCompile normal arm64 /Users/admin/builder/spi-builder-workspace/.dependencies/checkouts/swift-protobuf/Sources/SwiftProtobuf/Internal.swift (in target 'SwiftProtobuf' from project 'SwiftProtobuf')
cd /Users/admin/builder/spi-builder-workspace/.swiftpm/xcode
builtin-SwiftPerFileCompile Internal.swift
SwiftCompile normal arm64 /Users/admin/builder/spi-builder-workspace/.dependencies/checkouts/swift-protobuf/Sources/SwiftProtobuf/JSONDecoder.swift (in target 'SwiftProtobuf' from project 'SwiftProtobuf')
cd /Users/admin/builder/spi-builder-workspace/.swiftpm/xcode
builtin-SwiftPerFileCompile JSONDecoder.swift
SwiftCompile normal arm64 /Users/admin/builder/spi-builder-workspace/.dependencies/checkouts/swift-protobuf/Sources/SwiftProtobuf/JSONDecodingError.swift (in target 'SwiftProtobuf' from project 'SwiftProtobuf')
cd /Users/admin/builder/spi-builder-workspace/.swiftpm/xcode
builtin-SwiftPerFileCompile JSONDecodingError.swift
SwiftCompile normal arm64 /Users/admin/builder/spi-builder-workspace/.dependencies/checkouts/swift-protobuf/Sources/SwiftProtobuf/JSONDecodingOptions.swift (in target 'SwiftProtobuf' from project 'SwiftProtobuf')
cd /Users/admin/builder/spi-builder-workspace/.swiftpm/xcode
builtin-SwiftPerFileCompile JSONDecodingOptions.swift
SwiftCompile normal arm64 Compiling\ descriptor.pb.swift,\ duration.pb.swift,\ empty.pb.swift,\ field_mask.pb.swift,\ source_context.pb.swift,\ struct.pb.swift,\ timestamp.pb.swift,\ type.pb.swift,\ wrappers.pb.swift /Users/admin/builder/spi-builder-workspace/.dependencies/checkouts/swift-protobuf/Sources/SwiftProtobuf/descriptor.pb.swift /Users/admin/builder/spi-builder-workspace/.dependencies/checkouts/swift-protobuf/Sources/SwiftProtobuf/duration.pb.swift /Users/admin/builder/spi-builder-workspace/.dependencies/checkouts/swift-protobuf/Sources/SwiftProtobuf/empty.pb.swift /Users/admin/builder/spi-builder-workspace/.dependencies/checkouts/swift-protobuf/Sources/SwiftProtobuf/field_mask.pb.swift /Users/admin/builder/spi-builder-workspace/.dependencies/checkouts/swift-protobuf/Sources/SwiftProtobuf/source_context.pb.swift /Users/admin/builder/spi-builder-workspace/.dependencies/checkouts/swift-protobuf/Sources/SwiftProtobuf/struct.pb.swift /Users/admin/builder/spi-builder-workspace/.dependencies/checkouts/swift-protobuf/Sources/SwiftProtobuf/timestamp.pb.swift /Users/admin/builder/spi-builder-workspace/.dependencies/checkouts/swift-protobuf/Sources/SwiftProtobuf/type.pb.swift /Users/admin/builder/spi-builder-workspace/.dependencies/checkouts/swift-protobuf/Sources/SwiftProtobuf/wrappers.pb.swift (in target 'SwiftProtobuf' from project 'SwiftProtobuf')
SwiftCompile normal arm64 /Users/admin/builder/spi-builder-workspace/.dependencies/checkouts/swift-protobuf/Sources/SwiftProtobuf/descriptor.pb.swift (in target 'SwiftProtobuf' from project 'SwiftProtobuf')
cd /Users/admin/builder/spi-builder-workspace/.swiftpm/xcode
builtin-SwiftPerFileCompile descriptor.pb.swift
SwiftCompile normal arm64 /Users/admin/builder/spi-builder-workspace/.dependencies/checkouts/swift-protobuf/Sources/SwiftProtobuf/duration.pb.swift (in target 'SwiftProtobuf' from project 'SwiftProtobuf')
cd /Users/admin/builder/spi-builder-workspace/.swiftpm/xcode
builtin-SwiftPerFileCompile duration.pb.swift
SwiftCompile normal arm64 /Users/admin/builder/spi-builder-workspace/.dependencies/checkouts/swift-protobuf/Sources/SwiftProtobuf/empty.pb.swift (in target 'SwiftProtobuf' from project 'SwiftProtobuf')
cd /Users/admin/builder/spi-builder-workspace/.swiftpm/xcode
builtin-SwiftPerFileCompile empty.pb.swift
SwiftCompile normal arm64 /Users/admin/builder/spi-builder-workspace/.dependencies/checkouts/swift-protobuf/Sources/SwiftProtobuf/field_mask.pb.swift (in target 'SwiftProtobuf' from project 'SwiftProtobuf')
cd /Users/admin/builder/spi-builder-workspace/.swiftpm/xcode
builtin-SwiftPerFileCompile field_mask.pb.swift
SwiftCompile normal arm64 /Users/admin/builder/spi-builder-workspace/.dependencies/checkouts/swift-protobuf/Sources/SwiftProtobuf/source_context.pb.swift (in target 'SwiftProtobuf' from project 'SwiftProtobuf')
cd /Users/admin/builder/spi-builder-workspace/.swiftpm/xcode
builtin-SwiftPerFileCompile source_context.pb.swift
SwiftCompile normal arm64 /Users/admin/builder/spi-builder-workspace/.dependencies/checkouts/swift-protobuf/Sources/SwiftProtobuf/struct.pb.swift (in target 'SwiftProtobuf' from project 'SwiftProtobuf')
cd /Users/admin/builder/spi-builder-workspace/.swiftpm/xcode
builtin-SwiftPerFileCompile struct.pb.swift
SwiftCompile normal arm64 /Users/admin/builder/spi-builder-workspace/.dependencies/checkouts/swift-protobuf/Sources/SwiftProtobuf/timestamp.pb.swift (in target 'SwiftProtobuf' from project 'SwiftProtobuf')
cd /Users/admin/builder/spi-builder-workspace/.swiftpm/xcode
builtin-SwiftPerFileCompile timestamp.pb.swift
SwiftCompile normal arm64 /Users/admin/builder/spi-builder-workspace/.dependencies/checkouts/swift-protobuf/Sources/SwiftProtobuf/type.pb.swift (in target 'SwiftProtobuf' from project 'SwiftProtobuf')
cd /Users/admin/builder/spi-builder-workspace/.swiftpm/xcode
builtin-SwiftPerFileCompile type.pb.swift
SwiftCompile normal arm64 /Users/admin/builder/spi-builder-workspace/.dependencies/checkouts/swift-protobuf/Sources/SwiftProtobuf/wrappers.pb.swift (in target 'SwiftProtobuf' from project 'SwiftProtobuf')
cd /Users/admin/builder/spi-builder-workspace/.swiftpm/xcode
builtin-SwiftPerFileCompile wrappers.pb.swift
SwiftCompile normal arm64 Compiling\ ExtensionFieldValueSet.swift,\ ExtensionFields.swift,\ ExtensionMap.swift,\ FieldTag.swift,\ FieldTypes.swift,\ Google_Protobuf_Any+Extensions.swift,\ Google_Protobuf_Any+Registry.swift,\ Google_Protobuf_Duration+Extensions.swift,\ Google_Protobuf_FieldMask+Extensions.swift,\ Google_Protobuf_ListValue+Extensions.swift /Users/admin/builder/spi-builder-workspace/.dependencies/checkouts/swift-protobuf/Sources/SwiftProtobuf/ExtensionFieldValueSet.swift /Users/admin/builder/spi-builder-workspace/.dependencies/checkouts/swift-protobuf/Sources/SwiftProtobuf/ExtensionFields.swift /Users/admin/builder/spi-builder-workspace/.dependencies/checkouts/swift-protobuf/Sources/SwiftProtobuf/ExtensionMap.swift /Users/admin/builder/spi-builder-workspace/.dependencies/checkouts/swift-protobuf/Sources/SwiftProtobuf/FieldTag.swift /Users/admin/builder/spi-builder-workspace/.dependencies/checkouts/swift-protobuf/Sources/SwiftProtobuf/FieldTypes.swift /Users/admin/builder/spi-builder-workspace/.dependencies/checkouts/swift-protobuf/Sources/SwiftProtobuf/Google_Protobuf_Any+Extensions.swift /Users/admin/builder/spi-builder-workspace/.dependencies/checkouts/swift-protobuf/Sources/SwiftProtobuf/Google_Protobuf_Any+Registry.swift /Users/admin/builder/spi-builder-workspace/.dependencies/checkouts/swift-protobuf/Sources/SwiftProtobuf/Google_Protobuf_Duration+Extensions.swift /Users/admin/builder/spi-builder-workspace/.dependencies/checkouts/swift-protobuf/Sources/SwiftProtobuf/Google_Protobuf_FieldMask+Extensions.swift /Users/admin/builder/spi-builder-workspace/.dependencies/checkouts/swift-protobuf/Sources/SwiftProtobuf/Google_Protobuf_ListValue+Extensions.swift (in target 'SwiftProtobuf' from project 'SwiftProtobuf')
SwiftCompile normal arm64 /Users/admin/builder/spi-builder-workspace/.dependencies/checkouts/swift-protobuf/Sources/SwiftProtobuf/ExtensionFieldValueSet.swift (in target 'SwiftProtobuf' from project 'SwiftProtobuf')
cd /Users/admin/builder/spi-builder-workspace/.swiftpm/xcode
builtin-SwiftPerFileCompile ExtensionFieldValueSet.swift
SwiftCompile normal arm64 /Users/admin/builder/spi-builder-workspace/.dependencies/checkouts/swift-protobuf/Sources/SwiftProtobuf/ExtensionFields.swift (in target 'SwiftProtobuf' from project 'SwiftProtobuf')
cd /Users/admin/builder/spi-builder-workspace/.swiftpm/xcode
builtin-SwiftPerFileCompile ExtensionFields.swift
SwiftCompile normal arm64 /Users/admin/builder/spi-builder-workspace/.dependencies/checkouts/swift-protobuf/Sources/SwiftProtobuf/ExtensionMap.swift (in target 'SwiftProtobuf' from project 'SwiftProtobuf')
cd /Users/admin/builder/spi-builder-workspace/.swiftpm/xcode
builtin-SwiftPerFileCompile ExtensionMap.swift
SwiftCompile normal arm64 /Users/admin/builder/spi-builder-workspace/.dependencies/checkouts/swift-protobuf/Sources/SwiftProtobuf/FieldTag.swift (in target 'SwiftProtobuf' from project 'SwiftProtobuf')
cd /Users/admin/builder/spi-builder-workspace/.swiftpm/xcode
builtin-SwiftPerFileCompile FieldTag.swift
SwiftCompile normal arm64 /Users/admin/builder/spi-builder-workspace/.dependencies/checkouts/swift-protobuf/Sources/SwiftProtobuf/FieldTypes.swift (in target 'SwiftProtobuf' from project 'SwiftProtobuf')
cd /Users/admin/builder/spi-builder-workspace/.swiftpm/xcode
builtin-SwiftPerFileCompile FieldTypes.swift
SwiftCompile normal arm64 /Users/admin/builder/spi-builder-workspace/.dependencies/checkouts/swift-protobuf/Sources/SwiftProtobuf/Google_Protobuf_Any+Extensions.swift (in target 'SwiftProtobuf' from project 'SwiftProtobuf')
cd /Users/admin/builder/spi-builder-workspace/.swiftpm/xcode
builtin-SwiftPerFileCompile Google_Protobuf_Any+Extensions.swift
SwiftCompile normal arm64 /Users/admin/builder/spi-builder-workspace/.dependencies/checkouts/swift-protobuf/Sources/SwiftProtobuf/Google_Protobuf_Any+Registry.swift (in target 'SwiftProtobuf' from project 'SwiftProtobuf')
cd /Users/admin/builder/spi-builder-workspace/.swiftpm/xcode
builtin-SwiftPerFileCompile Google_Protobuf_Any+Registry.swift
SwiftCompile normal arm64 /Users/admin/builder/spi-builder-workspace/.dependencies/checkouts/swift-protobuf/Sources/SwiftProtobuf/Google_Protobuf_Duration+Extensions.swift (in target 'SwiftProtobuf' from project 'SwiftProtobuf')
cd /Users/admin/builder/spi-builder-workspace/.swiftpm/xcode
builtin-SwiftPerFileCompile Google_Protobuf_Duration+Extensions.swift
SwiftCompile normal arm64 /Users/admin/builder/spi-builder-workspace/.dependencies/checkouts/swift-protobuf/Sources/SwiftProtobuf/Google_Protobuf_FieldMask+Extensions.swift (in target 'SwiftProtobuf' from project 'SwiftProtobuf')
cd /Users/admin/builder/spi-builder-workspace/.swiftpm/xcode
builtin-SwiftPerFileCompile Google_Protobuf_FieldMask+Extensions.swift
SwiftCompile normal arm64 /Users/admin/builder/spi-builder-workspace/.dependencies/checkouts/swift-protobuf/Sources/SwiftProtobuf/Google_Protobuf_ListValue+Extensions.swift (in target 'SwiftProtobuf' from project 'SwiftProtobuf')
cd /Users/admin/builder/spi-builder-workspace/.swiftpm/xcode
builtin-SwiftPerFileCompile Google_Protobuf_ListValue+Extensions.swift
SwiftCompile normal arm64 Compiling\ Message+FieldMask.swift,\ Message+JSONAdditions.swift,\ Message+JSONAdditions_Data.swift,\ Message+JSONArrayAdditions.swift,\ Message+JSONArrayAdditions_Data.swift,\ Message+TextFormatAdditions.swift,\ Message.swift,\ MessageExtension.swift,\ NameMap.swift /Users/admin/builder/spi-builder-workspace/.dependencies/checkouts/swift-protobuf/Sources/SwiftProtobuf/Message+FieldMask.swift /Users/admin/builder/spi-builder-workspace/.dependencies/checkouts/swift-protobuf/Sources/SwiftProtobuf/Message+JSONAdditions.swift /Users/admin/builder/spi-builder-workspace/.dependencies/checkouts/swift-protobuf/Sources/SwiftProtobuf/Message+JSONAdditions_Data.swift /Users/admin/builder/spi-builder-workspace/.dependencies/checkouts/swift-protobuf/Sources/SwiftProtobuf/Message+JSONArrayAdditions.swift /Users/admin/builder/spi-builder-workspace/.dependencies/checkouts/swift-protobuf/Sources/SwiftProtobuf/Message+JSONArrayAdditions_Data.swift /Users/admin/builder/spi-builder-workspace/.dependencies/checkouts/swift-protobuf/Sources/SwiftProtobuf/Message+TextFormatAdditions.swift /Users/admin/builder/spi-builder-workspace/.dependencies/checkouts/swift-protobuf/Sources/SwiftProtobuf/Message.swift /Users/admin/builder/spi-builder-workspace/.dependencies/checkouts/swift-protobuf/Sources/SwiftProtobuf/MessageExtension.swift /Users/admin/builder/spi-builder-workspace/.dependencies/checkouts/swift-protobuf/Sources/SwiftProtobuf/NameMap.swift (in target 'SwiftProtobuf' from project 'SwiftProtobuf')
SwiftCompile normal arm64 /Users/admin/builder/spi-builder-workspace/.dependencies/checkouts/swift-protobuf/Sources/SwiftProtobuf/Message+FieldMask.swift (in target 'SwiftProtobuf' from project 'SwiftProtobuf')
cd /Users/admin/builder/spi-builder-workspace/.swiftpm/xcode
builtin-SwiftPerFileCompile Message+FieldMask.swift
SwiftCompile normal arm64 /Users/admin/builder/spi-builder-workspace/.dependencies/checkouts/swift-protobuf/Sources/SwiftProtobuf/Message+JSONAdditions.swift (in target 'SwiftProtobuf' from project 'SwiftProtobuf')
cd /Users/admin/builder/spi-builder-workspace/.swiftpm/xcode
builtin-SwiftPerFileCompile Message+JSONAdditions.swift
SwiftCompile normal arm64 /Users/admin/builder/spi-builder-workspace/.dependencies/checkouts/swift-protobuf/Sources/SwiftProtobuf/Message+JSONAdditions_Data.swift (in target 'SwiftProtobuf' from project 'SwiftProtobuf')
cd /Users/admin/builder/spi-builder-workspace/.swiftpm/xcode
builtin-SwiftPerFileCompile Message+JSONAdditions_Data.swift
SwiftCompile normal arm64 /Users/admin/builder/spi-builder-workspace/.dependencies/checkouts/swift-protobuf/Sources/SwiftProtobuf/Message+JSONArrayAdditions.swift (in target 'SwiftProtobuf' from project 'SwiftProtobuf')
cd /Users/admin/builder/spi-builder-workspace/.swiftpm/xcode
builtin-SwiftPerFileCompile Message+JSONArrayAdditions.swift
SwiftCompile normal arm64 /Users/admin/builder/spi-builder-workspace/.dependencies/checkouts/swift-protobuf/Sources/SwiftProtobuf/Message+JSONArrayAdditions_Data.swift (in target 'SwiftProtobuf' from project 'SwiftProtobuf')
cd /Users/admin/builder/spi-builder-workspace/.swiftpm/xcode
builtin-SwiftPerFileCompile Message+JSONArrayAdditions_Data.swift
SwiftCompile normal arm64 /Users/admin/builder/spi-builder-workspace/.dependencies/checkouts/swift-protobuf/Sources/SwiftProtobuf/Message+TextFormatAdditions.swift (in target 'SwiftProtobuf' from project 'SwiftProtobuf')
cd /Users/admin/builder/spi-builder-workspace/.swiftpm/xcode
builtin-SwiftPerFileCompile Message+TextFormatAdditions.swift
SwiftCompile normal arm64 /Users/admin/builder/spi-builder-workspace/.dependencies/checkouts/swift-protobuf/Sources/SwiftProtobuf/Message.swift (in target 'SwiftProtobuf' from project 'SwiftProtobuf')
cd /Users/admin/builder/spi-builder-workspace/.swiftpm/xcode
builtin-SwiftPerFileCompile Message.swift
SwiftCompile normal arm64 /Users/admin/builder/spi-builder-workspace/.dependencies/checkouts/swift-protobuf/Sources/SwiftProtobuf/MessageExtension.swift (in target 'SwiftProtobuf' from project 'SwiftProtobuf')
cd /Users/admin/builder/spi-builder-workspace/.swiftpm/xcode
builtin-SwiftPerFileCompile MessageExtension.swift
SwiftCompile normal arm64 /Users/admin/builder/spi-builder-workspace/.dependencies/checkouts/swift-protobuf/Sources/SwiftProtobuf/NameMap.swift (in target 'SwiftProtobuf' from project 'SwiftProtobuf')
cd /Users/admin/builder/spi-builder-workspace/.swiftpm/xcode
builtin-SwiftPerFileCompile NameMap.swift
SwiftDriverJobDiscovery normal arm64_32 Compiling SwiftLogNoOpLogHandler.swift (in target 'Logging' from project 'swift-log')
SwiftCompile normal arm64 Compiling\ resource_bundle_accessor.swift,\ AnyMessageStorage.swift,\ AnyUnpackError.swift,\ AsyncMessageSequence.swift,\ BinaryDecoder.swift,\ BinaryDecodingError.swift,\ BinaryDecodingOptions.swift,\ BinaryDelimited.swift,\ BinaryEncoder.swift,\ BinaryEncodingError.swift /Users/admin/builder/spi-builder-workspace/.derivedData/Build/Intermediates.noindex/SwiftProtobuf.build/Debug-watchos/SwiftProtobuf-t.build/DerivedSources/resource_bundle_accessor.swift /Users/admin/builder/spi-builder-workspace/.dependencies/checkouts/swift-protobuf/Sources/SwiftProtobuf/AnyMessageStorage.swift /Users/admin/builder/spi-builder-workspace/.dependencies/checkouts/swift-protobuf/Sources/SwiftProtobuf/AnyUnpackError.swift /Users/admin/builder/spi-builder-workspace/.dependencies/checkouts/swift-protobuf/Sources/SwiftProtobuf/AsyncMessageSequence.swift /Users/admin/builder/spi-builder-workspace/.dependencies/checkouts/swift-protobuf/Sources/SwiftProtobuf/BinaryDecoder.swift /Users/admin/builder/spi-builder-workspace/.dependencies/checkouts/swift-protobuf/Sources/SwiftProtobuf/BinaryDecodingError.swift /Users/admin/builder/spi-builder-workspace/.dependencies/checkouts/swift-protobuf/Sources/SwiftProtobuf/BinaryDecodingOptions.swift /Users/admin/builder/spi-builder-workspace/.dependencies/checkouts/swift-protobuf/Sources/SwiftProtobuf/BinaryDelimited.swift /Users/admin/builder/spi-builder-workspace/.dependencies/checkouts/swift-protobuf/Sources/SwiftProtobuf/BinaryEncoder.swift /Users/admin/builder/spi-builder-workspace/.dependencies/checkouts/swift-protobuf/Sources/SwiftProtobuf/BinaryEncodingError.swift (in target 'SwiftProtobuf' from project 'SwiftProtobuf')
SwiftCompile normal arm64 /Users/admin/builder/spi-builder-workspace/.derivedData/Build/Intermediates.noindex/SwiftProtobuf.build/Debug-watchos/SwiftProtobuf-t.build/DerivedSources/resource_bundle_accessor.swift (in target 'SwiftProtobuf' from project 'SwiftProtobuf')
cd /Users/admin/builder/spi-builder-workspace/.swiftpm/xcode
builtin-SwiftPerFileCompile resource_bundle_accessor.swift
SwiftCompile normal arm64 /Users/admin/builder/spi-builder-workspace/.dependencies/checkouts/swift-protobuf/Sources/SwiftProtobuf/AnyMessageStorage.swift (in target 'SwiftProtobuf' from project 'SwiftProtobuf')
cd /Users/admin/builder/spi-builder-workspace/.swiftpm/xcode
builtin-SwiftPerFileCompile AnyMessageStorage.swift
SwiftCompile normal arm64 /Users/admin/builder/spi-builder-workspace/.dependencies/checkouts/swift-protobuf/Sources/SwiftProtobuf/AnyUnpackError.swift (in target 'SwiftProtobuf' from project 'SwiftProtobuf')
cd /Users/admin/builder/spi-builder-workspace/.swiftpm/xcode
builtin-SwiftPerFileCompile AnyUnpackError.swift
SwiftCompile normal arm64 /Users/admin/builder/spi-builder-workspace/.dependencies/checkouts/swift-protobuf/Sources/SwiftProtobuf/AsyncMessageSequence.swift (in target 'SwiftProtobuf' from project 'SwiftProtobuf')
cd /Users/admin/builder/spi-builder-workspace/.swiftpm/xcode
builtin-SwiftPerFileCompile AsyncMessageSequence.swift
SwiftCompile normal arm64 /Users/admin/builder/spi-builder-workspace/.dependencies/checkouts/swift-protobuf/Sources/SwiftProtobuf/BinaryDecoder.swift (in target 'SwiftProtobuf' from project 'SwiftProtobuf')
cd /Users/admin/builder/spi-builder-workspace/.swiftpm/xcode
builtin-SwiftPerFileCompile BinaryDecoder.swift
SwiftCompile normal arm64 /Users/admin/builder/spi-builder-workspace/.dependencies/checkouts/swift-protobuf/Sources/SwiftProtobuf/BinaryDecodingError.swift (in target 'SwiftProtobuf' from project 'SwiftProtobuf')
cd /Users/admin/builder/spi-builder-workspace/.swiftpm/xcode
builtin-SwiftPerFileCompile BinaryDecodingError.swift
SwiftCompile normal arm64 /Users/admin/builder/spi-builder-workspace/.dependencies/checkouts/swift-protobuf/Sources/SwiftProtobuf/BinaryDecodingOptions.swift (in target 'SwiftProtobuf' from project 'SwiftProtobuf')
cd /Users/admin/builder/spi-builder-workspace/.swiftpm/xcode
builtin-SwiftPerFileCompile BinaryDecodingOptions.swift
SwiftCompile normal arm64 /Users/admin/builder/spi-builder-workspace/.dependencies/checkouts/swift-protobuf/Sources/SwiftProtobuf/BinaryDelimited.swift (in target 'SwiftProtobuf' from project 'SwiftProtobuf')
cd /Users/admin/builder/spi-builder-workspace/.swiftpm/xcode
builtin-SwiftPerFileCompile BinaryDelimited.swift
SwiftCompile normal arm64 /Users/admin/builder/spi-builder-workspace/.dependencies/checkouts/swift-protobuf/Sources/SwiftProtobuf/BinaryEncoder.swift (in target 'SwiftProtobuf' from project 'SwiftProtobuf')
cd /Users/admin/builder/spi-builder-workspace/.swiftpm/xcode
builtin-SwiftPerFileCompile BinaryEncoder.swift
SwiftCompile normal arm64 /Users/admin/builder/spi-builder-workspace/.dependencies/checkouts/swift-protobuf/Sources/SwiftProtobuf/BinaryEncodingError.swift (in target 'SwiftProtobuf' from project 'SwiftProtobuf')
cd /Users/admin/builder/spi-builder-workspace/.swiftpm/xcode
builtin-SwiftPerFileCompile BinaryEncodingError.swift
SwiftDriverJobDiscovery normal arm64_32 Compiling Logger+With.swift (in target 'Logging' from project 'swift-log')
SwiftCompile normal arm64 Compiling\ PathDecoder.swift,\ PathVisitor.swift,\ ProtoNameProviding.swift,\ ProtobufAPIVersionCheck.swift,\ ProtobufMap.swift,\ SelectiveVisitor.swift,\ SimpleExtensionMap.swift,\ StringUtils.swift,\ SwiftProtobufContiguousBytes.swift /Users/admin/builder/spi-builder-workspace/.dependencies/checkouts/swift-protobuf/Sources/SwiftProtobuf/PathDecoder.swift /Users/admin/builder/spi-builder-workspace/.dependencies/checkouts/swift-protobuf/Sources/SwiftProtobuf/PathVisitor.swift /Users/admin/builder/spi-builder-workspace/.dependencies/checkouts/swift-protobuf/Sources/SwiftProtobuf/ProtoNameProviding.swift /Users/admin/builder/spi-builder-workspace/.dependencies/checkouts/swift-protobuf/Sources/SwiftProtobuf/ProtobufAPIVersionCheck.swift /Users/admin/builder/spi-builder-workspace/.dependencies/checkouts/swift-protobuf/Sources/SwiftProtobuf/ProtobufMap.swift /Users/admin/builder/spi-builder-workspace/.dependencies/checkouts/swift-protobuf/Sources/SwiftProtobuf/SelectiveVisitor.swift /Users/admin/builder/spi-builder-workspace/.dependencies/checkouts/swift-protobuf/Sources/SwiftProtobuf/SimpleExtensionMap.swift /Users/admin/builder/spi-builder-workspace/.dependencies/checkouts/swift-protobuf/Sources/SwiftProtobuf/StringUtils.swift /Users/admin/builder/spi-builder-workspace/.dependencies/checkouts/swift-protobuf/Sources/SwiftProtobuf/SwiftProtobufContiguousBytes.swift (in target 'SwiftProtobuf' from project 'SwiftProtobuf')
SwiftCompile normal arm64 /Users/admin/builder/spi-builder-workspace/.dependencies/checkouts/swift-protobuf/Sources/SwiftProtobuf/PathDecoder.swift (in target 'SwiftProtobuf' from project 'SwiftProtobuf')
cd /Users/admin/builder/spi-builder-workspace/.swiftpm/xcode
builtin-SwiftPerFileCompile PathDecoder.swift
SwiftCompile normal arm64 /Users/admin/builder/spi-builder-workspace/.dependencies/checkouts/swift-protobuf/Sources/SwiftProtobuf/PathVisitor.swift (in target 'SwiftProtobuf' from project 'SwiftProtobuf')
cd /Users/admin/builder/spi-builder-workspace/.swiftpm/xcode
builtin-SwiftPerFileCompile PathVisitor.swift
SwiftCompile normal arm64 /Users/admin/builder/spi-builder-workspace/.dependencies/checkouts/swift-protobuf/Sources/SwiftProtobuf/ProtoNameProviding.swift (in target 'SwiftProtobuf' from project 'SwiftProtobuf')
cd /Users/admin/builder/spi-builder-workspace/.swiftpm/xcode
builtin-SwiftPerFileCompile ProtoNameProviding.swift
SwiftCompile normal arm64 /Users/admin/builder/spi-builder-workspace/.dependencies/checkouts/swift-protobuf/Sources/SwiftProtobuf/ProtobufAPIVersionCheck.swift (in target 'SwiftProtobuf' from project 'SwiftProtobuf')
cd /Users/admin/builder/spi-builder-workspace/.swiftpm/xcode
builtin-SwiftPerFileCompile ProtobufAPIVersionCheck.swift
SwiftCompile normal arm64 /Users/admin/builder/spi-builder-workspace/.dependencies/checkouts/swift-protobuf/Sources/SwiftProtobuf/ProtobufMap.swift (in target 'SwiftProtobuf' from project 'SwiftProtobuf')
cd /Users/admin/builder/spi-builder-workspace/.swiftpm/xcode
builtin-SwiftPerFileCompile ProtobufMap.swift
SwiftCompile normal arm64 /Users/admin/builder/spi-builder-workspace/.dependencies/checkouts/swift-protobuf/Sources/SwiftProtobuf/SelectiveVisitor.swift (in target 'SwiftProtobuf' from project 'SwiftProtobuf')
cd /Users/admin/builder/spi-builder-workspace/.swiftpm/xcode
builtin-SwiftPerFileCompile SelectiveVisitor.swift
SwiftCompile normal arm64 /Users/admin/builder/spi-builder-workspace/.dependencies/checkouts/swift-protobuf/Sources/SwiftProtobuf/SimpleExtensionMap.swift (in target 'SwiftProtobuf' from project 'SwiftProtobuf')
cd /Users/admin/builder/spi-builder-workspace/.swiftpm/xcode
builtin-SwiftPerFileCompile SimpleExtensionMap.swift
SwiftCompile normal arm64 /Users/admin/builder/spi-builder-workspace/.dependencies/checkouts/swift-protobuf/Sources/SwiftProtobuf/StringUtils.swift (in target 'SwiftProtobuf' from project 'SwiftProtobuf')
cd /Users/admin/builder/spi-builder-workspace/.swiftpm/xcode
builtin-SwiftPerFileCompile StringUtils.swift
SwiftCompile normal arm64 /Users/admin/builder/spi-builder-workspace/.dependencies/checkouts/swift-protobuf/Sources/SwiftProtobuf/SwiftProtobufContiguousBytes.swift (in target 'SwiftProtobuf' from project 'SwiftProtobuf')
cd /Users/admin/builder/spi-builder-workspace/.swiftpm/xcode
builtin-SwiftPerFileCompile SwiftProtobufContiguousBytes.swift
SwiftEmitModule normal arm64_32 Emitting\ module\ for\ SwiftProtobuf (in target 'SwiftProtobuf' from project 'SwiftProtobuf')
SwiftCompile normal arm64_32 (in target 'SwiftProtobuf' from project 'SwiftProtobuf')
cd /Users/admin/builder/spi-builder-workspace/.swiftpm/xcode
SwiftDriverJobDiscovery normal arm64 Compiling UnknownStorage.swift, UnsafeRawPointer+Shims.swift, Varint.swift, Version.swift, Visitor.swift, WireFormat.swift, ZigZag.swift, any.pb.swift, api.pb.swift (in target 'SwiftProtobuf' from project 'SwiftProtobuf')
SwiftCompile normal arm64_32 Compiling\ JSONEncoder.swift,\ JSONEncodingError.swift,\ JSONEncodingOptions.swift,\ JSONEncodingVisitor.swift,\ JSONMapEncodingVisitor.swift,\ JSONScanner.swift,\ MathUtils.swift,\ Message+AnyAdditions.swift,\ Message+BinaryAdditions.swift,\ Message+BinaryAdditions_Data.swift /Users/admin/builder/spi-builder-workspace/.dependencies/checkouts/swift-protobuf/Sources/SwiftProtobuf/JSONEncoder.swift /Users/admin/builder/spi-builder-workspace/.dependencies/checkouts/swift-protobuf/Sources/SwiftProtobuf/JSONEncodingError.swift /Users/admin/builder/spi-builder-workspace/.dependencies/checkouts/swift-protobuf/Sources/SwiftProtobuf/JSONEncodingOptions.swift /Users/admin/builder/spi-builder-workspace/.dependencies/checkouts/swift-protobuf/Sources/SwiftProtobuf/JSONEncodingVisitor.swift /Users/admin/builder/spi-builder-workspace/.dependencies/checkouts/swift-protobuf/Sources/SwiftProtobuf/JSONMapEncodingVisitor.swift /Users/admin/builder/spi-builder-workspace/.dependencies/checkouts/swift-protobuf/Sources/SwiftProtobuf/JSONScanner.swift /Users/admin/builder/spi-builder-workspace/.dependencies/checkouts/swift-protobuf/Sources/SwiftProtobuf/MathUtils.swift /Users/admin/builder/spi-builder-workspace/.dependencies/checkouts/swift-protobuf/Sources/SwiftProtobuf/Message+AnyAdditions.swift /Users/admin/builder/spi-builder-workspace/.dependencies/checkouts/swift-protobuf/Sources/SwiftProtobuf/Message+BinaryAdditions.swift /Users/admin/builder/spi-builder-workspace/.dependencies/checkouts/swift-protobuf/Sources/SwiftProtobuf/Message+BinaryAdditions_Data.swift (in target 'SwiftProtobuf' from project 'SwiftProtobuf')
SwiftCompile normal arm64_32 /Users/admin/builder/spi-builder-workspace/.dependencies/checkouts/swift-protobuf/Sources/SwiftProtobuf/JSONEncoder.swift (in target 'SwiftProtobuf' from project 'SwiftProtobuf')
cd /Users/admin/builder/spi-builder-workspace/.swiftpm/xcode
builtin-SwiftPerFileCompile JSONEncoder.swift
SwiftCompile normal arm64_32 /Users/admin/builder/spi-builder-workspace/.dependencies/checkouts/swift-protobuf/Sources/SwiftProtobuf/JSONEncodingError.swift (in target 'SwiftProtobuf' from project 'SwiftProtobuf')
cd /Users/admin/builder/spi-builder-workspace/.swiftpm/xcode
builtin-SwiftPerFileCompile JSONEncodingError.swift
SwiftCompile normal arm64_32 /Users/admin/builder/spi-builder-workspace/.dependencies/checkouts/swift-protobuf/Sources/SwiftProtobuf/JSONEncodingOptions.swift (in target 'SwiftProtobuf' from project 'SwiftProtobuf')
cd /Users/admin/builder/spi-builder-workspace/.swiftpm/xcode
builtin-SwiftPerFileCompile JSONEncodingOptions.swift
SwiftCompile normal arm64_32 /Users/admin/builder/spi-builder-workspace/.dependencies/checkouts/swift-protobuf/Sources/SwiftProtobuf/JSONEncodingVisitor.swift (in target 'SwiftProtobuf' from project 'SwiftProtobuf')
cd /Users/admin/builder/spi-builder-workspace/.swiftpm/xcode
builtin-SwiftPerFileCompile JSONEncodingVisitor.swift
SwiftCompile normal arm64_32 /Users/admin/builder/spi-builder-workspace/.dependencies/checkouts/swift-protobuf/Sources/SwiftProtobuf/JSONMapEncodingVisitor.swift (in target 'SwiftProtobuf' from project 'SwiftProtobuf')
cd /Users/admin/builder/spi-builder-workspace/.swiftpm/xcode
builtin-SwiftPerFileCompile JSONMapEncodingVisitor.swift
SwiftCompile normal arm64_32 /Users/admin/builder/spi-builder-workspace/.dependencies/checkouts/swift-protobuf/Sources/SwiftProtobuf/JSONScanner.swift (in target 'SwiftProtobuf' from project 'SwiftProtobuf')
cd /Users/admin/builder/spi-builder-workspace/.swiftpm/xcode
builtin-SwiftPerFileCompile JSONScanner.swift
SwiftCompile normal arm64_32 /Users/admin/builder/spi-builder-workspace/.dependencies/checkouts/swift-protobuf/Sources/SwiftProtobuf/MathUtils.swift (in target 'SwiftProtobuf' from project 'SwiftProtobuf')
cd /Users/admin/builder/spi-builder-workspace/.swiftpm/xcode
builtin-SwiftPerFileCompile MathUtils.swift
SwiftCompile normal arm64_32 /Users/admin/builder/spi-builder-workspace/.dependencies/checkouts/swift-protobuf/Sources/SwiftProtobuf/Message+AnyAdditions.swift (in target 'SwiftProtobuf' from project 'SwiftProtobuf')
cd /Users/admin/builder/spi-builder-workspace/.swiftpm/xcode
builtin-SwiftPerFileCompile Message+AnyAdditions.swift
SwiftCompile normal arm64_32 /Users/admin/builder/spi-builder-workspace/.dependencies/checkouts/swift-protobuf/Sources/SwiftProtobuf/Message+BinaryAdditions.swift (in target 'SwiftProtobuf' from project 'SwiftProtobuf')
cd /Users/admin/builder/spi-builder-workspace/.swiftpm/xcode
builtin-SwiftPerFileCompile Message+BinaryAdditions.swift
SwiftCompile normal arm64_32 /Users/admin/builder/spi-builder-workspace/.dependencies/checkouts/swift-protobuf/Sources/SwiftProtobuf/Message+BinaryAdditions_Data.swift (in target 'SwiftProtobuf' from project 'SwiftProtobuf')
cd /Users/admin/builder/spi-builder-workspace/.swiftpm/xcode
builtin-SwiftPerFileCompile Message+BinaryAdditions_Data.swift
SwiftDriverJobDiscovery normal arm64 Compiling Message+FieldMask.swift, Message+JSONAdditions.swift, Message+JSONAdditions_Data.swift, Message+JSONArrayAdditions.swift, Message+JSONArrayAdditions_Data.swift, Message+TextFormatAdditions.swift, Message.swift, MessageExtension.swift, NameMap.swift (in target 'SwiftProtobuf' from project 'SwiftProtobuf')
SwiftCompile normal arm64_32 Compiling\ descriptor.pb.swift,\ duration.pb.swift,\ empty.pb.swift,\ field_mask.pb.swift,\ source_context.pb.swift,\ struct.pb.swift,\ timestamp.pb.swift,\ type.pb.swift,\ wrappers.pb.swift /Users/admin/builder/spi-builder-workspace/.dependencies/checkouts/swift-protobuf/Sources/SwiftProtobuf/descriptor.pb.swift /Users/admin/builder/spi-builder-workspace/.dependencies/checkouts/swift-protobuf/Sources/SwiftProtobuf/duration.pb.swift /Users/admin/builder/spi-builder-workspace/.dependencies/checkouts/swift-protobuf/Sources/SwiftProtobuf/empty.pb.swift /Users/admin/builder/spi-builder-workspace/.dependencies/checkouts/swift-protobuf/Sources/SwiftProtobuf/field_mask.pb.swift /Users/admin/builder/spi-builder-workspace/.dependencies/checkouts/swift-protobuf/Sources/SwiftProtobuf/source_context.pb.swift /Users/admin/builder/spi-builder-workspace/.dependencies/checkouts/swift-protobuf/Sources/SwiftProtobuf/struct.pb.swift /Users/admin/builder/spi-builder-workspace/.dependencies/checkouts/swift-protobuf/Sources/SwiftProtobuf/timestamp.pb.swift /Users/admin/builder/spi-builder-workspace/.dependencies/checkouts/swift-protobuf/Sources/SwiftProtobuf/type.pb.swift /Users/admin/builder/spi-builder-workspace/.dependencies/checkouts/swift-protobuf/Sources/SwiftProtobuf/wrappers.pb.swift (in target 'SwiftProtobuf' from project 'SwiftProtobuf')
SwiftCompile normal arm64_32 /Users/admin/builder/spi-builder-workspace/.dependencies/checkouts/swift-protobuf/Sources/SwiftProtobuf/descriptor.pb.swift (in target 'SwiftProtobuf' from project 'SwiftProtobuf')
cd /Users/admin/builder/spi-builder-workspace/.swiftpm/xcode
builtin-SwiftPerFileCompile descriptor.pb.swift
SwiftCompile normal arm64_32 /Users/admin/builder/spi-builder-workspace/.dependencies/checkouts/swift-protobuf/Sources/SwiftProtobuf/duration.pb.swift (in target 'SwiftProtobuf' from project 'SwiftProtobuf')
cd /Users/admin/builder/spi-builder-workspace/.swiftpm/xcode
builtin-SwiftPerFileCompile duration.pb.swift
SwiftCompile normal arm64_32 /Users/admin/builder/spi-builder-workspace/.dependencies/checkouts/swift-protobuf/Sources/SwiftProtobuf/empty.pb.swift (in target 'SwiftProtobuf' from project 'SwiftProtobuf')
cd /Users/admin/builder/spi-builder-workspace/.swiftpm/xcode
builtin-SwiftPerFileCompile empty.pb.swift
SwiftCompile normal arm64_32 /Users/admin/builder/spi-builder-workspace/.dependencies/checkouts/swift-protobuf/Sources/SwiftProtobuf/field_mask.pb.swift (in target 'SwiftProtobuf' from project 'SwiftProtobuf')
cd /Users/admin/builder/spi-builder-workspace/.swiftpm/xcode
builtin-SwiftPerFileCompile field_mask.pb.swift
SwiftCompile normal arm64_32 /Users/admin/builder/spi-builder-workspace/.dependencies/checkouts/swift-protobuf/Sources/SwiftProtobuf/source_context.pb.swift (in target 'SwiftProtobuf' from project 'SwiftProtobuf')
cd /Users/admin/builder/spi-builder-workspace/.swiftpm/xcode
builtin-SwiftPerFileCompile source_context.pb.swift
SwiftCompile normal arm64_32 /Users/admin/builder/spi-builder-workspace/.dependencies/checkouts/swift-protobuf/Sources/SwiftProtobuf/struct.pb.swift (in target 'SwiftProtobuf' from project 'SwiftProtobuf')
cd /Users/admin/builder/spi-builder-workspace/.swiftpm/xcode
builtin-SwiftPerFileCompile struct.pb.swift
SwiftCompile normal arm64_32 /Users/admin/builder/spi-builder-workspace/.dependencies/checkouts/swift-protobuf/Sources/SwiftProtobuf/timestamp.pb.swift (in target 'SwiftProtobuf' from project 'SwiftProtobuf')
cd /Users/admin/builder/spi-builder-workspace/.swiftpm/xcode
builtin-SwiftPerFileCompile timestamp.pb.swift
SwiftCompile normal arm64_32 /Users/admin/builder/spi-builder-workspace/.dependencies/checkouts/swift-protobuf/Sources/SwiftProtobuf/type.pb.swift (in target 'SwiftProtobuf' from project 'SwiftProtobuf')
cd /Users/admin/builder/spi-builder-workspace/.swiftpm/xcode
builtin-SwiftPerFileCompile type.pb.swift
SwiftCompile normal arm64_32 /Users/admin/builder/spi-builder-workspace/.dependencies/checkouts/swift-protobuf/Sources/SwiftProtobuf/wrappers.pb.swift (in target 'SwiftProtobuf' from project 'SwiftProtobuf')
cd /Users/admin/builder/spi-builder-workspace/.swiftpm/xcode
builtin-SwiftPerFileCompile wrappers.pb.swift
SwiftDriverJobDiscovery normal arm64 Compiling PathDecoder.swift, PathVisitor.swift, ProtoNameProviding.swift, ProtobufAPIVersionCheck.swift, ProtobufMap.swift, SelectiveVisitor.swift, SimpleExtensionMap.swift, StringUtils.swift, SwiftProtobufContiguousBytes.swift (in target 'SwiftProtobuf' from project 'SwiftProtobuf')
SwiftCompile normal arm64_32 Compiling\ BinaryEncodingOptions.swift,\ BinaryEncodingSizeVisitor.swift,\ BinaryEncodingVisitor.swift,\ BytecodeInterpreter.swift,\ BytecodeReader.swift,\ CustomJSONCodable.swift,\ Decoder.swift,\ DoubleParser.swift,\ Enum.swift,\ ExtensibleMessage.swift /Users/admin/builder/spi-builder-workspace/.dependencies/checkouts/swift-protobuf/Sources/SwiftProtobuf/BinaryEncodingOptions.swift /Users/admin/builder/spi-builder-workspace/.dependencies/checkouts/swift-protobuf/Sources/SwiftProtobuf/BinaryEncodingSizeVisitor.swift /Users/admin/builder/spi-builder-workspace/.dependencies/checkouts/swift-protobuf/Sources/SwiftProtobuf/BinaryEncodingVisitor.swift /Users/admin/builder/spi-builder-workspace/.dependencies/checkouts/swift-protobuf/Sources/SwiftProtobuf/BytecodeInterpreter.swift /Users/admin/builder/spi-builder-workspace/.dependencies/checkouts/swift-protobuf/Sources/SwiftProtobuf/BytecodeReader.swift /Users/admin/builder/spi-builder-workspace/.dependencies/checkouts/swift-protobuf/Sources/SwiftProtobuf/CustomJSONCodable.swift /Users/admin/builder/spi-builder-workspace/.dependencies/checkouts/swift-protobuf/Sources/SwiftProtobuf/Decoder.swift /Users/admin/builder/spi-builder-workspace/.dependencies/checkouts/swift-protobuf/Sources/SwiftProtobuf/DoubleParser.swift /Users/admin/builder/spi-builder-workspace/.dependencies/checkouts/swift-protobuf/Sources/SwiftProtobuf/Enum.swift /Users/admin/builder/spi-builder-workspace/.dependencies/checkouts/swift-protobuf/Sources/SwiftProtobuf/ExtensibleMessage.swift (in target 'SwiftProtobuf' from project 'SwiftProtobuf')
SwiftCompile normal arm64_32 /Users/admin/builder/spi-builder-workspace/.dependencies/checkouts/swift-protobuf/Sources/SwiftProtobuf/BinaryEncodingOptions.swift (in target 'SwiftProtobuf' from project 'SwiftProtobuf')
cd /Users/admin/builder/spi-builder-workspace/.swiftpm/xcode
builtin-SwiftPerFileCompile BinaryEncodingOptions.swift
SwiftCompile normal arm64_32 /Users/admin/builder/spi-builder-workspace/.dependencies/checkouts/swift-protobuf/Sources/SwiftProtobuf/BinaryEncodingSizeVisitor.swift (in target 'SwiftProtobuf' from project 'SwiftProtobuf')
cd /Users/admin/builder/spi-builder-workspace/.swiftpm/xcode
builtin-SwiftPerFileCompile BinaryEncodingSizeVisitor.swift
SwiftCompile normal arm64_32 /Users/admin/builder/spi-builder-workspace/.dependencies/checkouts/swift-protobuf/Sources/SwiftProtobuf/BinaryEncodingVisitor.swift (in target 'SwiftProtobuf' from project 'SwiftProtobuf')
cd /Users/admin/builder/spi-builder-workspace/.swiftpm/xcode
builtin-SwiftPerFileCompile BinaryEncodingVisitor.swift
SwiftCompile normal arm64_32 /Users/admin/builder/spi-builder-workspace/.dependencies/checkouts/swift-protobuf/Sources/SwiftProtobuf/BytecodeInterpreter.swift (in target 'SwiftProtobuf' from project 'SwiftProtobuf')
cd /Users/admin/builder/spi-builder-workspace/.swiftpm/xcode
builtin-SwiftPerFileCompile BytecodeInterpreter.swift
SwiftCompile normal arm64_32 /Users/admin/builder/spi-builder-workspace/.dependencies/checkouts/swift-protobuf/Sources/SwiftProtobuf/BytecodeReader.swift (in target 'SwiftProtobuf' from project 'SwiftProtobuf')
cd /Users/admin/builder/spi-builder-workspace/.swiftpm/xcode
builtin-SwiftPerFileCompile BytecodeReader.swift
SwiftCompile normal arm64_32 /Users/admin/builder/spi-builder-workspace/.dependencies/checkouts/swift-protobuf/Sources/SwiftProtobuf/CustomJSONCodable.swift (in target 'SwiftProtobuf' from project 'SwiftProtobuf')
cd /Users/admin/builder/spi-builder-workspace/.swiftpm/xcode
builtin-SwiftPerFileCompile CustomJSONCodable.swift
SwiftCompile normal arm64_32 /Users/admin/builder/spi-builder-workspace/.dependencies/checkouts/swift-protobuf/Sources/SwiftProtobuf/Decoder.swift (in target 'SwiftProtobuf' from project 'SwiftProtobuf')
cd /Users/admin/builder/spi-builder-workspace/.swiftpm/xcode
builtin-SwiftPerFileCompile Decoder.swift
SwiftCompile normal arm64_32 /Users/admin/builder/spi-builder-workspace/.dependencies/checkouts/swift-protobuf/Sources/SwiftProtobuf/DoubleParser.swift (in target 'SwiftProtobuf' from project 'SwiftProtobuf')
cd /Users/admin/builder/spi-builder-workspace/.swiftpm/xcode
builtin-SwiftPerFileCompile DoubleParser.swift
SwiftCompile normal arm64_32 /Users/admin/builder/spi-builder-workspace/.dependencies/checkouts/swift-protobuf/Sources/SwiftProtobuf/Enum.swift (in target 'SwiftProtobuf' from project 'SwiftProtobuf')
cd /Users/admin/builder/spi-builder-workspace/.swiftpm/xcode
builtin-SwiftPerFileCompile Enum.swift
SwiftCompile normal arm64_32 /Users/admin/builder/spi-builder-workspace/.dependencies/checkouts/swift-protobuf/Sources/SwiftProtobuf/ExtensibleMessage.swift (in target 'SwiftProtobuf' from project 'SwiftProtobuf')
cd /Users/admin/builder/spi-builder-workspace/.swiftpm/xcode
builtin-SwiftPerFileCompile ExtensibleMessage.swift
SwiftDriverJobDiscovery normal arm64 Compiling Google_Protobuf_NullValue+Extensions.swift, Google_Protobuf_Struct+Extensions.swift, Google_Protobuf_Timestamp+Extensions.swift, Google_Protobuf_Value+Extensions.swift, Google_Protobuf_Wrappers+Extensions.swift, HashVisitor.swift, Internal.swift, JSONDecoder.swift, JSONDecodingError.swift, JSONDecodingOptions.swift (in target 'SwiftProtobuf' from project 'SwiftProtobuf')
SwiftCompile normal arm64_32 Compiling\ Google_Protobuf_NullValue+Extensions.swift,\ Google_Protobuf_Struct+Extensions.swift,\ Google_Protobuf_Timestamp+Extensions.swift,\ Google_Protobuf_Value+Extensions.swift,\ Google_Protobuf_Wrappers+Extensions.swift,\ HashVisitor.swift,\ Internal.swift,\ JSONDecoder.swift,\ JSONDecodingError.swift,\ JSONDecodingOptions.swift /Users/admin/builder/spi-builder-workspace/.dependencies/checkouts/swift-protobuf/Sources/SwiftProtobuf/Google_Protobuf_NullValue+Extensions.swift /Users/admin/builder/spi-builder-workspace/.dependencies/checkouts/swift-protobuf/Sources/SwiftProtobuf/Google_Protobuf_Struct+Extensions.swift /Users/admin/builder/spi-builder-workspace/.dependencies/checkouts/swift-protobuf/Sources/SwiftProtobuf/Google_Protobuf_Timestamp+Extensions.swift /Users/admin/builder/spi-builder-workspace/.dependencies/checkouts/swift-protobuf/Sources/SwiftProtobuf/Google_Protobuf_Value+Extensions.swift /Users/admin/builder/spi-builder-workspace/.dependencies/checkouts/swift-protobuf/Sources/SwiftProtobuf/Google_Protobuf_Wrappers+Extensions.swift /Users/admin/builder/spi-builder-workspace/.dependencies/checkouts/swift-protobuf/Sources/SwiftProtobuf/HashVisitor.swift /Users/admin/builder/spi-builder-workspace/.dependencies/checkouts/swift-protobuf/Sources/SwiftProtobuf/Internal.swift /Users/admin/builder/spi-builder-workspace/.dependencies/checkouts/swift-protobuf/Sources/SwiftProtobuf/JSONDecoder.swift /Users/admin/builder/spi-builder-workspace/.dependencies/checkouts/swift-protobuf/Sources/SwiftProtobuf/JSONDecodingError.swift /Users/admin/builder/spi-builder-workspace/.dependencies/checkouts/swift-protobuf/Sources/SwiftProtobuf/JSONDecodingOptions.swift (in target 'SwiftProtobuf' from project 'SwiftProtobuf')
SwiftCompile normal arm64_32 /Users/admin/builder/spi-builder-workspace/.dependencies/checkouts/swift-protobuf/Sources/SwiftProtobuf/Google_Protobuf_NullValue+Extensions.swift (in target 'SwiftProtobuf' from project 'SwiftProtobuf')
cd /Users/admin/builder/spi-builder-workspace/.swiftpm/xcode
builtin-SwiftPerFileCompile Google_Protobuf_NullValue+Extensions.swift
SwiftCompile normal arm64_32 /Users/admin/builder/spi-builder-workspace/.dependencies/checkouts/swift-protobuf/Sources/SwiftProtobuf/Google_Protobuf_Struct+Extensions.swift (in target 'SwiftProtobuf' from project 'SwiftProtobuf')
cd /Users/admin/builder/spi-builder-workspace/.swiftpm/xcode
builtin-SwiftPerFileCompile Google_Protobuf_Struct+Extensions.swift
SwiftCompile normal arm64_32 /Users/admin/builder/spi-builder-workspace/.dependencies/checkouts/swift-protobuf/Sources/SwiftProtobuf/Google_Protobuf_Timestamp+Extensions.swift (in target 'SwiftProtobuf' from project 'SwiftProtobuf')
cd /Users/admin/builder/spi-builder-workspace/.swiftpm/xcode
builtin-SwiftPerFileCompile Google_Protobuf_Timestamp+Extensions.swift
SwiftCompile normal arm64_32 /Users/admin/builder/spi-builder-workspace/.dependencies/checkouts/swift-protobuf/Sources/SwiftProtobuf/Google_Protobuf_Value+Extensions.swift (in target 'SwiftProtobuf' from project 'SwiftProtobuf')
cd /Users/admin/builder/spi-builder-workspace/.swiftpm/xcode
builtin-SwiftPerFileCompile Google_Protobuf_Value+Extensions.swift
SwiftCompile normal arm64_32 /Users/admin/builder/spi-builder-workspace/.dependencies/checkouts/swift-protobuf/Sources/SwiftProtobuf/Google_Protobuf_Wrappers+Extensions.swift (in target 'SwiftProtobuf' from project 'SwiftProtobuf')
cd /Users/admin/builder/spi-builder-workspace/.swiftpm/xcode
builtin-SwiftPerFileCompile Google_Protobuf_Wrappers+Extensions.swift
SwiftCompile normal arm64_32 /Users/admin/builder/spi-builder-workspace/.dependencies/checkouts/swift-protobuf/Sources/SwiftProtobuf/HashVisitor.swift (in target 'SwiftProtobuf' from project 'SwiftProtobuf')
cd /Users/admin/builder/spi-builder-workspace/.swiftpm/xcode
builtin-SwiftPerFileCompile HashVisitor.swift
SwiftCompile normal arm64_32 /Users/admin/builder/spi-builder-workspace/.dependencies/checkouts/swift-protobuf/Sources/SwiftProtobuf/Internal.swift (in target 'SwiftProtobuf' from project 'SwiftProtobuf')
cd /Users/admin/builder/spi-builder-workspace/.swiftpm/xcode
builtin-SwiftPerFileCompile Internal.swift
SwiftCompile normal arm64_32 /Users/admin/builder/spi-builder-workspace/.dependencies/checkouts/swift-protobuf/Sources/SwiftProtobuf/JSONDecoder.swift (in target 'SwiftProtobuf' from project 'SwiftProtobuf')
cd /Users/admin/builder/spi-builder-workspace/.swiftpm/xcode
builtin-SwiftPerFileCompile JSONDecoder.swift
SwiftCompile normal arm64_32 /Users/admin/builder/spi-builder-workspace/.dependencies/checkouts/swift-protobuf/Sources/SwiftProtobuf/JSONDecodingError.swift (in target 'SwiftProtobuf' from project 'SwiftProtobuf')
cd /Users/admin/builder/spi-builder-workspace/.swiftpm/xcode
builtin-SwiftPerFileCompile JSONDecodingError.swift
SwiftCompile normal arm64_32 /Users/admin/builder/spi-builder-workspace/.dependencies/checkouts/swift-protobuf/Sources/SwiftProtobuf/JSONDecodingOptions.swift (in target 'SwiftProtobuf' from project 'SwiftProtobuf')
cd /Users/admin/builder/spi-builder-workspace/.swiftpm/xcode
builtin-SwiftPerFileCompile JSONDecodingOptions.swift
SwiftDriverJobDiscovery normal arm64 Emitting module for SwiftProtobuf (in target 'SwiftProtobuf' from project 'SwiftProtobuf')
SwiftDriver\ Compilation\ Requirements SwiftProtobuf normal arm64 com.apple.xcode.tools.swift.compiler (in target 'SwiftProtobuf' from project 'SwiftProtobuf')
cd /Users/admin/builder/spi-builder-workspace/.swiftpm/xcode
builtin-Swift-Compilation-Requirements -- /Applications/Xcode-27.0.0-Release.Candidate.app/Contents/Developer/Toolchains/XcodeDefault.xctoolchain/usr/bin/swiftc -parse-as-library -module-name SwiftProtobuf -Onone @/Users/admin/builder/spi-builder-workspace/.derivedData/Build/Intermediates.noindex/SwiftProtobuf.build/Debug-watchos/SwiftProtobuf-t.build/Objects-normal/arm64/SwiftProtobuf.SwiftFileList -DSWIFT_PACKAGE -DDEBUG -DSWIFT_MODULE_RESOURCE_BUNDLE_AVAILABLE -DBinaryDelimitedStreams -DFieldMaskUtilities -DXcode -enable-upcoming-feature ExistentialAny -plugin-path /Applications/Xcode-27.0.0-Release.Candidate.app/Contents/Developer/Toolchains/XcodeDefault.xctoolchain/usr/lib/swift/host/plugins/testing -enable-experimental-feature DebugDescriptionMacro -sdk /Applications/Xcode-27.0.0-Release.Candidate.app/Contents/Developer/Platforms/WatchOS.platform/Developer/SDKs/WatchOS27.0.sdk -target arm64-apple-watchos9.0 -g -module-cache-path /Users/admin/builder/spi-builder-workspace/.derivedData/ModuleCache.noindex -Xfrontend -serialize-debugging-options -profile-coverage-mapping -profile-generate -enable-testing -suppress-warnings -index-store-path /Users/admin/builder/spi-builder-workspace/.derivedData/Index.noindex/DataStore -Xcc -D_LIBCPP_HARDENING_MODE\=_LIBCPP_HARDENING_MODE_DEBUG -swift-version 6 -I /Users/admin/builder/spi-builder-workspace/.derivedData/Build/Products/Debug-watchos -Isystem /Applications/Xcode-27.0.0-Release.Candidate.app/Contents/Developer/Platforms/WatchOS.platform/Developer/usr/lib -F /Users/admin/builder/spi-builder-workspace/.derivedData/Build/Products/Debug-watchos -F /Applications/Xcode-27.0.0-Release.Candidate.app/Contents/Developer/Platforms/WatchOS.platform/Developer/Library/Frameworks -F /Applications/Xcode-27.0.0-Release.Candidate.app/Contents/Developer/Platforms/WatchOS.platform/Developer/SDKs/WatchOS27.0.sdk/Developer/Library/Frameworks -c -j10 -enable-batch-mode -incremental -Xcc -ivfsstatcache -Xcc /Users/admin/builder/spi-builder-workspace/.derivedData/SDKStatCaches.noindex/watchos27.0-24R360-e829b21a6f8c9b70876ba0858053c04477534ef55a1706bf4c1112bbb242f0a2.sdkstatcache -output-file-map /Users/admin/builder/spi-builder-workspace/.derivedData/Build/Intermediates.noindex/SwiftProtobuf.build/Debug-watchos/SwiftProtobuf-t.build/Objects-normal/arm64/SwiftProtobuf-OutputFileMap.json -save-temps -no-color-diagnostics -explicit-module-build -module-cache-path /Users/admin/builder/spi-builder-workspace/.derivedData/Build/Intermediates.noindex/SwiftExplicitPrecompiledModules -clang-scanner-module-cache-path /Users/admin/builder/spi-builder-workspace/.derivedData/ModuleCache.noindex -sdk-module-cache-path /Users/admin/builder/spi-builder-workspace/.derivedData/SDKExplicitPrecompiledModules -emit-dependencies -emit-module -emit-module-path /Users/admin/builder/spi-builder-workspace/.derivedData/Build/Intermediates.noindex/SwiftProtobuf.build/Debug-watchos/SwiftProtobuf-t.build/Objects-normal/arm64/SwiftProtobuf.swiftmodule -serialize-diagnostics -dependency-scan-serialize-diagnostics-path /Users/admin/builder/spi-builder-workspace/.derivedData/Build/Intermediates.noindex/SwiftProtobuf.build/Debug-watchos/SwiftProtobuf-t.build/Objects-normal/arm64/SwiftProtobuf-dependency-scan.dia -user-module-version 1.38.1 -validate-clang-modules-once -clang-build-session-file /Users/admin/builder/spi-builder-workspace/.derivedData/ModuleCache.noindex/Session.modulevalidation -Xcc -fmodules-prune-interval\=86400 -Xcc -fmodules-prune-after\=345600 -package-name swift_protobuf -emit-const-values -const-gather-protocols-list /Users/admin/builder/spi-builder-workspace/.derivedData/Build/Intermediates.noindex/SwiftProtobuf.build/Debug-watchos/SwiftProtobuf-t.build/Objects-normal/arm64/SwiftProtobuf_const_extract_protocols.json -Xcc -I/Users/admin/builder/spi-builder-workspace/.derivedData/Build/Products/Debug-watchos/include -Xcc -I/Users/admin/builder/spi-builder-workspace/.derivedData/Build/Intermediates.noindex/SwiftProtobuf.build/Debug-watchos/SwiftProtobuf-t.build/DerivedSources-normal/arm64 -Xcc -I/Users/admin/builder/spi-builder-workspace/.derivedData/Build/Intermediates.noindex/SwiftProtobuf.build/Debug-watchos/SwiftProtobuf-t.build/DerivedSources/arm64 -Xcc -I/Users/admin/builder/spi-builder-workspace/.derivedData/Build/Intermediates.noindex/SwiftProtobuf.build/Debug-watchos/SwiftProtobuf-t.build/DerivedSources -Xcc -DSWIFT_PACKAGE -Xcc -DDEBUG\=1 -emit-objc-header -emit-objc-header-path /Users/admin/builder/spi-builder-workspace/.derivedData/Build/Intermediates.noindex/SwiftProtobuf.build/Debug-watchos/SwiftProtobuf-t.build/Objects-normal/arm64/SwiftProtobuf-Swift.h -working-directory /Users/admin/builder/spi-builder-workspace/.swiftpm/xcode -experimental-emit-module-separately -disable-cmo
SwiftDriverJobDiscovery normal arm64 Compiling ExtensionFieldValueSet.swift, ExtensionFields.swift, ExtensionMap.swift, FieldTag.swift, FieldTypes.swift, Google_Protobuf_Any+Extensions.swift, Google_Protobuf_Any+Registry.swift, Google_Protobuf_Duration+Extensions.swift, Google_Protobuf_FieldMask+Extensions.swift, Google_Protobuf_ListValue+Extensions.swift (in target 'SwiftProtobuf' from project 'SwiftProtobuf')
SwiftCompile normal arm64_32 Compiling\ Message+FieldMask.swift,\ Message+JSONAdditions.swift,\ Message+JSONAdditions_Data.swift,\ Message+JSONArrayAdditions.swift,\ Message+JSONArrayAdditions_Data.swift,\ Message+TextFormatAdditions.swift,\ Message.swift,\ MessageExtension.swift,\ NameMap.swift /Users/admin/builder/spi-builder-workspace/.dependencies/checkouts/swift-protobuf/Sources/SwiftProtobuf/Message+FieldMask.swift /Users/admin/builder/spi-builder-workspace/.dependencies/checkouts/swift-protobuf/Sources/SwiftProtobuf/Message+JSONAdditions.swift /Users/admin/builder/spi-builder-workspace/.dependencies/checkouts/swift-protobuf/Sources/SwiftProtobuf/Message+JSONAdditions_Data.swift /Users/admin/builder/spi-builder-workspace/.dependencies/checkouts/swift-protobuf/Sources/SwiftProtobuf/Message+JSONArrayAdditions.swift /Users/admin/builder/spi-builder-workspace/.dependencies/checkouts/swift-protobuf/Sources/SwiftProtobuf/Message+JSONArrayAdditions_Data.swift /Users/admin/builder/spi-builder-workspace/.dependencies/checkouts/swift-protobuf/Sources/SwiftProtobuf/Message+TextFormatAdditions.swift /Users/admin/builder/spi-builder-workspace/.dependencies/checkouts/swift-protobuf/Sources/SwiftProtobuf/Message.swift /Users/admin/builder/spi-builder-workspace/.dependencies/checkouts/swift-protobuf/Sources/SwiftProtobuf/MessageExtension.swift /Users/admin/builder/spi-builder-workspace/.dependencies/checkouts/swift-protobuf/Sources/SwiftProtobuf/NameMap.swift (in target 'SwiftProtobuf' from project 'SwiftProtobuf')
SwiftCompile normal arm64_32 /Users/admin/builder/spi-builder-workspace/.dependencies/checkouts/swift-protobuf/Sources/SwiftProtobuf/Message+FieldMask.swift (in target 'SwiftProtobuf' from project 'SwiftProtobuf')
cd /Users/admin/builder/spi-builder-workspace/.swiftpm/xcode
builtin-SwiftPerFileCompile Message+FieldMask.swift
SwiftCompile normal arm64_32 /Users/admin/builder/spi-builder-workspace/.dependencies/checkouts/swift-protobuf/Sources/SwiftProtobuf/Message+JSONAdditions.swift (in target 'SwiftProtobuf' from project 'SwiftProtobuf')
cd /Users/admin/builder/spi-builder-workspace/.swiftpm/xcode
builtin-SwiftPerFileCompile Message+JSONAdditions.swift
SwiftCompile normal arm64_32 /Users/admin/builder/spi-builder-workspace/.dependencies/checkouts/swift-protobuf/Sources/SwiftProtobuf/Message+JSONAdditions_Data.swift (in target 'SwiftProtobuf' from project 'SwiftProtobuf')
cd /Users/admin/builder/spi-builder-workspace/.swiftpm/xcode
builtin-SwiftPerFileCompile Message+JSONAdditions_Data.swift
SwiftCompile normal arm64_32 /Users/admin/builder/spi-builder-workspace/.dependencies/checkouts/swift-protobuf/Sources/SwiftProtobuf/Message+JSONArrayAdditions.swift (in target 'SwiftProtobuf' from project 'SwiftProtobuf')
cd /Users/admin/builder/spi-builder-workspace/.swiftpm/xcode
builtin-SwiftPerFileCompile Message+JSONArrayAdditions.swift
SwiftCompile normal arm64_32 /Users/admin/builder/spi-builder-workspace/.dependencies/checkouts/swift-protobuf/Sources/SwiftProtobuf/Message+JSONArrayAdditions_Data.swift (in target 'SwiftProtobuf' from project 'SwiftProtobuf')
cd /Users/admin/builder/spi-builder-workspace/.swiftpm/xcode
builtin-SwiftPerFileCompile Message+JSONArrayAdditions_Data.swift
SwiftCompile normal arm64_32 /Users/admin/builder/spi-builder-workspace/.dependencies/checkouts/swift-protobuf/Sources/SwiftProtobuf/Message+TextFormatAdditions.swift (in target 'SwiftProtobuf' from project 'SwiftProtobuf')
cd /Users/admin/builder/spi-builder-workspace/.swiftpm/xcode
builtin-SwiftPerFileCompile Message+TextFormatAdditions.swift
SwiftCompile normal arm64_32 /Users/admin/builder/spi-builder-workspace/.dependencies/checkouts/swift-protobuf/Sources/SwiftProtobuf/Message.swift (in target 'SwiftProtobuf' from project 'SwiftProtobuf')
cd /Users/admin/builder/spi-builder-workspace/.swiftpm/xcode
builtin-SwiftPerFileCompile Message.swift
SwiftCompile normal arm64_32 /Users/admin/builder/spi-builder-workspace/.dependencies/checkouts/swift-protobuf/Sources/SwiftProtobuf/MessageExtension.swift (in target 'SwiftProtobuf' from project 'SwiftProtobuf')
cd /Users/admin/builder/spi-builder-workspace/.swiftpm/xcode
builtin-SwiftPerFileCompile MessageExtension.swift
SwiftCompile normal arm64_32 /Users/admin/builder/spi-builder-workspace/.dependencies/checkouts/swift-protobuf/Sources/SwiftProtobuf/NameMap.swift (in target 'SwiftProtobuf' from project 'SwiftProtobuf')
cd /Users/admin/builder/spi-builder-workspace/.swiftpm/xcode
builtin-SwiftPerFileCompile NameMap.swift
SwiftCompile normal arm64_32 Compiling\ PathDecoder.swift,\ PathVisitor.swift,\ ProtoNameProviding.swift,\ ProtobufAPIVersionCheck.swift,\ ProtobufMap.swift,\ SelectiveVisitor.swift,\ SimpleExtensionMap.swift,\ StringUtils.swift,\ SwiftProtobufContiguousBytes.swift /Users/admin/builder/spi-builder-workspace/.dependencies/checkouts/swift-protobuf/Sources/SwiftProtobuf/PathDecoder.swift /Users/admin/builder/spi-builder-workspace/.dependencies/checkouts/swift-protobuf/Sources/SwiftProtobuf/PathVisitor.swift /Users/admin/builder/spi-builder-workspace/.dependencies/checkouts/swift-protobuf/Sources/SwiftProtobuf/ProtoNameProviding.swift /Users/admin/builder/spi-builder-workspace/.dependencies/checkouts/swift-protobuf/Sources/SwiftProtobuf/ProtobufAPIVersionCheck.swift /Users/admin/builder/spi-builder-workspace/.dependencies/checkouts/swift-protobuf/Sources/SwiftProtobuf/ProtobufMap.swift /Users/admin/builder/spi-builder-workspace/.dependencies/checkouts/swift-protobuf/Sources/SwiftProtobuf/SelectiveVisitor.swift /Users/admin/builder/spi-builder-workspace/.dependencies/checkouts/swift-protobuf/Sources/SwiftProtobuf/SimpleExtensionMap.swift /Users/admin/builder/spi-builder-workspace/.dependencies/checkouts/swift-protobuf/Sources/SwiftProtobuf/StringUtils.swift /Users/admin/builder/spi-builder-workspace/.dependencies/checkouts/swift-protobuf/Sources/SwiftProtobuf/SwiftProtobufContiguousBytes.swift (in target 'SwiftProtobuf' from project 'SwiftProtobuf')
SwiftCompile normal arm64_32 /Users/admin/builder/spi-builder-workspace/.dependencies/checkouts/swift-protobuf/Sources/SwiftProtobuf/PathDecoder.swift (in target 'SwiftProtobuf' from project 'SwiftProtobuf')
cd /Users/admin/builder/spi-builder-workspace/.swiftpm/xcode
builtin-SwiftPerFileCompile PathDecoder.swift
SwiftCompile normal arm64_32 /Users/admin/builder/spi-builder-workspace/.dependencies/checkouts/swift-protobuf/Sources/SwiftProtobuf/PathVisitor.swift (in target 'SwiftProtobuf' from project 'SwiftProtobuf')
cd /Users/admin/builder/spi-builder-workspace/.swiftpm/xcode
builtin-SwiftPerFileCompile PathVisitor.swift
SwiftCompile normal arm64_32 /Users/admin/builder/spi-builder-workspace/.dependencies/checkouts/swift-protobuf/Sources/SwiftProtobuf/ProtoNameProviding.swift (in target 'SwiftProtobuf' from project 'SwiftProtobuf')
cd /Users/admin/builder/spi-builder-workspace/.swiftpm/xcode
builtin-SwiftPerFileCompile ProtoNameProviding.swift
SwiftCompile normal arm64_32 /Users/admin/builder/spi-builder-workspace/.dependencies/checkouts/swift-protobuf/Sources/SwiftProtobuf/ProtobufAPIVersionCheck.swift (in target 'SwiftProtobuf' from project 'SwiftProtobuf')
cd /Users/admin/builder/spi-builder-workspace/.swiftpm/xcode
builtin-SwiftPerFileCompile ProtobufAPIVersionCheck.swift
SwiftCompile normal arm64_32 /Users/admin/builder/spi-builder-workspace/.dependencies/checkouts/swift-protobuf/Sources/SwiftProtobuf/ProtobufMap.swift (in target 'SwiftProtobuf' from project 'SwiftProtobuf')
cd /Users/admin/builder/spi-builder-workspace/.swiftpm/xcode
builtin-SwiftPerFileCompile ProtobufMap.swift
SwiftCompile normal arm64_32 /Users/admin/builder/spi-builder-workspace/.dependencies/checkouts/swift-protobuf/Sources/SwiftProtobuf/SelectiveVisitor.swift (in target 'SwiftProtobuf' from project 'SwiftProtobuf')
cd /Users/admin/builder/spi-builder-workspace/.swiftpm/xcode
builtin-SwiftPerFileCompile SelectiveVisitor.swift
SwiftCompile normal arm64_32 /Users/admin/builder/spi-builder-workspace/.dependencies/checkouts/swift-protobuf/Sources/SwiftProtobuf/SimpleExtensionMap.swift (in target 'SwiftProtobuf' from project 'SwiftProtobuf')
cd /Users/admin/builder/spi-builder-workspace/.swiftpm/xcode
builtin-SwiftPerFileCompile SimpleExtensionMap.swift
SwiftCompile normal arm64_32 /Users/admin/builder/spi-builder-workspace/.dependencies/checkouts/swift-protobuf/Sources/SwiftProtobuf/StringUtils.swift (in target 'SwiftProtobuf' from project 'SwiftProtobuf')
cd /Users/admin/builder/spi-builder-workspace/.swiftpm/xcode
builtin-SwiftPerFileCompile StringUtils.swift
SwiftCompile normal arm64_32 /Users/admin/builder/spi-builder-workspace/.dependencies/checkouts/swift-protobuf/Sources/SwiftProtobuf/SwiftProtobufContiguousBytes.swift (in target 'SwiftProtobuf' from project 'SwiftProtobuf')
cd /Users/admin/builder/spi-builder-workspace/.swiftpm/xcode
builtin-SwiftPerFileCompile SwiftProtobufContiguousBytes.swift
SwiftDriverJobDiscovery normal arm64 Compiling JSONEncoder.swift, JSONEncodingError.swift, JSONEncodingOptions.swift, JSONEncodingVisitor.swift, JSONMapEncodingVisitor.swift, JSONScanner.swift, MathUtils.swift, Message+AnyAdditions.swift, Message+BinaryAdditions.swift, Message+BinaryAdditions_Data.swift (in target 'SwiftProtobuf' from project 'SwiftProtobuf')
SwiftDriverJobDiscovery normal arm64 Compiling resource_bundle_accessor.swift, AnyMessageStorage.swift, AnyUnpackError.swift, AsyncMessageSequence.swift, BinaryDecoder.swift, BinaryDecodingError.swift, BinaryDecodingOptions.swift, BinaryDelimited.swift, BinaryEncoder.swift, BinaryEncodingError.swift (in target 'SwiftProtobuf' from project 'SwiftProtobuf')
Copy /Users/admin/builder/spi-builder-workspace/.derivedData/Build/Products/Debug-watchos/SwiftProtobuf.swiftmodule/arm64-apple-watchos.swiftmodule /Users/admin/builder/spi-builder-workspace/.derivedData/Build/Intermediates.noindex/SwiftProtobuf.build/Debug-watchos/SwiftProtobuf-t.build/Objects-normal/arm64/SwiftProtobuf.swiftmodule (in target 'SwiftProtobuf' from project 'SwiftProtobuf')
cd /Users/admin/builder/spi-builder-workspace/.dependencies/checkouts/swift-protobuf
builtin-copy -exclude .DS_Store -exclude CVS -exclude .svn -exclude .git -exclude .hg -resolve-src-symlinks -rename /Users/admin/builder/spi-builder-workspace/.derivedData/Build/Intermediates.noindex/SwiftProtobuf.build/Debug-watchos/SwiftProtobuf-t.build/Objects-normal/arm64/SwiftProtobuf.swiftmodule /Users/admin/builder/spi-builder-workspace/.derivedData/Build/Products/Debug-watchos/SwiftProtobuf.swiftmodule/arm64-apple-watchos.swiftmodule
Copy /Users/admin/builder/spi-builder-workspace/.derivedData/Build/Products/Debug-watchos/SwiftProtobuf.swiftmodule/arm64-apple-watchos.swiftdoc /Users/admin/builder/spi-builder-workspace/.derivedData/Build/Intermediates.noindex/SwiftProtobuf.build/Debug-watchos/SwiftProtobuf-t.build/Objects-normal/arm64/SwiftProtobuf.swiftdoc (in target 'SwiftProtobuf' from project 'SwiftProtobuf')
cd /Users/admin/builder/spi-builder-workspace/.dependencies/checkouts/swift-protobuf
builtin-copy -exclude .DS_Store -exclude CVS -exclude .svn -exclude .git -exclude .hg -resolve-src-symlinks -rename /Users/admin/builder/spi-builder-workspace/.derivedData/Build/Intermediates.noindex/SwiftProtobuf.build/Debug-watchos/SwiftProtobuf-t.build/Objects-normal/arm64/SwiftProtobuf.swiftdoc /Users/admin/builder/spi-builder-workspace/.derivedData/Build/Products/Debug-watchos/SwiftProtobuf.swiftmodule/arm64-apple-watchos.swiftdoc
Copy /Users/admin/builder/spi-builder-workspace/.derivedData/Build/Products/Debug-watchos/SwiftProtobuf.swiftmodule/arm64-apple-watchos.abi.json /Users/admin/builder/spi-builder-workspace/.derivedData/Build/Intermediates.noindex/SwiftProtobuf.build/Debug-watchos/SwiftProtobuf-t.build/Objects-normal/arm64/SwiftProtobuf.abi.json (in target 'SwiftProtobuf' from project 'SwiftProtobuf')
cd /Users/admin/builder/spi-builder-workspace/.dependencies/checkouts/swift-protobuf
builtin-copy -exclude .DS_Store -exclude CVS -exclude .svn -exclude .git -exclude .hg -resolve-src-symlinks -rename /Users/admin/builder/spi-builder-workspace/.derivedData/Build/Intermediates.noindex/SwiftProtobuf.build/Debug-watchos/SwiftProtobuf-t.build/Objects-normal/arm64/SwiftProtobuf.abi.json /Users/admin/builder/spi-builder-workspace/.derivedData/Build/Products/Debug-watchos/SwiftProtobuf.swiftmodule/arm64-apple-watchos.abi.json
Copy /Users/admin/builder/spi-builder-workspace/.derivedData/Build/Products/Debug-watchos/SwiftProtobuf.swiftmodule/Project/arm64-apple-watchos.swiftsourceinfo /Users/admin/builder/spi-builder-workspace/.derivedData/Build/Intermediates.noindex/SwiftProtobuf.build/Debug-watchos/SwiftProtobuf-t.build/Objects-normal/arm64/SwiftProtobuf.swiftsourceinfo (in target 'SwiftProtobuf' from project 'SwiftProtobuf')
cd /Users/admin/builder/spi-builder-workspace/.dependencies/checkouts/swift-protobuf
builtin-copy -exclude .DS_Store -exclude CVS -exclude .svn -exclude .git -exclude .hg -resolve-src-symlinks -rename /Users/admin/builder/spi-builder-workspace/.derivedData/Build/Intermediates.noindex/SwiftProtobuf.build/Debug-watchos/SwiftProtobuf-t.build/Objects-normal/arm64/SwiftProtobuf.swiftsourceinfo /Users/admin/builder/spi-builder-workspace/.derivedData/Build/Products/Debug-watchos/SwiftProtobuf.swiftmodule/Project/arm64-apple-watchos.swiftsourceinfo
SwiftCompile normal arm64_32 Compiling\ UnknownStorage.swift,\ UnsafeRawPointer+Shims.swift,\ Varint.swift,\ Version.swift,\ Visitor.swift,\ WireFormat.swift,\ ZigZag.swift,\ any.pb.swift,\ api.pb.swift /Users/admin/builder/spi-builder-workspace/.dependencies/checkouts/swift-protobuf/Sources/SwiftProtobuf/UnknownStorage.swift /Users/admin/builder/spi-builder-workspace/.dependencies/checkouts/swift-protobuf/Sources/SwiftProtobuf/UnsafeRawPointer+Shims.swift /Users/admin/builder/spi-builder-workspace/.dependencies/checkouts/swift-protobuf/Sources/SwiftProtobuf/Varint.swift /Users/admin/builder/spi-builder-workspace/.dependencies/checkouts/swift-protobuf/Sources/SwiftProtobuf/Version.swift /Users/admin/builder/spi-builder-workspace/.dependencies/checkouts/swift-protobuf/Sources/SwiftProtobuf/Visitor.swift /Users/admin/builder/spi-builder-workspace/.dependencies/checkouts/swift-protobuf/Sources/SwiftProtobuf/WireFormat.swift /Users/admin/builder/spi-builder-workspace/.dependencies/checkouts/swift-protobuf/Sources/SwiftProtobuf/ZigZag.swift /Users/admin/builder/spi-builder-workspace/.dependencies/checkouts/swift-protobuf/Sources/SwiftProtobuf/any.pb.swift /Users/admin/builder/spi-builder-workspace/.dependencies/checkouts/swift-protobuf/Sources/SwiftProtobuf/api.pb.swift (in target 'SwiftProtobuf' from project 'SwiftProtobuf')
SwiftCompile normal arm64_32 /Users/admin/builder/spi-builder-workspace/.dependencies/checkouts/swift-protobuf/Sources/SwiftProtobuf/UnknownStorage.swift (in target 'SwiftProtobuf' from project 'SwiftProtobuf')
cd /Users/admin/builder/spi-builder-workspace/.swiftpm/xcode
builtin-SwiftPerFileCompile UnknownStorage.swift
SwiftCompile normal arm64_32 /Users/admin/builder/spi-builder-workspace/.dependencies/checkouts/swift-protobuf/Sources/SwiftProtobuf/UnsafeRawPointer+Shims.swift (in target 'SwiftProtobuf' from project 'SwiftProtobuf')
cd /Users/admin/builder/spi-builder-workspace/.swiftpm/xcode
builtin-SwiftPerFileCompile UnsafeRawPointer+Shims.swift
SwiftCompile normal arm64_32 /Users/admin/builder/spi-builder-workspace/.dependencies/checkouts/swift-protobuf/Sources/SwiftProtobuf/Varint.swift (in target 'SwiftProtobuf' from project 'SwiftProtobuf')
cd /Users/admin/builder/spi-builder-workspace/.swiftpm/xcode
builtin-SwiftPerFileCompile Varint.swift
SwiftCompile normal arm64_32 /Users/admin/builder/spi-builder-workspace/.dependencies/checkouts/swift-protobuf/Sources/SwiftProtobuf/Version.swift (in target 'SwiftProtobuf' from project 'SwiftProtobuf')
cd /Users/admin/builder/spi-builder-workspace/.swiftpm/xcode
builtin-SwiftPerFileCompile Version.swift
SwiftCompile normal arm64_32 /Users/admin/builder/spi-builder-workspace/.dependencies/checkouts/swift-protobuf/Sources/SwiftProtobuf/Visitor.swift (in target 'SwiftProtobuf' from project 'SwiftProtobuf')
cd /Users/admin/builder/spi-builder-workspace/.swiftpm/xcode
builtin-SwiftPerFileCompile Visitor.swift
SwiftCompile normal arm64_32 /Users/admin/builder/spi-builder-workspace/.dependencies/checkouts/swift-protobuf/Sources/SwiftProtobuf/WireFormat.swift (in target 'SwiftProtobuf' from project 'SwiftProtobuf')
cd /Users/admin/builder/spi-builder-workspace/.swiftpm/xcode
builtin-SwiftPerFileCompile WireFormat.swift
SwiftCompile normal arm64_32 /Users/admin/builder/spi-builder-workspace/.dependencies/checkouts/swift-protobuf/Sources/SwiftProtobuf/ZigZag.swift (in target 'SwiftProtobuf' from project 'SwiftProtobuf')
cd /Users/admin/builder/spi-builder-workspace/.swiftpm/xcode
builtin-SwiftPerFileCompile ZigZag.swift
SwiftCompile normal arm64_32 /Users/admin/builder/spi-builder-workspace/.dependencies/checkouts/swift-protobuf/Sources/SwiftProtobuf/any.pb.swift (in target 'SwiftProtobuf' from project 'SwiftProtobuf')
cd /Users/admin/builder/spi-builder-workspace/.swiftpm/xcode
builtin-SwiftPerFileCompile any.pb.swift
SwiftCompile normal arm64_32 /Users/admin/builder/spi-builder-workspace/.dependencies/checkouts/swift-protobuf/Sources/SwiftProtobuf/api.pb.swift (in target 'SwiftProtobuf' from project 'SwiftProtobuf')
cd /Users/admin/builder/spi-builder-workspace/.swiftpm/xcode
builtin-SwiftPerFileCompile api.pb.swift
SwiftCompile normal arm64_32 Compiling\ ExtensionFieldValueSet.swift,\ ExtensionFields.swift,\ ExtensionMap.swift,\ FieldTag.swift,\ FieldTypes.swift,\ Google_Protobuf_Any+Extensions.swift,\ Google_Protobuf_Any+Registry.swift,\ Google_Protobuf_Duration+Extensions.swift,\ Google_Protobuf_FieldMask+Extensions.swift,\ Google_Protobuf_ListValue+Extensions.swift /Users/admin/builder/spi-builder-workspace/.dependencies/checkouts/swift-protobuf/Sources/SwiftProtobuf/ExtensionFieldValueSet.swift /Users/admin/builder/spi-builder-workspace/.dependencies/checkouts/swift-protobuf/Sources/SwiftProtobuf/ExtensionFields.swift /Users/admin/builder/spi-builder-workspace/.dependencies/checkouts/swift-protobuf/Sources/SwiftProtobuf/ExtensionMap.swift /Users/admin/builder/spi-builder-workspace/.dependencies/checkouts/swift-protobuf/Sources/SwiftProtobuf/FieldTag.swift /Users/admin/builder/spi-builder-workspace/.dependencies/checkouts/swift-protobuf/Sources/SwiftProtobuf/FieldTypes.swift /Users/admin/builder/spi-builder-workspace/.dependencies/checkouts/swift-protobuf/Sources/SwiftProtobuf/Google_Protobuf_Any+Extensions.swift /Users/admin/builder/spi-builder-workspace/.dependencies/checkouts/swift-protobuf/Sources/SwiftProtobuf/Google_Protobuf_Any+Registry.swift /Users/admin/builder/spi-builder-workspace/.dependencies/checkouts/swift-protobuf/Sources/SwiftProtobuf/Google_Protobuf_Duration+Extensions.swift /Users/admin/builder/spi-builder-workspace/.dependencies/checkouts/swift-protobuf/Sources/SwiftProtobuf/Google_Protobuf_FieldMask+Extensions.swift /Users/admin/builder/spi-builder-workspace/.dependencies/checkouts/swift-protobuf/Sources/SwiftProtobuf/Google_Protobuf_ListValue+Extensions.swift (in target 'SwiftProtobuf' from project 'SwiftProtobuf')
SwiftCompile normal arm64_32 /Users/admin/builder/spi-builder-workspace/.dependencies/checkouts/swift-protobuf/Sources/SwiftProtobuf/ExtensionFieldValueSet.swift (in target 'SwiftProtobuf' from project 'SwiftProtobuf')
cd /Users/admin/builder/spi-builder-workspace/.swiftpm/xcode
builtin-SwiftPerFileCompile ExtensionFieldValueSet.swift
SwiftCompile normal arm64_32 /Users/admin/builder/spi-builder-workspace/.dependencies/checkouts/swift-protobuf/Sources/SwiftProtobuf/ExtensionFields.swift (in target 'SwiftProtobuf' from project 'SwiftProtobuf')
cd /Users/admin/builder/spi-builder-workspace/.swiftpm/xcode
builtin-SwiftPerFileCompile ExtensionFields.swift
SwiftCompile normal arm64_32 /Users/admin/builder/spi-builder-workspace/.dependencies/checkouts/swift-protobuf/Sources/SwiftProtobuf/ExtensionMap.swift (in target 'SwiftProtobuf' from project 'SwiftProtobuf')
cd /Users/admin/builder/spi-builder-workspace/.swiftpm/xcode
builtin-SwiftPerFileCompile ExtensionMap.swift
SwiftCompile normal arm64_32 /Users/admin/builder/spi-builder-workspace/.dependencies/checkouts/swift-protobuf/Sources/SwiftProtobuf/FieldTag.swift (in target 'SwiftProtobuf' from project 'SwiftProtobuf')
cd /Users/admin/builder/spi-builder-workspace/.swiftpm/xcode
builtin-SwiftPerFileCompile FieldTag.swift
SwiftCompile normal arm64_32 /Users/admin/builder/spi-builder-workspace/.dependencies/checkouts/swift-protobuf/Sources/SwiftProtobuf/FieldTypes.swift (in target 'SwiftProtobuf' from project 'SwiftProtobuf')
cd /Users/admin/builder/spi-builder-workspace/.swiftpm/xcode
builtin-SwiftPerFileCompile FieldTypes.swift
SwiftCompile normal arm64_32 /Users/admin/builder/spi-builder-workspace/.dependencies/checkouts/swift-protobuf/Sources/SwiftProtobuf/Google_Protobuf_Any+Extensions.swift (in target 'SwiftProtobuf' from project 'SwiftProtobuf')
cd /Users/admin/builder/spi-builder-workspace/.swiftpm/xcode
builtin-SwiftPerFileCompile Google_Protobuf_Any+Extensions.swift
SwiftCompile normal arm64_32 /Users/admin/builder/spi-builder-workspace/.dependencies/checkouts/swift-protobuf/Sources/SwiftProtobuf/Google_Protobuf_Any+Registry.swift (in target 'SwiftProtobuf' from project 'SwiftProtobuf')
cd /Users/admin/builder/spi-builder-workspace/.swiftpm/xcode
builtin-SwiftPerFileCompile Google_Protobuf_Any+Registry.swift
SwiftCompile normal arm64_32 /Users/admin/builder/spi-builder-workspace/.dependencies/checkouts/swift-protobuf/Sources/SwiftProtobuf/Google_Protobuf_Duration+Extensions.swift (in target 'SwiftProtobuf' from project 'SwiftProtobuf')
cd /Users/admin/builder/spi-builder-workspace/.swiftpm/xcode
builtin-SwiftPerFileCompile Google_Protobuf_Duration+Extensions.swift
SwiftCompile normal arm64_32 /Users/admin/builder/spi-builder-workspace/.dependencies/checkouts/swift-protobuf/Sources/SwiftProtobuf/Google_Protobuf_FieldMask+Extensions.swift (in target 'SwiftProtobuf' from project 'SwiftProtobuf')
cd /Users/admin/builder/spi-builder-workspace/.swiftpm/xcode
builtin-SwiftPerFileCompile Google_Protobuf_FieldMask+Extensions.swift
SwiftCompile normal arm64_32 /Users/admin/builder/spi-builder-workspace/.dependencies/checkouts/swift-protobuf/Sources/SwiftProtobuf/Google_Protobuf_ListValue+Extensions.swift (in target 'SwiftProtobuf' from project 'SwiftProtobuf')
cd /Users/admin/builder/spi-builder-workspace/.swiftpm/xcode
builtin-SwiftPerFileCompile Google_Protobuf_ListValue+Extensions.swift
SwiftDriverJobDiscovery normal arm64 Compiling SwiftProtobufError.swift, TextFormatDecoder.swift, TextFormatDecodingError.swift, TextFormatDecodingOptions.swift, TextFormatEncoder.swift, TextFormatEncodingOptions.swift, TextFormatEncodingVisitor.swift, TextFormatScanner.swift, TimeUtils.swift (in target 'SwiftProtobuf' from project 'SwiftProtobuf')
SwiftCompile normal arm64_32 Compiling\ resource_bundle_accessor.swift,\ AnyMessageStorage.swift,\ AnyUnpackError.swift,\ AsyncMessageSequence.swift,\ BinaryDecoder.swift,\ BinaryDecodingError.swift,\ BinaryDecodingOptions.swift,\ BinaryDelimited.swift,\ BinaryEncoder.swift,\ BinaryEncodingError.swift /Users/admin/builder/spi-builder-workspace/.derivedData/Build/Intermediates.noindex/SwiftProtobuf.build/Debug-watchos/SwiftProtobuf-t.build/DerivedSources/resource_bundle_accessor.swift /Users/admin/builder/spi-builder-workspace/.dependencies/checkouts/swift-protobuf/Sources/SwiftProtobuf/AnyMessageStorage.swift /Users/admin/builder/spi-builder-workspace/.dependencies/checkouts/swift-protobuf/Sources/SwiftProtobuf/AnyUnpackError.swift /Users/admin/builder/spi-builder-workspace/.dependencies/checkouts/swift-protobuf/Sources/SwiftProtobuf/AsyncMessageSequence.swift /Users/admin/builder/spi-builder-workspace/.dependencies/checkouts/swift-protobuf/Sources/SwiftProtobuf/BinaryDecoder.swift /Users/admin/builder/spi-builder-workspace/.dependencies/checkouts/swift-protobuf/Sources/SwiftProtobuf/BinaryDecodingError.swift /Users/admin/builder/spi-builder-workspace/.dependencies/checkouts/swift-protobuf/Sources/SwiftProtobuf/BinaryDecodingOptions.swift /Users/admin/builder/spi-builder-workspace/.dependencies/checkouts/swift-protobuf/Sources/SwiftProtobuf/BinaryDelimited.swift /Users/admin/builder/spi-builder-workspace/.dependencies/checkouts/swift-protobuf/Sources/SwiftProtobuf/BinaryEncoder.swift /Users/admin/builder/spi-builder-workspace/.dependencies/checkouts/swift-protobuf/Sources/SwiftProtobuf/BinaryEncodingError.swift (in target 'SwiftProtobuf' from project 'SwiftProtobuf')
SwiftCompile normal arm64_32 /Users/admin/builder/spi-builder-workspace/.derivedData/Build/Intermediates.noindex/SwiftProtobuf.build/Debug-watchos/SwiftProtobuf-t.build/DerivedSources/resource_bundle_accessor.swift (in target 'SwiftProtobuf' from project 'SwiftProtobuf')
cd /Users/admin/builder/spi-builder-workspace/.swiftpm/xcode
builtin-SwiftPerFileCompile resource_bundle_accessor.swift
SwiftCompile normal arm64_32 /Users/admin/builder/spi-builder-workspace/.dependencies/checkouts/swift-protobuf/Sources/SwiftProtobuf/AnyMessageStorage.swift (in target 'SwiftProtobuf' from project 'SwiftProtobuf')
cd /Users/admin/builder/spi-builder-workspace/.swiftpm/xcode
builtin-SwiftPerFileCompile AnyMessageStorage.swift
SwiftCompile normal arm64_32 /Users/admin/builder/spi-builder-workspace/.dependencies/checkouts/swift-protobuf/Sources/SwiftProtobuf/AnyUnpackError.swift (in target 'SwiftProtobuf' from project 'SwiftProtobuf')
cd /Users/admin/builder/spi-builder-workspace/.swiftpm/xcode
builtin-SwiftPerFileCompile AnyUnpackError.swift
SwiftCompile normal arm64_32 /Users/admin/builder/spi-builder-workspace/.dependencies/checkouts/swift-protobuf/Sources/SwiftProtobuf/AsyncMessageSequence.swift (in target 'SwiftProtobuf' from project 'SwiftProtobuf')
cd /Users/admin/builder/spi-builder-workspace/.swiftpm/xcode
builtin-SwiftPerFileCompile AsyncMessageSequence.swift
SwiftCompile normal arm64_32 /Users/admin/builder/spi-builder-workspace/.dependencies/checkouts/swift-protobuf/Sources/SwiftProtobuf/BinaryDecoder.swift (in target 'SwiftProtobuf' from project 'SwiftProtobuf')
cd /Users/admin/builder/spi-builder-workspace/.swiftpm/xcode
builtin-SwiftPerFileCompile BinaryDecoder.swift
SwiftCompile normal arm64_32 /Users/admin/builder/spi-builder-workspace/.dependencies/checkouts/swift-protobuf/Sources/SwiftProtobuf/BinaryDecodingError.swift (in target 'SwiftProtobuf' from project 'SwiftProtobuf')
cd /Users/admin/builder/spi-builder-workspace/.swiftpm/xcode
builtin-SwiftPerFileCompile BinaryDecodingError.swift
SwiftCompile normal arm64_32 /Users/admin/builder/spi-builder-workspace/.dependencies/checkouts/swift-protobuf/Sources/SwiftProtobuf/BinaryDecodingOptions.swift (in target 'SwiftProtobuf' from project 'SwiftProtobuf')
cd /Users/admin/builder/spi-builder-workspace/.swiftpm/xcode
builtin-SwiftPerFileCompile BinaryDecodingOptions.swift
SwiftCompile normal arm64_32 /Users/admin/builder/spi-builder-workspace/.dependencies/checkouts/swift-protobuf/Sources/SwiftProtobuf/BinaryDelimited.swift (in target 'SwiftProtobuf' from project 'SwiftProtobuf')
cd /Users/admin/builder/spi-builder-workspace/.swiftpm/xcode
builtin-SwiftPerFileCompile BinaryDelimited.swift
SwiftCompile normal arm64_32 /Users/admin/builder/spi-builder-workspace/.dependencies/checkouts/swift-protobuf/Sources/SwiftProtobuf/BinaryEncoder.swift (in target 'SwiftProtobuf' from project 'SwiftProtobuf')
cd /Users/admin/builder/spi-builder-workspace/.swiftpm/xcode
builtin-SwiftPerFileCompile BinaryEncoder.swift
SwiftCompile normal arm64_32 /Users/admin/builder/spi-builder-workspace/.dependencies/checkouts/swift-protobuf/Sources/SwiftProtobuf/BinaryEncodingError.swift (in target 'SwiftProtobuf' from project 'SwiftProtobuf')
cd /Users/admin/builder/spi-builder-workspace/.swiftpm/xcode
builtin-SwiftPerFileCompile BinaryEncodingError.swift
SwiftDriverJobDiscovery normal arm64_32 Emitting module for SwiftProtobuf (in target 'SwiftProtobuf' from project 'SwiftProtobuf')
SwiftDriver\ Compilation\ Requirements SwiftProtobuf normal arm64_32 com.apple.xcode.tools.swift.compiler (in target 'SwiftProtobuf' from project 'SwiftProtobuf')
cd /Users/admin/builder/spi-builder-workspace/.swiftpm/xcode
builtin-Swift-Compilation-Requirements -- /Applications/Xcode-27.0.0-Release.Candidate.app/Contents/Developer/Toolchains/XcodeDefault.xctoolchain/usr/bin/swiftc -parse-as-library -module-name SwiftProtobuf -Onone @/Users/admin/builder/spi-builder-workspace/.derivedData/Build/Intermediates.noindex/SwiftProtobuf.build/Debug-watchos/SwiftProtobuf-t.build/Objects-normal/arm64_32/SwiftProtobuf.SwiftFileList -DSWIFT_PACKAGE -DDEBUG -DSWIFT_MODULE_RESOURCE_BUNDLE_AVAILABLE -DBinaryDelimitedStreams -DFieldMaskUtilities -DXcode -enable-upcoming-feature ExistentialAny -plugin-path /Applications/Xcode-27.0.0-Release.Candidate.app/Contents/Developer/Toolchains/XcodeDefault.xctoolchain/usr/lib/swift/host/plugins/testing -enable-experimental-feature DebugDescriptionMacro -sdk /Applications/Xcode-27.0.0-Release.Candidate.app/Contents/Developer/Platforms/WatchOS.platform/Developer/SDKs/WatchOS27.0.sdk -target arm64_32-apple-watchos9.0 -g -module-cache-path /Users/admin/builder/spi-builder-workspace/.derivedData/ModuleCache.noindex -Xfrontend -serialize-debugging-options -profile-coverage-mapping -profile-generate -enable-testing -suppress-warnings -index-store-path /Users/admin/builder/spi-builder-workspace/.derivedData/Index.noindex/DataStore -Xcc -D_LIBCPP_HARDENING_MODE\=_LIBCPP_HARDENING_MODE_DEBUG -swift-version 6 -I /Users/admin/builder/spi-builder-workspace/.derivedData/Build/Products/Debug-watchos -Isystem /Applications/Xcode-27.0.0-Release.Candidate.app/Contents/Developer/Platforms/WatchOS.platform/Developer/usr/lib -F /Users/admin/builder/spi-builder-workspace/.derivedData/Build/Products/Debug-watchos -F /Applications/Xcode-27.0.0-Release.Candidate.app/Contents/Developer/Platforms/WatchOS.platform/Developer/Library/Frameworks -F /Applications/Xcode-27.0.0-Release.Candidate.app/Contents/Developer/Platforms/WatchOS.platform/Developer/SDKs/WatchOS27.0.sdk/Developer/Library/Frameworks -c -j10 -enable-batch-mode -incremental -Xcc -ivfsstatcache -Xcc /Users/admin/builder/spi-builder-workspace/.derivedData/SDKStatCaches.noindex/watchos27.0-24R360-e829b21a6f8c9b70876ba0858053c04477534ef55a1706bf4c1112bbb242f0a2.sdkstatcache -output-file-map /Users/admin/builder/spi-builder-workspace/.derivedData/Build/Intermediates.noindex/SwiftProtobuf.build/Debug-watchos/SwiftProtobuf-t.build/Objects-normal/arm64_32/SwiftProtobuf-OutputFileMap.json -save-temps -no-color-diagnostics -explicit-module-build -module-cache-path /Users/admin/builder/spi-builder-workspace/.derivedData/Build/Intermediates.noindex/SwiftExplicitPrecompiledModules -clang-scanner-module-cache-path /Users/admin/builder/spi-builder-workspace/.derivedData/ModuleCache.noindex -sdk-module-cache-path /Users/admin/builder/spi-builder-workspace/.derivedData/SDKExplicitPrecompiledModules -emit-dependencies -emit-module -emit-module-path /Users/admin/builder/spi-builder-workspace/.derivedData/Build/Intermediates.noindex/SwiftProtobuf.build/Debug-watchos/SwiftProtobuf-t.build/Objects-normal/arm64_32/SwiftProtobuf.swiftmodule -serialize-diagnostics -dependency-scan-serialize-diagnostics-path /Users/admin/builder/spi-builder-workspace/.derivedData/Build/Intermediates.noindex/SwiftProtobuf.build/Debug-watchos/SwiftProtobuf-t.build/Objects-normal/arm64_32/SwiftProtobuf-dependency-scan.dia -user-module-version 1.38.1 -validate-clang-modules-once -clang-build-session-file /Users/admin/builder/spi-builder-workspace/.derivedData/ModuleCache.noindex/Session.modulevalidation -Xcc -fmodules-prune-interval\=86400 -Xcc -fmodules-prune-after\=345600 -package-name swift_protobuf -emit-const-values -const-gather-protocols-list /Users/admin/builder/spi-builder-workspace/.derivedData/Build/Intermediates.noindex/SwiftProtobuf.build/Debug-watchos/SwiftProtobuf-t.build/Objects-normal/arm64_32/SwiftProtobuf_const_extract_protocols.json -Xcc -I/Users/admin/builder/spi-builder-workspace/.derivedData/Build/Products/Debug-watchos/include -Xcc -I/Users/admin/builder/spi-builder-workspace/.derivedData/Build/Intermediates.noindex/SwiftProtobuf.build/Debug-watchos/SwiftProtobuf-t.build/DerivedSources-normal/arm64_32 -Xcc -I/Users/admin/builder/spi-builder-workspace/.derivedData/Build/Intermediates.noindex/SwiftProtobuf.build/Debug-watchos/SwiftProtobuf-t.build/DerivedSources/arm64_32 -Xcc -I/Users/admin/builder/spi-builder-workspace/.derivedData/Build/Intermediates.noindex/SwiftProtobuf.build/Debug-watchos/SwiftProtobuf-t.build/DerivedSources -Xcc -DSWIFT_PACKAGE -Xcc -DDEBUG\=1 -emit-objc-header -emit-objc-header-path /Users/admin/builder/spi-builder-workspace/.derivedData/Build/Intermediates.noindex/SwiftProtobuf.build/Debug-watchos/SwiftProtobuf-t.build/Objects-normal/arm64_32/SwiftProtobuf-Swift.h -working-directory /Users/admin/builder/spi-builder-workspace/.swiftpm/xcode -experimental-emit-module-separately -disable-cmo
SwiftDriverJobDiscovery normal arm64_32 Compiling Message+FieldMask.swift, Message+JSONAdditions.swift, Message+JSONAdditions_Data.swift, Message+JSONArrayAdditions.swift, Message+JSONArrayAdditions_Data.swift, Message+TextFormatAdditions.swift, Message.swift, MessageExtension.swift, NameMap.swift (in target 'SwiftProtobuf' from project 'SwiftProtobuf')
SwiftCompile normal arm64_32 Compiling\ SwiftProtobufError.swift,\ TextFormatDecoder.swift,\ TextFormatDecodingError.swift,\ TextFormatDecodingOptions.swift,\ TextFormatEncoder.swift,\ TextFormatEncodingOptions.swift,\ TextFormatEncodingVisitor.swift,\ TextFormatScanner.swift,\ TimeUtils.swift /Users/admin/builder/spi-builder-workspace/.dependencies/checkouts/swift-protobuf/Sources/SwiftProtobuf/SwiftProtobufError.swift /Users/admin/builder/spi-builder-workspace/.dependencies/checkouts/swift-protobuf/Sources/SwiftProtobuf/TextFormatDecoder.swift /Users/admin/builder/spi-builder-workspace/.dependencies/checkouts/swift-protobuf/Sources/SwiftProtobuf/TextFormatDecodingError.swift /Users/admin/builder/spi-builder-workspace/.dependencies/checkouts/swift-protobuf/Sources/SwiftProtobuf/TextFormatDecodingOptions.swift /Users/admin/builder/spi-builder-workspace/.dependencies/checkouts/swift-protobuf/Sources/SwiftProtobuf/TextFormatEncoder.swift /Users/admin/builder/spi-builder-workspace/.dependencies/checkouts/swift-protobuf/Sources/SwiftProtobuf/TextFormatEncodingOptions.swift /Users/admin/builder/spi-builder-workspace/.dependencies/checkouts/swift-protobuf/Sources/SwiftProtobuf/TextFormatEncodingVisitor.swift /Users/admin/builder/spi-builder-workspace/.dependencies/checkouts/swift-protobuf/Sources/SwiftProtobuf/TextFormatScanner.swift /Users/admin/builder/spi-builder-workspace/.dependencies/checkouts/swift-protobuf/Sources/SwiftProtobuf/TimeUtils.swift (in target 'SwiftProtobuf' from project 'SwiftProtobuf')
SwiftCompile normal arm64_32 /Users/admin/builder/spi-builder-workspace/.dependencies/checkouts/swift-protobuf/Sources/SwiftProtobuf/SwiftProtobufError.swift (in target 'SwiftProtobuf' from project 'SwiftProtobuf')
cd /Users/admin/builder/spi-builder-workspace/.swiftpm/xcode
builtin-SwiftPerFileCompile SwiftProtobufError.swift
SwiftCompile normal arm64_32 /Users/admin/builder/spi-builder-workspace/.dependencies/checkouts/swift-protobuf/Sources/SwiftProtobuf/TextFormatDecoder.swift (in target 'SwiftProtobuf' from project 'SwiftProtobuf')
cd /Users/admin/builder/spi-builder-workspace/.swiftpm/xcode
builtin-SwiftPerFileCompile TextFormatDecoder.swift
SwiftCompile normal arm64_32 /Users/admin/builder/spi-builder-workspace/.dependencies/checkouts/swift-protobuf/Sources/SwiftProtobuf/TextFormatDecodingError.swift (in target 'SwiftProtobuf' from project 'SwiftProtobuf')
cd /Users/admin/builder/spi-builder-workspace/.swiftpm/xcode
builtin-SwiftPerFileCompile TextFormatDecodingError.swift
SwiftCompile normal arm64_32 /Users/admin/builder/spi-builder-workspace/.dependencies/checkouts/swift-protobuf/Sources/SwiftProtobuf/TextFormatDecodingOptions.swift (in target 'SwiftProtobuf' from project 'SwiftProtobuf')
cd /Users/admin/builder/spi-builder-workspace/.swiftpm/xcode
builtin-SwiftPerFileCompile TextFormatDecodingOptions.swift
SwiftCompile normal arm64_32 /Users/admin/builder/spi-builder-workspace/.dependencies/checkouts/swift-protobuf/Sources/SwiftProtobuf/TextFormatEncoder.swift (in target 'SwiftProtobuf' from project 'SwiftProtobuf')
cd /Users/admin/builder/spi-builder-workspace/.swiftpm/xcode
builtin-SwiftPerFileCompile TextFormatEncoder.swift
SwiftCompile normal arm64_32 /Users/admin/builder/spi-builder-workspace/.dependencies/checkouts/swift-protobuf/Sources/SwiftProtobuf/TextFormatEncodingOptions.swift (in target 'SwiftProtobuf' from project 'SwiftProtobuf')
cd /Users/admin/builder/spi-builder-workspace/.swiftpm/xcode
builtin-SwiftPerFileCompile TextFormatEncodingOptions.swift
SwiftCompile normal arm64_32 /Users/admin/builder/spi-builder-workspace/.dependencies/checkouts/swift-protobuf/Sources/SwiftProtobuf/TextFormatEncodingVisitor.swift (in target 'SwiftProtobuf' from project 'SwiftProtobuf')
cd /Users/admin/builder/spi-builder-workspace/.swiftpm/xcode
builtin-SwiftPerFileCompile TextFormatEncodingVisitor.swift
SwiftCompile normal arm64_32 /Users/admin/builder/spi-builder-workspace/.dependencies/checkouts/swift-protobuf/Sources/SwiftProtobuf/TextFormatScanner.swift (in target 'SwiftProtobuf' from project 'SwiftProtobuf')
cd /Users/admin/builder/spi-builder-workspace/.swiftpm/xcode
builtin-SwiftPerFileCompile TextFormatScanner.swift
SwiftCompile normal arm64_32 /Users/admin/builder/spi-builder-workspace/.dependencies/checkouts/swift-protobuf/Sources/SwiftProtobuf/TimeUtils.swift (in target 'SwiftProtobuf' from project 'SwiftProtobuf')
cd /Users/admin/builder/spi-builder-workspace/.swiftpm/xcode
builtin-SwiftPerFileCompile TimeUtils.swift
SwiftCompile normal arm64 Compiling\ BinaryEncodingOptions.swift,\ BinaryEncodingSizeVisitor.swift,\ BinaryEncodingVisitor.swift,\ BytecodeInterpreter.swift,\ BytecodeReader.swift,\ CustomJSONCodable.swift,\ Decoder.swift,\ DoubleParser.swift,\ Enum.swift,\ ExtensibleMessage.swift /Users/admin/builder/spi-builder-workspace/.dependencies/checkouts/swift-protobuf/Sources/SwiftProtobuf/BinaryEncodingOptions.swift /Users/admin/builder/spi-builder-workspace/.dependencies/checkouts/swift-protobuf/Sources/SwiftProtobuf/BinaryEncodingSizeVisitor.swift /Users/admin/builder/spi-builder-workspace/.dependencies/checkouts/swift-protobuf/Sources/SwiftProtobuf/BinaryEncodingVisitor.swift /Users/admin/builder/spi-builder-workspace/.dependencies/checkouts/swift-protobuf/Sources/SwiftProtobuf/BytecodeInterpreter.swift /Users/admin/builder/spi-builder-workspace/.dependencies/checkouts/swift-protobuf/Sources/SwiftProtobuf/BytecodeReader.swift /Users/admin/builder/spi-builder-workspace/.dependencies/checkouts/swift-protobuf/Sources/SwiftProtobuf/CustomJSONCodable.swift /Users/admin/builder/spi-builder-workspace/.dependencies/checkouts/swift-protobuf/Sources/SwiftProtobuf/Decoder.swift /Users/admin/builder/spi-builder-workspace/.dependencies/checkouts/swift-protobuf/Sources/SwiftProtobuf/DoubleParser.swift /Users/admin/builder/spi-builder-workspace/.dependencies/checkouts/swift-protobuf/Sources/SwiftProtobuf/Enum.swift /Users/admin/builder/spi-builder-workspace/.dependencies/checkouts/swift-protobuf/Sources/SwiftProtobuf/ExtensibleMessage.swift (in target 'SwiftProtobuf' from project 'SwiftProtobuf')
SwiftCompile normal arm64 /Users/admin/builder/spi-builder-workspace/.dependencies/checkouts/swift-protobuf/Sources/SwiftProtobuf/BinaryEncodingOptions.swift (in target 'SwiftProtobuf' from project 'SwiftProtobuf')
cd /Users/admin/builder/spi-builder-workspace/.swiftpm/xcode
builtin-SwiftPerFileCompile BinaryEncodingOptions.swift
SwiftCompile normal arm64 /Users/admin/builder/spi-builder-workspace/.dependencies/checkouts/swift-protobuf/Sources/SwiftProtobuf/BinaryEncodingSizeVisitor.swift (in target 'SwiftProtobuf' from project 'SwiftProtobuf')
cd /Users/admin/builder/spi-builder-workspace/.swiftpm/xcode
builtin-SwiftPerFileCompile BinaryEncodingSizeVisitor.swift
SwiftCompile normal arm64 /Users/admin/builder/spi-builder-workspace/.dependencies/checkouts/swift-protobuf/Sources/SwiftProtobuf/BinaryEncodingVisitor.swift (in target 'SwiftProtobuf' from project 'SwiftProtobuf')
cd /Users/admin/builder/spi-builder-workspace/.swiftpm/xcode
builtin-SwiftPerFileCompile BinaryEncodingVisitor.swift
SwiftCompile normal arm64 /Users/admin/builder/spi-builder-workspace/.dependencies/checkouts/swift-protobuf/Sources/SwiftProtobuf/BytecodeInterpreter.swift (in target 'SwiftProtobuf' from project 'SwiftProtobuf')
cd /Users/admin/builder/spi-builder-workspace/.swiftpm/xcode
builtin-SwiftPerFileCompile BytecodeInterpreter.swift
SwiftCompile normal arm64 /Users/admin/builder/spi-builder-workspace/.dependencies/checkouts/swift-protobuf/Sources/SwiftProtobuf/BytecodeReader.swift (in target 'SwiftProtobuf' from project 'SwiftProtobuf')
cd /Users/admin/builder/spi-builder-workspace/.swiftpm/xcode
builtin-SwiftPerFileCompile BytecodeReader.swift
SwiftCompile normal arm64 /Users/admin/builder/spi-builder-workspace/.dependencies/checkouts/swift-protobuf/Sources/SwiftProtobuf/CustomJSONCodable.swift (in target 'SwiftProtobuf' from project 'SwiftProtobuf')
cd /Users/admin/builder/spi-builder-workspace/.swiftpm/xcode
builtin-SwiftPerFileCompile CustomJSONCodable.swift
SwiftCompile normal arm64 /Users/admin/builder/spi-builder-workspace/.dependencies/checkouts/swift-protobuf/Sources/SwiftProtobuf/Decoder.swift (in target 'SwiftProtobuf' from project 'SwiftProtobuf')
cd /Users/admin/builder/spi-builder-workspace/.swiftpm/xcode
builtin-SwiftPerFileCompile Decoder.swift
SwiftCompile normal arm64 /Users/admin/builder/spi-builder-workspace/.dependencies/checkouts/swift-protobuf/Sources/SwiftProtobuf/DoubleParser.swift (in target 'SwiftProtobuf' from project 'SwiftProtobuf')
cd /Users/admin/builder/spi-builder-workspace/.swiftpm/xcode
builtin-SwiftPerFileCompile DoubleParser.swift
SwiftCompile normal arm64 /Users/admin/builder/spi-builder-workspace/.dependencies/checkouts/swift-protobuf/Sources/SwiftProtobuf/Enum.swift (in target 'SwiftProtobuf' from project 'SwiftProtobuf')
cd /Users/admin/builder/spi-builder-workspace/.swiftpm/xcode
builtin-SwiftPerFileCompile Enum.swift
SwiftCompile normal arm64 /Users/admin/builder/spi-builder-workspace/.dependencies/checkouts/swift-protobuf/Sources/SwiftProtobuf/ExtensibleMessage.swift (in target 'SwiftProtobuf' from project 'SwiftProtobuf')
cd /Users/admin/builder/spi-builder-workspace/.swiftpm/xcode
builtin-SwiftPerFileCompile ExtensibleMessage.swift
SwiftDriverJobDiscovery normal arm64_32 Compiling PathDecoder.swift, PathVisitor.swift, ProtoNameProviding.swift, ProtobufAPIVersionCheck.swift, ProtobufMap.swift, SelectiveVisitor.swift, SimpleExtensionMap.swift, StringUtils.swift, SwiftProtobufContiguousBytes.swift (in target 'SwiftProtobuf' from project 'SwiftProtobuf')
SwiftMergeGeneratedHeaders /Users/admin/builder/spi-builder-workspace/.derivedData/Build/Intermediates.noindex/GeneratedModuleMaps-watchos/SwiftProtobuf-Swift.h /Users/admin/builder/spi-builder-workspace/.derivedData/Build/Intermediates.noindex/SwiftProtobuf.build/Debug-watchos/SwiftProtobuf-t.build/Objects-normal/arm64/SwiftProtobuf-Swift.h /Users/admin/builder/spi-builder-workspace/.derivedData/Build/Intermediates.noindex/SwiftProtobuf.build/Debug-watchos/SwiftProtobuf-t.build/Objects-normal/arm64_32/SwiftProtobuf-Swift.h (in target 'SwiftProtobuf' from project 'SwiftProtobuf')
cd /Users/admin/builder/spi-builder-workspace/.dependencies/checkouts/swift-protobuf
builtin-swiftHeaderTool -arch arm64 /Users/admin/builder/spi-builder-workspace/.derivedData/Build/Intermediates.noindex/SwiftProtobuf.build/Debug-watchos/SwiftProtobuf-t.build/Objects-normal/arm64/SwiftProtobuf-Swift.h -arch arm64_32 /Users/admin/builder/spi-builder-workspace/.derivedData/Build/Intermediates.noindex/SwiftProtobuf.build/Debug-watchos/SwiftProtobuf-t.build/Objects-normal/arm64_32/SwiftProtobuf-Swift.h -o /Users/admin/builder/spi-builder-workspace/.derivedData/Build/Intermediates.noindex/GeneratedModuleMaps-watchos/SwiftProtobuf-Swift.h
SwiftDriverJobDiscovery normal arm64_32 Compiling UnknownStorage.swift, UnsafeRawPointer+Shims.swift, Varint.swift, Version.swift, Visitor.swift, WireFormat.swift, ZigZag.swift, any.pb.swift, api.pb.swift (in target 'SwiftProtobuf' from project 'SwiftProtobuf')
Copy /Users/admin/builder/spi-builder-workspace/.derivedData/Build/Products/Debug-watchos/SwiftProtobuf.swiftmodule/arm64_32-apple-watchos.swiftmodule /Users/admin/builder/spi-builder-workspace/.derivedData/Build/Intermediates.noindex/SwiftProtobuf.build/Debug-watchos/SwiftProtobuf-t.build/Objects-normal/arm64_32/SwiftProtobuf.swiftmodule (in target 'SwiftProtobuf' from project 'SwiftProtobuf')
cd /Users/admin/builder/spi-builder-workspace/.dependencies/checkouts/swift-protobuf
builtin-copy -exclude .DS_Store -exclude CVS -exclude .svn -exclude .git -exclude .hg -resolve-src-symlinks -rename /Users/admin/builder/spi-builder-workspace/.derivedData/Build/Intermediates.noindex/SwiftProtobuf.build/Debug-watchos/SwiftProtobuf-t.build/Objects-normal/arm64_32/SwiftProtobuf.swiftmodule /Users/admin/builder/spi-builder-workspace/.derivedData/Build/Products/Debug-watchos/SwiftProtobuf.swiftmodule/arm64_32-apple-watchos.swiftmodule
Copy /Users/admin/builder/spi-builder-workspace/.derivedData/Build/Products/Debug-watchos/SwiftProtobuf.swiftmodule/arm64_32-apple-watchos.swiftdoc /Users/admin/builder/spi-builder-workspace/.derivedData/Build/Intermediates.noindex/SwiftProtobuf.build/Debug-watchos/SwiftProtobuf-t.build/Objects-normal/arm64_32/SwiftProtobuf.swiftdoc (in target 'SwiftProtobuf' from project 'SwiftProtobuf')
cd /Users/admin/builder/spi-builder-workspace/.dependencies/checkouts/swift-protobuf
builtin-copy -exclude .DS_Store -exclude CVS -exclude .svn -exclude .git -exclude .hg -resolve-src-symlinks -rename /Users/admin/builder/spi-builder-workspace/.derivedData/Build/Intermediates.noindex/SwiftProtobuf.build/Debug-watchos/SwiftProtobuf-t.build/Objects-normal/arm64_32/SwiftProtobuf.swiftdoc /Users/admin/builder/spi-builder-workspace/.derivedData/Build/Products/Debug-watchos/SwiftProtobuf.swiftmodule/arm64_32-apple-watchos.swiftdoc
Copy /Users/admin/builder/spi-builder-workspace/.derivedData/Build/Products/Debug-watchos/SwiftProtobuf.swiftmodule/arm64_32-apple-watchos.abi.json /Users/admin/builder/spi-builder-workspace/.derivedData/Build/Intermediates.noindex/SwiftProtobuf.build/Debug-watchos/SwiftProtobuf-t.build/Objects-normal/arm64_32/SwiftProtobuf.abi.json (in target 'SwiftProtobuf' from project 'SwiftProtobuf')
cd /Users/admin/builder/spi-builder-workspace/.dependencies/checkouts/swift-protobuf
builtin-copy -exclude .DS_Store -exclude CVS -exclude .svn -exclude .git -exclude .hg -resolve-src-symlinks -rename /Users/admin/builder/spi-builder-workspace/.derivedData/Build/Intermediates.noindex/SwiftProtobuf.build/Debug-watchos/SwiftProtobuf-t.build/Objects-normal/arm64_32/SwiftProtobuf.abi.json /Users/admin/builder/spi-builder-workspace/.derivedData/Build/Products/Debug-watchos/SwiftProtobuf.swiftmodule/arm64_32-apple-watchos.abi.json
Copy /Users/admin/builder/spi-builder-workspace/.derivedData/Build/Products/Debug-watchos/SwiftProtobuf.swiftmodule/Project/arm64_32-apple-watchos.swiftsourceinfo /Users/admin/builder/spi-builder-workspace/.derivedData/Build/Intermediates.noindex/SwiftProtobuf.build/Debug-watchos/SwiftProtobuf-t.build/Objects-normal/arm64_32/SwiftProtobuf.swiftsourceinfo (in target 'SwiftProtobuf' from project 'SwiftProtobuf')
cd /Users/admin/builder/spi-builder-workspace/.dependencies/checkouts/swift-protobuf
builtin-copy -exclude .DS_Store -exclude CVS -exclude .svn -exclude .git -exclude .hg -resolve-src-symlinks -rename /Users/admin/builder/spi-builder-workspace/.derivedData/Build/Intermediates.noindex/SwiftProtobuf.build/Debug-watchos/SwiftProtobuf-t.build/Objects-normal/arm64_32/SwiftProtobuf.swiftsourceinfo /Users/admin/builder/spi-builder-workspace/.derivedData/Build/Products/Debug-watchos/SwiftProtobuf.swiftmodule/Project/arm64_32-apple-watchos.swiftsourceinfo
SwiftDriver\ Compilation Logging normal arm64_32 com.apple.xcode.tools.swift.compiler (in target 'Logging' from project 'swift-log')
cd /Users/admin/builder/spi-builder-workspace/.swiftpm/xcode
builtin-Swift-Compilation -- /Applications/Xcode-27.0.0-Release.Candidate.app/Contents/Developer/Toolchains/XcodeDefault.xctoolchain/usr/bin/swiftc -parse-as-library -module-name Logging -Onone @/Users/admin/builder/spi-builder-workspace/.derivedData/Build/Intermediates.noindex/swift-log.build/Debug-watchos/Logging-t.build/Objects-normal/arm64_32/Logging.SwiftFileList -DSWIFT_PACKAGE -DDEBUG -DSWIFT_MODULE_RESOURCE_BUNDLE_UNAVAILABLE -DXcode -enable-upcoming-feature ExistentialAny -enable-upcoming-feature MemberImportVisibility -enable-upcoming-feature InternalImportsByDefault -enable-upcoming-feature NonisolatedNonsendingByDefault -Xfrontend -require-explicit-sendable -plugin-path /Applications/Xcode-27.0.0-Release.Candidate.app/Contents/Developer/Toolchains/XcodeDefault.xctoolchain/usr/lib/swift/host/plugins/testing -enable-experimental-feature DebugDescriptionMacro -sdk /Applications/Xcode-27.0.0-Release.Candidate.app/Contents/Developer/Platforms/WatchOS.platform/Developer/SDKs/WatchOS27.0.sdk -target arm64_32-apple-watchos9.0 -g -module-cache-path /Users/admin/builder/spi-builder-workspace/.derivedData/ModuleCache.noindex -Xfrontend -serialize-debugging-options -profile-coverage-mapping -profile-generate -enable-testing -suppress-warnings -index-store-path /Users/admin/builder/spi-builder-workspace/.derivedData/Index.noindex/DataStore -Xcc -D_LIBCPP_HARDENING_MODE\=_LIBCPP_HARDENING_MODE_DEBUG -swift-version 6 -I /Users/admin/builder/spi-builder-workspace/.derivedData/Build/Products/Debug-watchos -Isystem /Applications/Xcode-27.0.0-Release.Candidate.app/Contents/Developer/Platforms/WatchOS.platform/Developer/usr/lib -F /Users/admin/builder/spi-builder-workspace/.derivedData/Build/Products/Debug-watchos -F /Applications/Xcode-27.0.0-Release.Candidate.app/Contents/Developer/Platforms/WatchOS.platform/Developer/Library/Frameworks -F /Applications/Xcode-27.0.0-Release.Candidate.app/Contents/Developer/Platforms/WatchOS.platform/Developer/SDKs/WatchOS27.0.sdk/Developer/Library/Frameworks -c -j10 -enable-batch-mode -incremental -Xcc -ivfsstatcache -Xcc /Users/admin/builder/spi-builder-workspace/.derivedData/SDKStatCaches.noindex/watchos27.0-24R360-e829b21a6f8c9b70876ba0858053c04477534ef55a1706bf4c1112bbb242f0a2.sdkstatcache -output-file-map /Users/admin/builder/spi-builder-workspace/.derivedData/Build/Intermediates.noindex/swift-log.build/Debug-watchos/Logging-t.build/Objects-normal/arm64_32/Logging-OutputFileMap.json -save-temps -no-color-diagnostics -explicit-module-build -module-cache-path /Users/admin/builder/spi-builder-workspace/.derivedData/Build/Intermediates.noindex/SwiftExplicitPrecompiledModules -clang-scanner-module-cache-path /Users/admin/builder/spi-builder-workspace/.derivedData/ModuleCache.noindex -sdk-module-cache-path /Users/admin/builder/spi-builder-workspace/.derivedData/SDKExplicitPrecompiledModules -emit-dependencies -emit-module -emit-module-path /Users/admin/builder/spi-builder-workspace/.derivedData/Build/Intermediates.noindex/swift-log.build/Debug-watchos/Logging-t.build/Objects-normal/arm64_32/Logging.swiftmodule -serialize-diagnostics -dependency-scan-serialize-diagnostics-path /Users/admin/builder/spi-builder-workspace/.derivedData/Build/Intermediates.noindex/swift-log.build/Debug-watchos/Logging-t.build/Objects-normal/arm64_32/Logging-dependency-scan.dia -user-module-version 1.15.1 -validate-clang-modules-once -clang-build-session-file /Users/admin/builder/spi-builder-workspace/.derivedData/ModuleCache.noindex/Session.modulevalidation -Xcc -fmodules-prune-interval\=86400 -Xcc -fmodules-prune-after\=345600 -package-name swift_log -emit-const-values -const-gather-protocols-list /Users/admin/builder/spi-builder-workspace/.derivedData/Build/Intermediates.noindex/swift-log.build/Debug-watchos/Logging-t.build/Objects-normal/arm64_32/Logging_const_extract_protocols.json -Xcc -I/Users/admin/builder/spi-builder-workspace/.derivedData/Build/Products/Debug-watchos/include -Xcc -I/Users/admin/builder/spi-builder-workspace/.derivedData/Build/Intermediates.noindex/swift-log.build/Debug-watchos/Logging-t.build/DerivedSources-normal/arm64_32 -Xcc -I/Users/admin/builder/spi-builder-workspace/.derivedData/Build/Intermediates.noindex/swift-log.build/Debug-watchos/Logging-t.build/DerivedSources/arm64_32 -Xcc -I/Users/admin/builder/spi-builder-workspace/.derivedData/Build/Intermediates.noindex/swift-log.build/Debug-watchos/Logging-t.build/DerivedSources -Xcc -DSWIFT_PACKAGE -Xcc -DDEBUG\=1 -emit-objc-header -emit-objc-header-path /Users/admin/builder/spi-builder-workspace/.derivedData/Build/Intermediates.noindex/swift-log.build/Debug-watchos/Logging-t.build/Objects-normal/arm64_32/Logging-Swift.h -working-directory /Users/admin/builder/spi-builder-workspace/.swiftpm/xcode -experimental-emit-module-separately -disable-cmo
Ld /Users/admin/builder/spi-builder-workspace/.derivedData/Build/Intermediates.noindex/swift-log.build/Debug-watchos/Logging-t.build/Objects-normal/arm64_32/Binary/Logging.o normal arm64_32 (in target 'Logging' from project 'swift-log')
cd /Users/admin/builder/spi-builder-workspace/.dependencies/checkouts/swift-log
/Applications/Xcode-27.0.0-Release.Candidate.app/Contents/Developer/Toolchains/XcodeDefault.xctoolchain/usr/bin/clang -Xlinker -reproducible -target arm64_32-apple-watchos9.0 -r -isysroot /Applications/Xcode-27.0.0-Release.Candidate.app/Contents/Developer/Platforms/WatchOS.platform/Developer/SDKs/WatchOS27.0.sdk -O0 -w -Xlinker -no_warn_duplicate_libraries -F/Users/admin/builder/spi-builder-workspace/.derivedData/Build/Intermediates.noindex/EagerLinkingTBDs/Debug-watchos -F/Users/admin/builder/spi-builder-workspace/.derivedData/Build/Products/Debug-watchos -iframework /Applications/Xcode-27.0.0-Release.Candidate.app/Contents/Developer/Platforms/WatchOS.platform/Developer/Library/Frameworks -iframework /Applications/Xcode-27.0.0-Release.Candidate.app/Contents/Developer/Platforms/WatchOS.platform/Developer/SDKs/WatchOS27.0.sdk/Developer/Library/Frameworks -filelist /Users/admin/builder/spi-builder-workspace/.derivedData/Build/Intermediates.noindex/swift-log.build/Debug-watchos/Logging-t.build/Objects-normal/arm64_32/Logging.LinkFileList -nostdlib -Xlinker -object_path_lto -Xlinker /Users/admin/builder/spi-builder-workspace/.derivedData/Build/Intermediates.noindex/swift-log.build/Debug-watchos/Logging-t.build/Objects-normal/arm64_32/Logging_lto.o -Xlinker -no_deduplicate -Xlinker -debug_variant -Xlinker -dependency_info -Xlinker /Users/admin/builder/spi-builder-workspace/.derivedData/Build/Intermediates.noindex/swift-log.build/Debug-watchos/Logging-t.build/Objects-normal/arm64_32/Logging_dependency_info.dat -fobjc-link-runtime -L/Applications/Xcode-27.0.0-Release.Candidate.app/Contents/Developer/Toolchains/XcodeDefault.xctoolchain/usr/lib/swift/watchos -L/usr/lib/swift -Xlinker -add_ast_path -Xlinker /Users/admin/builder/spi-builder-workspace/.derivedData/Build/Intermediates.noindex/swift-log.build/Debug-watchos/Logging-t.build/Objects-normal/arm64_32/Logging.swiftmodule -o /Users/admin/builder/spi-builder-workspace/.derivedData/Build/Intermediates.noindex/swift-log.build/Debug-watchos/Logging-t.build/Objects-normal/arm64_32/Binary/Logging.o
CreateUniversalBinary /Users/admin/builder/spi-builder-workspace/.derivedData/Build/Products/Debug-watchos/Logging.o normal arm64\ arm64_32 (in target 'Logging' from project 'swift-log')
cd /Users/admin/builder/spi-builder-workspace/.dependencies/checkouts/swift-log
/Applications/Xcode-27.0.0-Release.Candidate.app/Contents/Developer/Toolchains/XcodeDefault.xctoolchain/usr/bin/lipo -create /Users/admin/builder/spi-builder-workspace/.derivedData/Build/Intermediates.noindex/swift-log.build/Debug-watchos/Logging-t.build/Objects-normal/arm64/Binary/Logging.o /Users/admin/builder/spi-builder-workspace/.derivedData/Build/Intermediates.noindex/swift-log.build/Debug-watchos/Logging-t.build/Objects-normal/arm64_32/Binary/Logging.o -output /Users/admin/builder/spi-builder-workspace/.derivedData/Build/Products/Debug-watchos/Logging.o
ExtractAppIntentsMetadata (in target 'Logging' from project 'swift-log')
cd /Users/admin/builder/spi-builder-workspace/.dependencies/checkouts/swift-log
/Applications/Xcode-27.0.0-Release.Candidate.app/Contents/Developer/Toolchains/XcodeDefault.xctoolchain/usr/bin/appintentsmetadataprocessor --toolchain-dir /var/run/com.apple.security.cryptexd/mnt/com.apple.MobileAsset.MetalToolchain-v27.1.266.1.sNqkMy/Metal.xctoolchain --module-name Logging --sdk-root /Applications/Xcode-27.0.0-Release.Candidate.app/Contents/Developer/Platforms/WatchOS.platform/Developer/SDKs/WatchOS27.0.sdk --xcode-version 27A266a --platform-family watchOS --deployment-target 9.0 --bundle-identifier swift-log.Logging --output /Users/admin/builder/spi-builder-workspace/.derivedData/Build/Products/Debug-watchos/Logging.appintents --target-triple arm64-apple-watchos9.0 --target-triple arm64_32-apple-watchos9.0 --binary-file /Users/admin/builder/spi-builder-workspace/.derivedData/Build/Products/Debug-watchos/Logging.o --dependency-file /Users/admin/builder/spi-builder-workspace/.derivedData/Build/Intermediates.noindex/swift-log.build/Debug-watchos/Logging-t.build/Objects-normal/arm64/Logging_dependency_info.dat --dependency-file /Users/admin/builder/spi-builder-workspace/.derivedData/Build/Intermediates.noindex/swift-log.build/Debug-watchos/Logging-t.build/Objects-normal/arm64_32/Logging_dependency_info.dat --stringsdata-file /Users/admin/builder/spi-builder-workspace/.derivedData/Build/Intermediates.noindex/swift-log.build/Debug-watchos/Logging-t.build/Objects-normal/arm64/ExtractedAppShortcutsMetadata.stringsdata --stringsdata-file /Users/admin/builder/spi-builder-workspace/.derivedData/Build/Intermediates.noindex/swift-log.build/Debug-watchos/Logging-t.build/Objects-normal/arm64_32/ExtractedAppShortcutsMetadata.stringsdata --source-file-list /Users/admin/builder/spi-builder-workspace/.derivedData/Build/Intermediates.noindex/swift-log.build/Debug-watchos/Logging-t.build/Objects-normal/arm64/Logging.SwiftFileList --source-file-list /Users/admin/builder/spi-builder-workspace/.derivedData/Build/Intermediates.noindex/swift-log.build/Debug-watchos/Logging-t.build/Objects-normal/arm64_32/Logging.SwiftFileList --metadata-file-list /Users/admin/builder/spi-builder-workspace/.derivedData/Build/Intermediates.noindex/swift-log.build/Debug-watchos/Logging-t.build/Logging.DependencyMetadataFileList --static-metadata-file-list /Users/admin/builder/spi-builder-workspace/.derivedData/Build/Intermediates.noindex/swift-log.build/Debug-watchos/Logging-t.build/Logging.DependencyStaticMetadataFileList --swift-const-vals-list /Users/admin/builder/spi-builder-workspace/.derivedData/Build/Intermediates.noindex/swift-log.build/Debug-watchos/Logging-t.build/Objects-normal/arm64/Logging.SwiftConstValuesFileList --swift-const-vals-list /Users/admin/builder/spi-builder-workspace/.derivedData/Build/Intermediates.noindex/swift-log.build/Debug-watchos/Logging-t.build/Objects-normal/arm64_32/Logging.SwiftConstValuesFileList --force --compile-time-extraction --deployment-aware-processing --no-app-shortcuts-localization
2026-09-19 01:28:46.252 appintentsmetadataprocessor[1565:8815] Starting appintentsmetadataprocessor export
2026-09-19 01:28:46.356 appintentsmetadataprocessor[1565:8815] Extracted no relevant App Intents symbols, skipping writing output
SwiftDriverJobDiscovery normal arm64_32 Compiling Google_Protobuf_NullValue+Extensions.swift, Google_Protobuf_Struct+Extensions.swift, Google_Protobuf_Timestamp+Extensions.swift, Google_Protobuf_Value+Extensions.swift, Google_Protobuf_Wrappers+Extensions.swift, HashVisitor.swift, Internal.swift, JSONDecoder.swift, JSONDecodingError.swift, JSONDecodingOptions.swift (in target 'SwiftProtobuf' from project 'SwiftProtobuf')
SwiftDriverJobDiscovery normal arm64_32 Compiling JSONEncoder.swift, JSONEncodingError.swift, JSONEncodingOptions.swift, JSONEncodingVisitor.swift, JSONMapEncodingVisitor.swift, JSONScanner.swift, MathUtils.swift, Message+AnyAdditions.swift, Message+BinaryAdditions.swift, Message+BinaryAdditions_Data.swift (in target 'SwiftProtobuf' from project 'SwiftProtobuf')
SwiftDriver DiscordKitCore normal arm64_32 com.apple.xcode.tools.swift.compiler (in target 'DiscordKitCore' from project 'DiscordKit')
cd /Users/admin/builder/spi-builder-workspace/.swiftpm/xcode
builtin-SwiftDriver -- /Applications/Xcode-27.0.0-Release.Candidate.app/Contents/Developer/Toolchains/XcodeDefault.xctoolchain/usr/bin/swiftc -parse-as-library -module-name DiscordKitCore -Onone @/Users/admin/builder/spi-builder-workspace/.derivedData/Build/Intermediates.noindex/DiscordKit.build/Debug-watchos/DiscordKitCore-t.build/Objects-normal/arm64_32/DiscordKitCore.SwiftFileList -DSWIFT_PACKAGE -DDEBUG -DSWIFT_MODULE_RESOURCE_BUNDLE_UNAVAILABLE -DXcode -plugin-path /Applications/Xcode-27.0.0-Release.Candidate.app/Contents/Developer/Toolchains/XcodeDefault.xctoolchain/usr/lib/swift/host/plugins/testing -enable-experimental-feature DebugDescriptionMacro -sdk /Applications/Xcode-27.0.0-Release.Candidate.app/Contents/Developer/Platforms/WatchOS.platform/Developer/SDKs/WatchOS27.0.sdk -target arm64_32-apple-watchos9.0 -g -module-cache-path /Users/admin/builder/spi-builder-workspace/.derivedData/ModuleCache.noindex -Xfrontend -serialize-debugging-options -profile-coverage-mapping -profile-generate -enable-testing -index-store-path /Users/admin/builder/spi-builder-workspace/.derivedData/Index.noindex/DataStore -Xcc -D_LIBCPP_HARDENING_MODE\=_LIBCPP_HARDENING_MODE_DEBUG -swift-version 5 -I /Users/admin/builder/spi-builder-workspace/.derivedData/Build/Products/Debug-watchos -Isystem /Applications/Xcode-27.0.0-Release.Candidate.app/Contents/Developer/Platforms/WatchOS.platform/Developer/usr/lib -F /Users/admin/builder/spi-builder-workspace/.derivedData/Build/Products/Debug-watchos/PackageFrameworks -F /Users/admin/builder/spi-builder-workspace/.derivedData/Build/Products/Debug-watchos -F /Applications/Xcode-27.0.0-Release.Candidate.app/Contents/Developer/Platforms/WatchOS.platform/Developer/Library/Frameworks -F /Applications/Xcode-27.0.0-Release.Candidate.app/Contents/Developer/Platforms/WatchOS.platform/Developer/SDKs/WatchOS27.0.sdk/Developer/Library/Frameworks -c -j10 -enable-batch-mode -incremental -Xcc -ivfsstatcache -Xcc /Users/admin/builder/spi-builder-workspace/.derivedData/SDKStatCaches.noindex/watchos27.0-24R360-e829b21a6f8c9b70876ba0858053c04477534ef55a1706bf4c1112bbb242f0a2.sdkstatcache -output-file-map /Users/admin/builder/spi-builder-workspace/.derivedData/Build/Intermediates.noindex/DiscordKit.build/Debug-watchos/DiscordKitCore-t.build/Objects-normal/arm64_32/DiscordKitCore-OutputFileMap.json -save-temps -no-color-diagnostics -explicit-module-build -module-cache-path /Users/admin/builder/spi-builder-workspace/.derivedData/Build/Intermediates.noindex/SwiftExplicitPrecompiledModules -clang-scanner-module-cache-path /Users/admin/builder/spi-builder-workspace/.derivedData/ModuleCache.noindex -sdk-module-cache-path /Users/admin/builder/spi-builder-workspace/.derivedData/SDKExplicitPrecompiledModules -emit-dependencies -emit-module -emit-module-path /Users/admin/builder/spi-builder-workspace/.derivedData/Build/Intermediates.noindex/DiscordKit.build/Debug-watchos/DiscordKitCore-t.build/Objects-normal/arm64_32/DiscordKitCore.swiftmodule -serialize-diagnostics -dependency-scan-serialize-diagnostics-path /Users/admin/builder/spi-builder-workspace/.derivedData/Build/Intermediates.noindex/DiscordKit.build/Debug-watchos/DiscordKitCore-t.build/Objects-normal/arm64_32/DiscordKitCore-dependency-scan.dia -validate-clang-modules-once -clang-build-session-file /Users/admin/builder/spi-builder-workspace/.derivedData/ModuleCache.noindex/Session.modulevalidation -Xcc -fmodules-prune-interval\=86400 -Xcc -fmodules-prune-after\=345600 -emit-const-values -const-gather-protocols-list /Users/admin/builder/spi-builder-workspace/.derivedData/Build/Intermediates.noindex/DiscordKit.build/Debug-watchos/DiscordKitCore-t.build/Objects-normal/arm64_32/DiscordKitCore_const_extract_protocols.json -Xcc -I/Users/admin/builder/spi-builder-workspace/.derivedData/Build/Products/Debug-watchos/include -Xcc -I/Users/admin/builder/spi-builder-workspace/.derivedData/Build/Intermediates.noindex/DiscordKit.build/Debug-watchos/DiscordKitCore-t.build/DerivedSources-normal/arm64_32 -Xcc -I/Users/admin/builder/spi-builder-workspace/.derivedData/Build/Intermediates.noindex/DiscordKit.build/Debug-watchos/DiscordKitCore-t.build/DerivedSources/arm64_32 -Xcc -I/Users/admin/builder/spi-builder-workspace/.derivedData/Build/Intermediates.noindex/DiscordKit.build/Debug-watchos/DiscordKitCore-t.build/DerivedSources -Xcc -DSWIFT_PACKAGE -Xcc -DDEBUG\=1 -emit-objc-header -emit-objc-header-path /Users/admin/builder/spi-builder-workspace/.derivedData/Build/Intermediates.noindex/DiscordKit.build/Debug-watchos/DiscordKitCore-t.build/Objects-normal/arm64_32/DiscordKitCore-Swift.h -working-directory /Users/admin/builder/spi-builder-workspace/.swiftpm/xcode -experimental-emit-module-separately -disable-cmo
/Users/admin/builder/spi-builder-workspace/Sources/DiscordKitCore/Gateway/DecompressionEngine.swift:202:8: error: Unable to resolve module dependency: 'SWCompression' (in target 'DiscordKitCore' from project 'DiscordKit')
note: A dependency of main module 'DiscordKitCore'
/Users/admin/builder/spi-builder-workspace/Sources/DiscordKitCore/Gateway/DecompressionEngine.swift:202:8: note: A dependency of main module 'DiscordKitCore'
import SWCompression
^ (in target 'DiscordKitCore' from project 'DiscordKit')
SwiftDriver DiscordKitCore normal arm64 com.apple.xcode.tools.swift.compiler (in target 'DiscordKitCore' from project 'DiscordKit')
cd /Users/admin/builder/spi-builder-workspace/.swiftpm/xcode
builtin-SwiftDriver -- /Applications/Xcode-27.0.0-Release.Candidate.app/Contents/Developer/Toolchains/XcodeDefault.xctoolchain/usr/bin/swiftc -parse-as-library -module-name DiscordKitCore -Onone @/Users/admin/builder/spi-builder-workspace/.derivedData/Build/Intermediates.noindex/DiscordKit.build/Debug-watchos/DiscordKitCore-t.build/Objects-normal/arm64/DiscordKitCore.SwiftFileList -DSWIFT_PACKAGE -DDEBUG -DSWIFT_MODULE_RESOURCE_BUNDLE_UNAVAILABLE -DXcode -plugin-path /Applications/Xcode-27.0.0-Release.Candidate.app/Contents/Developer/Toolchains/XcodeDefault.xctoolchain/usr/lib/swift/host/plugins/testing -enable-experimental-feature DebugDescriptionMacro -sdk /Applications/Xcode-27.0.0-Release.Candidate.app/Contents/Developer/Platforms/WatchOS.platform/Developer/SDKs/WatchOS27.0.sdk -target arm64-apple-watchos9.0 -g -module-cache-path /Users/admin/builder/spi-builder-workspace/.derivedData/ModuleCache.noindex -Xfrontend -serialize-debugging-options -profile-coverage-mapping -profile-generate -enable-testing -index-store-path /Users/admin/builder/spi-builder-workspace/.derivedData/Index.noindex/DataStore -Xcc -D_LIBCPP_HARDENING_MODE\=_LIBCPP_HARDENING_MODE_DEBUG -swift-version 5 -I /Users/admin/builder/spi-builder-workspace/.derivedData/Build/Products/Debug-watchos -Isystem /Applications/Xcode-27.0.0-Release.Candidate.app/Contents/Developer/Platforms/WatchOS.platform/Developer/usr/lib -F /Users/admin/builder/spi-builder-workspace/.derivedData/Build/Products/Debug-watchos/PackageFrameworks -F /Users/admin/builder/spi-builder-workspace/.derivedData/Build/Products/Debug-watchos -F /Applications/Xcode-27.0.0-Release.Candidate.app/Contents/Developer/Platforms/WatchOS.platform/Developer/Library/Frameworks -F /Applications/Xcode-27.0.0-Release.Candidate.app/Contents/Developer/Platforms/WatchOS.platform/Developer/SDKs/WatchOS27.0.sdk/Developer/Library/Frameworks -c -j10 -enable-batch-mode -incremental -Xcc -ivfsstatcache -Xcc /Users/admin/builder/spi-builder-workspace/.derivedData/SDKStatCaches.noindex/watchos27.0-24R360-e829b21a6f8c9b70876ba0858053c04477534ef55a1706bf4c1112bbb242f0a2.sdkstatcache -output-file-map /Users/admin/builder/spi-builder-workspace/.derivedData/Build/Intermediates.noindex/DiscordKit.build/Debug-watchos/DiscordKitCore-t.build/Objects-normal/arm64/DiscordKitCore-OutputFileMap.json -save-temps -no-color-diagnostics -explicit-module-build -module-cache-path /Users/admin/builder/spi-builder-workspace/.derivedData/Build/Intermediates.noindex/SwiftExplicitPrecompiledModules -clang-scanner-module-cache-path /Users/admin/builder/spi-builder-workspace/.derivedData/ModuleCache.noindex -sdk-module-cache-path /Users/admin/builder/spi-builder-workspace/.derivedData/SDKExplicitPrecompiledModules -emit-dependencies -emit-module -emit-module-path /Users/admin/builder/spi-builder-workspace/.derivedData/Build/Intermediates.noindex/DiscordKit.build/Debug-watchos/DiscordKitCore-t.build/Objects-normal/arm64/DiscordKitCore.swiftmodule -serialize-diagnostics -dependency-scan-serialize-diagnostics-path /Users/admin/builder/spi-builder-workspace/.derivedData/Build/Intermediates.noindex/DiscordKit.build/Debug-watchos/DiscordKitCore-t.build/Objects-normal/arm64/DiscordKitCore-dependency-scan.dia -validate-clang-modules-once -clang-build-session-file /Users/admin/builder/spi-builder-workspace/.derivedData/ModuleCache.noindex/Session.modulevalidation -Xcc -fmodules-prune-interval\=86400 -Xcc -fmodules-prune-after\=345600 -emit-const-values -const-gather-protocols-list /Users/admin/builder/spi-builder-workspace/.derivedData/Build/Intermediates.noindex/DiscordKit.build/Debug-watchos/DiscordKitCore-t.build/Objects-normal/arm64/DiscordKitCore_const_extract_protocols.json -Xcc -I/Users/admin/builder/spi-builder-workspace/.derivedData/Build/Products/Debug-watchos/include -Xcc -I/Users/admin/builder/spi-builder-workspace/.derivedData/Build/Intermediates.noindex/DiscordKit.build/Debug-watchos/DiscordKitCore-t.build/DerivedSources-normal/arm64 -Xcc -I/Users/admin/builder/spi-builder-workspace/.derivedData/Build/Intermediates.noindex/DiscordKit.build/Debug-watchos/DiscordKitCore-t.build/DerivedSources/arm64 -Xcc -I/Users/admin/builder/spi-builder-workspace/.derivedData/Build/Intermediates.noindex/DiscordKit.build/Debug-watchos/DiscordKitCore-t.build/DerivedSources -Xcc -DSWIFT_PACKAGE -Xcc -DDEBUG\=1 -emit-objc-header -emit-objc-header-path /Users/admin/builder/spi-builder-workspace/.derivedData/Build/Intermediates.noindex/DiscordKit.build/Debug-watchos/DiscordKitCore-t.build/Objects-normal/arm64/DiscordKitCore-Swift.h -working-directory /Users/admin/builder/spi-builder-workspace/.swiftpm/xcode -experimental-emit-module-separately -disable-cmo
/Users/admin/builder/spi-builder-workspace/Sources/DiscordKitCore/Gateway/DecompressionEngine.swift:202:8: error: Unable to resolve module dependency: 'SWCompression' (in target 'DiscordKitCore' from project 'DiscordKit')
note: A dependency of main module 'DiscordKitCore'
/Users/admin/builder/spi-builder-workspace/Sources/DiscordKitCore/Gateway/DecompressionEngine.swift:202:8: note: A dependency of main module 'DiscordKitCore'
import SWCompression
^ (in target 'DiscordKitCore' from project 'DiscordKit')
SwiftDriverJobDiscovery normal arm64_32 Compiling BinaryEncodingOptions.swift, BinaryEncodingSizeVisitor.swift, BinaryEncodingVisitor.swift, BytecodeInterpreter.swift, BytecodeReader.swift, CustomJSONCodable.swift, Decoder.swift, DoubleParser.swift, Enum.swift, ExtensibleMessage.swift (in target 'SwiftProtobuf' from project 'SwiftProtobuf')
PruneExplicitPrecompiledModules /Users/admin/builder/spi-builder-workspace/.derivedData/Build/Intermediates.noindex/SwiftExplicitPrecompiledModules
PruneExplicitPrecompiledModules /Users/admin/builder/spi-builder-workspace/.derivedData/SDKExplicitPrecompiledModules
PruneExplicitPrecompiledModules /Users/admin/builder/spi-builder-workspace/.derivedData/Build/Intermediates.noindex/ExplicitPrecompiledModules
2026-09-19 01:28:31.545 xcodebuild[1257:7101] [MT] IDERunDestination: Supported platforms for the buildables in the current scheme is empty.
** BUILD FAILED **
The following build commands failed:
SwiftDriver DiscordKitCore normal arm64_32 com.apple.xcode.tools.swift.compiler (in target 'DiscordKitCore' from project 'DiscordKit')
SwiftDriver DiscordKitCore normal arm64 com.apple.xcode.tools.swift.compiler (in target 'DiscordKitCore' from project 'DiscordKit')
Building workspace DiscordKit with scheme DiscordKit-Package
(3 failures)
Command line invocation:
/Applications/Xcode-27.0.0-Release.Candidate.app/Contents/Developer/usr/bin/xcodebuild -IDEClonedSourcePackagesDirPathOverride=/Users/admin/builder/spi-builder-workspace/.dependencies -resolvePackageDependencies
Resolve Package Graph
Resolved source packages:
SwiftProtobuf: https://github.com/apple/swift-protobuf.git @ 1.38.1
SwiftDocCPlugin: https://github.com/apple/swift-docc-plugin @ 1.5.0
WebSocket: https://github.com/tesseract-one/WebSocket.swift.git @ 0.2.0
swift-log: https://github.com/apple/swift-log.git @ 1.15.1
SymbolKit: https://github.com/swiftlang/swift-docc-symbolkit @ 1.0.0
OpenCombine: https://github.com/OpenCombine/OpenCombine.git @ 0.14.0
SWCompression: https://github.com/tsolomko/SWCompression.git @ 4.9.1
DiscordKit: /Users/admin/builder/spi-builder-workspace
BitByteData: https://github.com/tsolomko/BitByteData @ 2.1.0
swift-nio-ssl: https://github.com/apple/swift-nio-ssl.git @ 2.19.0
Reachability: https://github.com/ashleymills/Reachability.swift @ 5.2.4
swift-nio: https://github.com/apple/swift-nio.git @ 2.40.0
resolved source packages: SwiftProtobuf, SwiftDocCPlugin, WebSocket, swift-log, SymbolKit, OpenCombine, SWCompression, DiscordKit, BitByteData, swift-nio-ssl, Reachability, swift-nio
2026-09-19 01:28:54.376 xcodebuild[1566:8940] [MT] IDERunDestination: Supported platforms for the buildables in the current scheme is empty.
{
"dependencies" : [
{
"identity" : "reachability.swift",
"requirement" : {
"range" : [
{
"lower_bound" : "5.1.0",
"upper_bound" : "6.0.0"
}
]
},
"type" : "sourceControl",
"url" : "https://github.com/ashleymills/Reachability.swift"
},
{
"identity" : "swift-docc-plugin",
"requirement" : {
"range" : [
{
"lower_bound" : "1.0.0",
"upper_bound" : "2.0.0"
}
]
},
"type" : "sourceControl",
"url" : "https://github.com/apple/swift-docc-plugin"
},
{
"identity" : "swift-protobuf",
"requirement" : {
"range" : [
{
"lower_bound" : "1.6.0",
"upper_bound" : "2.0.0"
}
]
},
"type" : "sourceControl",
"url" : "https://github.com/apple/swift-protobuf.git"
},
{
"identity" : "swift-log",
"requirement" : {
"range" : [
{
"lower_bound" : "1.0.0",
"upper_bound" : "2.0.0"
}
]
},
"type" : "sourceControl",
"url" : "https://github.com/apple/swift-log.git"
},
{
"identity" : "opencombine",
"requirement" : {
"range" : [
{
"lower_bound" : "0.14.0",
"upper_bound" : "1.0.0"
}
]
},
"type" : "sourceControl",
"url" : "https://github.com/OpenCombine/OpenCombine.git"
},
{
"identity" : "swcompression",
"requirement" : {
"range" : [
{
"lower_bound" : "4.8.0",
"upper_bound" : "5.0.0"
}
]
},
"type" : "sourceControl",
"url" : "https://github.com/tsolomko/SWCompression.git"
},
{
"identity" : "websocket.swift",
"requirement" : {
"range" : [
{
"lower_bound" : "0.2.0",
"upper_bound" : "1.0.0"
}
]
},
"type" : "sourceControl",
"url" : "https://github.com/tesseract-one/WebSocket.swift.git"
}
],
"manifest_display_name" : "DiscordKit",
"name" : "DiscordKit",
"path" : "/Users/admin/builder/spi-builder-workspace",
"platforms" : [
{
"name" : "macos",
"version" : "11.0"
},
{
"name" : "ios",
"version" : "15.0"
}
],
"products" : [
{
"name" : "DiscordKitCore",
"targets" : [
"DiscordKitCore"
],
"type" : {
"library" : [
"automatic"
]
}
},
{
"name" : "DiscordKit",
"targets" : [
"DiscordKit"
],
"type" : {
"library" : [
"automatic"
]
}
},
{
"name" : "DiscordKitBot",
"targets" : [
"DiscordKitBot"
],
"type" : {
"library" : [
"automatic"
]
}
}
],
"swift_languages_versions" : [
"5"
],
"targets" : [
{
"c99name" : "DiscordKitCore",
"module_type" : "SwiftTarget",
"name" : "DiscordKitCore",
"path" : "Sources/DiscordKitCore",
"product_dependencies" : [
"Reachability",
"SwiftProtobuf",
"Logging",
"OpenCombine",
"OpenCombineFoundation",
"SWCompression",
"WebSocket"
],
"product_memberships" : [
"DiscordKitCore",
"DiscordKit",
"DiscordKitBot"
],
"sources" : [
"APIUtils.swift",
"DiscordKitConfig.swift",
"DiscordREST.swift",
"Extensions/Collection+Identifiable.swift",
"Extensions/Int+decodeFlags.swift",
"Extensions/Logger+.swift",
"Extensions/Objects/Activity+.swift",
"Extensions/Objects/HashedAssetScopes+.swift",
"Extensions/Objects/Message+.swift",
"Extensions/Objects/User+.swift",
"Extensions/Snowflake+decode.swift",
"Extensions/String+random.swift",
"Extensions/URL+.swift",
"Extensions/URLSession+.swift",
"Gateway/DecompressionEngine.swift",
"Gateway/GatewayIdentify.swift",
"Gateway/Intents.swift",
"Gateway/RobustWebSocket.swift",
"Objects/Data/Activity.swift",
"Objects/Data/AppCommand.swift",
"Objects/Data/Application.swift",
"Objects/Data/Attachment.swift",
"Objects/Data/Channel.swift",
"Objects/Data/ClientProperties.swift",
"Objects/Data/Collectibles.swift",
"Objects/Data/Connection.swift",
"Objects/Data/Embed.swift",
"Objects/Data/Emoji.swift",
"Objects/Data/Guild.swift",
"Objects/Data/Integration.swift",
"Objects/Data/Interaction.swift",
"Objects/Data/Levels.swift",
"Objects/Data/Locale.swift",
"Objects/Data/Member+Flags.swift",
"Objects/Data/Member.swift",
"Objects/Data/Mention.swift",
"Objects/Data/Message.swift",
"Objects/Data/MessageSnapshot.swift",
"Objects/Data/Nonce.swift",
"Objects/Data/Permission.swift",
"Objects/Data/Poll.swift",
"Objects/Data/Presence.swift",
"Objects/Data/Reaction.swift",
"Objects/Data/Snowflake.swift",
"Objects/Data/Soundboard.swift",
"Objects/Data/Stage.swift",
"Objects/Data/Sticker.swift",
"Objects/Data/Stream.swift",
"Objects/Data/Team.swift",
"Objects/Data/User+Flags.swift",
"Objects/Data/User+PremiumType.swift",
"Objects/Data/User.swift",
"Objects/Data/Voice.swift",
"Objects/Gateway/ApplicationObj.swift",
"Objects/Gateway/DataStructs.swift",
"Objects/Gateway/Event/ChUnreadUpdate.swift",
"Objects/Gateway/Event/ChannelPinsUpdate.swift",
"Objects/Gateway/Event/GatewayEvent.swift",
"Objects/Gateway/Event/GatewaySettingsProtoUpdate.swift",
"Objects/Gateway/Event/GuildBan.swift",
"Objects/Gateway/Event/GuildMemberEvt.swift",
"Objects/Gateway/Event/GuildMembersChunk.swift",
"Objects/Gateway/Event/GuildMiscUpdate.swift",
"Objects/Gateway/Event/GuildRoleEvt.swift",
"Objects/Gateway/Event/GuildSchEvtUserEvt.swift",
"Objects/Gateway/Event/MessageACKEvt.swift",
"Objects/Gateway/Event/MessageDelete.swift",
"Objects/Gateway/Event/MessagePollVote.swift",
"Objects/Gateway/Event/MessageReaction.swift",
"Objects/Gateway/Event/ReadyEvt.swift",
"Objects/Gateway/Event/ReadySuppEvt.swift",
"Objects/Gateway/Event/ThreadListSync.swift",
"Objects/Gateway/Event/ThreadMembersUpdate.swift",
"Objects/Gateway/Event/TypingStart.swift",
"Objects/Gateway/Event/TypingStartEvt.swift",
"Objects/Gateway/Event/VoiceEvt.swift",
"Objects/Gateway/Gateway.swift",
"Objects/Gateway/GatewayIO.swift",
"Objects/Gateway/UserAccount/ReadState.swift",
"Objects/Gateway/UserAccount/UserGuildSettings.swift",
"Objects/Gateway/UserSettings.swift",
"Objects/REST/AttachmentUpload.swift",
"Objects/REST/CreateForumPost.swift",
"Objects/REST/ForumPostData.swift",
"Objects/REST/GIFPicker.swift",
"Objects/REST/LogOut.swift",
"Objects/REST/MessageReadAck.swift",
"Objects/REST/MessageSearch.swift",
"Objects/REST/NewMessage.swift",
"Objects/REST/PinnedMessages.swift",
"Objects/REST/PollRequest.swift",
"Objects/REST/ResolvedInvite.swift",
"Objects/REST/UserSettingsProto.swift",
"REST/APIAchievements.swift",
"REST/APIAdministration.swift",
"REST/APIApplicationCommands.swift",
"REST/APIApplicationRoleConnectionMetadata.swift",
"REST/APIAttachmentUpload.swift",
"REST/APIAuditLog.swift",
"REST/APIAutoModeration.swift",
"REST/APIChannel.swift",
"REST/APICollectibles.swift",
"REST/APICurrentUser.swift",
"REST/APIEmoji.swift",
"REST/APIGIFPicker.swift",
"REST/APIGateway.swift",
"REST/APIGuild.swift",
"REST/APIGuildScheduledEvent.swift",
"REST/APIGuildTemplate.swift",
"REST/APIInvite.swift",
"REST/APILobbies.swift",
"REST/APIMessageSearch.swift",
"REST/APIMultipartFormBody.swift",
"REST/APIOAuth2.swift",
"REST/APIReceivingandResponding.swift",
"REST/APIRequest.swift",
"REST/APISoundboard.swift",
"REST/APIStageInstance.swift",
"REST/APISticker.swift",
"REST/APIStore.swift",
"REST/APIStream.swift",
"REST/APITyping.swift",
"REST/APIUser.swift",
"REST/APIUserSettingsProto.swift",
"REST/APIVoice.swift",
"REST/APIWebhook.swift",
"REST/EditMessage.swift",
"Utils/Data+Base64.swift",
"Utils/DecodeThrowable.swift",
"Utils/DefaultDecodable.swift",
"Utils/DiscordRange.swift",
"Utils/EventDispatch.swift",
"Utils/HashedAsset.swift",
"Utils/HashedAssetTypes.swift",
"Utils/HybridSnowflake.swift",
"Utils/NormalizedPresence.swift",
"Utils/NullEncodable.swift"
],
"type" : "library"
},
{
"c99name" : "DiscordKitCommonTests",
"module_type" : "SwiftTarget",
"name" : "DiscordKitCommonTests",
"path" : "Tests/DiscordKitCommonTests",
"sources" : [
"ActivityAssetTests.swift",
"AdministrationTests.swift",
"DiscussionChannelTests.swift",
"GIFPickerTests.swift",
"GatewayIncomingTests.swift",
"HashedAssetTests.swift",
"MessageEqualityTests.swift",
"MessageSearchQueryTests.swift",
"MessageSnapshotTests.swift",
"MessageTypeTests.swift",
"PermissionTests.swift",
"PinnedMessagesTests.swift",
"PollTests.swift",
"ProfileNameplateTests.swift",
"ReadStateTests.swift",
"RequestErrorTests.swift",
"ServerTagTests.swift",
"SoundboardTests.swift",
"StickerTests.swift",
"StreamPreviewTests.swift",
"UserProfileTests.swift",
"UserSettingsProtoTests.swift"
],
"target_dependencies" : [
"DiscordKitCore"
],
"type" : "test"
},
{
"c99name" : "DiscordKitBot",
"module_type" : "SwiftTarget",
"name" : "DiscordKitBot",
"path" : "Sources/DiscordKitBot",
"product_dependencies" : [
"SwiftProtobuf"
],
"product_memberships" : [
"DiscordKitBot"
],
"sources" : [
"ApplicationCommand/AppCommandBuilder.swift",
"ApplicationCommand/CommandData.swift",
"ApplicationCommand/NewAppCommand.swift",
"ApplicationCommand/Option/BooleanOption.swift",
"ApplicationCommand/Option/CommandOption.swift",
"ApplicationCommand/Option/IntegerOption.swift",
"ApplicationCommand/Option/NumberOption.swift",
"ApplicationCommand/Option/OptionBuilder.swift",
"ApplicationCommand/Option/StringOption.swift",
"ApplicationCommand/Option/SubCommand.swift",
"BotMessage.swift",
"Client.swift",
"Embed/BotEmbed.swift",
"Embed/BotEmbedBuilder.swift",
"Embed/Field/EmbedFieldBuilder.swift",
"MessageComponent/ActionRow.swift",
"MessageComponent/Button.swift",
"MessageComponent/ComponentBuilder.swift",
"NCWrapper.swift",
"NotificationNames.swift",
"Objects/InteractionResponse.swift",
"Objects/WebhookResponse.swift",
"REST/APICommand.swift"
],
"target_dependencies" : [
"DiscordKitCore"
],
"type" : "library"
},
{
"c99name" : "DiscordKit",
"module_type" : "SwiftTarget",
"name" : "DiscordKit",
"path" : "Sources/DiscordKit",
"product_dependencies" : [
"Logging"
],
"product_memberships" : [
"DiscordKit"
],
"sources" : [
"Extensions/Presence+.swift",
"Gateway/DiscordGateway.swift",
"Gateway/GatewayCachedState.swift",
"Objects/REST/UserSettingsProtoUpdate.swift",
"REST/APIUser+.swift",
"protos/DiscordProtos.pb.swift",
"protos/FavoriteChannel.pb.swift",
"protos/FavoriteGIFs.pb.swift",
"protos/GuildFolders.pb.swift",
"protos/Settings/AllGuildSettings.pb.swift",
"protos/Settings/Appearance.pb.swift",
"protos/Settings/Audio.pb.swift",
"protos/Settings/Debug.pb.swift",
"protos/Settings/GameLibrary.pb.swift",
"protos/Settings/Inbox.pb.swift",
"protos/Settings/Localization.pb.swift",
"protos/Settings/Notification.pb.swift",
"protos/Settings/Privacy.pb.swift",
"protos/Settings/TextAndImages.pb.swift",
"protos/Settings/UserContent.pb.swift",
"protos/Settings/VoiceAndVideo.pb.swift",
"protos/Status.pb.swift"
],
"target_dependencies" : [
"DiscordKitCore"
],
"type" : "library"
}
],
"tools_version" : "5.6"
}
{
"workspace" : {
"name" : "DiscordKit",
"schemes" : [
"DiscordKit",
"DiscordKit-Package",
"DiscordKitBot",
"DiscordKitCore"
]
}
}
2026-09-19 01:29:03.301 xcodebuild[1625:9347] [MT] IDERunDestination: Supported platforms for the buildables in the current scheme is empty.
Running build ...
env DEVELOPER_DIR=/Applications/Xcode-27.0.0-Release.Candidate.app xcrun xcodebuild -IDEClonedSourcePackagesDirPathOverride=$PWD/.dependencies -skipMacroValidation -skipPackagePluginValidation -derivedDataPath $PWD/.derivedData build -scheme DiscordKit-Package -destination generic/platform=watchOS
Command line invocation:
/Applications/Xcode-27.0.0-Release.Candidate.app/Contents/Developer/usr/bin/xcodebuild -IDEClonedSourcePackagesDirPathOverride=/Users/admin/builder/spi-builder-workspace/.dependencies -skipMacroValidation -skipPackagePluginValidation -derivedDataPath /Users/admin/builder/spi-builder-workspace/.derivedData build -scheme DiscordKit-Package -destination generic/platform=watchOS
Resolve Package Graph
Resolved source packages:
WebSocket: https://github.com/tesseract-one/WebSocket.swift.git @ 0.2.0
SwiftDocCPlugin: https://github.com/apple/swift-docc-plugin @ 1.5.0
swift-nio: https://github.com/apple/swift-nio.git @ 2.40.0
DiscordKit: /Users/admin/builder/spi-builder-workspace
BitByteData: https://github.com/tsolomko/BitByteData @ 2.1.0
SymbolKit: https://github.com/swiftlang/swift-docc-symbolkit @ 1.0.0
Reachability: https://github.com/ashleymills/Reachability.swift @ 5.2.4
swift-nio-ssl: https://github.com/apple/swift-nio-ssl.git @ 2.19.0
swift-log: https://github.com/apple/swift-log.git @ 1.15.1
SWCompression: https://github.com/tsolomko/SWCompression.git @ 4.9.1
OpenCombine: https://github.com/OpenCombine/OpenCombine.git @ 0.14.0
SwiftProtobuf: https://github.com/apple/swift-protobuf.git @ 1.38.1
ComputePackagePrebuildTargetDependencyGraph
Prepare packages
CreateBuildRequest
SendProjectDescription
CreateBuildOperation
ComputeTargetDependencyGraph
note: Building targets in dependency order
note: Target dependency graph (11 targets)
Target 'DiscordKitBot-product' in project 'DiscordKit'
➜ Explicit dependency on target 'DiscordKitBot' in project 'DiscordKit'
➜ Explicit dependency on target 'DiscordKitCore' in project 'DiscordKit'
➜ Explicit dependency on target 'SwiftProtobuf-product' in project 'SwiftProtobuf'
➜ Explicit dependency on target 'Logging-product' in project 'swift-log'
Target 'DiscordKitBot' in project 'DiscordKit'
➜ Explicit dependency on target 'DiscordKitCore' in project 'DiscordKit'
➜ Explicit dependency on target 'SwiftProtobuf-product' in project 'SwiftProtobuf'
➜ Explicit dependency on target 'Logging-product' in project 'swift-log'
Target 'DiscordKit-product' in project 'DiscordKit'
➜ Explicit dependency on target 'DiscordKit' in project 'DiscordKit'
➜ Explicit dependency on target 'DiscordKitCore' in project 'DiscordKit'
➜ Explicit dependency on target 'SwiftProtobuf-product' in project 'SwiftProtobuf'
➜ Explicit dependency on target 'Logging-product' in project 'swift-log'
Target 'DiscordKit' in project 'DiscordKit'
➜ Explicit dependency on target 'DiscordKitCore' in project 'DiscordKit'
➜ Explicit dependency on target 'SwiftProtobuf-product' in project 'SwiftProtobuf'
➜ Explicit dependency on target 'Logging-product' in project 'swift-log'
Target 'DiscordKitCore-product' in project 'DiscordKit'
➜ Explicit dependency on target 'DiscordKitCore' in project 'DiscordKit'
➜ Explicit dependency on target 'SwiftProtobuf-product' in project 'SwiftProtobuf'
➜ Explicit dependency on target 'Logging-product' in project 'swift-log'
Target 'DiscordKitCore' in project 'DiscordKit'
➜ Explicit dependency on target 'SwiftProtobuf-product' in project 'SwiftProtobuf'
➜ Explicit dependency on target 'Logging-product' in project 'swift-log'
Target 'Logging-product' in project 'swift-log'
➜ Explicit dependency on target 'Logging' in project 'swift-log'
Target 'Logging' in project 'swift-log' (no dependencies)
Target 'SwiftProtobuf-product' in project 'SwiftProtobuf'
➜ Explicit dependency on target 'SwiftProtobuf' in project 'SwiftProtobuf'
➜ Explicit dependency on target 'SwiftProtobuf_SwiftProtobuf' in project 'SwiftProtobuf'
Target 'SwiftProtobuf' in project 'SwiftProtobuf'
➜ Explicit dependency on target 'SwiftProtobuf_SwiftProtobuf' in project 'SwiftProtobuf'
Target 'SwiftProtobuf_SwiftProtobuf' in project 'SwiftProtobuf' (no dependencies)
GatherProvisioningInputs
CreateBuildDescription
ClangStatCache /Applications/Xcode-27.0.0-Release.Candidate.app/Contents/Developer/Toolchains/XcodeDefault.xctoolchain/usr/bin/clang-stat-cache /Applications/Xcode-27.0.0-Release.Candidate.app/Contents/Developer/Platforms/WatchOS.platform/Developer/SDKs/WatchOS27.0.sdk /Users/admin/builder/spi-builder-workspace/.derivedData/SDKStatCaches.noindex/watchos27.0-24R360-e829b21a6f8c9b70876ba0858053c04477534ef55a1706bf4c1112bbb242f0a2.sdkstatcache
cd /Users/admin/builder/spi-builder-workspace/.swiftpm/xcode
/Applications/Xcode-27.0.0-Release.Candidate.app/Contents/Developer/Toolchains/XcodeDefault.xctoolchain/usr/bin/clang-stat-cache /Applications/Xcode-27.0.0-Release.Candidate.app/Contents/Developer/Platforms/WatchOS.platform/Developer/SDKs/WatchOS27.0.sdk -o /Users/admin/builder/spi-builder-workspace/.derivedData/SDKStatCaches.noindex/watchos27.0-24R360-e829b21a6f8c9b70876ba0858053c04477534ef55a1706bf4c1112bbb242f0a2.sdkstatcache
SwiftDriver SwiftProtobuf normal arm64_32 com.apple.xcode.tools.swift.compiler (in target 'SwiftProtobuf' from project 'SwiftProtobuf')
cd /Users/admin/builder/spi-builder-workspace/.swiftpm/xcode
builtin-SwiftDriver -- /Applications/Xcode-27.0.0-Release.Candidate.app/Contents/Developer/Toolchains/XcodeDefault.xctoolchain/usr/bin/swiftc -parse-as-library -module-name SwiftProtobuf -Onone @/Users/admin/builder/spi-builder-workspace/.derivedData/Build/Intermediates.noindex/SwiftProtobuf.build/Debug-watchos/SwiftProtobuf-t.build/Objects-normal/arm64_32/SwiftProtobuf.SwiftFileList -DSWIFT_PACKAGE -DDEBUG -DSWIFT_MODULE_RESOURCE_BUNDLE_AVAILABLE -DBinaryDelimitedStreams -DFieldMaskUtilities -DXcode -enable-upcoming-feature ExistentialAny -plugin-path /Applications/Xcode-27.0.0-Release.Candidate.app/Contents/Developer/Toolchains/XcodeDefault.xctoolchain/usr/lib/swift/host/plugins/testing -enable-experimental-feature DebugDescriptionMacro -sdk /Applications/Xcode-27.0.0-Release.Candidate.app/Contents/Developer/Platforms/WatchOS.platform/Developer/SDKs/WatchOS27.0.sdk -target arm64_32-apple-watchos9.0 -g -module-cache-path /Users/admin/builder/spi-builder-workspace/.derivedData/ModuleCache.noindex -Xfrontend -serialize-debugging-options -profile-coverage-mapping -profile-generate -enable-testing -suppress-warnings -index-store-path /Users/admin/builder/spi-builder-workspace/.derivedData/Index.noindex/DataStore -Xcc -D_LIBCPP_HARDENING_MODE\=_LIBCPP_HARDENING_MODE_DEBUG -swift-version 6 -I /Users/admin/builder/spi-builder-workspace/.derivedData/Build/Products/Debug-watchos -Isystem /Applications/Xcode-27.0.0-Release.Candidate.app/Contents/Developer/Platforms/WatchOS.platform/Developer/usr/lib -F /Users/admin/builder/spi-builder-workspace/.derivedData/Build/Products/Debug-watchos -F /Applications/Xcode-27.0.0-Release.Candidate.app/Contents/Developer/Platforms/WatchOS.platform/Developer/Library/Frameworks -F /Applications/Xcode-27.0.0-Release.Candidate.app/Contents/Developer/Platforms/WatchOS.platform/Developer/SDKs/WatchOS27.0.sdk/Developer/Library/Frameworks -c -j10 -enable-batch-mode -incremental -Xcc -ivfsstatcache -Xcc /Users/admin/builder/spi-builder-workspace/.derivedData/SDKStatCaches.noindex/watchos27.0-24R360-e829b21a6f8c9b70876ba0858053c04477534ef55a1706bf4c1112bbb242f0a2.sdkstatcache -output-file-map /Users/admin/builder/spi-builder-workspace/.derivedData/Build/Intermediates.noindex/SwiftProtobuf.build/Debug-watchos/SwiftProtobuf-t.build/Objects-normal/arm64_32/SwiftProtobuf-OutputFileMap.json -save-temps -no-color-diagnostics -explicit-module-build -module-cache-path /Users/admin/builder/spi-builder-workspace/.derivedData/Build/Intermediates.noindex/SwiftExplicitPrecompiledModules -clang-scanner-module-cache-path /Users/admin/builder/spi-builder-workspace/.derivedData/ModuleCache.noindex -sdk-module-cache-path /Users/admin/builder/spi-builder-workspace/.derivedData/SDKExplicitPrecompiledModules -emit-dependencies -emit-module -emit-module-path /Users/admin/builder/spi-builder-workspace/.derivedData/Build/Intermediates.noindex/SwiftProtobuf.build/Debug-watchos/SwiftProtobuf-t.build/Objects-normal/arm64_32/SwiftProtobuf.swiftmodule -serialize-diagnostics -dependency-scan-serialize-diagnostics-path /Users/admin/builder/spi-builder-workspace/.derivedData/Build/Intermediates.noindex/SwiftProtobuf.build/Debug-watchos/SwiftProtobuf-t.build/Objects-normal/arm64_32/SwiftProtobuf-dependency-scan.dia -user-module-version 1.38.1 -validate-clang-modules-once -clang-build-session-file /Users/admin/builder/spi-builder-workspace/.derivedData/ModuleCache.noindex/Session.modulevalidation -Xcc -fmodules-prune-interval\=86400 -Xcc -fmodules-prune-after\=345600 -package-name swift_protobuf -emit-const-values -const-gather-protocols-list /Users/admin/builder/spi-builder-workspace/.derivedData/Build/Intermediates.noindex/SwiftProtobuf.build/Debug-watchos/SwiftProtobuf-t.build/Objects-normal/arm64_32/SwiftProtobuf_const_extract_protocols.json -Xcc -I/Users/admin/builder/spi-builder-workspace/.derivedData/Build/Products/Debug-watchos/include -Xcc -I/Users/admin/builder/spi-builder-workspace/.derivedData/Build/Intermediates.noindex/SwiftProtobuf.build/Debug-watchos/SwiftProtobuf-t.build/DerivedSources-normal/arm64_32 -Xcc -I/Users/admin/builder/spi-builder-workspace/.derivedData/Build/Intermediates.noindex/SwiftProtobuf.build/Debug-watchos/SwiftProtobuf-t.build/DerivedSources/arm64_32 -Xcc -I/Users/admin/builder/spi-builder-workspace/.derivedData/Build/Intermediates.noindex/SwiftProtobuf.build/Debug-watchos/SwiftProtobuf-t.build/DerivedSources -Xcc -DSWIFT_PACKAGE -Xcc -DDEBUG\=1 -emit-objc-header -emit-objc-header-path /Users/admin/builder/spi-builder-workspace/.derivedData/Build/Intermediates.noindex/SwiftProtobuf.build/Debug-watchos/SwiftProtobuf-t.build/Objects-normal/arm64_32/SwiftProtobuf-Swift.h -working-directory /Users/admin/builder/spi-builder-workspace/.swiftpm/xcode -experimental-emit-module-separately -disable-cmo
SwiftDriver SwiftProtobuf normal arm64 com.apple.xcode.tools.swift.compiler (in target 'SwiftProtobuf' from project 'SwiftProtobuf')
cd /Users/admin/builder/spi-builder-workspace/.swiftpm/xcode
builtin-SwiftDriver -- /Applications/Xcode-27.0.0-Release.Candidate.app/Contents/Developer/Toolchains/XcodeDefault.xctoolchain/usr/bin/swiftc -parse-as-library -module-name SwiftProtobuf -Onone @/Users/admin/builder/spi-builder-workspace/.derivedData/Build/Intermediates.noindex/SwiftProtobuf.build/Debug-watchos/SwiftProtobuf-t.build/Objects-normal/arm64/SwiftProtobuf.SwiftFileList -DSWIFT_PACKAGE -DDEBUG -DSWIFT_MODULE_RESOURCE_BUNDLE_AVAILABLE -DBinaryDelimitedStreams -DFieldMaskUtilities -DXcode -enable-upcoming-feature ExistentialAny -plugin-path /Applications/Xcode-27.0.0-Release.Candidate.app/Contents/Developer/Toolchains/XcodeDefault.xctoolchain/usr/lib/swift/host/plugins/testing -enable-experimental-feature DebugDescriptionMacro -sdk /Applications/Xcode-27.0.0-Release.Candidate.app/Contents/Developer/Platforms/WatchOS.platform/Developer/SDKs/WatchOS27.0.sdk -target arm64-apple-watchos9.0 -g -module-cache-path /Users/admin/builder/spi-builder-workspace/.derivedData/ModuleCache.noindex -Xfrontend -serialize-debugging-options -profile-coverage-mapping -profile-generate -enable-testing -suppress-warnings -index-store-path /Users/admin/builder/spi-builder-workspace/.derivedData/Index.noindex/DataStore -Xcc -D_LIBCPP_HARDENING_MODE\=_LIBCPP_HARDENING_MODE_DEBUG -swift-version 6 -I /Users/admin/builder/spi-builder-workspace/.derivedData/Build/Products/Debug-watchos -Isystem /Applications/Xcode-27.0.0-Release.Candidate.app/Contents/Developer/Platforms/WatchOS.platform/Developer/usr/lib -F /Users/admin/builder/spi-builder-workspace/.derivedData/Build/Products/Debug-watchos -F /Applications/Xcode-27.0.0-Release.Candidate.app/Contents/Developer/Platforms/WatchOS.platform/Developer/Library/Frameworks -F /Applications/Xcode-27.0.0-Release.Candidate.app/Contents/Developer/Platforms/WatchOS.platform/Developer/SDKs/WatchOS27.0.sdk/Developer/Library/Frameworks -c -j10 -enable-batch-mode -incremental -Xcc -ivfsstatcache -Xcc /Users/admin/builder/spi-builder-workspace/.derivedData/SDKStatCaches.noindex/watchos27.0-24R360-e829b21a6f8c9b70876ba0858053c04477534ef55a1706bf4c1112bbb242f0a2.sdkstatcache -output-file-map /Users/admin/builder/spi-builder-workspace/.derivedData/Build/Intermediates.noindex/SwiftProtobuf.build/Debug-watchos/SwiftProtobuf-t.build/Objects-normal/arm64/SwiftProtobuf-OutputFileMap.json -save-temps -no-color-diagnostics -explicit-module-build -module-cache-path /Users/admin/builder/spi-builder-workspace/.derivedData/Build/Intermediates.noindex/SwiftExplicitPrecompiledModules -clang-scanner-module-cache-path /Users/admin/builder/spi-builder-workspace/.derivedData/ModuleCache.noindex -sdk-module-cache-path /Users/admin/builder/spi-builder-workspace/.derivedData/SDKExplicitPrecompiledModules -emit-dependencies -emit-module -emit-module-path /Users/admin/builder/spi-builder-workspace/.derivedData/Build/Intermediates.noindex/SwiftProtobuf.build/Debug-watchos/SwiftProtobuf-t.build/Objects-normal/arm64/SwiftProtobuf.swiftmodule -serialize-diagnostics -dependency-scan-serialize-diagnostics-path /Users/admin/builder/spi-builder-workspace/.derivedData/Build/Intermediates.noindex/SwiftProtobuf.build/Debug-watchos/SwiftProtobuf-t.build/Objects-normal/arm64/SwiftProtobuf-dependency-scan.dia -user-module-version 1.38.1 -validate-clang-modules-once -clang-build-session-file /Users/admin/builder/spi-builder-workspace/.derivedData/ModuleCache.noindex/Session.modulevalidation -Xcc -fmodules-prune-interval\=86400 -Xcc -fmodules-prune-after\=345600 -package-name swift_protobuf -emit-const-values -const-gather-protocols-list /Users/admin/builder/spi-builder-workspace/.derivedData/Build/Intermediates.noindex/SwiftProtobuf.build/Debug-watchos/SwiftProtobuf-t.build/Objects-normal/arm64/SwiftProtobuf_const_extract_protocols.json -Xcc -I/Users/admin/builder/spi-builder-workspace/.derivedData/Build/Products/Debug-watchos/include -Xcc -I/Users/admin/builder/spi-builder-workspace/.derivedData/Build/Intermediates.noindex/SwiftProtobuf.build/Debug-watchos/SwiftProtobuf-t.build/DerivedSources-normal/arm64 -Xcc -I/Users/admin/builder/spi-builder-workspace/.derivedData/Build/Intermediates.noindex/SwiftProtobuf.build/Debug-watchos/SwiftProtobuf-t.build/DerivedSources/arm64 -Xcc -I/Users/admin/builder/spi-builder-workspace/.derivedData/Build/Intermediates.noindex/SwiftProtobuf.build/Debug-watchos/SwiftProtobuf-t.build/DerivedSources -Xcc -DSWIFT_PACKAGE -Xcc -DDEBUG\=1 -emit-objc-header -emit-objc-header-path /Users/admin/builder/spi-builder-workspace/.derivedData/Build/Intermediates.noindex/SwiftProtobuf.build/Debug-watchos/SwiftProtobuf-t.build/Objects-normal/arm64/SwiftProtobuf-Swift.h -working-directory /Users/admin/builder/spi-builder-workspace/.swiftpm/xcode -experimental-emit-module-separately -disable-cmo
SwiftDriver DiscordKitCore normal arm64_32 com.apple.xcode.tools.swift.compiler (in target 'DiscordKitCore' from project 'DiscordKit')
cd /Users/admin/builder/spi-builder-workspace/.swiftpm/xcode
builtin-SwiftDriver -- /Applications/Xcode-27.0.0-Release.Candidate.app/Contents/Developer/Toolchains/XcodeDefault.xctoolchain/usr/bin/swiftc -parse-as-library -module-name DiscordKitCore -Onone @/Users/admin/builder/spi-builder-workspace/.derivedData/Build/Intermediates.noindex/DiscordKit.build/Debug-watchos/DiscordKitCore-t.build/Objects-normal/arm64_32/DiscordKitCore.SwiftFileList -DSWIFT_PACKAGE -DDEBUG -DSWIFT_MODULE_RESOURCE_BUNDLE_UNAVAILABLE -DXcode -plugin-path /Applications/Xcode-27.0.0-Release.Candidate.app/Contents/Developer/Toolchains/XcodeDefault.xctoolchain/usr/lib/swift/host/plugins/testing -enable-experimental-feature DebugDescriptionMacro -sdk /Applications/Xcode-27.0.0-Release.Candidate.app/Contents/Developer/Platforms/WatchOS.platform/Developer/SDKs/WatchOS27.0.sdk -target arm64_32-apple-watchos9.0 -g -module-cache-path /Users/admin/builder/spi-builder-workspace/.derivedData/ModuleCache.noindex -Xfrontend -serialize-debugging-options -profile-coverage-mapping -profile-generate -enable-testing -index-store-path /Users/admin/builder/spi-builder-workspace/.derivedData/Index.noindex/DataStore -Xcc -D_LIBCPP_HARDENING_MODE\=_LIBCPP_HARDENING_MODE_DEBUG -swift-version 5 -I /Users/admin/builder/spi-builder-workspace/.derivedData/Build/Products/Debug-watchos -Isystem /Applications/Xcode-27.0.0-Release.Candidate.app/Contents/Developer/Platforms/WatchOS.platform/Developer/usr/lib -F /Users/admin/builder/spi-builder-workspace/.derivedData/Build/Products/Debug-watchos/PackageFrameworks -F /Users/admin/builder/spi-builder-workspace/.derivedData/Build/Products/Debug-watchos -F /Applications/Xcode-27.0.0-Release.Candidate.app/Contents/Developer/Platforms/WatchOS.platform/Developer/Library/Frameworks -F /Applications/Xcode-27.0.0-Release.Candidate.app/Contents/Developer/Platforms/WatchOS.platform/Developer/SDKs/WatchOS27.0.sdk/Developer/Library/Frameworks -c -j10 -enable-batch-mode -incremental -Xcc -ivfsstatcache -Xcc /Users/admin/builder/spi-builder-workspace/.derivedData/SDKStatCaches.noindex/watchos27.0-24R360-e829b21a6f8c9b70876ba0858053c04477534ef55a1706bf4c1112bbb242f0a2.sdkstatcache -output-file-map /Users/admin/builder/spi-builder-workspace/.derivedData/Build/Intermediates.noindex/DiscordKit.build/Debug-watchos/DiscordKitCore-t.build/Objects-normal/arm64_32/DiscordKitCore-OutputFileMap.json -save-temps -no-color-diagnostics -explicit-module-build -module-cache-path /Users/admin/builder/spi-builder-workspace/.derivedData/Build/Intermediates.noindex/SwiftExplicitPrecompiledModules -clang-scanner-module-cache-path /Users/admin/builder/spi-builder-workspace/.derivedData/ModuleCache.noindex -sdk-module-cache-path /Users/admin/builder/spi-builder-workspace/.derivedData/SDKExplicitPrecompiledModules -emit-dependencies -emit-module -emit-module-path /Users/admin/builder/spi-builder-workspace/.derivedData/Build/Intermediates.noindex/DiscordKit.build/Debug-watchos/DiscordKitCore-t.build/Objects-normal/arm64_32/DiscordKitCore.swiftmodule -serialize-diagnostics -dependency-scan-serialize-diagnostics-path /Users/admin/builder/spi-builder-workspace/.derivedData/Build/Intermediates.noindex/DiscordKit.build/Debug-watchos/DiscordKitCore-t.build/Objects-normal/arm64_32/DiscordKitCore-dependency-scan.dia -validate-clang-modules-once -clang-build-session-file /Users/admin/builder/spi-builder-workspace/.derivedData/ModuleCache.noindex/Session.modulevalidation -Xcc -fmodules-prune-interval\=86400 -Xcc -fmodules-prune-after\=345600 -emit-const-values -const-gather-protocols-list /Users/admin/builder/spi-builder-workspace/.derivedData/Build/Intermediates.noindex/DiscordKit.build/Debug-watchos/DiscordKitCore-t.build/Objects-normal/arm64_32/DiscordKitCore_const_extract_protocols.json -Xcc -I/Users/admin/builder/spi-builder-workspace/.derivedData/Build/Products/Debug-watchos/include -Xcc -I/Users/admin/builder/spi-builder-workspace/.derivedData/Build/Intermediates.noindex/DiscordKit.build/Debug-watchos/DiscordKitCore-t.build/DerivedSources-normal/arm64_32 -Xcc -I/Users/admin/builder/spi-builder-workspace/.derivedData/Build/Intermediates.noindex/DiscordKit.build/Debug-watchos/DiscordKitCore-t.build/DerivedSources/arm64_32 -Xcc -I/Users/admin/builder/spi-builder-workspace/.derivedData/Build/Intermediates.noindex/DiscordKit.build/Debug-watchos/DiscordKitCore-t.build/DerivedSources -Xcc -DSWIFT_PACKAGE -Xcc -DDEBUG\=1 -emit-objc-header -emit-objc-header-path /Users/admin/builder/spi-builder-workspace/.derivedData/Build/Intermediates.noindex/DiscordKit.build/Debug-watchos/DiscordKitCore-t.build/Objects-normal/arm64_32/DiscordKitCore-Swift.h -working-directory /Users/admin/builder/spi-builder-workspace/.swiftpm/xcode -experimental-emit-module-separately -disable-cmo
/Users/admin/builder/spi-builder-workspace/Sources/DiscordKitCore/Gateway/DecompressionEngine.swift:202:8: error: Unable to resolve module dependency: 'SWCompression' (in target 'DiscordKitCore' from project 'DiscordKit')
note: A dependency of main module 'DiscordKitCore'
/Users/admin/builder/spi-builder-workspace/Sources/DiscordKitCore/Gateway/DecompressionEngine.swift:202:8: note: A dependency of main module 'DiscordKitCore'
import SWCompression
^ (in target 'DiscordKitCore' from project 'DiscordKit')
SwiftDriver DiscordKitCore normal arm64 com.apple.xcode.tools.swift.compiler (in target 'DiscordKitCore' from project 'DiscordKit')
cd /Users/admin/builder/spi-builder-workspace/.swiftpm/xcode
builtin-SwiftDriver -- /Applications/Xcode-27.0.0-Release.Candidate.app/Contents/Developer/Toolchains/XcodeDefault.xctoolchain/usr/bin/swiftc -parse-as-library -module-name DiscordKitCore -Onone @/Users/admin/builder/spi-builder-workspace/.derivedData/Build/Intermediates.noindex/DiscordKit.build/Debug-watchos/DiscordKitCore-t.build/Objects-normal/arm64/DiscordKitCore.SwiftFileList -DSWIFT_PACKAGE -DDEBUG -DSWIFT_MODULE_RESOURCE_BUNDLE_UNAVAILABLE -DXcode -plugin-path /Applications/Xcode-27.0.0-Release.Candidate.app/Contents/Developer/Toolchains/XcodeDefault.xctoolchain/usr/lib/swift/host/plugins/testing -enable-experimental-feature DebugDescriptionMacro -sdk /Applications/Xcode-27.0.0-Release.Candidate.app/Contents/Developer/Platforms/WatchOS.platform/Developer/SDKs/WatchOS27.0.sdk -target arm64-apple-watchos9.0 -g -module-cache-path /Users/admin/builder/spi-builder-workspace/.derivedData/ModuleCache.noindex -Xfrontend -serialize-debugging-options -profile-coverage-mapping -profile-generate -enable-testing -index-store-path /Users/admin/builder/spi-builder-workspace/.derivedData/Index.noindex/DataStore -Xcc -D_LIBCPP_HARDENING_MODE\=_LIBCPP_HARDENING_MODE_DEBUG -swift-version 5 -I /Users/admin/builder/spi-builder-workspace/.derivedData/Build/Products/Debug-watchos -Isystem /Applications/Xcode-27.0.0-Release.Candidate.app/Contents/Developer/Platforms/WatchOS.platform/Developer/usr/lib -F /Users/admin/builder/spi-builder-workspace/.derivedData/Build/Products/Debug-watchos/PackageFrameworks -F /Users/admin/builder/spi-builder-workspace/.derivedData/Build/Products/Debug-watchos -F /Applications/Xcode-27.0.0-Release.Candidate.app/Contents/Developer/Platforms/WatchOS.platform/Developer/Library/Frameworks -F /Applications/Xcode-27.0.0-Release.Candidate.app/Contents/Developer/Platforms/WatchOS.platform/Developer/SDKs/WatchOS27.0.sdk/Developer/Library/Frameworks -c -j10 -enable-batch-mode -incremental -Xcc -ivfsstatcache -Xcc /Users/admin/builder/spi-builder-workspace/.derivedData/SDKStatCaches.noindex/watchos27.0-24R360-e829b21a6f8c9b70876ba0858053c04477534ef55a1706bf4c1112bbb242f0a2.sdkstatcache -output-file-map /Users/admin/builder/spi-builder-workspace/.derivedData/Build/Intermediates.noindex/DiscordKit.build/Debug-watchos/DiscordKitCore-t.build/Objects-normal/arm64/DiscordKitCore-OutputFileMap.json -save-temps -no-color-diagnostics -explicit-module-build -module-cache-path /Users/admin/builder/spi-builder-workspace/.derivedData/Build/Intermediates.noindex/SwiftExplicitPrecompiledModules -clang-scanner-module-cache-path /Users/admin/builder/spi-builder-workspace/.derivedData/ModuleCache.noindex -sdk-module-cache-path /Users/admin/builder/spi-builder-workspace/.derivedData/SDKExplicitPrecompiledModules -emit-dependencies -emit-module -emit-module-path /Users/admin/builder/spi-builder-workspace/.derivedData/Build/Intermediates.noindex/DiscordKit.build/Debug-watchos/DiscordKitCore-t.build/Objects-normal/arm64/DiscordKitCore.swiftmodule -serialize-diagnostics -dependency-scan-serialize-diagnostics-path /Users/admin/builder/spi-builder-workspace/.derivedData/Build/Intermediates.noindex/DiscordKit.build/Debug-watchos/DiscordKitCore-t.build/Objects-normal/arm64/DiscordKitCore-dependency-scan.dia -validate-clang-modules-once -clang-build-session-file /Users/admin/builder/spi-builder-workspace/.derivedData/ModuleCache.noindex/Session.modulevalidation -Xcc -fmodules-prune-interval\=86400 -Xcc -fmodules-prune-after\=345600 -emit-const-values -const-gather-protocols-list /Users/admin/builder/spi-builder-workspace/.derivedData/Build/Intermediates.noindex/DiscordKit.build/Debug-watchos/DiscordKitCore-t.build/Objects-normal/arm64/DiscordKitCore_const_extract_protocols.json -Xcc -I/Users/admin/builder/spi-builder-workspace/.derivedData/Build/Products/Debug-watchos/include -Xcc -I/Users/admin/builder/spi-builder-workspace/.derivedData/Build/Intermediates.noindex/DiscordKit.build/Debug-watchos/DiscordKitCore-t.build/DerivedSources-normal/arm64 -Xcc -I/Users/admin/builder/spi-builder-workspace/.derivedData/Build/Intermediates.noindex/DiscordKit.build/Debug-watchos/DiscordKitCore-t.build/DerivedSources/arm64 -Xcc -I/Users/admin/builder/spi-builder-workspace/.derivedData/Build/Intermediates.noindex/DiscordKit.build/Debug-watchos/DiscordKitCore-t.build/DerivedSources -Xcc -DSWIFT_PACKAGE -Xcc -DDEBUG\=1 -emit-objc-header -emit-objc-header-path /Users/admin/builder/spi-builder-workspace/.derivedData/Build/Intermediates.noindex/DiscordKit.build/Debug-watchos/DiscordKitCore-t.build/Objects-normal/arm64/DiscordKitCore-Swift.h -working-directory /Users/admin/builder/spi-builder-workspace/.swiftpm/xcode -experimental-emit-module-separately -disable-cmo
error: Clang dependency scanning failure: (in target 'DiscordKitCore' from project 'DiscordKit')
/Users/admin/builder/spi-builder-workspace/Sources/DiscordKitCore/Gateway/DecompressionEngine.swift:202:8: error: Unable to resolve module dependency: 'SWCompression' (in target 'DiscordKitCore' from project 'DiscordKit')
note: A dependency of main module 'DiscordKitCore'
/Users/admin/builder/spi-builder-workspace/Sources/DiscordKitCore/Gateway/DecompressionEngine.swift:202:8: note: A dependency of main module 'DiscordKitCore'
import SWCompression
^ (in target 'DiscordKitCore' from project 'DiscordKit')
PruneExplicitPrecompiledModules /Users/admin/builder/spi-builder-workspace/.derivedData/Build/Intermediates.noindex/ExplicitPrecompiledModules
PruneExplicitPrecompiledModules /Users/admin/builder/spi-builder-workspace/.derivedData/Build/Intermediates.noindex/SwiftExplicitPrecompiledModules
PruneExplicitPrecompiledModules /Users/admin/builder/spi-builder-workspace/.derivedData/SDKExplicitPrecompiledModules
2026-09-19 01:29:11.416 xcodebuild[1677:9715] [MT] IDERunDestination: Supported platforms for the buildables in the current scheme is empty.
** BUILD FAILED **
The following build commands failed:
SwiftDriver DiscordKitCore normal arm64_32 com.apple.xcode.tools.swift.compiler (in target 'DiscordKitCore' from project 'DiscordKit')
SwiftDriver DiscordKitCore normal arm64 com.apple.xcode.tools.swift.compiler (in target 'DiscordKitCore' from project 'DiscordKit')
Building workspace DiscordKit with scheme DiscordKit-Package
(3 failures)
BUILD FAILURE 6.4 watchOS