Build Information
Failed to build swift-resource-pool, reference main (049cc9), with Swift 6.1 for watchOS using Xcode 16.3 on 25 Oct 2026 07:54:06 UTC.
Build Command
No build command. This typically means the build failed at an early stage where we determine the build command.Build Log
========================================
RunAll
========================================
Builder version: 5.1.3
Interrupt handler set up.
========================================
Checkout
========================================
Clone URL: https://github.com/swift-compositions/swift-resource-pool.git
Reference: main
Initialized empty Git repository in /Users/admin/builder/spi-builder-workspace/.git/
From https://github.com/swift-compositions/swift-resource-pool
* branch main -> FETCH_HEAD
* [new branch] main -> origin/main
HEAD is now at 049cc9e Adopt canonical shape policy 5 .gitignore [skip ci]
Cloned https://github.com/swift-compositions/swift-resource-pool.git
Revision (git rev-parse @):
049cc9e6f90e36fea1b381882a7b6e09399d275b
SPI manifest file found: $PWD/.spi.yml
SUCCESS checkout https://github.com/swift-compositions/swift-resource-pool.git at main
========================================
Build
========================================
Selected platform: watchOS
Swift version: 6.1
Building package at path: $PWD
https://github.com/swift-compositions/swift-resource-pool.git
https://github.com/swift-compositions/swift-resource-pool.git
error: 'spi-builder-workspace': package 'spi-builder-workspace' is using Swift tools version 6.4.0 but the installed version is 6.1.0
error: fatalError
Command line invocation:
/Applications/Xcode-16.3.0.app/Contents/Developer/usr/bin/xcodebuild -IDEClonedSourcePackagesDirPathOverride=/Users/admin/builder/spi-builder-workspace/.dependencies -resolvePackageDependencies
Resolve Package Graph
package 'spi-builder-workspace' is using Swift tools version 6.4.0 but the installed version is 6.1.0
Resolved source packages:
spi-builder-workspace: (null)
2026-10-25 00:54:05.640 xcodebuild[504:2903] Writing error result bundle to /var/folders/5k/5yc19ymj0jqd5v0zvgfqz0xw0000gn/T/ResultBundle_2026-25-10_00-54-0005.xcresult
xcodebuild: error: Could not resolve package dependencies:
package 'spi-builder-workspace' is using Swift tools version 6.4.0 but the installed version is 6.1.0
Command line invocation:
/Applications/Xcode-16.3.0.app/Contents/Developer/usr/bin/xcodebuild -IDEClonedSourcePackagesDirPathOverride=/Users/admin/builder/spi-builder-workspace/.dependencies -resolvePackageDependencies
Resolve Package Graph
package 'spi-builder-workspace' is using Swift tools version 6.4.0 but the installed version is 6.1.0
Resolved source packages:
spi-builder-workspace: (null)
2026-10-25 00:54:06.344 xcodebuild[513:2988] Writing error result bundle to /var/folders/5k/5yc19ymj0jqd5v0zvgfqz0xw0000gn/T/ResultBundle_2026-25-10_00-54-0006.xcresult
xcodebuild: error: Could not resolve package dependencies:
package 'spi-builder-workspace' is using Swift tools version 6.4.0 but the installed version is 6.1.0
BUILD FAILURE 6.1 watchOS